51.68.247.197 - - [21/Oct/2025:09:01:17 +1100] "GET /p=3530/dscn1587_1/feed HTTP/1.1" 200 959 "-" "Mozilla/5.0 (compatible; AhrefsBot/7.0; +http://ahrefs.com/robot/)"
202.22.159.247 - - [21/Oct/2025:09:01:17 +1100] "POST /wp-cron.php?doing_wp_cron=1760997677.4381299018859863281250 HTTP/1.1" 200 243 "-" "WordPress/6.7.4; http://www.livremonami.nc"
216.225.203.35 - - [21/Oct/2025:09:02:02 +1100] "GET /wp-login.php HTTP/1.1" 200 18374 "-" "Mozilla/5.0 (X11; Linux x86_64) AppleWebKit/537.36 (KHTML, like Gecko) Chrome/140.0.0.0 Safari/537.36"
216.225.203.35 - - [21/Oct/2025:09:02:03 +1100] "POST /wp-login.php HTTP/1.1" 503 20076 "http://livremonami.nc/wp-admin/" "Mozilla/5.0 (X11; Linux x86_64) AppleWebKit/537.36 (KHTML, like Gecko) Chrome/140.0.0.0 Safari/537.36"
114.119.157.237 - - [21/Oct/2025:09:02:26 +1100] "GET /selection-2020-en-ligne-entrez-le-code-pour-y-acceder HTTP/1.1" 200 27672 "http://www.livremonami.nc?page_id=6517" "Mozilla/5.0 (Linux; Android 7.0;) AppleWebKit/537.36 (KHTML, like Gecko) Mobile Safari/537.36 (compatible; PetalBot;+https://webmaster.petalsearch.com/site/petalbot)"
202.22.159.247 - - [21/Oct/2025:09:03:14 +1100] "POST /wp-cron.php?doing_wp_cron=1760997794.1276071071624755859375 HTTP/1.1" 200 243 "-" "WordPress/6.7.4; http://www.livremonami.nc"
54.37.118.86 - - [21/Oct/2025:09:03:14 +1100] "GET /p=4493/b8da HTTP/1.1" 200 28723 "-" "Mozilla/5.0 (compatible; AhrefsBot/7.0; +http://ahrefs.com/robot/)"
114.119.146.185 - - [21/Oct/2025:09:03:50 +1100] "GET /comite-de-lecture-2017-liste-des-membres HTTP/1.1" 200 27859 "http://www.livremonami.nc?page_id=4065" "Mozilla/5.0 (Linux; Android 7.0;) AppleWebKit/537.36 (KHTML, like Gecko) Mobile Safari/537.36 (compatible; PetalBot;+https://webmaster.petalsearch.com/site/petalbot)"
216.225.203.35 - - [21/Oct/2025:09:03:51 +1100] "GET /wp-login.php HTTP/1.1" 200 18374 "-" "Mozilla/5.0 (X11; Linux x86_64) AppleWebKit/537.36 (KHTML, like Gecko) Chrome/140.0.0.0 Safari/537.36"
216.225.203.35 - - [21/Oct/2025:09:03:51 +1100] "POST /wp-login.php HTTP/1.1" 503 20076 "http://livremonami.nc/wp-admin/" "Mozilla/5.0 (X11; Linux x86_64) AppleWebKit/537.36 (KHTML, like Gecko) Chrome/140.0.0.0 Safari/537.36"
202.22.159.247 - - [21/Oct/2025:09:04:22 +1100] "POST /wp-cron.php?doing_wp_cron=1760997862.0295488834381103515625 HTTP/1.1" 200 243 "-" "WordPress/6.7.4; http://www.livremonami.nc"
216.73.216.49 - - [21/Oct/2025:09:04:21 +1100] "GET /sitemap.xml HTTP/1.1" 200 737 "-" "Mozilla/5.0 AppleWebKit/537.36 (KHTML, like Gecko; compatible; ClaudeBot/1.0; +claudebot@anthropic.com)"
216.73.216.49 - - [21/Oct/2025:09:04:44 +1100] "GET /page/51 HTTP/1.1" 200 32161 "-" "Mozilla/5.0 AppleWebKit/537.36 (KHTML, like Gecko; compatible; ClaudeBot/1.0; +claudebot@anthropic.com)"
202.22.159.247 - - [21/Oct/2025:09:05:03 +1100] "POST /wp-cron.php?doing_wp_cron=1760997903.1451790332794189453125 HTTP/1.1" 200 243 "-" "WordPress/6.7.4; http://www.livremonami.nc"
54.37.118.67 - - [21/Oct/2025:09:05:03 +1100] "GET /p=11683/img_20250305_143353/feed HTTP/1.1" 200 976 "-" "Mozilla/5.0 (compatible; AhrefsBot/7.0; +http://ahrefs.com/robot/)"
114.119.136.184 - - [21/Oct/2025:09:05:17 +1100] "GET /?attachment_id=5233 HTTP/1.1" 301 274 "http://www.livremonami.nc/?p=5220" "Mozilla/5.0 (Linux; Android 7.0;) AppleWebKit/537.36 (KHTML, like Gecko) Mobile Safari/537.36 (compatible; PetalBot;+https://webmaster.petalsearch.com/site/petalbot)"
114.119.136.184 - - [21/Oct/2025:09:05:17 +1100] "GET /p=5220/dscn3582 HTTP/1.1" 200 28485 "http://www.livremonami.nc/?p=5220" "Mozilla/5.0 (Linux; Android 7.0;) AppleWebKit/537.36 (KHTML, like Gecko) Mobile Safari/537.36 (compatible; PetalBot;+https://webmaster.petalsearch.com/site/petalbot)"
216.225.203.35 - - [21/Oct/2025:09:05:38 +1100] "GET /wp-login.php HTTP/1.1" 200 18373 "-" "Mozilla/5.0 (X11; Linux x86_64) AppleWebKit/537.36 (KHTML, like Gecko) Chrome/140.0.0.0 Safari/537.36"
216.225.203.35 - - [21/Oct/2025:09:05:38 +1100] "POST /wp-login.php HTTP/1.1" 503 20076 "http://livremonami.nc/wp-admin/" "Mozilla/5.0 (X11; Linux x86_64) AppleWebKit/537.36 (KHTML, like Gecko) Chrome/140.0.0.0 Safari/537.36"
202.22.159.247 - - [21/Oct/2025:09:07:12 +1100] "POST /wp-cron.php?doing_wp_cron=1760998032.7710449695587158203125 HTTP/1.1" 200 243 "-" "WordPress/6.7.4; http://www.livremonami.nc"
5.39.109.165 - - [21/Oct/2025:09:07:12 +1100] "GET /p=11683/img_20250305_141300/feed HTTP/1.1" 200 975 "-" "Mozilla/5.0 (compatible; AhrefsBot/7.0; +http://ahrefs.com/robot/)"
52.167.144.177 - - [21/Oct/2025:09:07:22 +1100] "GET /ihskft/youth-treatment-centers HTTP/1.1" 404 96664 "-" "Mozilla/5.0 (Windows NT 10.0; Win64; x64) AppleWebKit/537.36 (KHTML, like Gecko) Chrome/112.0.0.0 Safari/537.36 Edg/112.0.1722.68"
216.225.203.35 - - [21/Oct/2025:09:07:23 +1100] "GET /wp-login.php HTTP/1.1" 200 18372 "-" "Mozilla/5.0 (X11; Linux x86_64) AppleWebKit/537.36 (KHTML, like Gecko) Chrome/140.0.0.0 Safari/537.36"
216.225.203.35 - - [21/Oct/2025:09:07:24 +1100] "POST /wp-login.php HTTP/1.1" 503 20076 "http://livremonami.nc/wp-admin/" "Mozilla/5.0 (X11; Linux x86_64) AppleWebKit/537.36 (KHTML, like Gecko) Chrome/140.0.0.0 Safari/537.36"
92.222.104.200 - - [21/Oct/2025:09:08:57 +1100] "GET /p=4649/img_2351/feed HTTP/1.1" 200 963 "-" "Mozilla/5.0 (compatible; AhrefsBot/7.0; +http://ahrefs.com/robot/)"
202.22.159.247 - - [21/Oct/2025:09:08:57 +1100] "POST /wp-cron.php?doing_wp_cron=1760998137.4296610355377197265625 HTTP/1.1" 200 243 "-" "WordPress/6.7.4; http://www.livremonami.nc"
216.225.203.35 - - [21/Oct/2025:09:09:10 +1100] "GET /wp-login.php HTTP/1.1" 200 18372 "-" "Mozilla/5.0 (X11; Linux x86_64) AppleWebKit/537.36 (KHTML, like Gecko) Chrome/140.0.0.0 Safari/537.36"
216.225.203.35 - - [21/Oct/2025:09:09:10 +1100] "POST /wp-login.php HTTP/1.1" 503 20076 "http://livremonami.nc/wp-admin/" "Mozilla/5.0 (X11; Linux x86_64) AppleWebKit/537.36 (KHTML, like Gecko) Chrome/140.0.0.0 Safari/537.36"
202.22.159.247 - - [21/Oct/2025:09:10:09 +1100] "POST /wp-cron.php?doing_wp_cron=1760998209.6945579051971435546875 HTTP/1.1" 200 243 "-" "WordPress/6.7.4; http://www.livremonami.nc"
216.73.216.49 - - [21/Oct/2025:09:10:09 +1100] "GET /page/50 HTTP/1.1" 200 32005 "-" "Mozilla/5.0 AppleWebKit/537.36 (KHTML, like Gecko; compatible; ClaudeBot/1.0; +claudebot@anthropic.com)"
216.225.203.35 - - [21/Oct/2025:09:10:54 +1100] "GET /wp-login.php HTTP/1.1" 200 18373 "-" "Mozilla/5.0 (X11; Linux x86_64) AppleWebKit/537.36 (KHTML, like Gecko) Chrome/140.0.0.0 Safari/537.36"
216.225.203.35 - - [21/Oct/2025:09:10:55 +1100] "POST /wp-login.php HTTP/1.1" 503 20076 "http://livremonami.nc/wp-admin/" "Mozilla/5.0 (X11; Linux x86_64) AppleWebKit/537.36 (KHTML, like Gecko) Chrome/140.0.0.0 Safari/537.36"
54.37.118.81 - - [21/Oct/2025:09:11:02 +1100] "GET /p=3530/dscn1586_1/feed HTTP/1.1" 200 960 "-" "Mozilla/5.0 (compatible; AhrefsBot/7.0; +http://ahrefs.com/robot/)"
202.22.159.247 - - [21/Oct/2025:09:12:40 +1100] "POST /wp-cron.php?doing_wp_cron=1760998360.2328610420227050781250 HTTP/1.1" 200 243 "-" "WordPress/6.7.4; http://www.livremonami.nc"
216.225.203.35 - - [21/Oct/2025:09:12:39 +1100] "GET /wp-login.php HTTP/1.1" 200 18373 "-" "Mozilla/5.0 (X11; Linux x86_64) AppleWebKit/537.36 (KHTML, like Gecko) Chrome/140.0.0.0 Safari/537.36"
216.225.203.35 - - [21/Oct/2025:09:12:40 +1100] "POST /wp-login.php HTTP/1.1" 503 20076 "http://livremonami.nc/wp-admin/" "Mozilla/5.0 (X11; Linux x86_64) AppleWebKit/537.36 (KHTML, like Gecko) Chrome/140.0.0.0 Safari/537.36"
92.222.108.102 - - [21/Oct/2025:09:12:55 +1100] "GET /p=3398/dscn1483_1/feed HTTP/1.1" 200 959 "-" "Mozilla/5.0 (compatible; AhrefsBot/7.0; +http://ahrefs.com/robot/)"
202.22.159.247 - - [21/Oct/2025:09:14:27 +1100] "POST /wp-cron.php?doing_wp_cron=1760998467.0910370349884033203125 HTTP/1.1" 200 243 "-" "WordPress/6.7.4; http://www.livremonami.nc"
216.225.203.35 - - [21/Oct/2025:09:14:26 +1100] "GET /wp-login.php HTTP/1.1" 200 18374 "-" "Mozilla/5.0 (X11; Linux x86_64) AppleWebKit/537.36 (KHTML, like Gecko) Chrome/140.0.0.0 Safari/537.36"
216.225.203.35 - - [21/Oct/2025:09:14:27 +1100] "POST /wp-login.php HTTP/1.1" 503 20076 "http://livremonami.nc/wp-admin/" "Mozilla/5.0 (X11; Linux x86_64) AppleWebKit/537.36 (KHTML, like Gecko) Chrome/140.0.0.0 Safari/537.36"
202.22.159.247 - - [21/Oct/2025:09:14:58 +1100] "POST /wp-cron.php?doing_wp_cron=1760998498.3389189243316650390625 HTTP/1.1" 200 243 "-" "WordPress/6.7.4; http://www.livremonami.nc"
94.23.188.219 - - [21/Oct/2025:09:14:58 +1100] "GET /p=2753/dscn0428_1/feed HTTP/1.1" 200 965 "-" "Mozilla/5.0 (compatible; AhrefsBot/7.0; +http://ahrefs.com/robot/)"
114.119.133.108 - - [21/Oct/2025:09:15:13 +1100] "GET /?matprin=archives&paged=38 HTTP/1.1" 301 283 "http://www.livremonami.nc?matprin=archives&paged=36" "Mozilla/5.0 (Linux; Android 7.0;) AppleWebKit/537.36 (KHTML, like Gecko) Mobile Safari/537.36 (compatible; PetalBot;+https://webmaster.petalsearch.com/site/petalbot)"
114.119.133.108 - - [21/Oct/2025:09:15:13 +1100] "GET /page/38?matprin=archives HTTP/1.1" 200 32315 "http://www.livremonami.nc?matprin=archives&paged=36" "Mozilla/5.0 (Linux; Android 7.0;) AppleWebKit/537.36 (KHTML, like Gecko) Mobile Safari/537.36 (compatible; PetalBot;+https://webmaster.petalsearch.com/site/petalbot)"
202.22.159.247 - - [21/Oct/2025:09:16:15 +1100] "POST /wp-cron.php?doing_wp_cron=1760998575.3573479652404785156250 HTTP/1.1" 200 243 "-" "WordPress/6.7.4; http://www.livremonami.nc"
216.225.203.35 - - [21/Oct/2025:09:16:15 +1100] "GET /wp-login.php HTTP/1.1" 200 18372 "-" "Mozilla/5.0 (X11; Linux x86_64) AppleWebKit/537.36 (KHTML, like Gecko) Chrome/140.0.0.0 Safari/537.36"
216.225.203.35 - - [21/Oct/2025:09:16:16 +1100] "POST /wp-login.php HTTP/1.1" 503 20076 "http://livremonami.nc/wp-admin/" "Mozilla/5.0 (X11; Linux x86_64) AppleWebKit/537.36 (KHTML, like Gecko) Chrome/140.0.0.0 Safari/537.36"
202.22.159.247 - - [21/Oct/2025:09:16:50 +1100] "POST /wp-cron.php?doing_wp_cron=1760998610.8924679756164550781250 HTTP/1.1" 200 243 "-" "WordPress/6.7.4; http://www.livremonami.nc"
51.68.247.220 - - [21/Oct/2025:09:16:50 +1100] "GET /p=4649/fullsizerenderf/feed HTTP/1.1" 200 970 "-" "Mozilla/5.0 (compatible; AhrefsBot/7.0; +http://ahrefs.com/robot/)"
196.251.114.48 - - [21/Oct/2025:09:17:03 +1100] "POST /wp-login.php HTTP/1.1" 503 20076 "-" "Mozilla/5.0"
202.22.159.247 - - [21/Oct/2025:09:17:58 +1100] "POST /wp-cron.php?doing_wp_cron=1760998678.9159319400787353515625 HTTP/1.1" 200 243 "-" "WordPress/6.7.4; http://www.livremonami.nc"
216.225.203.35 - - [21/Oct/2025:09:17:58 +1100] "GET /wp-login.php HTTP/1.1" 200 18373 "-" "Mozilla/5.0 (X11; Linux x86_64) AppleWebKit/537.36 (KHTML, like Gecko) Chrome/140.0.0.0 Safari/537.36"
216.225.203.35 - - [21/Oct/2025:09:17:59 +1100] "POST /wp-login.php HTTP/1.1" 503 20076 "http://livremonami.nc/wp-admin/" "Mozilla/5.0 (X11; Linux x86_64) AppleWebKit/537.36 (KHTML, like Gecko) Chrome/140.0.0.0 Safari/537.36"
202.22.159.247 - - [21/Oct/2025:09:18:45 +1100] "POST /wp-cron.php?doing_wp_cron=1760998725.3761839866638183593750 HTTP/1.1" 200 243 "-" "WordPress/6.7.4; http://www.livremonami.nc"
54.37.118.94 - - [21/Oct/2025:09:18:45 +1100] "GET /feed?attachment_id=6110 HTTP/1.1" 200 970 "-" "Mozilla/5.0 (compatible; AhrefsBot/7.0; +http://ahrefs.com/robot/)"
20.171.207.55 - - [21/Oct/2025:09:18:59 +1100] "GET /?page_id=2676 HTTP/1.1" 301 248 "-" "Mozilla/5.0 AppleWebKit/537.36 (KHTML, like Gecko; compatible; GPTBot/1.2; +https://openai.com/gptbot)"
20.171.207.55 - - [21/Oct/2025:09:18:59 +1100] "GET /archives HTTP/1.1" 200 98812 "-" "Mozilla/5.0 AppleWebKit/537.36 (KHTML, like Gecko; compatible; GPTBot/1.2; +https://openai.com/gptbot)"
20.171.207.55 - - [21/Oct/2025:09:19:05 +1100] "GET /?p=2676 HTTP/1.1" 301 341 "-" "Mozilla/5.0 AppleWebKit/537.36 (KHTML, like Gecko; compatible; GPTBot/1.2; +https://openai.com/gptbot)"
20.171.207.55 - - [21/Oct/2025:09:19:05 +1100] "GET /archives HTTP/1.1" 200 98653 "-" "Mozilla/5.0 AppleWebKit/537.36 (KHTML, like Gecko; compatible; GPTBot/1.2; +https://openai.com/gptbot)"
20.171.207.55 - - [21/Oct/2025:09:19:07 +1100] "GET /wp-json/oembed/1.0/embed?format=xml&url=http%3A%2F%2Fwww.livremonami.nc%2Farchives HTTP/1.1" 200 1591 "-" "Mozilla/5.0 AppleWebKit/537.36 (KHTML, like Gecko; compatible; GPTBot/1.2; +https://openai.com/gptbot)"
20.171.207.55 - - [21/Oct/2025:09:19:10 +1100] "GET /wp-json/oembed/1.0/embed?url=http%3A%2F%2Fwww.livremonami.nc%2Farchives HTTP/1.1" 200 2554 "-" "Mozilla/5.0 AppleWebKit/537.36 (KHTML, like Gecko; compatible; GPTBot/1.2; +https://openai.com/gptbot)"
216.225.203.35 - - [21/Oct/2025:09:19:44 +1100] "GET /wp-login.php HTTP/1.1" 200 18374 "-" "Mozilla/5.0 (X11; Linux x86_64) AppleWebKit/537.36 (KHTML, like Gecko) Chrome/140.0.0.0 Safari/537.36"
216.225.203.35 - - [21/Oct/2025:09:19:44 +1100] "POST /wp-login.php HTTP/1.1" 503 20076 "http://livremonami.nc/wp-admin/" "Mozilla/5.0 (X11; Linux x86_64) AppleWebKit/537.36 (KHTML, like Gecko) Chrome/140.0.0.0 Safari/537.36"
202.22.159.247 - - [21/Oct/2025:09:20:47 +1100] "POST /wp-cron.php?doing_wp_cron=1760998847.6284379959106445312500 HTTP/1.1" 200 243 "-" "WordPress/6.7.4; http://www.livremonami.nc"
51.68.247.212 - - [21/Oct/2025:09:20:47 +1100] "GET /p=4416/bb59/feed HTTP/1.1" 200 957 "-" "Mozilla/5.0 (compatible; AhrefsBot/7.0; +http://ahrefs.com/robot/)"
216.225.203.35 - - [21/Oct/2025:09:21:30 +1100] "GET /wp-login.php HTTP/1.1" 200 18373 "-" "Mozilla/5.0 (X11; Linux x86_64) AppleWebKit/537.36 (KHTML, like Gecko) Chrome/140.0.0.0 Safari/537.36"
216.225.203.35 - - [21/Oct/2025:09:21:31 +1100] "POST /wp-login.php HTTP/1.1" 503 20076 "http://livremonami.nc/wp-admin/" "Mozilla/5.0 (X11; Linux x86_64) AppleWebKit/537.36 (KHTML, like Gecko) Chrome/140.0.0.0 Safari/537.36"
202.22.159.247 - - [21/Oct/2025:09:22:48 +1100] "POST /wp-cron.php?doing_wp_cron=1760998968.5771930217742919921875 HTTP/1.1" 200 243 "-" "WordPress/6.7.4; http://www.livremonami.nc"
92.222.108.121 - - [21/Oct/2025:09:22:48 +1100] "GET /p=3398/img_0504_1/feed HTTP/1.1" 200 960 "-" "Mozilla/5.0 (compatible; AhrefsBot/7.0; +http://ahrefs.com/robot/)"
216.225.203.35 - - [21/Oct/2025:09:23:17 +1100] "GET /wp-login.php HTTP/1.1" 200 18372 "-" "Mozilla/5.0 (X11; Linux x86_64) AppleWebKit/537.36 (KHTML, like Gecko) Chrome/140.0.0.0 Safari/537.36"
216.225.203.35 - - [21/Oct/2025:09:23:18 +1100] "POST /wp-login.php HTTP/1.1" 503 20076 "http://livremonami.nc/wp-admin/" "Mozilla/5.0 (X11; Linux x86_64) AppleWebKit/537.36 (KHTML, like Gecko) Chrome/140.0.0.0 Safari/537.36"
54.166.104.83 - - [21/Oct/2025:09:23:36 +1100] "GET /?p=9758 HTTP/1.1" 301 265 "-" "Mozilla/5.0 AppleWebKit/537.36 (KHTML, like Gecko; compatible; Amazonbot/0.1; +https://developer.amazon.com/support/amazonbot) Chrome/119.0.6045.214 Safari/537.36"
34.194.233.48 - - [21/Oct/2025:09:23:37 +1100] "GET /p=9758 HTTP/1.1" 200 28539 "-" "Mozilla/5.0 AppleWebKit/537.36 (KHTML, like Gecko; compatible; Amazonbot/0.1; +https://developer.amazon.com/support/amazonbot) Chrome/119.0.6045.214 Safari/537.36"
3.210.223.61 - - [21/Oct/2025:09:23:40 +1100] "GET /page/63?matprin=calendrier_2014 HTTP/1.1" 200 32019 "-" "Mozilla/5.0 AppleWebKit/537.36 (KHTML, like Gecko; compatible; Amazonbot/0.1; +https://developer.amazon.com/support/amazonbot) Chrome/119.0.6045.214 Safari/537.36"
18.206.47.187 - - [21/Oct/2025:09:23:43 +1100] "GET /p=5162/img_2788 HTTP/1.1" 200 28670 "-" "Mozilla/5.0 AppleWebKit/537.36 (KHTML, like Gecko; compatible; Amazonbot/0.1; +https://developer.amazon.com/support/amazonbot) Chrome/119.0.6045.214 Safari/537.36"
202.22.159.247 - - [21/Oct/2025:09:24:53 +1100] "POST /wp-cron.php?doing_wp_cron=1760999093.8382079601287841796875 HTTP/1.1" 200 243 "-" "WordPress/6.7.4; http://www.livremonami.nc"
5.39.109.183 - - [21/Oct/2025:09:24:53 +1100] "GET /p=4649/fullsizerendere/feed HTTP/1.1" 200 969 "-" "Mozilla/5.0 (compatible; AhrefsBot/7.0; +http://ahrefs.com/robot/)"
216.225.203.35 - - [21/Oct/2025:09:25:02 +1100] "GET /wp-login.php HTTP/1.1" 200 18372 "-" "Mozilla/5.0 (X11; Linux x86_64) AppleWebKit/537.36 (KHTML, like Gecko) Chrome/140.0.0.0 Safari/537.36"
216.225.203.35 - - [21/Oct/2025:09:25:03 +1100] "POST /wp-login.php HTTP/1.1" 503 20076 "http://livremonami.nc/wp-admin/" "Mozilla/5.0 (X11; Linux x86_64) AppleWebKit/537.36 (KHTML, like Gecko) Chrome/140.0.0.0 Safari/537.36"
114.119.136.184 - - [21/Oct/2025:09:25:12 +1100] "GET /p=3649/img_2471_1 HTTP/1.1" 200 28659 "http://www.livremonami.nc/?attachment_id=3732" "Mozilla/5.0 (Linux; Android 7.0;) AppleWebKit/537.36 (KHTML, like Gecko) Mobile Safari/537.36 (compatible; PetalBot;+https://webmaster.petalsearch.com/site/petalbot)"
212.34.141.234 - - [21/Oct/2025:09:25:20 +1100] "GET /p=11775 HTTP/1.0" 200 107551 "http://www.livremonami.nc/p=11775" "Mozilla/5.0 (Windows NT 10.0; Win64; x64) AppleWebKit/537.36 (KHTML, like Gecko) Chrome/131.0.0.0 Safari/537.36 Avast/131.0.0.0"
212.34.141.234 - - [21/Oct/2025:09:25:22 +1100] "GET /comment-recevoir-lauteur-ou-lautrice-du-livre-laureat HTTP/1.0" 200 124622 "http://www.livremonami.nc/comment-recevoir-lauteur-ou-lautrice-du-livre-laureat" "Mozilla/5.0 (Windows NT 10.0; Win64; x64) AppleWebKit/537.36 (KHTML, like Gecko) Chrome/131.0.0.0 Safari/537.36 Avast/131.0.0.0"
202.22.159.247 - - [21/Oct/2025:09:26:30 +1100] "POST /wp-cron.php?doing_wp_cron=1760999190.0668919086456298828125 HTTP/1.1" 200 243 "-" "WordPress/6.7.4; http://www.livremonami.nc"
114.119.133.12 - - [21/Oct/2025:09:26:29 +1100] "GET /?matprin=calendrier_2011&paged=54 HTTP/1.1" 301 290 "http://www.livremonami.nc?matprin=calendrier_2011&paged=56" "Mozilla/5.0 (Linux; Android 7.0;) AppleWebKit/537.36 (KHTML, like Gecko) Mobile Safari/537.36 (compatible; PetalBot;+https://webmaster.petalsearch.com/site/petalbot)"
114.119.133.12 - - [21/Oct/2025:09:26:31 +1100] "GET /page/54?matprin=calendrier_2011 HTTP/1.1" 200 32337 "http://www.livremonami.nc?matprin=calendrier_2011&paged=56" "Mozilla/5.0 (Linux; Android 7.0;) AppleWebKit/537.36 (KHTML, like Gecko) Mobile Safari/537.36 (compatible; PetalBot;+https://webmaster.petalsearch.com/site/petalbot)"
51.75.236.158 - - [21/Oct/2025:09:26:40 +1100] "GET /p=3454/img_5721/feed HTTP/1.1" 200 959 "-" "Mozilla/5.0 (compatible; AhrefsBot/7.0; +http://ahrefs.com/robot/)"
216.225.203.35 - - [21/Oct/2025:09:26:47 +1100] "GET /wp-login.php HTTP/1.1" 200 18373 "-" "Mozilla/5.0 (X11; Linux x86_64) AppleWebKit/537.36 (KHTML, like Gecko) Chrome/140.0.0.0 Safari/537.36"
216.225.203.35 - - [21/Oct/2025:09:26:48 +1100] "POST /wp-login.php HTTP/1.1" 503 20076 "http://livremonami.nc/wp-admin/" "Mozilla/5.0 (X11; Linux x86_64) AppleWebKit/537.36 (KHTML, like Gecko) Chrome/140.0.0.0 Safari/537.36"
85.208.96.199 - - [21/Oct/2025:09:27:27 +1100] "GET /robots.txt HTTP/1.1" 200 362 "-" "Mozilla/5.0 (compatible; SemrushBot/7~bl; +http://www.semrush.com/bot.html)"
185.191.171.6 - - [21/Oct/2025:09:27:31 +1100] "GET /p=4416/bb27 HTTP/1.1" 200 28654 "-" "Mozilla/5.0 (compatible; SemrushBot/7~bl; +http://www.semrush.com/bot.html)"
202.22.159.247 - - [21/Oct/2025:09:27:31 +1100] "POST /wp-cron.php?doing_wp_cron=1760999251.8726079463958740234375 HTTP/1.1" 200 243 "-" "WordPress/6.7.4; http://www.livremonami.nc"
114.119.146.185 - - [21/Oct/2025:09:27:54 +1100] "GET /?cat=8&paged=11 HTTP/1.1" 301 293 "http://www.livremonami.nc/?cat=8&paged=12" "Mozilla/5.0 (Linux; Android 7.0;) AppleWebKit/537.36 (KHTML, like Gecko) Mobile Safari/537.36 (compatible; PetalBot;+https://webmaster.petalsearch.com/site/petalbot)"
114.119.146.185 - - [21/Oct/2025:09:27:55 +1100] "GET /p=category/accueil-laureat/page/11 HTTP/1.1" 200 29898 "http://www.livremonami.nc/?cat=8&paged=12" "Mozilla/5.0 (Linux; Android 7.0;) AppleWebKit/537.36 (KHTML, like Gecko) Mobile Safari/537.36 (compatible; PetalBot;+https://webmaster.petalsearch.com/site/petalbot)"
216.225.203.35 - - [21/Oct/2025:09:28:32 +1100] "GET /wp-login.php HTTP/1.1" 200 18373 "-" "Mozilla/5.0 (X11; Linux x86_64) AppleWebKit/537.36 (KHTML, like Gecko) Chrome/140.0.0.0 Safari/537.36"
216.225.203.35 - - [21/Oct/2025:09:28:33 +1100] "POST /wp-login.php HTTP/1.1" 503 20076 "http://livremonami.nc/wp-admin/" "Mozilla/5.0 (X11; Linux x86_64) AppleWebKit/537.36 (KHTML, like Gecko) Chrome/140.0.0.0 Safari/537.36"
94.23.188.212 - - [21/Oct/2025:09:28:39 +1100] "GET /p=3398/img_0498_1/feed HTTP/1.1" 200 960 "-" "Mozilla/5.0 (compatible; AhrefsBot/7.0; +http://ahrefs.com/robot/)"
37.59.204.149 - - [21/Oct/2025:09:30:08 +1100] "GET /wp-content/uploads/2017/11/B8DA.jpg HTTP/1.1" 200 58795 "-" "Mozilla/5.0 (compatible; AhrefsBot/7.0; +http://ahrefs.com/robot/)"
202.22.159.247 - - [21/Oct/2025:09:30:20 +1100] "POST /wp-cron.php?doing_wp_cron=1760999420.6351668834686279296875 HTTP/1.1" 200 243 "-" "WordPress/6.7.4; http://www.livremonami.nc"
216.225.203.35 - - [21/Oct/2025:09:30:20 +1100] "GET /wp-login.php HTTP/1.1" 200 18372 "-" "Mozilla/5.0 (X11; Linux x86_64) AppleWebKit/537.36 (KHTML, like Gecko) Chrome/140.0.0.0 Safari/537.36"
216.225.203.35 - - [21/Oct/2025:09:30:21 +1100] "POST /wp-login.php HTTP/1.1" 503 20076 "http://livremonami.nc/wp-admin/" "Mozilla/5.0 (X11; Linux x86_64) AppleWebKit/537.36 (KHTML, like Gecko) Chrome/140.0.0.0 Safari/537.36"
94.23.188.204 - - [21/Oct/2025:09:30:39 +1100] "GET /p=3648/comment-page-1 HTTP/1.1" 200 30712 "-" "Mozilla/5.0 (compatible; AhrefsBot/7.0; +http://ahrefs.com/robot/)"
216.244.66.242 - - [21/Oct/2025:09:31:22 +1100] "GET /robots.txt HTTP/1.1" 200 338 "-" "Mozilla/5.0 (compatible; DotBot/1.2; +https://opensiteexplorer.org/dotbot; help@moz.com)"
202.22.159.247 - - [21/Oct/2025:09:32:07 +1100] "POST /wp-cron.php?doing_wp_cron=1760999527.9637959003448486328125 HTTP/1.1" 200 243 "-" "WordPress/6.7.4; http://www.livremonami.nc"
216.225.203.35 - - [21/Oct/2025:09:32:07 +1100] "GET /wp-login.php HTTP/1.1" 200 18372 "-" "Mozilla/5.0 (X11; Linux x86_64) AppleWebKit/537.36 (KHTML, like Gecko) Chrome/140.0.0.0 Safari/537.36"
216.225.203.35 - - [21/Oct/2025:09:32:08 +1100] "POST /wp-login.php HTTP/1.1" 503 20076 "http://livremonami.nc/wp-admin/" "Mozilla/5.0 (X11; Linux x86_64) AppleWebKit/537.36 (KHTML, like Gecko) Chrome/140.0.0.0 Safari/537.36"
5.39.109.174 - - [21/Oct/2025:09:32:37 +1100] "GET /feed?attachment_id=6226 HTTP/1.1" 200 966 "-" "Mozilla/5.0 (compatible; AhrefsBot/7.0; +http://ahrefs.com/robot/)"
202.22.159.247 - - [21/Oct/2025:09:33:55 +1100] "POST /wp-cron.php?doing_wp_cron=1760999635.7267079353332519531250 HTTP/1.1" 200 243 "-" "WordPress/6.7.4; http://www.livremonami.nc"
216.225.203.35 - - [21/Oct/2025:09:33:55 +1100] "GET /wp-login.php HTTP/1.1" 200 18373 "-" "Mozilla/5.0 (X11; Linux x86_64) AppleWebKit/537.36 (KHTML, like Gecko) Chrome/140.0.0.0 Safari/537.36"
216.225.203.35 - - [21/Oct/2025:09:33:56 +1100] "POST /wp-login.php HTTP/1.1" 503 20076 "http://livremonami.nc/wp-admin/" "Mozilla/5.0 (X11; Linux x86_64) AppleWebKit/537.36 (KHTML, like Gecko) Chrome/140.0.0.0 Safari/537.36"
202.22.159.247 - - [21/Oct/2025:09:34:29 +1100] "POST /wp-cron.php?doing_wp_cron=1760999669.9086380004882812500000 HTTP/1.1" 200 243 "-" "WordPress/6.7.4; http://www.livremonami.nc"
176.31.139.22 - - [21/Oct/2025:09:34:29 +1100] "GET /feed?attachment_id=4766 HTTP/1.1" 200 982 "-" "Mozilla/5.0 (compatible; AhrefsBot/7.0; +http://ahrefs.com/robot/)"
114.119.157.237 - - [21/Oct/2025:09:34:38 +1100] "GET /?page_id=4717 HTTP/1.1" 301 277 "http://www.livremonami.nc?paged=41" "Mozilla/5.0 (Linux; Android 7.0;) AppleWebKit/537.36 (KHTML, like Gecko) Mobile Safari/537.36 (compatible; PetalBot;+https://webmaster.petalsearch.com/site/petalbot)"
114.119.157.237 - - [21/Oct/2025:09:34:38 +1100] "GET /selection_actuelle HTTP/1.1" 200 31459 "http://www.livremonami.nc?paged=41" "Mozilla/5.0 (Linux; Android 7.0;) AppleWebKit/537.36 (KHTML, like Gecko) Mobile Safari/537.36 (compatible; PetalBot;+https://webmaster.petalsearch.com/site/petalbot)"
216.225.203.35 - - [21/Oct/2025:09:35:42 +1100] "GET /wp-login.php HTTP/1.1" 200 18373 "-" "Mozilla/5.0 (X11; Linux x86_64) AppleWebKit/537.36 (KHTML, like Gecko) Chrome/140.0.0.0 Safari/537.36"
216.225.203.35 - - [21/Oct/2025:09:35:43 +1100] "POST /wp-login.php HTTP/1.1" 503 20076 "http://livremonami.nc/wp-admin/" "Mozilla/5.0 (X11; Linux x86_64) AppleWebKit/537.36 (KHTML, like Gecko) Chrome/140.0.0.0 Safari/537.36"
202.22.159.247 - - [21/Oct/2025:09:36:37 +1100] "POST /wp-cron.php?doing_wp_cron=1760999797.7262399196624755859375 HTTP/1.1" 200 243 "-" "WordPress/6.7.4; http://www.livremonami.nc"
92.222.104.221 - - [21/Oct/2025:09:36:37 +1100] "GET /p=1922 HTTP/1.1" 200 28631 "-" "Mozilla/5.0 (compatible; AhrefsBot/7.0; +http://ahrefs.com/robot/)"
216.225.203.35 - - [21/Oct/2025:09:37:29 +1100] "GET /wp-login.php HTTP/1.1" 200 18372 "-" "Mozilla/5.0 (X11; Linux x86_64) AppleWebKit/537.36 (KHTML, like Gecko) Chrome/140.0.0.0 Safari/537.36"
216.225.203.35 - - [21/Oct/2025:09:37:29 +1100] "POST /wp-login.php HTTP/1.1" 503 20076 "http://livremonami.nc/wp-admin/" "Mozilla/5.0 (X11; Linux x86_64) AppleWebKit/537.36 (KHTML, like Gecko) Chrome/140.0.0.0 Safari/537.36"
202.22.159.247 - - [21/Oct/2025:09:38:24 +1100] "POST /wp-cron.php?doing_wp_cron=1760999904.3870720863342285156250 HTTP/1.1" 200 243 "-" "WordPress/6.7.4; http://www.livremonami.nc"
92.222.108.108 - - [21/Oct/2025:09:38:24 +1100] "GET /p=4649/fullsizerenderd/feed HTTP/1.1" 200 970 "-" "Mozilla/5.0 (compatible; AhrefsBot/7.0; +http://ahrefs.com/robot/)"
202.22.159.247 - - [21/Oct/2025:09:39:15 +1100] "POST /wp-cron.php?doing_wp_cron=1760999955.4114229679107666015625 HTTP/1.1" 200 243 "-" "WordPress/6.7.4; http://www.livremonami.nc"
216.225.203.35 - - [21/Oct/2025:09:39:15 +1100] "GET /wp-login.php HTTP/1.1" 200 18373 "-" "Mozilla/5.0 (X11; Linux x86_64) AppleWebKit/537.36 (KHTML, like Gecko) Chrome/140.0.0.0 Safari/537.36"
216.225.203.35 - - [21/Oct/2025:09:39:16 +1100] "POST /wp-login.php HTTP/1.1" 503 20076 "http://livremonami.nc/wp-admin/" "Mozilla/5.0 (X11; Linux x86_64) AppleWebKit/537.36 (KHTML, like Gecko) Chrome/140.0.0.0 Safari/537.36"
202.22.159.247 - - [21/Oct/2025:09:41:03 +1100] "POST /wp-cron.php?doing_wp_cron=1761000063.5808830261230468750000 HTTP/1.1" 200 243 "-" "WordPress/6.7.4; http://www.livremonami.nc"
216.225.203.35 - - [21/Oct/2025:09:41:03 +1100] "GET /wp-login.php HTTP/1.1" 200 18373 "-" "Mozilla/5.0 (X11; Linux x86_64) AppleWebKit/537.36 (KHTML, like Gecko) Chrome/140.0.0.0 Safari/537.36"
216.225.203.35 - - [21/Oct/2025:09:41:04 +1100] "POST /wp-login.php HTTP/1.1" 503 20076 "http://livremonami.nc/wp-admin/" "Mozilla/5.0 (X11; Linux x86_64) AppleWebKit/537.36 (KHTML, like Gecko) Chrome/140.0.0.0 Safari/537.36"
202.22.159.247 - - [21/Oct/2025:09:42:06 +1100] "POST /wp-cron.php?doing_wp_cron=1761000126.1140139102935791015625 HTTP/1.1" 200 243 "-" "WordPress/6.7.4; http://www.livremonami.nc"
94.23.188.223 - - [21/Oct/2025:09:42:06 +1100] "GET /p=4493/b8da/feed HTTP/1.1" 200 956 "-" "Mozilla/5.0 (compatible; AhrefsBot/7.0; +http://ahrefs.com/robot/)"
5.255.231.133 - - [21/Oct/2025:09:42:23 +1100] "GET /favicon.ico HTTP/1.1" 302 414 "-" "Mozilla/5.0 (compatible; YandexFavicons/1.0; +http://yandex.com/bots)"
87.250.224.17 - - [21/Oct/2025:09:42:24 +1100] "GET /wp-content/uploads/2025/02/cropped-icone_site_2025-32x32.jpg HTTP/1.1" 200 1963 "-" "Mozilla/5.0 (compatible; YandexFavicons/1.0; +http://yandex.com/bots)"
216.225.203.35 - - [21/Oct/2025:09:42:50 +1100] "GET /wp-login.php HTTP/1.1" 200 18374 "-" "Mozilla/5.0 (X11; Linux x86_64) AppleWebKit/537.36 (KHTML, like Gecko) Chrome/140.0.0.0 Safari/537.36"
216.225.203.35 - - [21/Oct/2025:09:42:51 +1100] "POST /wp-login.php HTTP/1.1" 503 20076 "http://livremonami.nc/wp-admin/" "Mozilla/5.0 (X11; Linux x86_64) AppleWebKit/537.36 (KHTML, like Gecko) Chrome/140.0.0.0 Safari/537.36"
213.180.203.178 - - [21/Oct/2025:09:43:00 +1100] "GET /wp-content/uploads/2025/02/cropped-icone_site_2025-32x32.jpg HTTP/1.1" 200 1963 "-" "Mozilla/5.0 (compatible; YandexFavicons/1.0; +http://yandex.com/bots)"
202.22.159.247 - - [21/Oct/2025:09:44:36 +1100] "POST /wp-cron.php?doing_wp_cron=1761000276.2827229499816894531250 HTTP/1.1" 200 243 "-" "WordPress/6.7.4; http://www.livremonami.nc"
216.225.203.35 - - [21/Oct/2025:09:44:36 +1100] "GET /wp-login.php HTTP/1.1" 200 18371 "-" "Mozilla/5.0 (X11; Linux x86_64) AppleWebKit/537.36 (KHTML, like Gecko) Chrome/140.0.0.0 Safari/537.36"
216.225.203.35 - - [21/Oct/2025:09:44:36 +1100] "POST /wp-login.php HTTP/1.1" 503 20076 "http://livremonami.nc/wp-admin/" "Mozilla/5.0 (X11; Linux x86_64) AppleWebKit/537.36 (KHTML, like Gecko) Chrome/140.0.0.0 Safari/537.36"
202.22.159.247 - - [21/Oct/2025:09:45:11 +1100] "POST /wp-cron.php?doing_wp_cron=1761000311.2550439834594726562500 HTTP/1.1" 200 243 "-" "WordPress/6.7.4; http://www.livremonami.nc"
51.75.236.144 - - [21/Oct/2025:09:45:11 +1100] "GET /page/7?matprin=calendrier_2012 HTTP/1.1" 200 32563 "-" "Mozilla/5.0 (compatible; AhrefsBot/7.0; +http://ahrefs.com/robot/)"
216.225.203.35 - - [21/Oct/2025:09:46:24 +1100] "GET /wp-login.php HTTP/1.1" 200 18373 "-" "Mozilla/5.0 (X11; Linux x86_64) AppleWebKit/537.36 (KHTML, like Gecko) Chrome/140.0.0.0 Safari/537.36"
216.225.203.35 - - [21/Oct/2025:09:46:24 +1100] "POST /wp-login.php HTTP/1.1" 503 20076 "http://livremonami.nc/wp-admin/" "Mozilla/5.0 (X11; Linux x86_64) AppleWebKit/537.36 (KHTML, like Gecko) Chrome/140.0.0.0 Safari/537.36"
202.171.78.211 - - [21/Oct/2025:09:46:25 +1100] "GET / HTTP/1.1" 200 32482 "https://www.bing.com/" "Mozilla/5.0 (Windows NT 10.0; Win64; x64) AppleWebKit/537.36 (KHTML, like Gecko) Chrome/141.0.0.0 Safari/537.36 Edg/141.0.0.0"
202.171.78.211 - - [21/Oct/2025:09:46:25 +1100] "GET /wp-content/plugins/real-cookie-banner/public/lib/animate.css/animate.min.css?ver=4.1.1 HTTP/1.1" 200 5593 "http://www.livremonami.nc/" "Mozilla/5.0 (Windows NT 10.0; Win64; x64) AppleWebKit/537.36 (KHTML, like Gecko) Chrome/141.0.0.0 Safari/537.36 Edg/141.0.0.0"
202.171.78.211 - - [21/Oct/2025:09:46:25 +1100] "GET /wp-content/aafd9425158f8f03937d0df38997f6f2/dist/1369589066.js?ver=975c5defe73b4b2fde03afbaa384a541 HTTP/1.1" 200 11254 "http://www.livremonami.nc/" "Mozilla/5.0 (Windows NT 10.0; Win64; x64) AppleWebKit/537.36 (KHTML, like Gecko) Chrome/141.0.0.0 Safari/537.36 Edg/141.0.0.0"
202.171.78.211 - - [21/Oct/2025:09:46:25 +1100] "GET /wp-includes/css/dist/block-library/style.min.css?ver=6.7.4 HTTP/1.1" 200 15501 "http://www.livremonami.nc/" "Mozilla/5.0 (Windows NT 10.0; Win64; x64) AppleWebKit/537.36 (KHTML, like Gecko) Chrome/141.0.0.0 Safari/537.36 Edg/141.0.0.0"
202.171.78.211 - - [21/Oct/2025:09:46:25 +1100] "GET /wp-content/plugins/advanced-quiz/css/wpAdvQuiz_front.min.css?ver=1.0.4 HTTP/1.1" 200 2755 "http://www.livremonami.nc/" "Mozilla/5.0 (Windows NT 10.0; Win64; x64) AppleWebKit/537.36 (KHTML, like Gecko) Chrome/141.0.0.0 Safari/537.36 Edg/141.0.0.0"
202.171.78.211 - - [21/Oct/2025:09:46:25 +1100] "GET /wp-content/themes/tempera/fonts/fontfaces.css?ver=1.8.3 HTTP/1.1" 200 1899 "http://www.livremonami.nc/" "Mozilla/5.0 (Windows NT 10.0; Win64; x64) AppleWebKit/537.36 (KHTML, like Gecko) Chrome/141.0.0.0 Safari/537.36 Edg/141.0.0.0"
202.171.78.211 - - [21/Oct/2025:09:46:25 +1100] "GET /wp-content/themes/tempera/style.css?ver=1.8.3 HTTP/1.1" 200 13131 "http://www.livremonami.nc/" "Mozilla/5.0 (Windows NT 10.0; Win64; x64) AppleWebKit/537.36 (KHTML, like Gecko) Chrome/141.0.0.0 Safari/537.36 Edg/141.0.0.0"
202.171.78.211 - - [21/Oct/2025:09:46:25 +1100] "GET /wp-content/themes/tempera/styles/style-mobile.css?ver=1.8.3 HTTP/1.1" 200 2295 "http://www.livremonami.nc/" "Mozilla/5.0 (Windows NT 10.0; Win64; x64) AppleWebKit/537.36 (KHTML, like Gecko) Chrome/141.0.0.0 Safari/537.36 Edg/141.0.0.0"
202.171.78.211 - - [21/Oct/2025:09:46:25 +1100] "GET /wp-content/plugins/tablepress/css/build/default.css?ver=3.1.3 HTTP/1.1" 200 1904 "http://www.livremonami.nc/" "Mozilla/5.0 (Windows NT 10.0; Win64; x64) AppleWebKit/537.36 (KHTML, like Gecko) Chrome/141.0.0.0 Safari/537.36 Edg/141.0.0.0"
202.171.78.211 - - [21/Oct/2025:09:46:25 +1100] "GET /wp-content/aafd9425158f8f03937d0df38997f6f2/dist/1745265449.js?ver=d36d84fb7cc16e772fa1f8b9196971f3 HTTP/1.1" 200 14248 "http://www.livremonami.nc/" "Mozilla/5.0 (Windows NT 10.0; Win64; x64) AppleWebKit/537.36 (KHTML, like Gecko) Chrome/141.0.0.0 Safari/537.36 Edg/141.0.0.0"
202.171.78.211 - - [21/Oct/2025:09:46:25 +1100] "GET /wp-includes/js/jquery/jquery-migrate.min.js?ver=3.4.1 HTTP/1.1" 200 5207 "http://www.livremonami.nc/" "Mozilla/5.0 (Windows NT 10.0; Win64; x64) AppleWebKit/537.36 (KHTML, like Gecko) Chrome/141.0.0.0 Safari/537.36 Edg/141.0.0.0"
202.171.78.211 - - [21/Oct/2025:09:46:25 +1100] "GET /wp-content/themes/tempera/images/socials/RSS.png HTTP/1.1" 200 1430 "http://www.livremonami.nc/" "Mozilla/5.0 (Windows NT 10.0; Win64; x64) AppleWebKit/537.36 (KHTML, like Gecko) Chrome/141.0.0.0 Safari/537.36 Edg/141.0.0.0"
202.171.78.211 - - [21/Oct/2025:09:46:25 +1100] "GET /wp-includes/js/jquery/jquery.min.js?ver=3.7.1 HTTP/1.1" 200 30705 "http://www.livremonami.nc/" "Mozilla/5.0 (Windows NT 10.0; Win64; x64) AppleWebKit/537.36 (KHTML, like Gecko) Chrome/141.0.0.0 Safari/537.36 Edg/141.0.0.0"
202.171.78.211 - - [21/Oct/2025:09:46:25 +1100] "GET /wp-content/uploads/2018/02/nouveau_logo_LMA_detoure_1150x120b.png HTTP/1.1" 200 33849 "http://www.livremonami.nc/" "Mozilla/5.0 (Windows NT 10.0; Win64; x64) AppleWebKit/537.36 (KHTML, like Gecko) Chrome/141.0.0.0 Safari/537.36 Edg/141.0.0.0"
202.171.78.211 - - [21/Oct/2025:09:46:25 +1100] "GET /wp-content/uploads/2024/11/bandeau_gagnant_2024_tisseurs.jpg HTTP/1.1" 200 113101 "http://www.livremonami.nc/" "Mozilla/5.0 (Windows NT 10.0; Win64; x64) AppleWebKit/537.36 (KHTML, like Gecko) Chrome/141.0.0.0 Safari/537.36 Edg/141.0.0.0"
202.171.78.211 - - [21/Oct/2025:09:46:26 +1100] "GET /wp-content/uploads/2022/08/bandeau_nouveau_local.jpg HTTP/1.1" 200 128746 "http://www.livremonami.nc/" "Mozilla/5.0 (Windows NT 10.0; Win64; x64) AppleWebKit/537.36 (KHTML, like Gecko) Chrome/141.0.0.0 Safari/537.36 Edg/141.0.0.0"
202.171.78.211 - - [21/Oct/2025:09:46:26 +1100] "GET /wp-content/plugins/shortcodes-ultimate/vendor/magnific-popup/magnific-popup.css?ver=1.2.0 HTTP/1.1" 200 2145 "http://www.livremonami.nc/" "Mozilla/5.0 (Windows NT 10.0; Win64; x64) AppleWebKit/537.36 (KHTML, like Gecko) Chrome/141.0.0.0 Safari/537.36 Edg/141.0.0.0"
202.171.78.211 - - [21/Oct/2025:09:46:26 +1100] "GET /wp-content/plugins/shortcodes-ultimate/vendor/flickity/flickity.css?ver=2.2.1 HTTP/1.1" 200 973 "http://www.livremonami.nc/" "Mozilla/5.0 (Windows NT 10.0; Win64; x64) AppleWebKit/537.36 (KHTML, like Gecko) Chrome/141.0.0.0 Safari/537.36 Edg/141.0.0.0"
202.171.78.211 - - [21/Oct/2025:09:46:26 +1100] "GET /wp-content/plugins/shortcodes-ultimate/includes/css/shortcodes.css?ver=7.4.5 HTTP/1.1" 200 8094 "http://www.livremonami.nc/" "Mozilla/5.0 (Windows NT 10.0; Win64; x64) AppleWebKit/537.36 (KHTML, like Gecko) Chrome/141.0.0.0 Safari/537.36 Edg/141.0.0.0"
202.171.78.211 - - [21/Oct/2025:09:46:26 +1100] "GET /wp-content/themes/tempera/js/ajax.js?ver=1.8.3 HTTP/1.1" 200 1217 "http://www.livremonami.nc/" "Mozilla/5.0 (Windows NT 10.0; Win64; x64) AppleWebKit/537.36 (KHTML, like Gecko) Chrome/141.0.0.0 Safari/537.36 Edg/141.0.0.0"
202.171.78.211 - - [21/Oct/2025:09:46:26 +1100] "GET /wp-content/themes/tempera/js/frontend.js?ver=1.8.3 HTTP/1.1" 200 3198 "http://www.livremonami.nc/" "Mozilla/5.0 (Windows NT 10.0; Win64; x64) AppleWebKit/537.36 (KHTML, like Gecko) Chrome/141.0.0.0 Safari/537.36 Edg/141.0.0.0"
202.171.78.211 - - [21/Oct/2025:09:46:26 +1100] "GET /wp-content/themes/tempera/js/nivo.slider.min.js?ver=1.8.3 HTTP/1.1" 200 3409 "http://www.livremonami.nc/" "Mozilla/5.0 (Windows NT 10.0; Win64; x64) AppleWebKit/537.36 (KHTML, like Gecko) Chrome/141.0.0.0 Safari/537.36 Edg/141.0.0.0"
202.171.78.211 - - [21/Oct/2025:09:46:26 +1100] "GET /wp-content/plugins/shortcodes-ultimate/vendor/magnific-popup/magnific-popup.js?ver=1.2.0 HTTP/1.1" 200 7770 "http://www.livremonami.nc/" "Mozilla/5.0 (Windows NT 10.0; Win64; x64) AppleWebKit/537.36 (KHTML, like Gecko) Chrome/141.0.0.0 Safari/537.36 Edg/141.0.0.0"
202.171.78.211 - - [21/Oct/2025:09:46:26 +1100] "GET /wp-content/plugins/shortcodes-ultimate/vendor/flickity/flickity.js?ver=2.2.1 HTTP/1.1" 200 13971 "http://www.livremonami.nc/" "Mozilla/5.0 (Windows NT 10.0; Win64; x64) AppleWebKit/537.36 (KHTML, like Gecko) Chrome/141.0.0.0 Safari/537.36 Edg/141.0.0.0"
202.171.78.211 - - [21/Oct/2025:09:46:26 +1100] "GET /wp-content/plugins/shortcodes-ultimate/includes/js/shortcodes/index.js?ver=7.4.5 HTTP/1.1" 200 4749 "http://www.livremonami.nc/" "Mozilla/5.0 (Windows NT 10.0; Win64; x64) AppleWebKit/537.36 (KHTML, like Gecko) Chrome/141.0.0.0 Safari/537.36 Edg/141.0.0.0"
202.171.78.211 - - [21/Oct/2025:09:46:26 +1100] "GET /wp-content/uploads/2017/02/DSCN1503_1150x300.jpg HTTP/1.1" 200 169080 "http://www.livremonami.nc/" "Mozilla/5.0 (Windows NT 10.0; Win64; x64) AppleWebKit/537.36 (KHTML, like Gecko) Chrome/141.0.0.0 Safari/537.36 Edg/141.0.0.0"
202.171.78.211 - - [21/Oct/2025:09:46:26 +1100] "GET /wp-content/uploads/2024/01/2024.05_Les_tisseurs_de_reves-Manel_205px.jpeg HTTP/1.1" 200 38559 "http://www.livremonami.nc/" "Mozilla/5.0 (Windows NT 10.0; Win64; x64) AppleWebKit/537.36 (KHTML, like Gecko) Chrome/141.0.0.0 Safari/537.36 Edg/141.0.0.0"
202.171.78.211 - - [21/Oct/2025:09:46:26 +1100] "GET /wp-content/uploads/2018/02/bandeau2_chorale.jpg HTTP/1.1" 200 119571 "http://www.livremonami.nc/" "Mozilla/5.0 (Windows NT 10.0; Win64; x64) AppleWebKit/537.36 (KHTML, like Gecko) Chrome/141.0.0.0 Safari/537.36 Edg/141.0.0.0"
202.171.78.211 - - [21/Oct/2025:09:46:26 +1100] "GET /wp-content/uploads/2022/11/poules_renards_viperes_Albin.jpeg HTTP/1.1" 200 39934 "http://www.livremonami.nc/" "Mozilla/5.0 (Windows NT 10.0; Win64; x64) AppleWebKit/537.36 (KHTML, like Gecko) Chrome/141.0.0.0 Safari/537.36 Edg/141.0.0.0"
202.171.78.211 - - [21/Oct/2025:09:46:26 +1100] "GET /wp-content/uploads/2022/11/peur_dans_la_neige.jpeg HTTP/1.1" 200 24792 "http://www.livremonami.nc/" "Mozilla/5.0 (Windows NT 10.0; Win64; x64) AppleWebKit/537.36 (KHTML, like Gecko) Chrome/141.0.0.0 Safari/537.36 Edg/141.0.0.0"
202.171.78.211 - - [21/Oct/2025:09:46:26 +1100] "GET /wp-content/uploads/2022/11/l-incroyable_histoire_du_mouton_qui_sauva_une_ecole.jpeg HTTP/1.1" 200 32954 "http://www.livremonami.nc/" "Mozilla/5.0 (Windows NT 10.0; Win64; x64) AppleWebKit/537.36 (KHTML, like Gecko) Chrome/141.0.0.0 Safari/537.36 Edg/141.0.0.0"
202.171.78.211 - - [21/Oct/2025:09:46:26 +1100] "GET /wp-content/uploads/2022/11/l-amie_en_bois_d-erable.jpeg HTTP/1.1" 200 35101 "http://www.livremonami.nc/" "Mozilla/5.0 (Windows NT 10.0; Win64; x64) AppleWebKit/537.36 (KHTML, like Gecko) Chrome/141.0.0.0 Safari/537.36 Edg/141.0.0.0"
202.171.78.211 - - [21/Oct/2025:09:46:26 +1100] "GET /wp-content/uploads/2022/11/enfin_la_6eme.jpeg HTTP/1.1" 200 37751 "http://www.livremonami.nc/" "Mozilla/5.0 (Windows NT 10.0; Win64; x64) AppleWebKit/537.36 (KHTML, like Gecko) Chrome/141.0.0.0 Safari/537.36 Edg/141.0.0.0"
202.171.78.211 - - [21/Oct/2025:09:46:26 +1100] "GET /wp-content/uploads/2022/11/c-etait_mieux_apres.jpeg HTTP/1.1" 200 39380 "http://www.livremonami.nc/" "Mozilla/5.0 (Windows NT 10.0; Win64; x64) AppleWebKit/537.36 (KHTML, like Gecko) Chrome/141.0.0.0 Safari/537.36 Edg/141.0.0.0"
202.171.78.211 - - [21/Oct/2025:09:46:26 +1100] "GET /wp-content/uploads/2025/02/vignette_accueil_affiche_2025_318x180.jpg HTTP/1.1" 200 18033 "http://www.livremonami.nc/" "Mozilla/5.0 (Windows NT 10.0; Win64; x64) AppleWebKit/537.36 (KHTML, like Gecko) Chrome/141.0.0.0 Safari/537.36 Edg/141.0.0.0"
202.171.78.211 - - [21/Oct/2025:09:46:26 +1100] "GET /wp-content/uploads/2022/11/7_rue_des_ecolos.jpeg HTTP/1.1" 200 45566 "http://www.livremonami.nc/" "Mozilla/5.0 (Windows NT 10.0; Win64; x64) AppleWebKit/537.36 (KHTML, like Gecko) Chrome/141.0.0.0 Safari/537.36 Edg/141.0.0.0"
202.171.78.211 - - [21/Oct/2025:09:46:26 +1100] "GET /wp-content/uploads/2017/02/LVH2017_318x180.jpg HTTP/1.1" 200 22096 "http://www.livremonami.nc/" "Mozilla/5.0 (Windows NT 10.0; Win64; x64) AppleWebKit/537.36 (KHTML, like Gecko) Chrome/141.0.0.0 Safari/537.36 Edg/141.0.0.0"
202.171.78.211 - - [21/Oct/2025:09:46:26 +1100] "GET /wp-content/uploads/2024/04/image-livre-coeur_318x180.jpg HTTP/1.1" 200 36570 "http://www.livremonami.nc/" "Mozilla/5.0 (Windows NT 10.0; Win64; x64) AppleWebKit/537.36 (KHTML, like Gecko) Chrome/141.0.0.0 Safari/537.36 Edg/141.0.0.0"
202.171.78.211 - - [21/Oct/2025:09:46:26 +1100] "GET /wp-content/uploads/2021/04/logofacebook.png HTTP/1.1" 200 7796 "http://www.livremonami.nc/" "Mozilla/5.0 (Windows NT 10.0; Win64; x64) AppleWebKit/537.36 (KHTML, like Gecko) Chrome/141.0.0.0 Safari/537.36 Edg/141.0.0.0"
202.171.78.211 - - [21/Oct/2025:09:46:26 +1100] "GET /wp-content/uploads/2016/02/ill_partenaires_widget.jpeg HTTP/1.1" 200 23377 "http://www.livremonami.nc/" "Mozilla/5.0 (Windows NT 10.0; Win64; x64) AppleWebKit/537.36 (KHTML, like Gecko) Chrome/141.0.0.0 Safari/537.36 Edg/141.0.0.0"
202.171.78.211 - - [21/Oct/2025:09:46:25 +1100] "GET /wp-content/uploads/2025/02/bandeau_2025_animation_couvertures_V2.webp HTTP/1.1" 200 4132020 "http://www.livremonami.nc/" "Mozilla/5.0 (Windows NT 10.0; Win64; x64) AppleWebKit/537.36 (KHTML, like Gecko) Chrome/141.0.0.0 Safari/537.36 Edg/141.0.0.0"
202.171.78.211 - - [21/Oct/2025:09:46:26 +1100] "GET /wp-content/themes/tempera/images/nivoslider/loading.gif HTTP/1.1" 200 2006 "http://www.livremonami.nc/wp-content/themes/tempera/style.css?ver=1.8.3" "Mozilla/5.0 (Windows NT 10.0; Win64; x64) AppleWebKit/537.36 (KHTML, like Gecko) Chrome/141.0.0.0 Safari/537.36 Edg/141.0.0.0"
202.171.78.211 - - [21/Oct/2025:09:46:26 +1100] "GET /wp-content/uploads/2025/02/image_gauche_accueil_2025.jpg HTTP/1.1" 200 122737 "http://www.livremonami.nc/" "Mozilla/5.0 (Windows NT 10.0; Win64; x64) AppleWebKit/537.36 (KHTML, like Gecko) Chrome/141.0.0.0 Safari/537.36 Edg/141.0.0.0"
202.171.78.211 - - [21/Oct/2025:09:46:26 +1100] "GET /wp-content/uploads/2025/08/04-1-250x150.jpg HTTP/1.1" 200 8305 "http://www.livremonami.nc/" "Mozilla/5.0 (Windows NT 10.0; Win64; x64) AppleWebKit/537.36 (KHTML, like Gecko) Chrome/141.0.0.0 Safari/537.36 Edg/141.0.0.0"
202.171.78.211 - - [21/Oct/2025:09:46:26 +1100] "GET /wp-content/uploads/2025/08/IMG-20250807-WA0022-250x150.jpg HTTP/1.1" 200 10738 "http://www.livremonami.nc/" "Mozilla/5.0 (Windows NT 10.0; Win64; x64) AppleWebKit/537.36 (KHTML, like Gecko) Chrome/141.0.0.0 Safari/537.36 Edg/141.0.0.0"
202.171.78.211 - - [21/Oct/2025:09:46:26 +1100] "GET /wp-content/themes/tempera/fonts/ubuntu-regular-webfont.woff HTTP/1.1" 200 37255 "http://www.livremonami.nc/wp-content/themes/tempera/fonts/fontfaces.css?ver=1.8.3" "Mozilla/5.0 (Windows NT 10.0; Win64; x64) AppleWebKit/537.36 (KHTML, like Gecko) Chrome/141.0.0.0 Safari/537.36 Edg/141.0.0.0"
202.171.78.211 - - [21/Oct/2025:09:46:26 +1100] "GET /wp-content/themes/tempera/fonts/yanonekaffeesatz-regular-webfont.woff HTTP/1.1" 200 31451 "http://www.livremonami.nc/wp-content/themes/tempera/fonts/fontfaces.css?ver=1.8.3" "Mozilla/5.0 (Windows NT 10.0; Win64; x64) AppleWebKit/537.36 (KHTML, like Gecko) Chrome/141.0.0.0 Safari/537.36 Edg/141.0.0.0"
202.171.78.211 - - [21/Oct/2025:09:46:26 +1100] "GET /wp-content/themes/tempera/fonts/DroidSans-webfont.woff HTTP/1.1" 200 25335 "http://www.livremonami.nc/wp-content/themes/tempera/fonts/fontfaces.css?ver=1.8.3" "Mozilla/5.0 (Windows NT 10.0; Win64; x64) AppleWebKit/537.36 (KHTML, like Gecko) Chrome/141.0.0.0 Safari/537.36 Edg/141.0.0.0"
202.171.78.211 - - [21/Oct/2025:09:46:26 +1100] "GET /wp-content/themes/tempera/fonts/elusive.woff HTTP/1.1" 200 15011 "http://www.livremonami.nc/wp-content/themes/tempera/fonts/fontfaces.css?ver=1.8.3" "Mozilla/5.0 (Windows NT 10.0; Win64; x64) AppleWebKit/537.36 (KHTML, like Gecko) Chrome/141.0.0.0 Safari/537.36 Edg/141.0.0.0"
202.171.78.211 - - [21/Oct/2025:09:46:26 +1100] "GET /wp-content/themes/tempera/fonts/OpenSans-Light-webfont.woff HTTP/1.1" 200 14243 "http://www.livremonami.nc/wp-content/themes/tempera/fonts/fontfaces.css?ver=1.8.3" "Mozilla/5.0 (Windows NT 10.0; Win64; x64) AppleWebKit/537.36 (KHTML, like Gecko) Chrome/141.0.0.0 Safari/537.36 Edg/141.0.0.0"
202.171.78.211 - - [21/Oct/2025:09:46:26 +1100] "GET /wp-content/uploads/2025/08/000-250x150.jpg HTTP/1.1" 200 8936 "http://www.livremonami.nc/" "Mozilla/5.0 (Windows NT 10.0; Win64; x64) AppleWebKit/537.36 (KHTML, like Gecko) Chrome/141.0.0.0 Safari/537.36 Edg/141.0.0.0"
202.171.78.211 - - [21/Oct/2025:09:46:26 +1100] "GET /wp-content/uploads/2025/08/IMG_20250806_080441-250x150.jpeg HTTP/1.1" 200 27613 "http://www.livremonami.nc/" "Mozilla/5.0 (Windows NT 10.0; Win64; x64) AppleWebKit/537.36 (KHTML, like Gecko) Chrome/141.0.0.0 Safari/537.36 Edg/141.0.0.0"
202.171.78.211 - - [21/Oct/2025:09:46:26 +1100] "GET /wp-content/uploads/2025/08/05-250x150.jpg HTTP/1.1" 200 9440 "http://www.livremonami.nc/" "Mozilla/5.0 (Windows NT 10.0; Win64; x64) AppleWebKit/537.36 (KHTML, like Gecko) Chrome/141.0.0.0 Safari/537.36 Edg/141.0.0.0"
202.171.78.211 - - [21/Oct/2025:09:46:26 +1100] "GET /wp-content/aafd9425158f8f03937d0df38997f6f2/dist/1129662835.js?ver=760a80a785db15de5ae062b79ff6b25e HTTP/1.1" 200 12559 "http://www.livremonami.nc/" "Mozilla/5.0 (Windows NT 10.0; Win64; x64) AppleWebKit/537.36 (KHTML, like Gecko) Chrome/141.0.0.0 Safari/537.36 Edg/141.0.0.0"
202.171.78.211 - - [21/Oct/2025:09:46:26 +1100] "GET /wp-content/uploads/2025/08/IMG_0790-250x150.jpg HTTP/1.1" 200 78852 "http://www.livremonami.nc/" "Mozilla/5.0 (Windows NT 10.0; Win64; x64) AppleWebKit/537.36 (KHTML, like Gecko) Chrome/141.0.0.0 Safari/537.36 Edg/141.0.0.0"
202.171.78.211 - - [21/Oct/2025:09:46:26 +1100] "GET /wp-content/themes/tempera/images/dashed-border.png HTTP/1.1" 200 422 "http://www.livremonami.nc/wp-content/themes/tempera/style.css?ver=1.8.3" "Mozilla/5.0 (Windows NT 10.0; Win64; x64) AppleWebKit/537.36 (KHTML, like Gecko) Chrome/141.0.0.0 Safari/537.36 Edg/141.0.0.0"
202.171.78.211 - - [21/Oct/2025:09:46:26 +1100] "GET /wp-includes/js/wp-emoji-release.min.js?ver=6.7.4 HTTP/1.1" 200 5397 "http://www.livremonami.nc/" "Mozilla/5.0 (Windows NT 10.0; Win64; x64) AppleWebKit/537.36 (KHTML, like Gecko) Chrome/141.0.0.0 Safari/537.36 Edg/141.0.0.0"
202.171.78.211 - - [21/Oct/2025:09:46:26 +1100] "GET /wp-content/themes/tempera/images/nivoslider/arrows.png HTTP/1.1" 200 1707 "http://www.livremonami.nc/wp-content/themes/tempera/style.css?ver=1.8.3" "Mozilla/5.0 (Windows NT 10.0; Win64; x64) AppleWebKit/537.36 (KHTML, like Gecko) Chrome/141.0.0.0 Safari/537.36 Edg/141.0.0.0"
202.171.78.211 - - [21/Oct/2025:09:46:26 +1100] "GET /wp-content/aafd9425158f8f03937d0df38997f6f2/dist/185216922.js?ver=7dc9e2eda0ff80e2 HTTP/1.1" 200 3330 "http://www.livremonami.nc/" "Mozilla/5.0 (Windows NT 10.0; Win64; x64) AppleWebKit/537.36 (KHTML, like Gecko) Chrome/141.0.0.0 Safari/537.36 Edg/141.0.0.0"
202.171.78.211 - - [21/Oct/2025:09:46:26 +1100] "GET /wp-content/aafd9425158f8f03937d0df38997f6f2/dist/1641291308.js?ver=14ea71fb2f8a0d98 HTTP/1.1" 200 8801 "http://www.livremonami.nc/" "Mozilla/5.0 (Windows NT 10.0; Win64; x64) AppleWebKit/537.36 (KHTML, like Gecko) Chrome/141.0.0.0 Safari/537.36 Edg/141.0.0.0"
202.171.78.211 - - [21/Oct/2025:09:46:26 +1100] "GET /wp-content/aafd9425158f8f03937d0df38997f6f2/dist/1609299691.js?ver=1992c0fd421ab3fe HTTP/1.1" 200 4030 "http://www.livremonami.nc/" "Mozilla/5.0 (Windows NT 10.0; Win64; x64) AppleWebKit/537.36 (KHTML, like Gecko) Chrome/141.0.0.0 Safari/537.36 Edg/141.0.0.0"
202.171.78.211 - - [21/Oct/2025:09:46:26 +1100] "GET /wp-content/aafd9425158f8f03937d0df38997f6f2/dist/1506965844.js?ver=552c4de6aed98e50 HTTP/1.1" 200 11528 "http://www.livremonami.nc/" "Mozilla/5.0 (Windows NT 10.0; Win64; x64) AppleWebKit/537.36 (KHTML, like Gecko) Chrome/141.0.0.0 Safari/537.36 Edg/141.0.0.0"
202.171.78.211 - - [21/Oct/2025:09:46:26 +1100] "GET /wp-content/aafd9425158f8f03937d0df38997f6f2/dist/1662245168.js?ver=f86a4dd026a0508c HTTP/1.1" 200 11543 "http://www.livremonami.nc/" "Mozilla/5.0 (Windows NT 10.0; Win64; x64) AppleWebKit/537.36 (KHTML, like Gecko) Chrome/141.0.0.0 Safari/537.36 Edg/141.0.0.0"
202.171.78.211 - - [21/Oct/2025:09:46:26 +1100] "GET /wp-content/uploads/2025/02/cropped-icone_site_2025-32x32.jpg HTTP/1.1" 200 1962 "http://www.livremonami.nc/" "Mozilla/5.0 (Windows NT 10.0; Win64; x64) AppleWebKit/537.36 (KHTML, like Gecko) Chrome/141.0.0.0 Safari/537.36 Edg/141.0.0.0"
202.171.78.211 - - [21/Oct/2025:09:46:26 +1100] "GET /wp-content/aafd9425158f8f03937d0df38997f6f2/dist/403684040.js?ver=8df583989d8940fa HTTP/1.1" 200 8158 "http://www.livremonami.nc/" "Mozilla/5.0 (Windows NT 10.0; Win64; x64) AppleWebKit/537.36 (KHTML, like Gecko) Chrome/141.0.0.0 Safari/537.36 Edg/141.0.0.0"
202.171.78.211 - - [21/Oct/2025:09:46:26 +1100] "GET /wp-content/aafd9425158f8f03937d0df38997f6f2/dist/16286160.js?ver=b7918037eae597a2 HTTP/1.1" 200 7688 "http://www.livremonami.nc/" "Mozilla/5.0 (Windows NT 10.0; Win64; x64) AppleWebKit/537.36 (KHTML, like Gecko) Chrome/141.0.0.0 Safari/537.36 Edg/141.0.0.0"
202.171.78.211 - - [21/Oct/2025:09:46:28 +1100] "POST /wp-json/wfhl-eotpjg-icnpgy/a1/05b7a205f1c7ca227/consent?_method=POST&_v=5.2.5&_locale=user HTTP/1.1" 200 1236 "http://www.livremonami.nc/" "Mozilla/5.0 (Windows NT 10.0; Win64; x64) AppleWebKit/537.36 (KHTML, like Gecko) Chrome/141.0.0.0 Safari/537.36 Edg/141.0.0.0"
202.171.78.211 - - [21/Oct/2025:09:46:41 +1100] "GET / HTTP/1.1" 200 32456 "https://www.google.com/" "Mozilla/5.0 (Windows NT 10.0; Win64; x64) AppleWebKit/537.36 (KHTML, like Gecko) Chrome/141.0.0.0 Safari/537.36"
202.171.78.211 - - [21/Oct/2025:09:46:41 +1100] "GET /wp-content/aafd9425158f8f03937d0df38997f6f2/dist/1369589066.js?ver=975c5defe73b4b2fde03afbaa384a541 HTTP/1.1" 200 11253 "http://www.livremonami.nc/" "Mozilla/5.0 (Windows NT 10.0; Win64; x64) AppleWebKit/537.36 (KHTML, like Gecko) Chrome/141.0.0.0 Safari/537.36"
