188.113.129.183 - - [21/Oct/2025:08:42:18 +1100] "GET /wp-content/plugins/backup-backup/modules/gdrivebanner/assets/css/styles.css HTTP/1.1" 301 408 "-" "Mozilla/5.0 (Windows NT 10.0; Win64; x64) AppleWebKit/537.36 (KHTML, like Gecko) Chrome/124.0.0.0 Safari/537.36"
216.225.203.35 - - [21/Oct/2025:08:42:20 +1100] "GET /wp-login.php HTTP/1.1" 200 18371 "-" "Mozilla/5.0 (X11; Linux x86_64) AppleWebKit/537.36 (KHTML, like Gecko) Chrome/140.0.0.0 Safari/537.36"
216.225.203.35 - - [21/Oct/2025:08:42:21 +1100] "POST /wp-login.php HTTP/1.1" 503 20076 "http://livremonami.nc/wp-admin/" "Mozilla/5.0 (X11; Linux x86_64) AppleWebKit/537.36 (KHTML, like Gecko) Chrome/140.0.0.0 Safari/537.36"
202.22.159.247 - - [21/Oct/2025:08:42:52 +1100] "POST /wp-cron.php?doing_wp_cron=1760996572.6713869571685791015625 HTTP/1.1" 200 243 "-" "WordPress/6.7.4; http://www.livremonami.nc"
145.239.10.137 - - [21/Oct/2025:08:42:52 +1100] "GET //sess3.php HTTP/1.1" 301 361 "http://www.livremonami.nc//sess3.php" "Mozilla/5.0 (iPhone; CPU iPhone OS 17_5_1 like Mac OS X) AppleWebKit/605.1.15 (KHTML, like Gecko) Version/17.5 Mobile/15E148 Safari/604.1"
145.239.10.137 - - [21/Oct/2025:08:42:53 +1100] "GET /sess3.php HTTP/1.1" 404 96628 "http://www.livremonami.nc/sess3.php" "Mozilla/5.0 (iPhone; CPU iPhone OS 17_5_1 like Mac OS X) AppleWebKit/605.1.15 (KHTML, like Gecko) Version/17.5 Mobile/15E148 Safari/604.1"
176.31.139.15 - - [21/Oct/2025:08:43:05 +1100] "GET /p=3454/unnamed2-2/feed HTTP/1.1" 200 958 "-" "Mozilla/5.0 (compatible; AhrefsBot/7.0; +http://ahrefs.com/robot/)"
202.22.159.247 - - [21/Oct/2025:08:43:32 +1100] "POST /wp-cron.php?doing_wp_cron=1760996612.0954570770263671875000 HTTP/1.1" 200 243 "-" "WordPress/6.7.4; http://www.livremonami.nc"
114.119.157.237 - - [21/Oct/2025:08:43:31 +1100] "GET /page/17?matprin=calendrier_2015 HTTP/1.1" 200 32231 "http://www.livremonami.nc?matprin=calendrier_2015&paged=19" "Mozilla/5.0 (Linux; Android 7.0;) AppleWebKit/537.36 (KHTML, like Gecko) Mobile Safari/537.36 (compatible; PetalBot;+https://webmaster.petalsearch.com/site/petalbot)"
216.225.203.35 - - [21/Oct/2025:08:44:06 +1100] "GET /wp-login.php HTTP/1.1" 200 18373 "-" "Mozilla/5.0 (X11; Linux x86_64) AppleWebKit/537.36 (KHTML, like Gecko) Chrome/140.0.0.0 Safari/537.36"
216.225.203.35 - - [21/Oct/2025:08:44:07 +1100] "POST /wp-login.php HTTP/1.1" 503 20076 "http://livremonami.nc/wp-admin/" "Mozilla/5.0 (X11; Linux x86_64) AppleWebKit/537.36 (KHTML, like Gecko) Chrome/140.0.0.0 Safari/537.36"
202.22.159.247 - - [21/Oct/2025:08:44:54 +1100] "POST /wp-cron.php?doing_wp_cron=1760996694.3853530883789062500000 HTTP/1.1" 200 243 "-" "WordPress/6.7.4; http://www.livremonami.nc"
114.119.155.235 - - [21/Oct/2025:08:44:54 +1100] "GET /p=5220/dscn3582 HTTP/1.1" 200 28671 "http://www.livremonami.nc/?p=5220" "Mozilla/5.0 (Linux; Android 7.0;) AppleWebKit/537.36 (KHTML, like Gecko) Mobile Safari/537.36 (compatible; PetalBot;+https://webmaster.petalsearch.com/site/petalbot)"
37.59.204.148 - - [21/Oct/2025:08:45:04 +1100] "GET /p=3454/img_2166/feed HTTP/1.1" 200 959 "-" "Mozilla/5.0 (compatible; AhrefsBot/7.0; +http://ahrefs.com/robot/)"
216.225.203.35 - - [21/Oct/2025:08:45:53 +1100] "GET /wp-login.php HTTP/1.1" 200 18373 "-" "Mozilla/5.0 (X11; Linux x86_64) AppleWebKit/537.36 (KHTML, like Gecko) Chrome/140.0.0.0 Safari/537.36"
216.225.203.35 - - [21/Oct/2025:08:45:53 +1100] "POST /wp-login.php HTTP/1.1" 503 20076 "http://livremonami.nc/wp-admin/" "Mozilla/5.0 (X11; Linux x86_64) AppleWebKit/537.36 (KHTML, like Gecko) Chrome/140.0.0.0 Safari/537.36"
114.119.157.237 - - [21/Oct/2025:08:46:16 +1100] "GET /p=4350/dscn2568 HTTP/1.1" 200 28661 "http://www.livremonami.nc/?p=4350" "Mozilla/5.0 (Linux; Android 7.0;) AppleWebKit/537.36 (KHTML, like Gecko) Mobile Safari/537.36 (compatible; PetalBot;+https://webmaster.petalsearch.com/site/petalbot)"
202.22.159.247 - - [21/Oct/2025:08:47:05 +1100] "POST /wp-cron.php?doing_wp_cron=1760996825.9305059909820556640625 HTTP/1.1" 200 243 "-" "WordPress/6.7.4; http://www.livremonami.nc"
5.39.1.238 - - [21/Oct/2025:08:47:05 +1100] "GET /p=5220/dscn3589/feed HTTP/1.1" 200 961 "-" "Mozilla/5.0 (compatible; AhrefsBot/7.0; +http://ahrefs.com/robot/)"
216.244.66.242 - - [21/Oct/2025:08:47:15 +1100] "GET /page/29?matprin=calendrier_2014 HTTP/1.1" 200 127061 "-" "Mozilla/5.0 (compatible; DotBot/1.2; +https://opensiteexplorer.org/dotbot; help@moz.com)"
216.225.203.35 - - [21/Oct/2025:08:47:41 +1100] "GET /wp-login.php HTTP/1.1" 200 18373 "-" "Mozilla/5.0 (X11; Linux x86_64) AppleWebKit/537.36 (KHTML, like Gecko) Chrome/140.0.0.0 Safari/537.36"
114.119.133.108 - - [21/Oct/2025:08:47:42 +1100] "GET /p=5555 HTTP/1.1" 200 30825 "http://www.livremonami.nc?paged=29" "Mozilla/5.0 (Linux; Android 7.0;) AppleWebKit/537.36 (KHTML, like Gecko) Mobile Safari/537.36 (compatible; PetalBot;+https://webmaster.petalsearch.com/site/petalbot)"
216.225.203.35 - - [21/Oct/2025:08:47:42 +1100] "POST /wp-login.php HTTP/1.1" 503 20076 "http://livremonami.nc/wp-admin/" "Mozilla/5.0 (X11; Linux x86_64) AppleWebKit/537.36 (KHTML, like Gecko) Chrome/140.0.0.0 Safari/537.36"
202.22.159.247 - - [21/Oct/2025:08:48:37 +1100] "POST /wp-cron.php?doing_wp_cron=1760996917.1615529060363769531250 HTTP/1.1" 200 243 "-" "WordPress/6.7.4; http://www.livremonami.nc"
216.244.66.242 - - [21/Oct/2025:08:48:37 +1100] "GET /page/38?matprin=contact HTTP/1.1" 200 125114 "-" "Mozilla/5.0 (compatible; DotBot/1.2; +https://opensiteexplorer.org/dotbot; help@moz.com)"
114.119.146.185 - - [21/Oct/2025:08:49:06 +1100] "GET /p=3490/image1 HTTP/1.1" 200 28602 "http://www.livremonami.nc?attachment_id=3527" "Mozilla/5.0 (Linux; Android 7.0;) AppleWebKit/537.36 (KHTML, like Gecko) Mobile Safari/537.36 (compatible; PetalBot;+https://webmaster.petalsearch.com/site/petalbot)"
51.68.247.196 - - [21/Oct/2025:08:49:06 +1100] "GET /p=7313/comment-page-1 HTTP/1.1" 200 28991 "-" "Mozilla/5.0 (compatible; AhrefsBot/7.0; +http://ahrefs.com/robot/)"
202.22.159.247 - - [21/Oct/2025:08:49:28 +1100] "POST /wp-cron.php?doing_wp_cron=1760996968.8374829292297363281250 HTTP/1.1" 200 243 "-" "WordPress/6.7.4; http://www.livremonami.nc"
216.225.203.35 - - [21/Oct/2025:08:49:28 +1100] "GET /wp-login.php HTTP/1.1" 200 18373 "-" "Mozilla/5.0 (X11; Linux x86_64) AppleWebKit/537.36 (KHTML, like Gecko) Chrome/140.0.0.0 Safari/537.36"
216.225.203.35 - - [21/Oct/2025:08:49:29 +1100] "POST /wp-login.php HTTP/1.1" 503 20076 "http://livremonami.nc/wp-admin/" "Mozilla/5.0 (X11; Linux x86_64) AppleWebKit/537.36 (KHTML, like Gecko) Chrome/140.0.0.0 Safari/537.36"
202.22.159.247 - - [21/Oct/2025:08:50:36 +1100] "POST /wp-cron.php?doing_wp_cron=1760997036.4877989292144775390625 HTTP/1.1" 200 243 "-" "WordPress/6.7.4; http://www.livremonami.nc"
114.119.157.237 - - [21/Oct/2025:08:50:36 +1100] "GET /?page_id=6250 HTTP/1.1" 301 288 "http://www.livremonami.nc?page_id=6243" "Mozilla/5.0 (Linux; Android 7.0;) AppleWebKit/537.36 (KHTML, like Gecko) Mobile Safari/537.36 (compatible; PetalBot;+https://webmaster.petalsearch.com/site/petalbot)"
114.119.157.237 - - [21/Oct/2025:08:50:37 +1100] "GET /quiz-2020-le-coeur-en-braille HTTP/1.1" 200 33961 "http://www.livremonami.nc?page_id=6243" "Mozilla/5.0 (Linux; Android 7.0;) AppleWebKit/537.36 (KHTML, like Gecko) Mobile Safari/537.36 (compatible; PetalBot;+https://webmaster.petalsearch.com/site/petalbot)"
54.37.118.86 - - [21/Oct/2025:08:51:12 +1100] "GET /p=2753/dscn0414_1/feed HTTP/1.1" 200 964 "-" "Mozilla/5.0 (compatible; AhrefsBot/7.0; +http://ahrefs.com/robot/)"
216.225.203.35 - - [21/Oct/2025:08:51:14 +1100] "GET /wp-login.php HTTP/1.1" 200 18374 "-" "Mozilla/5.0 (X11; Linux x86_64) AppleWebKit/537.36 (KHTML, like Gecko) Chrome/140.0.0.0 Safari/537.36"
216.225.203.35 - - [21/Oct/2025:08:51:15 +1100] "POST /wp-login.php HTTP/1.1" 503 20076 "http://livremonami.nc/wp-admin/" "Mozilla/5.0 (X11; Linux x86_64) AppleWebKit/537.36 (KHTML, like Gecko) Chrome/140.0.0.0 Safari/537.36"
202.22.159.247 - - [21/Oct/2025:08:51:53 +1100] "POST /wp-cron.php?doing_wp_cron=1760997113.2229750156402587890625 HTTP/1.1" 200 243 "-" "WordPress/6.7.4; http://www.livremonami.nc"
114.119.155.54 - - [21/Oct/2025:08:51:53 +1100] "GET /?author=0&paged=5 HTTP/1.1" 301 274 "http://www.livremonami.nc/?author=0&paged=7" "Mozilla/5.0 (Linux; Android 7.0;) AppleWebKit/537.36 (KHTML, like Gecko) Mobile Safari/537.36 (compatible; PetalBot;+https://webmaster.petalsearch.com/site/petalbot)"
114.119.155.54 - - [21/Oct/2025:08:51:54 +1100] "GET /page/5?author=0 HTTP/1.1" 200 32535 "http://www.livremonami.nc/?author=0&paged=7" "Mozilla/5.0 (Linux; Android 7.0;) AppleWebKit/537.36 (KHTML, like Gecko) Mobile Safari/537.36 (compatible; PetalBot;+https://webmaster.petalsearch.com/site/petalbot)"
114.119.155.235 - - [21/Oct/2025:08:52:21 +1100] "GET /?matprin=archives&laureat=oui&paged=51 HTTP/1.1" 301 295 "http://www.livremonami.nc?matprin=archives&laureat=oui&paged=50" "Mozilla/5.0 (Linux; Android 7.0;) AppleWebKit/537.36 (KHTML, like Gecko) Mobile Safari/537.36 (compatible; PetalBot;+https://webmaster.petalsearch.com/site/petalbot)"
114.119.155.235 - - [21/Oct/2025:08:52:22 +1100] "GET /page/51?matprin=archives&laureat=oui HTTP/1.1" 200 32153 "http://www.livremonami.nc?matprin=archives&laureat=oui&paged=50" "Mozilla/5.0 (Linux; Android 7.0;) AppleWebKit/537.36 (KHTML, like Gecko) Mobile Safari/537.36 (compatible; PetalBot;+https://webmaster.petalsearch.com/site/petalbot)"
216.225.203.35 - - [21/Oct/2025:08:53:01 +1100] "GET /wp-login.php HTTP/1.1" 200 18372 "-" "Mozilla/5.0 (X11; Linux x86_64) AppleWebKit/537.36 (KHTML, like Gecko) Chrome/140.0.0.0 Safari/537.36"
216.225.203.35 - - [21/Oct/2025:08:53:02 +1100] "POST /wp-login.php HTTP/1.1" 503 20076 "http://livremonami.nc/wp-admin/" "Mozilla/5.0 (X11; Linux x86_64) AppleWebKit/537.36 (KHTML, like Gecko) Chrome/140.0.0.0 Safari/537.36"
5.39.1.224 - - [21/Oct/2025:08:53:07 +1100] "GET /p=4649/img_2362/feed HTTP/1.1" 200 964 "-" "Mozilla/5.0 (compatible; AhrefsBot/7.0; +http://ahrefs.com/robot/)"
114.119.133.12 - - [21/Oct/2025:08:53:16 +1100] "GET /?author=0&paged=20 HTTP/1.1" 301 275 "http://www.livremonami.nc/?author=0&paged=19" "Mozilla/5.0 (Linux; Android 7.0;) AppleWebKit/537.36 (KHTML, like Gecko) Mobile Safari/537.36 (compatible; PetalBot;+https://webmaster.petalsearch.com/site/petalbot)"
114.119.133.12 - - [21/Oct/2025:08:53:17 +1100] "GET /page/20?author=0 HTTP/1.1" 200 32816 "http://www.livremonami.nc/?author=0&paged=19" "Mozilla/5.0 (Linux; Android 7.0;) AppleWebKit/537.36 (KHTML, like Gecko) Mobile Safari/537.36 (compatible; PetalBot;+https://webmaster.petalsearch.com/site/petalbot)"
202.22.159.247 - - [21/Oct/2025:08:53:44 +1100] "POST /wp-cron.php?doing_wp_cron=1760997224.9187660217285156250000 HTTP/1.1" 200 243 "-" "WordPress/6.7.4; http://www.livremonami.nc"
114.119.146.185 - - [21/Oct/2025:08:53:44 +1100] "GET /?attachment_id=3131 HTTP/1.1" 301 273 "http://www.livremonami.nc?attachment_id=3184" "Mozilla/5.0 (Linux; Android 7.0;) AppleWebKit/537.36 (KHTML, like Gecko) Mobile Safari/537.36 (compatible; PetalBot;+https://webmaster.petalsearch.com/site/petalbot)"
114.119.146.185 - - [21/Oct/2025:08:53:45 +1100] "GET /part_prive_sln HTTP/1.1" 200 28506 "http://www.livremonami.nc?attachment_id=3184" "Mozilla/5.0 (Linux; Android 7.0;) AppleWebKit/537.36 (KHTML, like Gecko) Mobile Safari/537.36 (compatible; PetalBot;+https://webmaster.petalsearch.com/site/petalbot)"
57.141.2.19 - - [21/Oct/2025:08:54:15 +1100] "GET /p=11872 HTTP/1.1" 200 149591 "-" "meta-externalagent/1.1 (+https://developers.facebook.com/docs/sharing/webmasters/crawler)"
216.244.66.242 - - [21/Oct/2025:08:54:25 +1100] "GET /page/7?matprin=contact HTTP/1.1" 200 127488 "-" "Mozilla/5.0 (compatible; DotBot/1.2; +https://opensiteexplorer.org/dotbot; help@moz.com)"
216.225.203.35 - - [21/Oct/2025:08:54:47 +1100] "GET /wp-login.php HTTP/1.1" 200 18374 "-" "Mozilla/5.0 (X11; Linux x86_64) AppleWebKit/537.36 (KHTML, like Gecko) Chrome/140.0.0.0 Safari/537.36"
216.225.203.35 - - [21/Oct/2025:08:54:47 +1100] "POST /wp-login.php HTTP/1.1" 503 20076 "http://livremonami.nc/wp-admin/" "Mozilla/5.0 (X11; Linux x86_64) AppleWebKit/537.36 (KHTML, like Gecko) Chrome/140.0.0.0 Safari/537.36"
185.177.72.29 - - [21/Oct/2025:08:55:13 +1100] "GET / HTTP/1.1" 301 296 "-" "Mozilla/5.0 (Windows NT 10.0; Win64; x64) AppleWebKit/537.36 (KHTML, like Gecko) Chrome/91.0.4472.124 Safari/537.36"
185.177.72.29 - - [21/Oct/2025:08:55:13 +1100] "GET /.git/HEAD HTTP/1.1" 301 398 "-" "-"
5.39.109.181 - - [21/Oct/2025:08:55:13 +1100] "GET /p=6539/comment-page-1 HTTP/1.1" 200 30479 "-" "Mozilla/5.0 (compatible; AhrefsBot/7.0; +http://ahrefs.com/robot/)"
185.177.72.29 - - [21/Oct/2025:08:55:19 +1100] "GET / HTTP/1.1" 200 32456 "-" "Mozilla/5.0 (Windows NT 10.0; Win64; x64) AppleWebKit/537.36 (KHTML, like Gecko) Chrome/91.0.4472.124 Safari/537.36"
202.22.159.247 - - [21/Oct/2025:08:55:20 +1100] "POST /wp-cron.php?doing_wp_cron=1760997320.7150690555572509765625 HTTP/1.1" 200 243 "-" "WordPress/6.7.4; http://www.livremonami.nc"
185.177.72.29 - - [21/Oct/2025:08:55:20 +1100] "GET /.env HTTP/1.1" 404 96653 "-" "Mozilla/5.0 (Windows NT 10.0; Win64; x64) AppleWebKit/537.36 (KHTML, like Gecko) Chrome/91.0.4472.124 Safari/537.36"
185.177.72.29 - - [21/Oct/2025:08:55:21 +1100] "GET /phpinfo HTTP/1.1" 404 96565 "-" "Mozilla/5.0 (Windows NT 10.0; Win64; x64) AppleWebKit/537.36 (KHTML, like Gecko) Chrome/91.0.4472.124 Safari/537.36"
185.177.72.29 - - [21/Oct/2025:08:55:22 +1100] "GET /phpinfo.php HTTP/1.1" 200 24155 "-" "Mozilla/5.0 (Windows NT 10.0; Win64; x64) AppleWebKit/537.36 (KHTML, like Gecko) Chrome/91.0.4472.124 Safari/537.36"
185.177.72.29 - - [21/Oct/2025:08:55:22 +1100] "GET /portal/.env HTTP/1.1" 404 96661 "-" "Mozilla/5.0 (Windows NT 10.0; Win64; x64) AppleWebKit/537.36 (KHTML, like Gecko) Chrome/91.0.4472.124 Safari/537.36"
185.177.72.29 - - [21/Oct/2025:08:55:22 +1100] "GET /env/.env HTTP/1.1" 404 96662 "-" "Mozilla/5.0 (Windows NT 10.0; Win64; x64) AppleWebKit/537.36 (KHTML, like Gecko) Chrome/91.0.4472.124 Safari/537.36"
185.177.72.29 - - [21/Oct/2025:08:55:23 +1100] "GET /api/.env HTTP/1.1" 404 96733 "-" "Mozilla/5.0 (Windows NT 10.0; Win64; x64) AppleWebKit/537.36 (KHTML, like Gecko) Chrome/91.0.4472.124 Safari/537.36"
185.177.72.29 - - [21/Oct/2025:08:55:23 +1100] "GET /app/.env HTTP/1.1" 404 96661 "-" "Mozilla/5.0 (Windows NT 10.0; Win64; x64) AppleWebKit/537.36 (KHTML, like Gecko) Chrome/91.0.4472.124 Safari/537.36"
185.177.72.29 - - [21/Oct/2025:08:55:24 +1100] "GET /dev/.env HTTP/1.1" 404 96662 "-" "Mozilla/5.0 (Windows NT 10.0; Win64; x64) AppleWebKit/537.36 (KHTML, like Gecko) Chrome/91.0.4472.124 Safari/537.36"
185.177.72.29 - - [21/Oct/2025:08:55:24 +1100] "GET /new/.env HTTP/1.1" 404 96653 "-" "Mozilla/5.0 (Windows NT 10.0; Win64; x64) AppleWebKit/537.36 (KHTML, like Gecko) Chrome/91.0.4472.124 Safari/537.36"
185.177.72.29 - - [21/Oct/2025:08:55:25 +1100] "GET /new/.env.local HTTP/1.1" 404 96674 "-" "Mozilla/5.0 (Windows NT 10.0; Win64; x64) AppleWebKit/537.36 (KHTML, like Gecko) Chrome/91.0.4472.124 Safari/537.36"
185.177.72.29 - - [21/Oct/2025:08:55:25 +1100] "GET /new/.env.production HTTP/1.1" 404 96589 "-" "Mozilla/5.0 (Windows NT 10.0; Win64; x64) AppleWebKit/537.36 (KHTML, like Gecko) Chrome/91.0.4472.124 Safari/537.36"
185.177.72.29 - - [21/Oct/2025:08:55:26 +1100] "GET /new/.env.staging HTTP/1.1" 404 96677 "-" "Mozilla/5.0 (Windows NT 10.0; Win64; x64) AppleWebKit/537.36 (KHTML, like Gecko) Chrome/91.0.4472.124 Safari/537.36"
185.177.72.29 - - [21/Oct/2025:08:55:26 +1100] "GET /_phpinfo.php HTTP/1.1" 404 96669 "-" "Mozilla/5.0 (Windows NT 10.0; Win64; x64) AppleWebKit/537.36 (KHTML, like Gecko) Chrome/91.0.4472.124 Safari/537.36"
185.177.72.29 - - [21/Oct/2025:08:55:27 +1100] "GET /_profiler/phpinfo HTTP/1.1" 404 96691 "-" "Mozilla/5.0 (Windows NT 10.0; Win64; x64) AppleWebKit/537.36 (KHTML, like Gecko) Chrome/91.0.4472.124 Safari/537.36"
185.177.72.29 - - [21/Oct/2025:08:55:27 +1100] "GET /_profiler/phpinfo/info.php HTTP/1.1" 404 96697 "-" "Mozilla/5.0 (Windows NT 10.0; Win64; x64) AppleWebKit/537.36 (KHTML, like Gecko) Chrome/91.0.4472.124 Safari/537.36"
185.177.72.29 - - [21/Oct/2025:08:55:28 +1100] "GET /_profiler/phpinfo/phpinfo.php HTTP/1.1" 404 96696 "-" "Mozilla/5.0 (Windows NT 10.0; Win64; x64) AppleWebKit/537.36 (KHTML, like Gecko) Chrome/91.0.4472.124 Safari/537.36"
185.177.72.29 - - [21/Oct/2025:08:55:28 +1100] "GET /wp-config HTTP/1.1" 404 96662 "-" "Mozilla/5.0 (Windows NT 10.0; Win64; x64) AppleWebKit/537.36 (KHTML, like Gecko) Chrome/91.0.4472.124 Safari/537.36"
44.212.232.231 - - [21/Oct/2025:08:55:29 +1100] "GET /page/14?fbclid=IwY2xjawG98eJleHRuA2FlbQIxMAABHb4B0TKQKAR0h0ki-l4kgrYk4OC6Db68ika9uiAzbQ4TrZbcKly_3fHuyg_aem_ZcT9TG7IHczvSq8_pY7uBw HTTP/1.1" 200 32685 "-" "Mozilla/5.0 AppleWebKit/537.36 (KHTML, like Gecko; compatible; Amazonbot/0.1; +https://developer.amazon.com/support/amazonbot) Chrome/119.0.6045.214 Safari/537.36"
185.177.72.29 - - [21/Oct/2025:08:55:29 +1100] "GET /aws-secret.yaml HTTP/1.1" 404 96669 "-" "Mozilla/5.0 (Windows NT 10.0; Win64; x64) AppleWebKit/537.36 (KHTML, like Gecko) Chrome/91.0.4472.124 Safari/537.36"
185.177.72.29 - - [21/Oct/2025:08:55:29 +1100] "GET /awstats/.env HTTP/1.1" 404 96665 "-" "Mozilla/5.0 (Windows NT 10.0; Win64; x64) AppleWebKit/537.36 (KHTML, like Gecko) Chrome/91.0.4472.124 Safari/537.36"
185.177.72.29 - - [21/Oct/2025:08:55:30 +1100] "GET /conf/.env HTTP/1.1" 404 96671 "-" "Mozilla/5.0 (Windows NT 10.0; Win64; x64) AppleWebKit/537.36 (KHTML, like Gecko) Chrome/91.0.4472.124 Safari/537.36"
185.177.72.29 - - [21/Oct/2025:08:55:30 +1100] "GET /cron/.env HTTP/1.1" 404 96658 "-" "Mozilla/5.0 (Windows NT 10.0; Win64; x64) AppleWebKit/537.36 (KHTML, like Gecko) Chrome/91.0.4472.124 Safari/537.36"
185.177.72.29 - - [21/Oct/2025:08:55:31 +1100] "GET /www/.env HTTP/1.1" 404 96733 "-" "Mozilla/5.0 (Windows NT 10.0; Win64; x64) AppleWebKit/537.36 (KHTML, like Gecko) Chrome/91.0.4472.124 Safari/537.36"
185.177.72.29 - - [21/Oct/2025:08:55:31 +1100] "GET /docker/.env HTTP/1.1" 404 96679 "-" "Mozilla/5.0 (Windows NT 10.0; Win64; x64) AppleWebKit/537.36 (KHTML, like Gecko) Chrome/91.0.4472.124 Safari/537.36"
185.177.72.29 - - [21/Oct/2025:08:55:32 +1100] "GET /docker/app/.env HTTP/1.1" 404 96670 "-" "Mozilla/5.0 (Windows NT 10.0; Win64; x64) AppleWebKit/537.36 (KHTML, like Gecko) Chrome/91.0.4472.124 Safari/537.36"
54.221.203.24 - - [21/Oct/2025:08:55:32 +1100] "GET /p=3530/dscn1545_1 HTTP/1.1" 200 28659 "-" "Mozilla/5.0 AppleWebKit/537.36 (KHTML, like Gecko; compatible; Amazonbot/0.1; +https://developer.amazon.com/support/amazonbot) Chrome/119.0.6045.214 Safari/537.36"
185.177.72.29 - - [21/Oct/2025:08:55:32 +1100] "GET /env.backup HTTP/1.1" 404 96658 "-" "Mozilla/5.0 (Windows NT 10.0; Win64; x64) AppleWebKit/537.36 (KHTML, like Gecko) Chrome/91.0.4472.124 Safari/537.36"
185.177.72.29 - - [21/Oct/2025:08:55:33 +1100] "GET /xampp/phpinfo.php HTTP/1.1" 404 96679 "-" "Mozilla/5.0 (Windows NT 10.0; Win64; x64) AppleWebKit/537.36 (KHTML, like Gecko) Chrome/91.0.4472.124 Safari/537.36"
185.177.72.29 - - [21/Oct/2025:08:55:33 +1100] "GET /lara/info.php HTTP/1.1" 404 96669 "-" "Mozilla/5.0 (Windows NT 10.0; Win64; x64) AppleWebKit/537.36 (KHTML, like Gecko) Chrome/91.0.4472.124 Safari/537.36"
185.177.72.29 - - [21/Oct/2025:08:55:34 +1100] "GET /lara/phpinfo.php HTTP/1.1" 404 96583 "-" "Mozilla/5.0 (Windows NT 10.0; Win64; x64) AppleWebKit/537.36 (KHTML, like Gecko) Chrome/91.0.4472.124 Safari/537.36"
185.177.72.29 - - [21/Oct/2025:08:55:34 +1100] "GET /laravel/info.php HTTP/1.1" 404 96671 "-" "Mozilla/5.0 (Windows NT 10.0; Win64; x64) AppleWebKit/537.36 (KHTML, like Gecko) Chrome/91.0.4472.124 Safari/537.36"
185.177.72.29 - - [21/Oct/2025:08:55:35 +1100] "GET /.vscode/.env HTTP/1.1" 404 96671 "-" "Mozilla/5.0 (Windows NT 10.0; Win64; x64) AppleWebKit/537.36 (KHTML, like Gecko) Chrome/91.0.4472.124 Safari/537.36"
185.177.72.29 - - [21/Oct/2025:08:55:35 +1100] "GET /js/.env HTTP/1.1" 404 96653 "-" "Mozilla/5.0 (Windows NT 10.0; Win64; x64) AppleWebKit/537.36 (KHTML, like Gecko) Chrome/91.0.4472.124 Safari/537.36"
35.171.141.42 - - [21/Oct/2025:08:55:36 +1100] "GET /40815587_236796176993973_1057945041659494400_n HTTP/1.1" 200 28754 "-" "Mozilla/5.0 AppleWebKit/537.36 (KHTML, like Gecko; compatible; Amazonbot/0.1; +https://developer.amazon.com/support/amazonbot) Chrome/119.0.6045.214 Safari/537.36"
185.177.72.29 - - [21/Oct/2025:08:55:36 +1100] "GET /laravel/.env HTTP/1.1" 404 96765 "-" "Mozilla/5.0 (Windows NT 10.0; Win64; x64) AppleWebKit/537.36 (KHTML, like Gecko) Chrome/91.0.4472.124 Safari/537.36"
185.177.72.29 - - [21/Oct/2025:08:55:36 +1100] "GET /laravel/core/.env HTTP/1.1" 404 96751 "-" "Mozilla/5.0 (Windows NT 10.0; Win64; x64) AppleWebKit/537.36 (KHTML, like Gecko) Chrome/91.0.4472.124 Safari/537.36"
185.177.72.29 - - [21/Oct/2025:08:55:37 +1100] "GET /mail/.env HTTP/1.1" 404 96671 "-" "Mozilla/5.0 (Windows NT 10.0; Win64; x64) AppleWebKit/537.36 (KHTML, like Gecko) Chrome/91.0.4472.124 Safari/537.36"
185.177.72.29 - - [21/Oct/2025:08:55:37 +1100] "GET /mailer/.env HTTP/1.1" 404 96675 "-" "Mozilla/5.0 (Windows NT 10.0; Win64; x64) AppleWebKit/537.36 (KHTML, like Gecko) Chrome/91.0.4472.124 Safari/537.36"
185.177.72.29 - - [21/Oct/2025:08:55:38 +1100] "GET /nginx/.env HTTP/1.1" 404 96761 "-" "Mozilla/5.0 (Windows NT 10.0; Win64; x64) AppleWebKit/537.36 (KHTML, like Gecko) Chrome/91.0.4472.124 Safari/537.36"
185.177.72.29 - - [21/Oct/2025:08:55:38 +1100] "GET /public/.env HTTP/1.1" 404 96675 "-" "Mozilla/5.0 (Windows NT 10.0; Win64; x64) AppleWebKit/537.36 (KHTML, like Gecko) Chrome/91.0.4472.124 Safari/537.36"
185.177.72.29 - - [21/Oct/2025:08:55:39 +1100] "GET /site/.env HTTP/1.1" 404 96661 "-" "Mozilla/5.0 (Windows NT 10.0; Win64; x64) AppleWebKit/537.36 (KHTML, like Gecko) Chrome/91.0.4472.124 Safari/537.36"
185.177.72.29 - - [21/Oct/2025:08:55:39 +1100] "GET /xampp/.env HTTP/1.1" 404 96666 "-" "Mozilla/5.0 (Windows NT 10.0; Win64; x64) AppleWebKit/537.36 (KHTML, like Gecko) Chrome/91.0.4472.124 Safari/537.36"
185.177.72.29 - - [21/Oct/2025:08:55:40 +1100] "GET /main/.env HTTP/1.1" 404 96661 "-" "Mozilla/5.0 (Windows NT 10.0; Win64; x64) AppleWebKit/537.36 (KHTML, like Gecko) Chrome/91.0.4472.124 Safari/537.36"
185.177.72.29 - - [21/Oct/2025:08:55:40 +1100] "GET /node_modules/.env HTTP/1.1" 404 96674 "-" "Mozilla/5.0 (Windows NT 10.0; Win64; x64) AppleWebKit/537.36 (KHTML, like Gecko) Chrome/91.0.4472.124 Safari/537.36"
185.177.72.29 - - [21/Oct/2025:08:55:41 +1100] "GET /kyc/.env HTTP/1.1" 404 96664 "-" "Mozilla/5.0 (Windows NT 10.0; Win64; x64) AppleWebKit/537.36 (KHTML, like Gecko) Chrome/91.0.4472.124 Safari/537.36"
185.177.72.29 - - [21/Oct/2025:08:55:41 +1100] "GET /admin/.env HTTP/1.1" 404 96679 "-" "Mozilla/5.0 (Windows NT 10.0; Win64; x64) AppleWebKit/537.36 (KHTML, like Gecko) Chrome/91.0.4472.124 Safari/537.36"
185.177.72.29 - - [21/Oct/2025:08:55:42 +1100] "GET /prod/.env HTTP/1.1" 404 96735 "-" "Mozilla/5.0 (Windows NT 10.0; Win64; x64) AppleWebKit/537.36 (KHTML, like Gecko) Chrome/91.0.4472.124 Safari/537.36"
185.177.72.29 - - [21/Oct/2025:08:55:42 +1100] "GET /.env.bak HTTP/1.1" 404 96661 "-" "Mozilla/5.0 (Windows NT 10.0; Win64; x64) AppleWebKit/537.36 (KHTML, like Gecko) Chrome/91.0.4472.124 Safari/537.36"
185.177.72.29 - - [21/Oct/2025:08:55:43 +1100] "GET /api/shared/config/config.env HTTP/1.1" 404 96773 "-" "Mozilla/5.0 (Windows NT 10.0; Win64; x64) AppleWebKit/537.36 (KHTML, like Gecko) Chrome/91.0.4472.124 Safari/537.36"
185.177.72.29 - - [21/Oct/2025:08:55:43 +1100] "GET /api/shared/config.env HTTP/1.1" 404 96680 "-" "Mozilla/5.0 (Windows NT 10.0; Win64; x64) AppleWebKit/537.36 (KHTML, like Gecko) Chrome/91.0.4472.124 Safari/537.36"
185.177.72.29 - - [21/Oct/2025:08:55:44 +1100] "GET /config.env HTTP/1.1" 404 96673 "-" "Mozilla/5.0 (Windows NT 10.0; Win64; x64) AppleWebKit/537.36 (KHTML, like Gecko) Chrome/91.0.4472.124 Safari/537.36"
185.177.72.29 - - [21/Oct/2025:08:55:44 +1100] "GET /website/.env HTTP/1.1" 404 96664 "-" "Mozilla/5.0 (Windows NT 10.0; Win64; x64) AppleWebKit/537.36 (KHTML, like Gecko) Chrome/91.0.4472.124 Safari/537.36"
185.177.72.29 - - [21/Oct/2025:08:55:45 +1100] "GET /development/.env HTTP/1.1" 404 96676 "-" "Mozilla/5.0 (Windows NT 10.0; Win64; x64) AppleWebKit/537.36 (KHTML, like Gecko) Chrome/91.0.4472.124 Safari/537.36"
185.177.72.29 - - [21/Oct/2025:08:55:45 +1100] "GET /backend/.env HTTP/1.1" 404 96677 "-" "Mozilla/5.0 (Windows NT 10.0; Win64; x64) AppleWebKit/537.36 (KHTML, like Gecko) Chrome/91.0.4472.124 Safari/537.36"
185.177.72.29 - - [21/Oct/2025:08:55:46 +1100] "GET /api/shared/config/.env HTTP/1.1" 404 96688 "-" "Mozilla/5.0 (Windows NT 10.0; Win64; x64) AppleWebKit/537.36 (KHTML, like Gecko) Chrome/91.0.4472.124 Safari/537.36"
185.177.72.29 - - [21/Oct/2025:08:55:46 +1100] "GET /api/shared/.env HTTP/1.1" 404 96670 "-" "Mozilla/5.0 (Windows NT 10.0; Win64; x64) AppleWebKit/537.36 (KHTML, like Gecko) Chrome/91.0.4472.124 Safari/537.36"
185.177.72.29 - - [21/Oct/2025:08:55:47 +1100] "GET /api/config.env HTTP/1.1" 404 96674 "-" "Mozilla/5.0 (Windows NT 10.0; Win64; x64) AppleWebKit/537.36 (KHTML, like Gecko) Chrome/91.0.4472.124 Safari/537.36"
185.177.72.29 - - [21/Oct/2025:08:55:47 +1100] "GET /service/email_service.py HTTP/1.1" 404 96692 "-" "Mozilla/5.0 (Windows NT 10.0; Win64; x64) AppleWebKit/537.36 (KHTML, like Gecko) Chrome/91.0.4472.124 Safari/537.36"
185.177.72.29 - - [21/Oct/2025:08:55:48 +1100] "GET /node/.env_example HTTP/1.1" 404 96674 "-" "Mozilla/5.0 (Windows NT 10.0; Win64; x64) AppleWebKit/537.36 (KHTML, like Gecko) Chrome/91.0.4472.124 Safari/537.36"
185.177.72.29 - - [21/Oct/2025:08:55:48 +1100] "GET /.env.production.local HTTP/1.1" 404 96687 "-" "Mozilla/5.0 (Windows NT 10.0; Win64; x64) AppleWebKit/537.36 (KHTML, like Gecko) Chrome/91.0.4472.124 Safari/537.36"
185.177.72.29 - - [21/Oct/2025:08:55:49 +1100] "GET /.env.local HTTP/1.1" 404 96677 "-" "Mozilla/5.0 (Windows NT 10.0; Win64; x64) AppleWebKit/537.36 (KHTML, like Gecko) Chrome/91.0.4472.124 Safari/537.36"
185.177.72.29 - - [21/Oct/2025:08:55:49 +1100] "GET /.env.example HTTP/1.1" 404 96664 "-" "Mozilla/5.0 (Windows NT 10.0; Win64; x64) AppleWebKit/537.36 (KHTML, like Gecko) Chrome/91.0.4472.124 Safari/537.36"
185.177.72.29 - - [21/Oct/2025:08:55:50 +1100] "GET /.env.stage HTTP/1.1" 404 96660 "-" "Mozilla/5.0 (Windows NT 10.0; Win64; x64) AppleWebKit/537.36 (KHTML, like Gecko) Chrome/91.0.4472.124 Safari/537.36"
185.177.72.29 - - [21/Oct/2025:08:55:50 +1100] "GET /server/config/database.js HTTP/1.1" 404 96791 "-" "Mozilla/5.0 (Windows NT 10.0; Win64; x64) AppleWebKit/537.36 (KHTML, like Gecko) Chrome/91.0.4472.124 Safari/537.36"
185.177.72.29 - - [21/Oct/2025:08:55:51 +1100] "GET /.env.old HTTP/1.1" 404 96656 "-" "Mozilla/5.0 (Windows NT 10.0; Win64; x64) AppleWebKit/537.36 (KHTML, like Gecko) Chrome/91.0.4472.124 Safari/537.36"
185.177.72.29 - - [21/Oct/2025:08:55:51 +1100] "GET /.env_sample HTTP/1.1" 404 96668 "-" "Mozilla/5.0 (Windows NT 10.0; Win64; x64) AppleWebKit/537.36 (KHTML, like Gecko) Chrome/91.0.4472.124 Safari/537.36"
185.177.72.29 - - [21/Oct/2025:08:55:52 +1100] "GET /scripts/nodemailer.js HTTP/1.1" 404 96686 "-" "Mozilla/5.0 (Windows NT 10.0; Win64; x64) AppleWebKit/537.36 (KHTML, like Gecko) Chrome/91.0.4472.124 Safari/537.36"
185.177.72.29 - - [21/Oct/2025:08:55:52 +1100] "GET /.env.prod HTTP/1.1" 404 96671 "-" "Mozilla/5.0 (Windows NT 10.0; Win64; x64) AppleWebKit/537.36 (KHTML, like Gecko) Chrome/91.0.4472.124 Safari/537.36"
185.177.72.29 - - [21/Oct/2025:08:55:53 +1100] "GET /crm/.env HTTP/1.1" 404 96656 "-" "Mozilla/5.0 (Windows NT 10.0; Win64; x64) AppleWebKit/537.36 (KHTML, like Gecko) Chrome/91.0.4472.124 Safari/537.36"
185.177.72.29 - - [21/Oct/2025:08:55:53 +1100] "GET /local/.env HTTP/1.1" 404 96660 "-" "Mozilla/5.0 (Windows NT 10.0; Win64; x64) AppleWebKit/537.36 (KHTML, like Gecko) Chrome/91.0.4472.124 Safari/537.36"
185.177.72.29 - - [21/Oct/2025:08:55:54 +1100] "GET /core/.env HTTP/1.1" 404 96663 "-" "Mozilla/5.0 (Windows NT 10.0; Win64; x64) AppleWebKit/537.36 (KHTML, like Gecko) Chrome/91.0.4472.124 Safari/537.36"
185.177.72.29 - - [21/Oct/2025:08:55:54 +1100] "GET /apps/.env HTTP/1.1" 404 96666 "-" "Mozilla/5.0 (Windows NT 10.0; Win64; x64) AppleWebKit/537.36 (KHTML, like Gecko) Chrome/91.0.4472.124 Safari/537.36"
185.177.72.29 - - [21/Oct/2025:08:55:54 +1100] "GET /application/.env HTTP/1.1" 404 96685 "-" "Mozilla/5.0 (Windows NT 10.0; Win64; x64) AppleWebKit/537.36 (KHTML, like Gecko) Chrome/91.0.4472.124 Safari/537.36"
185.177.72.29 - - [21/Oct/2025:08:55:55 +1100] "GET /web/.env HTTP/1.1" 404 96660 "-" "Mozilla/5.0 (Windows NT 10.0; Win64; x64) AppleWebKit/537.36 (KHTML, like Gecko) Chrome/91.0.4472.124 Safari/537.36"
185.177.72.29 - - [21/Oct/2025:08:55:55 +1100] "GET /.aws/credentials HTTP/1.1" 404 96671 "-" "Mozilla/5.0 (Windows NT 10.0; Win64; x64) AppleWebKit/537.36 (KHTML, like Gecko) Chrome/91.0.4472.124 Safari/537.36"
202.22.159.247 - - [21/Oct/2025:08:55:56 +1100] "POST /?wordfence_syncAttackData=1760997356.5118 HTTP/1.1" 200 185 "-" "WordPress/6.7.4; http://www.livremonami.nc"
185.177.72.29 - - [21/Oct/2025:08:55:56 +1100] "GET /wp-config.php.bak HTTP/1.1" 404 96673 "-" "Mozilla/5.0 (Windows NT 10.0; Win64; x64) AppleWebKit/537.36 (KHTML, like Gecko) Chrome/91.0.4472.124 Safari/537.36"
185.177.72.29 - - [21/Oct/2025:08:55:57 +1100] "GET /info.php HTTP/1.1" 404 96664 "-" "Mozilla/5.0 (Windows NT 10.0; Win64; x64) AppleWebKit/537.36 (KHTML, like Gecko) Chrome/91.0.4472.124 Safari/537.36"
185.177.72.29 - - [21/Oct/2025:08:55:57 +1100] "GET /dashboard/phpinfo.php HTTP/1.1" 404 96681 "-" "Mozilla/5.0 (Windows NT 10.0; Win64; x64) AppleWebKit/537.36 (KHTML, like Gecko) Chrome/91.0.4472.124 Safari/537.36"
185.177.72.29 - - [21/Oct/2025:08:55:58 +1100] "GET /static/js/main.141b0494.js HTTP/1.1" 404 96691 "-" "Mozilla/5.0 (Windows NT 10.0; Win64; x64) AppleWebKit/537.36 (KHTML, like Gecko) Chrome/91.0.4472.124 Safari/537.36"
185.177.72.29 - - [21/Oct/2025:08:55:58 +1100] "GET /static/js/2.ca066a4b.chunk.js HTTP/1.1" 404 96698 "-" "Mozilla/5.0 (Windows NT 10.0; Win64; x64) AppleWebKit/537.36 (KHTML, like Gecko) Chrome/91.0.4472.124 Safari/537.36"
185.177.72.29 - - [21/Oct/2025:08:55:59 +1100] "GET /static/js/main.e85f7a37.js HTTP/1.1" 404 96693 "-" "Mozilla/5.0 (Windows NT 10.0; Win64; x64) AppleWebKit/537.36 (KHTML, like Gecko) Chrome/91.0.4472.124 Safari/537.36"
185.177.72.29 - - [21/Oct/2025:08:55:59 +1100] "GET /admin/server_info.php HTTP/1.1" 404 96686 "-" "Mozilla/5.0 (Windows NT 10.0; Win64; x64) AppleWebKit/537.36 (KHTML, like Gecko) Chrome/91.0.4472.124 Safari/537.36"
185.177.72.29 - - [21/Oct/2025:08:56:00 +1100] "GET /server_info.php HTTP/1.1" 404 96669 "-" "Mozilla/5.0 (Windows NT 10.0; Win64; x64) AppleWebKit/537.36 (KHTML, like Gecko) Chrome/91.0.4472.124 Safari/537.36"
185.177.72.29 - - [21/Oct/2025:08:56:00 +1100] "GET /app_dev.php/_profiler/phpinfo HTTP/1.1" 404 96695 "-" "Mozilla/5.0 (Windows NT 10.0; Win64; x64) AppleWebKit/537.36 (KHTML, like Gecko) Chrome/91.0.4472.124 Safari/537.36"
185.177.72.29 - - [21/Oct/2025:08:56:01 +1100] "GET /test.php HTTP/1.1" 404 96662 "-" "Mozilla/5.0 (Windows NT 10.0; Win64; x64) AppleWebKit/537.36 (KHTML, like Gecko) Chrome/91.0.4472.124 Safari/537.36"
185.177.72.29 - - [21/Oct/2025:08:56:01 +1100] "GET /server-info HTTP/1.1" 404 96658 "-" "Mozilla/5.0 (Windows NT 10.0; Win64; x64) AppleWebKit/537.36 (KHTML, like Gecko) Chrome/91.0.4472.124 Safari/537.36"
185.177.72.29 - - [21/Oct/2025:08:56:02 +1100] "GET /server-info.php HTTP/1.1" 404 96581 "-" "Mozilla/5.0 (Windows NT 10.0; Win64; x64) AppleWebKit/537.36 (KHTML, like Gecko) Chrome/91.0.4472.124 Safari/537.36"
185.177.72.29 - - [21/Oct/2025:08:56:03 +1100] "GET /secured/phpinfo.php HTTP/1.1" 404 96718 "-" "Mozilla/5.0 (Windows NT 10.0; Win64; x64) AppleWebKit/537.36 (KHTML, like Gecko) Chrome/91.0.4472.124 Safari/537.36"
185.177.72.29 - - [21/Oct/2025:08:56:03 +1100] "GET /config.js HTTP/1.1" 404 96735 "-" "Mozilla/5.0 (Windows NT 10.0; Win64; x64) AppleWebKit/537.36 (KHTML, like Gecko) Chrome/91.0.4472.124 Safari/537.36"
185.177.72.29 - - [21/Oct/2025:08:56:04 +1100] "GET /server.js HTTP/1.1" 404 96735 "-" "Mozilla/5.0 (Windows NT 10.0; Win64; x64) AppleWebKit/537.36 (KHTML, like Gecko) Chrome/91.0.4472.124 Safari/537.36"
185.177.72.29 - - [21/Oct/2025:08:56:04 +1100] "GET /appsettings.json HTTP/1.1" 404 96583 "-" "Mozilla/5.0 (Windows NT 10.0; Win64; x64) AppleWebKit/537.36 (KHTML, like Gecko) Chrome/91.0.4472.124 Safari/537.36"
185.177.72.29 - - [21/Oct/2025:08:56:04 +1100] "GET /shared/config/config.js HTTP/1.1" 404 96685 "-" "Mozilla/5.0 (Windows NT 10.0; Win64; x64) AppleWebKit/537.36 (KHTML, like Gecko) Chrome/91.0.4472.124 Safari/537.36"
185.177.72.29 - - [21/Oct/2025:08:56:05 +1100] "GET /config/aws.yml HTTP/1.1" 404 96668 "-" "Mozilla/5.0 (Windows NT 10.0; Win64; x64) AppleWebKit/537.36 (KHTML, like Gecko) Chrome/91.0.4472.124 Safari/537.36"
185.177.72.29 - - [21/Oct/2025:08:56:05 +1100] "GET /settings.py HTTP/1.1" 404 96660 "-" "Mozilla/5.0 (Windows NT 10.0; Win64; x64) AppleWebKit/537.36 (KHTML, like Gecko) Chrome/91.0.4472.124 Safari/537.36"
185.177.72.29 - - [21/Oct/2025:08:56:06 +1100] "GET /config.json HTTP/1.1" 404 96662 "-" "Mozilla/5.0 (Windows NT 10.0; Win64; x64) AppleWebKit/537.36 (KHTML, like Gecko) Chrome/91.0.4472.124 Safari/537.36"
185.177.72.29 - - [21/Oct/2025:08:56:06 +1100] "GET /main.js HTTP/1.1" 404 96661 "-" "Mozilla/5.0 (Windows NT 10.0; Win64; x64) AppleWebKit/537.36 (KHTML, like Gecko) Chrome/91.0.4472.124 Safari/537.36"
185.177.72.29 - - [21/Oct/2025:08:56:07 +1100] "GET /config/constants.js HTTP/1.1" 404 96680 "-" "Mozilla/5.0 (Windows NT 10.0; Win64; x64) AppleWebKit/537.36 (KHTML, like Gecko) Chrome/91.0.4472.124 Safari/537.36"
185.177.72.29 - - [21/Oct/2025:08:56:07 +1100] "GET /application.properties HTTP/1.1" 404 96690 "-" "Mozilla/5.0 (Windows NT 10.0; Win64; x64) AppleWebKit/537.36 (KHTML, like Gecko) Chrome/91.0.4472.124 Safari/537.36"
185.177.72.29 - - [21/Oct/2025:08:56:08 +1100] "GET /public/js/main.js HTTP/1.1" 404 96677 "-" "Mozilla/5.0 (Windows NT 10.0; Win64; x64) AppleWebKit/537.36 (KHTML, like Gecko) Chrome/91.0.4472.124 Safari/537.36"
185.177.72.29 - - [21/Oct/2025:08:56:08 +1100] "GET /js/main.js HTTP/1.1" 404 96672 "-" "Mozilla/5.0 (Windows NT 10.0; Win64; x64) AppleWebKit/537.36 (KHTML, like Gecko) Chrome/91.0.4472.124 Safari/537.36"
185.177.72.29 - - [21/Oct/2025:08:56:09 +1100] "GET /?phpinfo=1 HTTP/1.1" 200 32481 "-" "Mozilla/5.0 (Windows NT 10.0; Win64; x64) AppleWebKit/537.36 (KHTML, like Gecko) Chrome/91.0.4472.124 Safari/537.36"
185.177.72.29 - - [21/Oct/2025:08:56:09 +1100] "GET /storage/logs/laravel.log HTTP/1.1" 404 96704 "-" "Mozilla/5.0 (Windows NT 10.0; Win64; x64) AppleWebKit/537.36 (KHTML, like Gecko) Chrome/91.0.4472.124 Safari/537.36"
185.177.72.29 - - [21/Oct/2025:08:56:10 +1100] "GET /karma.conf.json HTTP/1.1" 404 96647 "-" "Mozilla/5.0 (Windows NT 10.0; Win64; x64) AppleWebKit/537.36 (KHTML, like Gecko) Chrome/91.0.4472.124 Safari/537.36"
185.177.72.29 - - [21/Oct/2025:08:56:11 +1100] "GET /swagger.js HTTP/1.1" 404 96669 "-" "Mozilla/5.0 (Windows NT 10.0; Win64; x64) AppleWebKit/537.36 (KHTML, like Gecko) Chrome/91.0.4472.124 Safari/537.36"
185.177.72.29 - - [21/Oct/2025:08:56:12 +1100] "GET /gatsby-config.js HTTP/1.1" 404 96669 "-" "Mozilla/5.0 (Windows NT 10.0; Win64; x64) AppleWebKit/537.36 (KHTML, like Gecko) Chrome/91.0.4472.124 Safari/537.36"
185.177.72.29 - - [21/Oct/2025:08:56:12 +1100] "GET /backend/config/default.yml HTTP/1.1" 404 96769 "-" "Mozilla/5.0 (Windows NT 10.0; Win64; x64) AppleWebKit/537.36 (KHTML, like Gecko) Chrome/91.0.4472.124 Safari/537.36"
185.177.72.29 - - [21/Oct/2025:08:56:13 +1100] "GET /app.py HTTP/1.1" 404 96650 "-" "Mozilla/5.0 (Windows NT 10.0; Win64; x64) AppleWebKit/537.36 (KHTML, like Gecko) Chrome/91.0.4472.124 Safari/537.36"
185.177.72.29 - - [21/Oct/2025:08:56:13 +1100] "GET /admin/controllers/merchant.js HTTP/1.1" 404 96697 "-" "Mozilla/5.0 (Windows NT 10.0; Win64; x64) AppleWebKit/537.36 (KHTML, like Gecko) Chrome/91.0.4472.124 Safari/537.36"
185.177.72.29 - - [21/Oct/2025:08:56:14 +1100] "GET /admin/controllers/partner.js HTTP/1.1" 404 96713 "-" "Mozilla/5.0 (Windows NT 10.0; Win64; x64) AppleWebKit/537.36 (KHTML, like Gecko) Chrome/91.0.4472.124 Safari/537.36"
185.177.72.29 - - [21/Oct/2025:08:56:14 +1100] "GET /api/config.js HTTP/1.1" 404 96577 "-" "Mozilla/5.0 (Windows NT 10.0; Win64; x64) AppleWebKit/537.36 (KHTML, like Gecko) Chrome/91.0.4472.124 Safari/537.36"
185.177.72.29 - - [21/Oct/2025:08:56:15 +1100] "GET /api/objects/codes.php.save HTTP/1.1" 404 96696 "-" "Mozilla/5.0 (Windows NT 10.0; Win64; x64) AppleWebKit/537.36 (KHTML, like Gecko) Chrome/91.0.4472.124 Safari/537.36"
185.177.72.29 - - [21/Oct/2025:08:56:15 +1100] "GET /apis/config/config.js HTTP/1.1" 404 96681 "-" "Mozilla/5.0 (Windows NT 10.0; Win64; x64) AppleWebKit/537.36 (KHTML, like Gecko) Chrome/91.0.4472.124 Safari/537.36"
185.177.72.29 - - [21/Oct/2025:08:56:16 +1100] "GET /apis/controllers/users.js HTTP/1.1" 404 96694 "-" "Mozilla/5.0 (Windows NT 10.0; Win64; x64) AppleWebKit/537.36 (KHTML, like Gecko) Chrome/91.0.4472.124 Safari/537.36"
185.177.72.29 - - [21/Oct/2025:08:56:16 +1100] "GET /app.js HTTP/1.1" 404 96655 "-" "Mozilla/5.0 (Windows NT 10.0; Win64; x64) AppleWebKit/537.36 (KHTML, like Gecko) Chrome/91.0.4472.124 Safari/537.36"
185.177.72.29 - - [21/Oct/2025:08:56:17 +1100] "GET /backend/config/development.yml HTTP/1.1" 404 96708 "-" "Mozilla/5.0 (Windows NT 10.0; Win64; x64) AppleWebKit/537.36 (KHTML, like Gecko) Chrome/91.0.4472.124 Safari/537.36"
185.177.72.29 - - [21/Oct/2025:08:56:17 +1100] "GET /cloud/Scraper.js HTTP/1.1" 404 96676 "-" "Mozilla/5.0 (Windows NT 10.0; Win64; x64) AppleWebKit/537.36 (KHTML, like Gecko) Chrome/91.0.4472.124 Safari/537.36"
185.177.72.29 - - [21/Oct/2025:08:56:18 +1100] "GET /config/application.yml HTTP/1.1" 404 96688 "-" "Mozilla/5.0 (Windows NT 10.0; Win64; x64) AppleWebKit/537.36 (KHTML, like Gecko) Chrome/91.0.4472.124 Safari/537.36"
185.177.72.29 - - [21/Oct/2025:08:56:18 +1100] "GET /config/storage.yml HTTP/1.1" 404 96675 "-" "Mozilla/5.0 (Windows NT 10.0; Win64; x64) AppleWebKit/537.36 (KHTML, like Gecko) Chrome/91.0.4472.124 Safari/537.36"
185.177.72.29 - - [21/Oct/2025:08:56:19 +1100] "GET /configs/routes-4aug.js HTTP/1.1" 404 96684 "-" "Mozilla/5.0 (Windows NT 10.0; Win64; x64) AppleWebKit/537.36 (KHTML, like Gecko) Chrome/91.0.4472.124 Safari/537.36"
185.177.72.29 - - [21/Oct/2025:08:56:19 +1100] "GET /configs/routes.js HTTP/1.1" 404 96714 "-" "Mozilla/5.0 (Windows NT 10.0; Win64; x64) AppleWebKit/537.36 (KHTML, like Gecko) Chrome/91.0.4472.124 Safari/537.36"
185.177.72.29 - - [21/Oct/2025:08:56:20 +1100] "GET /configs/s3_config.json HTTP/1.1" 404 96724 "-" "Mozilla/5.0 (Windows NT 10.0; Win64; x64) AppleWebKit/537.36 (KHTML, like Gecko) Chrome/91.0.4472.124 Safari/537.36"
185.177.72.29 - - [21/Oct/2025:08:56:20 +1100] "GET /controller/admin/post.js HTTP/1.1" 404 96688 "-" "Mozilla/5.0 (Windows NT 10.0; Win64; x64) AppleWebKit/537.36 (KHTML, like Gecko) Chrome/91.0.4472.124 Safari/537.36"
185.177.72.29 - - [21/Oct/2025:08:56:21 +1100] "GET /controller/api/post.js HTTP/1.1" 404 96690 "-" "Mozilla/5.0 (Windows NT 10.0; Win64; x64) AppleWebKit/537.36 (KHTML, like Gecko) Chrome/91.0.4472.124 Safari/537.36"
185.177.72.29 - - [21/Oct/2025:08:56:21 +1100] "GET /controllers/settings.js HTTP/1.1" 404 96693 "-" "Mozilla/5.0 (Windows NT 10.0; Win64; x64) AppleWebKit/537.36 (KHTML, like Gecko) Chrome/91.0.4472.124 Safari/537.36"
185.177.72.29 - - [21/Oct/2025:08:56:22 +1100] "GET /getcpuutil.php-bakworking HTTP/1.1" 404 96694 "-" "Mozilla/5.0 (Windows NT 10.0; Win64; x64) AppleWebKit/537.36 (KHTML, like Gecko) Chrome/91.0.4472.124 Safari/537.36"
185.177.72.29 - - [21/Oct/2025:08:56:22 +1100] "GET /helper.js HTTP/1.1" 404 96661 "-" "Mozilla/5.0 (Windows NT 10.0; Win64; x64) AppleWebKit/537.36 (KHTML, like Gecko) Chrome/91.0.4472.124 Safari/537.36"
185.177.72.29 - - [21/Oct/2025:08:56:23 +1100] "GET /helper/EmailHelper.js HTTP/1.1" 404 96678 "-" "Mozilla/5.0 (Windows NT 10.0; Win64; x64) AppleWebKit/537.36 (KHTML, like Gecko) Chrome/91.0.4472.124 Safari/537.36"
185.177.72.29 - - [21/Oct/2025:08:56:23 +1100] "GET /index.js HTTP/1.1" 404 96659 "-" "Mozilla/5.0 (Windows NT 10.0; Win64; x64) AppleWebKit/537.36 (KHTML, like Gecko) Chrome/91.0.4472.124 Safari/537.36"
185.177.72.29 - - [21/Oct/2025:08:56:24 +1100] "GET /index.html HTTP/1.1" 404 96665 "-" "Mozilla/5.0 (Windows NT 10.0; Win64; x64) AppleWebKit/537.36 (KHTML, like Gecko) Chrome/91.0.4472.124 Safari/537.36"
185.177.72.29 - - [21/Oct/2025:08:56:24 +1100] "GET /my_env/chakaash.py HTTP/1.1" 404 96672 "-" "Mozilla/5.0 (Windows NT 10.0; Win64; x64) AppleWebKit/537.36 (KHTML, like Gecko) Chrome/91.0.4472.124 Safari/537.36"
185.177.72.29 - - [21/Oct/2025:08:56:25 +1100] "GET /my_env/newsletter.py HTTP/1.1" 404 96720 "-" "Mozilla/5.0 (Windows NT 10.0; Win64; x64) AppleWebKit/537.36 (KHTML, like Gecko) Chrome/91.0.4472.124 Safari/537.36"
185.177.72.29 - - [21/Oct/2025:08:56:25 +1100] "GET /my_env/palash.py HTTP/1.1" 404 96671 "-" "Mozilla/5.0 (Windows NT 10.0; Win64; x64) AppleWebKit/537.36 (KHTML, like Gecko) Chrome/91.0.4472.124 Safari/537.36"
185.177.72.29 - - [21/Oct/2025:08:56:26 +1100] "GET /mytest/astech_robot.js HTTP/1.1" 404 96684 "-" "Mozilla/5.0 (Windows NT 10.0; Win64; x64) AppleWebKit/537.36 (KHTML, like Gecko) Chrome/91.0.4472.124 Safari/537.36"
185.177.72.29 - - [21/Oct/2025:08:56:26 +1100] "GET /partner/config/config.js HTTP/1.1" 404 96686 "-" "Mozilla/5.0 (Windows NT 10.0; Win64; x64) AppleWebKit/537.36 (KHTML, like Gecko) Chrome/91.0.4472.124 Safari/537.36"
185.177.72.29 - - [21/Oct/2025:08:56:27 +1100] "GET /config/settings.json HTTP/1.1" 404 96676 "-" "Mozilla/5.0 (Windows NT 10.0; Win64; x64) AppleWebKit/537.36 (KHTML, like Gecko) Chrome/91.0.4472.124 Safari/537.36"
185.177.72.29 - - [21/Oct/2025:08:56:27 +1100] "GET /config/settings.local HTTP/1.1" 404 96722 "-" "Mozilla/5.0 (Windows NT 10.0; Win64; x64) AppleWebKit/537.36 (KHTML, like Gecko) Chrome/91.0.4472.124 Safari/537.36"
185.177.72.29 - - [21/Oct/2025:08:56:28 +1100] "GET /.circleci/configs/development.yml HTTP/1.1" 404 96807 "-" "Mozilla/5.0 (Windows NT 10.0; Win64; x64) AppleWebKit/537.36 (KHTML, like Gecko) Chrome/91.0.4472.124 Safari/537.36"
185.177.72.29 - - [21/Oct/2025:08:56:28 +1100] "GET /config/settings.prod HTTP/1.1" 404 96677 "-" "Mozilla/5.0 (Windows NT 10.0; Win64; x64) AppleWebKit/537.36 (KHTML, like Gecko) Chrome/91.0.4472.124 Safari/537.36"
185.177.72.29 - - [21/Oct/2025:08:56:29 +1100] "GET /app/config/parameters.yml HTTP/1.1" 404 96693 "-" "Mozilla/5.0 (Windows NT 10.0; Win64; x64) AppleWebKit/537.36 (KHTML, like Gecko) Chrome/91.0.4472.124 Safari/537.36"
185.177.72.29 - - [21/Oct/2025:08:56:29 +1100] "GET /config/parameters.yml HTTP/1.1" 404 96681 "-" "Mozilla/5.0 (Windows NT 10.0; Win64; x64) AppleWebKit/537.36 (KHTML, like Gecko) Chrome/91.0.4472.124 Safari/537.36"
27.44.122.151 - - [21/Oct/2025:08:56:29 +1100] "GET /wp-content/uploads/2019/04/Fiches-LMA-2018-R%C3%A9ponses.pdf HTTP/1.1" 200 158064 "-" "Mozilla/5.0 (Linux; Android 6.0; Nexus 5 Build/MRA58N) AppleWebKit/537.36 (KHTML, like Gecko) Chrome/99.0.4844.51 Mobile Safari/537.36 MicroMessenger/7.0.1"
185.177.72.29 - - [21/Oct/2025:08:56:30 +1100] "GET /user/config/config.js HTTP/1.1" 404 96678 "-" "Mozilla/5.0 (Windows NT 10.0; Win64; x64) AppleWebKit/537.36 (KHTML, like Gecko) Chrome/91.0.4472.124 Safari/537.36"
185.177.72.29 - - [21/Oct/2025:08:56:30 +1100] "GET /user/controllers/index.js HTTP/1.1" 404 96696 "-" "Mozilla/5.0 (Windows NT 10.0; Win64; x64) AppleWebKit/537.36 (KHTML, like Gecko) Chrome/91.0.4472.124 Safari/537.36"
185.177.72.29 - - [21/Oct/2025:08:56:31 +1100] "GET /.AWS_/credentials HTTP/1.1" 404 96679 "-" "Mozilla/5.0 (Windows NT 10.0; Win64; x64) AppleWebKit/537.36 (KHTML, like Gecko) Chrome/91.0.4472.124 Safari/537.36"
185.177.72.29 - - [21/Oct/2025:08:56:31 +1100] "GET /config/local.yml HTTP/1.1" 404 96672 "-" "Mozilla/5.0 (Windows NT 10.0; Win64; x64) AppleWebKit/537.36 (KHTML, like Gecko) Chrome/91.0.4472.124 Safari/537.36"
185.177.72.29 - - [21/Oct/2025:08:56:32 +1100] "GET /backend/config/settings.yml HTTP/1.1" 404 96690 "-" "Mozilla/5.0 (Windows NT 10.0; Win64; x64) AppleWebKit/537.36 (KHTML, like Gecko) Chrome/91.0.4472.124 Safari/537.36"
185.177.72.29 - - [21/Oct/2025:08:56:32 +1100] "GET /api/config/config.yml HTTP/1.1" 404 96688 "-" "Mozilla/5.0 (Windows NT 10.0; Win64; x64) AppleWebKit/537.36 (KHTML, like Gecko) Chrome/91.0.4472.124 Safari/537.36"
185.177.72.29 - - [21/Oct/2025:08:56:33 +1100] "GET /admin/config HTTP/1.1" 404 96672 "-" "Mozilla/5.0 (Windows NT 10.0; Win64; x64) AppleWebKit/537.36 (KHTML, like Gecko) Chrome/91.0.4472.124 Safari/537.36"
185.177.72.29 - - [21/Oct/2025:08:56:33 +1100] "GET /appsettings.json HTTP/1.1" 404 96672 "-" "Mozilla/5.0 (Windows NT 10.0; Win64; x64) AppleWebKit/537.36 (KHTML, like Gecko) Chrome/91.0.4472.124 Safari/537.36"
216.225.203.35 - - [21/Oct/2025:08:56:34 +1100] "GET /wp-login.php HTTP/1.1" 200 18374 "-" "Mozilla/5.0 (X11; Linux x86_64) AppleWebKit/537.36 (KHTML, like Gecko) Chrome/140.0.0.0 Safari/537.36"
185.177.72.29 - - [21/Oct/2025:08:56:34 +1100] "GET /.travis.yml HTTP/1.1" 404 96662 "-" "Mozilla/5.0 (Windows NT 10.0; Win64; x64) AppleWebKit/537.36 (KHTML, like Gecko) Chrome/91.0.4472.124 Safari/537.36"
185.177.72.29 - - [21/Oct/2025:08:56:34 +1100] "GET /aws.yml HTTP/1.1" 404 96662 "-" "Mozilla/5.0 (Windows NT 10.0; Win64; x64) AppleWebKit/537.36 (KHTML, like Gecko) Chrome/91.0.4472.124 Safari/537.36"
185.177.72.29 - - [21/Oct/2025:08:56:35 +1100] "GET /sms.py HTTP/1.1" 404 96669 "-" "Mozilla/5.0 (Windows NT 10.0; Win64; x64) AppleWebKit/537.36 (KHTML, like Gecko) Chrome/91.0.4472.124 Safari/537.36"
216.225.203.35 - - [21/Oct/2025:08:56:34 +1100] "POST /wp-login.php HTTP/1.1" 503 20076 "http://livremonami.nc/wp-admin/" "Mozilla/5.0 (X11; Linux x86_64) AppleWebKit/537.36 (KHTML, like Gecko) Chrome/140.0.0.0 Safari/537.36"
185.177.72.29 - - [21/Oct/2025:08:56:35 +1100] "GET /config/config.json HTTP/1.1" 404 96695 "-" "Mozilla/5.0 (Windows NT 10.0; Win64; x64) AppleWebKit/537.36 (KHTML, like Gecko) Chrome/91.0.4472.124 Safari/537.36"
185.177.72.29 - - [21/Oct/2025:08:56:36 +1100] "GET /main.yml HTTP/1.1" 404 96654 "-" "Mozilla/5.0 (Windows NT 10.0; Win64; x64) AppleWebKit/537.36 (KHTML, like Gecko) Chrome/91.0.4472.124 Safari/537.36"
185.177.72.29 - - [21/Oct/2025:08:56:36 +1100] "GET /helpers/utility.js HTTP/1.1" 404 96674 "-" "Mozilla/5.0 (Windows NT 10.0; Win64; x64) AppleWebKit/537.36 (KHTML, like Gecko) Chrome/91.0.4472.124 Safari/537.36"
185.177.72.29 - - [21/Oct/2025:08:56:37 +1100] "GET /server/s3.js HTTP/1.1" 404 96672 "-" "Mozilla/5.0 (Windows NT 10.0; Win64; x64) AppleWebKit/537.36 (KHTML, like Gecko) Chrome/91.0.4472.124 Safari/537.36"
185.177.72.29 - - [21/Oct/2025:08:56:37 +1100] "GET /s3.js HTTP/1.1" 404 96655 "-" "Mozilla/5.0 (Windows NT 10.0; Win64; x64) AppleWebKit/537.36 (KHTML, like Gecko) Chrome/91.0.4472.124 Safari/537.36"
185.177.72.29 - - [21/Oct/2025:08:56:38 +1100] "GET /debug/default/view HTTP/1.1" 404 96675 "-" "Mozilla/5.0 (Windows NT 10.0; Win64; x64) AppleWebKit/537.36 (KHTML, like Gecko) Chrome/91.0.4472.124 Safari/537.36"
185.177.72.29 - - [21/Oct/2025:08:56:38 +1100] "GET /aws/credentials HTTP/1.1" 404 96675 "-" "Mozilla/5.0 (Windows NT 10.0; Win64; x64) AppleWebKit/537.36 (KHTML, like Gecko) Chrome/91.0.4472.124 Safari/537.36"
185.177.72.29 - - [21/Oct/2025:08:56:39 +1100] "GET /.aws/config HTTP/1.1" 404 96659 "-" "Mozilla/5.0 (Windows NT 10.0; Win64; x64) AppleWebKit/537.36 (KHTML, like Gecko) Chrome/91.0.4472.124 Safari/537.36"
202.22.159.247 - - [21/Oct/2025:08:57:42 +1100] "POST /wp-cron.php?doing_wp_cron=1760997462.9176259040832519531250 HTTP/1.1" 200 243 "-" "WordPress/6.7.4; http://www.livremonami.nc"
37.59.204.130 - - [21/Oct/2025:08:57:42 +1100] "GET /p=2717/142b/feed HTTP/1.1" 200 955 "-" "Mozilla/5.0 (compatible; AhrefsBot/7.0; +http://ahrefs.com/robot/)"
216.225.203.35 - - [21/Oct/2025:08:58:22 +1100] "GET /wp-login.php HTTP/1.1" 200 18374 "-" "Mozilla/5.0 (X11; Linux x86_64) AppleWebKit/537.36 (KHTML, like Gecko) Chrome/140.0.0.0 Safari/537.36"
216.225.203.35 - - [21/Oct/2025:08:58:23 +1100] "POST /wp-login.php HTTP/1.1" 503 20076 "http://livremonami.nc/wp-admin/" "Mozilla/5.0 (X11; Linux x86_64) AppleWebKit/537.36 (KHTML, like Gecko) Chrome/140.0.0.0 Safari/537.36"
217.113.196.216 - - [21/Oct/2025:08:59:13 +1100] "GET /robots.txt HTTP/1.1" 200 362 "-" "Mozilla/5.0 (compatible; IbouBot/1.0; +bot@ibou.io; +https://ibou.io/iboubot.html)"
202.22.159.247 - - [21/Oct/2025:08:59:14 +1100] "POST /wp-cron.php?doing_wp_cron=1760997554.5736870765686035156250 HTTP/1.1" 200 243 "-" "WordPress/6.7.4; http://www.livremonami.nc"
5.39.1.233 - - [21/Oct/2025:08:59:14 +1100] "GET /p=3530/dscn1616_1/feed HTTP/1.1" 200 959 "-" "Mozilla/5.0 (compatible; AhrefsBot/7.0; +http://ahrefs.com/robot/)"
217.113.196.191 - - [21/Oct/2025:08:59:39 +1100] "GET /page/7 HTTP/1.1" 200 32567 "-" "Mozilla/5.0 (compatible; IbouBot/1.0; +bot@ibou.io; +https://ibou.io/iboubot.html)"
216.244.66.242 - - [21/Oct/2025:08:59:58 +1100] "GET /page/39?matprin=calendrier_2014 HTTP/1.1" 200 126066 "-" "Mozilla/5.0 (compatible; DotBot/1.2; +https://opensiteexplorer.org/dotbot; help@moz.com)"
216.225.203.35 - - [21/Oct/2025:09:00:12 +1100] "GET /wp-login.php HTTP/1.1" 200 18375 "-" "Mozilla/5.0 (X11; Linux x86_64) AppleWebKit/537.36 (KHTML, like Gecko) Chrome/140.0.0.0 Safari/537.36"
216.225.203.35 - - [21/Oct/2025:09:00:13 +1100] "POST /wp-login.php HTTP/1.1" 503 20076 "http://livremonami.nc/wp-admin/" "Mozilla/5.0 (X11; Linux x86_64) AppleWebKit/537.36 (KHTML, like Gecko) Chrome/140.0.0.0 Safari/537.36"
