114.119.133.108 - - [21/Oct/2025:17:41:53 +1100] "GET /?matprin=calendrier_2011&paged=9 HTTP/1.1" 301 289 "http://www.livremonami.nc?matprin=calendrier_2011&paged=8" "Mozilla/5.0 (Linux; Android 7.0;) AppleWebKit/537.36 (KHTML, like Gecko) Mobile Safari/537.36 (compatible; PetalBot;+https://webmaster.petalsearch.com/site/petalbot)"
114.119.133.108 - - [21/Oct/2025:17:41:53 +1100] "GET /page/9?matprin=calendrier_2011 HTTP/1.1" 200 32367 "http://www.livremonami.nc?matprin=calendrier_2011&paged=8" "Mozilla/5.0 (Linux; Android 7.0;) AppleWebKit/537.36 (KHTML, like Gecko) Mobile Safari/537.36 (compatible; PetalBot;+https://webmaster.petalsearch.com/site/petalbot)"
114.119.133.108 - - [21/Oct/2025:17:42:16 +1100] "GET /p=4416/4c4f HTTP/1.1" 200 28658 "http://www.livremonami.nc?attachment_id=4438" "Mozilla/5.0 (Linux; Android 7.0;) AppleWebKit/537.36 (KHTML, like Gecko) Mobile Safari/537.36 (compatible; PetalBot;+https://webmaster.petalsearch.com/site/petalbot)"
3.226.106.93 - - [21/Oct/2025:17:42:43 +1100] "GET /p=1199 HTTP/1.1" 200 28628 "-" "Mozilla/5.0 AppleWebKit/537.36 (KHTML, like Gecko; compatible; Amazonbot/0.1; +https://developer.amazon.com/support/amazonbot) Chrome/119.0.6045.214 Safari/537.36"
185.191.171.8 - - [21/Oct/2025:17:42:45 +1100] "GET /p=category/lecture-a-voix-haute/page/4 HTTP/1.1" 200 29995 "-" "Mozilla/5.0 (compatible; SemrushBot/7~bl; +http://www.semrush.com/bot.html)"
119.249.100.47 - - [21/Oct/2025:17:42:59 +1100] "GET /?p=3768 HTTP/1.1" 301 265 "-" "Mozilla/5.0 (Windows NT 10.0; WOW64) AppleWebKit/537.36 (KHTML, like Gecko) Chrome/48.0.2564.116 Safari/537.36"
119.249.100.239 - - [21/Oct/2025:17:43:00 +1100] "GET /p=3768 HTTP/1.1" 200 29555 "-" "Mozilla/5.0 (Windows NT 10.0; WOW64) AppleWebKit/537.36 (KHTML, like Gecko) Chrome/48.0.2564.116 Safari/537.36"
116.179.33.141 - - [21/Oct/2025:17:43:05 +1100] "GET /wp-content/aafd9425158f8f03937d0df38997f6f2/dist/1369589066.js?ver=975c5defe73b4b2fde03afbaa384a541 HTTP/1.1" 200 11217 "http://www.livremonami.nc/p=3768" "Mozilla/5.0 (Windows NT 10.0; Win64; x64) AppleWebKit/537.36 (KHTML, like Gecko) Chrome/99.0.4844.51 Safari/537.36"
116.179.33.10 - - [21/Oct/2025:17:43:05 +1100] "GET /wp-content/uploads/2016/12/allopapi-195x300.jpg HTTP/1.1" 200 22929 "http://www.livremonami.nc/p=3768" "Mozilla/5.0 (Windows NT 10.0; Win64; x64) AppleWebKit/537.36 (KHTML, like Gecko) Chrome/99.0.4844.51 Safari/537.36"
116.179.33.83 - - [21/Oct/2025:17:43:05 +1100] "GET /wp-content/themes/tempera/styles/style-mobile.css?ver=1.8.3 HTTP/1.1" 200 2259 "http://www.livremonami.nc/p=3768" "Mozilla/5.0 (Windows NT 10.0; Win64; x64) AppleWebKit/537.36 (KHTML, like Gecko) Chrome/99.0.4844.51 Safari/537.36"
116.179.33.18 - - [21/Oct/2025:17:43:05 +1100] "GET /wp-content/uploads/2016/12/2-120x90.jpg HTTP/1.1" 200 7056 "http://www.livremonami.nc/p=3768" "Mozilla/5.0 (Windows NT 10.0; Win64; x64) AppleWebKit/537.36 (KHTML, like Gecko) Chrome/99.0.4844.51 Safari/537.36"
116.179.33.137 - - [21/Oct/2025:17:43:05 +1100] "GET /wp-content/plugins/tablepress/css/build/default.css?ver=3.1.3 HTTP/1.1" 200 1868 "http://www.livremonami.nc/p=3768" "Mozilla/5.0 (Windows NT 10.0; Win64; x64) AppleWebKit/537.36 (KHTML, like Gecko) Chrome/99.0.4844.51 Safari/537.36"
116.179.33.15 - - [21/Oct/2025:17:43:05 +1100] "GET /wp-content/aafd9425158f8f03937d0df38997f6f2/dist/1745265449.js?ver=d36d84fb7cc16e772fa1f8b9196971f3 HTTP/1.1" 200 14212 "http://www.livremonami.nc/p=3768" "Mozilla/5.0 (Windows NT 10.0; Win64; x64) AppleWebKit/537.36 (KHTML, like Gecko) Chrome/99.0.4844.51 Safari/537.36"
116.179.33.75 - - [21/Oct/2025:17:43:05 +1100] "GET /wp-content/uploads/2016/12/1-120x90.jpg HTTP/1.1" 200 7056 "http://www.livremonami.nc/p=3768" "Mozilla/5.0 (Windows NT 10.0; Win64; x64) AppleWebKit/537.36 (KHTML, like Gecko) Chrome/99.0.4844.51 Safari/537.36"
116.179.33.75 - - [21/Oct/2025:17:43:05 +1100] "GET /wp-content/plugins/advanced-quiz/css/wpAdvQuiz_front.min.css?ver=1.0.4 HTTP/1.1" 200 2718 "http://www.livremonami.nc/p=3768" "Mozilla/5.0 (Windows NT 10.0; Win64; x64) AppleWebKit/537.36 (KHTML, like Gecko) Chrome/99.0.4844.51 Safari/537.36"
116.179.33.144 - - [21/Oct/2025:17:43:05 +1100] "GET /wp-content/themes/tempera/style.css?ver=1.8.3 HTTP/1.1" 200 13095 "http://www.livremonami.nc/p=3768" "Mozilla/5.0 (Windows NT 10.0; Win64; x64) AppleWebKit/537.36 (KHTML, like Gecko) Chrome/99.0.4844.51 Safari/537.36"
116.179.33.203 - - [21/Oct/2025:17:43:05 +1100] "GET /wp-content/themes/tempera/fonts/fontfaces.css?ver=1.8.3 HTTP/1.1" 200 1863 "http://www.livremonami.nc/p=3768" "Mozilla/5.0 (Windows NT 10.0; Win64; x64) AppleWebKit/537.36 (KHTML, like Gecko) Chrome/99.0.4844.51 Safari/537.36"
116.179.33.21 - - [21/Oct/2025:17:43:06 +1100] "GET /wp-content/plugins/real-cookie-banner/public/lib/animate.css/animate.min.css?ver=4.1.1 HTTP/1.1" 200 5556 "http://www.livremonami.nc/p=3768" "Mozilla/5.0 (Windows NT 10.0; Win64; x64) AppleWebKit/537.36 (KHTML, like Gecko) Chrome/99.0.4844.51 Safari/537.36"
116.179.33.19 - - [21/Oct/2025:17:43:06 +1100] "GET /wp-content/plugins/shortcodes-ultimate/includes/css/shortcodes.css?ver=7.4.5 HTTP/1.1" 200 8058 "http://www.livremonami.nc/p=3768" "Mozilla/5.0 (Windows NT 10.0; Win64; x64) AppleWebKit/537.36 (KHTML, like Gecko) Chrome/99.0.4844.51 Safari/537.36"
116.179.33.142 - - [21/Oct/2025:17:43:06 +1100] "GET /wp-content/aafd9425158f8f03937d0df38997f6f2/dist/1129662835.js?ver=760a80a785db15de5ae062b79ff6b25e HTTP/1.1" 200 12523 "http://www.livremonami.nc/p=3768" "Mozilla/5.0 (Windows NT 10.0; Win64; x64) AppleWebKit/537.36 (KHTML, like Gecko) Chrome/99.0.4844.51 Safari/537.36"
116.179.33.145 - - [21/Oct/2025:17:43:06 +1100] "GET /wp-content/uploads/2016/12/4-120x90.jpg HTTP/1.1" 200 6653 "http://www.livremonami.nc/p=3768" "Mozilla/5.0 (Windows NT 10.0; Win64; x64) AppleWebKit/537.36 (KHTML, like Gecko) Chrome/99.0.4844.51 Safari/537.36"
116.179.33.21 - - [21/Oct/2025:17:43:06 +1100] "GET /wp-content/uploads/2016/12/5-120x90.jpg HTTP/1.1" 200 6818 "http://www.livremonami.nc/p=3768" "Mozilla/5.0 (Windows NT 10.0; Win64; x64) AppleWebKit/537.36 (KHTML, like Gecko) Chrome/99.0.4844.51 Safari/537.36"
116.179.33.135 - - [21/Oct/2025:17:43:06 +1100] "GET /wp-content/uploads/2016/12/3-120x90.jpg HTTP/1.1" 200 6686 "http://www.livremonami.nc/p=3768" "Mozilla/5.0 (Windows NT 10.0; Win64; x64) AppleWebKit/537.36 (KHTML, like Gecko) Chrome/99.0.4844.51 Safari/537.36"
116.179.33.71 - - [21/Oct/2025:17:43:07 +1100] "GET /wp-content/aafd9425158f8f03937d0df38997f6f2/dist/1641291308.js?ver=14ea71fb2f8a0d98 HTTP/1.1" 200 8765 "http://www.livremonami.nc/p=3768" "Mozilla/5.0 (Windows NT 10.0; Win64; x64) AppleWebKit/537.36 (KHTML, like Gecko) Chrome/99.0.4844.51 Safari/537.36"
116.179.33.141 - - [21/Oct/2025:17:43:07 +1100] "GET /wp-content/aafd9425158f8f03937d0df38997f6f2/dist/16286160.js?ver=b7918037eae597a2 HTTP/1.1" 200 7652 "http://www.livremonami.nc/p=3768" "Mozilla/5.0 (Windows NT 10.0; Win64; x64) AppleWebKit/537.36 (KHTML, like Gecko) Chrome/99.0.4844.51 Safari/537.36"
116.179.33.85 - - [21/Oct/2025:17:43:07 +1100] "GET /wp-content/aafd9425158f8f03937d0df38997f6f2/dist/403684040.js?ver=8df583989d8940fa HTTP/1.1" 200 8122 "http://www.livremonami.nc/p=3768" "Mozilla/5.0 (Windows NT 10.0; Win64; x64) AppleWebKit/537.36 (KHTML, like Gecko) Chrome/99.0.4844.51 Safari/537.36"
116.179.33.19 - - [21/Oct/2025:17:43:07 +1100] "GET /wp-content/aafd9425158f8f03937d0df38997f6f2/dist/1609299691.js?ver=1992c0fd421ab3fe HTTP/1.1" 200 3994 "http://www.livremonami.nc/p=3768" "Mozilla/5.0 (Windows NT 10.0; Win64; x64) AppleWebKit/537.36 (KHTML, like Gecko) Chrome/99.0.4844.51 Safari/537.36"
116.179.33.210 - - [21/Oct/2025:17:43:07 +1100] "GET /wp-content/aafd9425158f8f03937d0df38997f6f2/dist/185216922.js?ver=7dc9e2eda0ff80e2 HTTP/1.1" 200 3294 "http://www.livremonami.nc/p=3768" "Mozilla/5.0 (Windows NT 10.0; Win64; x64) AppleWebKit/537.36 (KHTML, like Gecko) Chrome/99.0.4844.51 Safari/537.36"
116.179.33.12 - - [21/Oct/2025:17:43:07 +1100] "GET /wp-content/aafd9425158f8f03937d0df38997f6f2/dist/1662245168.js?ver=f86a4dd026a0508c HTTP/1.1" 200 11507 "http://www.livremonami.nc/p=3768" "Mozilla/5.0 (Windows NT 10.0; Win64; x64) AppleWebKit/537.36 (KHTML, like Gecko) Chrome/99.0.4844.51 Safari/537.36"
116.179.33.207 - - [21/Oct/2025:17:43:07 +1100] "GET /wp-content/aafd9425158f8f03937d0df38997f6f2/dist/1506965844.js?ver=552c4de6aed98e50 HTTP/1.1" 200 11492 "http://www.livremonami.nc/p=3768" "Mozilla/5.0 (Windows NT 10.0; Win64; x64) AppleWebKit/537.36 (KHTML, like Gecko) Chrome/99.0.4844.51 Safari/537.36"
114.119.157.237 - - [21/Oct/2025:17:43:11 +1100] "GET /?matprin=calendrier_2011&paged=9 HTTP/1.1" 301 289 "http://www.livremonami.nc?matprin=calendrier_2011&paged=8" "Mozilla/5.0 (Linux; Android 7.0;) AppleWebKit/537.36 (KHTML, like Gecko) Mobile Safari/537.36 (compatible; PetalBot;+https://webmaster.petalsearch.com/site/petalbot)"
114.119.157.237 - - [21/Oct/2025:17:43:12 +1100] "GET /page/9?matprin=calendrier_2011 HTTP/1.1" 200 32367 "http://www.livremonami.nc?matprin=calendrier_2011&paged=8" "Mozilla/5.0 (Linux; Android 7.0;) AppleWebKit/537.36 (KHTML, like Gecko) Mobile Safari/537.36 (compatible; PetalBot;+https://webmaster.petalsearch.com/site/petalbot)"
114.119.155.235 - - [21/Oct/2025:17:43:41 +1100] "GET /p=12009 HTTP/1.1" 200 34319 "http://www.livremonami.nc/p=category/selection" "Mozilla/5.0 (Linux; Android 7.0;) AppleWebKit/537.36 (KHTML, like Gecko) Mobile Safari/537.36 (compatible; PetalBot;+https://webmaster.petalsearch.com/site/petalbot)"
216.73.216.49 - - [21/Oct/2025:17:44:33 +1100] "GET /p=3670/attachment/079 HTTP/1.1" 200 28680 "-" "Mozilla/5.0 AppleWebKit/537.36 (KHTML, like Gecko; compatible; ClaudeBot/1.0; +claudebot@anthropic.com)"
216.73.216.49 - - [21/Oct/2025:17:44:34 +1100] "GET /p=3670/attachment/097 HTTP/1.1" 200 28670 "-" "Mozilla/5.0 AppleWebKit/537.36 (KHTML, like Gecko; compatible; ClaudeBot/1.0; +claudebot@anthropic.com)"
185.191.171.15 - - [21/Oct/2025:17:44:39 +1100] "GET /p=category/le-scrutin/page/14 HTTP/1.1" 200 29312 "-" "Mozilla/5.0 (compatible; SemrushBot/7~bl; +http://www.semrush.com/bot.html)"
202.22.159.247 - - [21/Oct/2025:17:45:15 +1100] "POST /wp-cron.php?doing_wp_cron=1761029115.3346168994903564453125 HTTP/1.1" 200 243 "-" "WordPress/6.7.4; http://www.livremonami.nc"
114.119.157.237 - - [21/Oct/2025:17:45:15 +1100] "GET /img_20210421_154039 HTTP/1.1" 200 28606 "http://www.livremonami.nc/img_20210421_154315" "Mozilla/5.0 (Linux; Android 7.0;) AppleWebKit/537.36 (KHTML, like Gecko) Mobile Safari/537.36 (compatible; PetalBot;+https://webmaster.petalsearch.com/site/petalbot)"
185.191.171.3 - - [21/Oct/2025:17:45:57 +1100] "GET /p=category/temoignages/page/7 HTTP/1.1" 200 29470 "-" "Mozilla/5.0 (compatible; SemrushBot/7~bl; +http://www.semrush.com/bot.html)"
216.73.216.49 - - [21/Oct/2025:17:46:18 +1100] "GET /p=3670/attachment/078 HTTP/1.1" 200 28667 "-" "Mozilla/5.0 AppleWebKit/537.36 (KHTML, like Gecko; compatible; ClaudeBot/1.0; +claudebot@anthropic.com)"
114.119.146.185 - - [21/Oct/2025:17:46:26 +1100] "GET /blog/page/51?cat=18 HTTP/1.1" 200 29364 "http://www.livremonami.nc/blog/page/50?cat=18" "Mozilla/5.0 (Linux; Android 7.0;) AppleWebKit/537.36 (KHTML, like Gecko) Mobile Safari/537.36 (compatible; PetalBot;+https://webmaster.petalsearch.com/site/petalbot)"
216.73.216.49 - - [21/Oct/2025:17:47:30 +1100] "GET /p=3670/attachment/084 HTTP/1.1" 200 28692 "-" "Mozilla/5.0 AppleWebKit/537.36 (KHTML, like Gecko; compatible; ClaudeBot/1.0; +claudebot@anthropic.com)"
114.119.146.185 - - [21/Oct/2025:17:47:52 +1100] "GET /?p=3295 HTTP/1.1" 301 265 "http://www.livremonami.nc/?matprin=liste_jeu&paged=48" "Mozilla/5.0 (Linux; Android 7.0;) AppleWebKit/537.36 (KHTML, like Gecko) Mobile Safari/537.36 (compatible; PetalBot;+https://webmaster.petalsearch.com/site/petalbot)"
114.119.146.185 - - [21/Oct/2025:17:47:53 +1100] "GET /p=3295 HTTP/1.1" 200 29480 "http://www.livremonami.nc/?matprin=liste_jeu&paged=48" "Mozilla/5.0 (Linux; Android 7.0;) AppleWebKit/537.36 (KHTML, like Gecko) Mobile Safari/537.36 (compatible; PetalBot;+https://webmaster.petalsearch.com/site/petalbot)"
5.255.231.171 - - [21/Oct/2025:17:48:20 +1100] "GET /wp-content/uploads/2024/01/favicon2024-90x90.jpg HTTP/1.1" 200 4539 "-" "Mozilla/5.0 (compatible; YandexFavicons/1.0; +http://yandex.com/bots)"
85.208.96.202 - - [21/Oct/2025:17:48:22 +1100] "GET /p=category/accueil-laureat/page/17 HTTP/1.1" 200 29714 "-" "Mozilla/5.0 (compatible; SemrushBot/7~bl; +http://www.semrush.com/bot.html)"
43.157.181.189 - - [21/Oct/2025:17:48:46 +1100] "GET /comment-voter HTTP/1.1" 200 32346 "-" "Mozilla/5.0 (iPhone; CPU iPhone OS 13_2_3 like Mac OS X) AppleWebKit/605.1.15 (KHTML, like Gecko) Version/13.0.3 Mobile/15E148 Safari/604.1"
216.73.216.49 - - [21/Oct/2025:17:48:59 +1100] "GET /p=3670/attachment/088 HTTP/1.1" 200 28694 "-" "Mozilla/5.0 AppleWebKit/537.36 (KHTML, like Gecko; compatible; ClaudeBot/1.0; +claudebot@anthropic.com)"
114.119.155.54 - - [21/Oct/2025:17:49:14 +1100] "GET /?matprin=contact&paged=7 HTTP/1.1" 301 281 "http://www.livremonami.nc/?matprin=contact&paged=8" "Mozilla/5.0 (Linux; Android 7.0;) AppleWebKit/537.36 (KHTML, like Gecko) Mobile Safari/537.36 (compatible; PetalBot;+https://webmaster.petalsearch.com/site/petalbot)"
114.119.155.54 - - [21/Oct/2025:17:49:14 +1100] "GET /page/7?matprin=contact HTTP/1.1" 200 32586 "http://www.livremonami.nc/?matprin=contact&paged=8" "Mozilla/5.0 (Linux; Android 7.0;) AppleWebKit/537.36 (KHTML, like Gecko) Mobile Safari/537.36 (compatible; PetalBot;+https://webmaster.petalsearch.com/site/petalbot)"
216.73.216.49 - - [21/Oct/2025:17:49:32 +1100] "GET /?p=242 HTTP/1.1" 301 301 "-" "Mozilla/5.0 AppleWebKit/537.36 (KHTML, like Gecko; compatible; ClaudeBot/1.0; +claudebot@anthropic.com)"
216.73.216.49 - - [21/Oct/2025:17:49:33 +1100] "GET /p=242 HTTP/1.1" 200 29522 "http://www.livremonami.nc/?p=242" "Mozilla/5.0 AppleWebKit/537.36 (KHTML, like Gecko; compatible; ClaudeBot/1.0; +claudebot@anthropic.com)"
185.191.171.4 - - [21/Oct/2025:17:50:01 +1100] "GET /p=8504 HTTP/1.1" 200 28448 "-" "Mozilla/5.0 (compatible; SemrushBot/7~bl; +http://www.semrush.com/bot.html)"
85.208.96.201 - - [21/Oct/2025:17:50:15 +1100] "GET /p=2616 HTTP/1.1" 200 28374 "-" "Mozilla/5.0 (compatible; SemrushBot/7~bl; +http://www.semrush.com/bot.html)"
216.73.216.49 - - [21/Oct/2025:17:50:16 +1100] "GET /p=3670/attachment/095 HTTP/1.1" 200 28689 "-" "Mozilla/5.0 AppleWebKit/537.36 (KHTML, like Gecko; compatible; ClaudeBot/1.0; +claudebot@anthropic.com)"
216.73.216.49 - - [21/Oct/2025:17:50:17 +1100] "GET /p=3670/attachment/080 HTTP/1.1" 200 28691 "-" "Mozilla/5.0 AppleWebKit/537.36 (KHTML, like Gecko; compatible; ClaudeBot/1.0; +claudebot@anthropic.com)"
185.191.171.7 - - [21/Oct/2025:17:50:18 +1100] "GET /p=3628 HTTP/1.1" 200 29140 "-" "Mozilla/5.0 (compatible; SemrushBot/7~bl; +http://www.semrush.com/bot.html)"
114.119.133.12 - - [21/Oct/2025:17:50:37 +1100] "GET /page/15?matprin=contact HTTP/1.1" 200 32507 "http://www.livremonami.nc/page/15?matprin=contact" "Mozilla/5.0 (Linux; Android 7.0;) AppleWebKit/537.36 (KHTML, like Gecko) Mobile Safari/537.36 (compatible; PetalBot;+https://webmaster.petalsearch.com/site/petalbot)"
118.179.243.14 - - [21/Oct/2025:17:51:35 +1100] "GET / HTTP/1.1" 200 32483 "-" "Mozilla/5.0 (X11; Linux x86_64; rv:128.0) Gecko/20100101 Firefox/128.0"
118.179.243.14 - - [21/Oct/2025:17:51:35 +1100] "GET /wp-content/aafd9425158f8f03937d0df38997f6f2/dist/1369589066.js?ver=975c5defe73b4b2fde03afbaa384a541 HTTP/1.1" 200 11253 "http://www.livremonami.nc/" "Mozilla/5.0 (X11; Linux x86_64; rv:128.0) Gecko/20100101 Firefox/128.0"
118.179.243.14 - - [21/Oct/2025:17:51:35 +1100] "GET /wp-content/plugins/real-cookie-banner/public/lib/animate.css/animate.min.css?ver=4.1.1 HTTP/1.1" 200 5593 "http://www.livremonami.nc/" "Mozilla/5.0 (X11; Linux x86_64; rv:128.0) Gecko/20100101 Firefox/128.0"
118.179.243.14 - - [21/Oct/2025:17:51:35 +1100] "GET /wp-content/aafd9425158f8f03937d0df38997f6f2/dist/1745265449.js?ver=d36d84fb7cc16e772fa1f8b9196971f3 HTTP/1.1" 200 14249 "http://www.livremonami.nc/" "Mozilla/5.0 (X11; Linux x86_64; rv:128.0) Gecko/20100101 Firefox/128.0"
118.179.243.14 - - [21/Oct/2025:17:51:35 +1100] "GET /wp-content/uploads/2025/08/IMG-20250807-WA0022-250x150.jpg HTTP/1.1" 200 10738 "http://www.livremonami.nc/" "Mozilla/5.0 (X11; Linux x86_64; rv:128.0) Gecko/20100101 Firefox/128.0"
118.179.243.14 - - [21/Oct/2025:17:51:35 +1100] "GET /wp-content/uploads/2024/04/image-livre-coeur_318x180.jpg HTTP/1.1" 200 36570 "http://www.livremonami.nc/" "Mozilla/5.0 (X11; Linux x86_64; rv:128.0) Gecko/20100101 Firefox/128.0"
118.179.243.14 - - [21/Oct/2025:17:51:35 +1100] "GET /wp-content/uploads/2025/08/05-250x150.jpg HTTP/1.1" 200 9440 "http://www.livremonami.nc/" "Mozilla/5.0 (X11; Linux x86_64; rv:128.0) Gecko/20100101 Firefox/128.0"
118.179.243.14 - - [21/Oct/2025:17:51:35 +1100] "GET /wp-content/uploads/2025/08/000-250x150.jpg HTTP/1.1" 200 8937 "http://www.livremonami.nc/" "Mozilla/5.0 (X11; Linux x86_64; rv:128.0) Gecko/20100101 Firefox/128.0"
118.179.243.14 - - [21/Oct/2025:17:51:35 +1100] "GET /wp-content/uploads/2025/08/IMG_20250806_080441-250x150.jpeg HTTP/1.1" 200 27614 "http://www.livremonami.nc/" "Mozilla/5.0 (X11; Linux x86_64; rv:128.0) Gecko/20100101 Firefox/128.0"
118.179.243.14 - - [21/Oct/2025:17:51:36 +1100] "GET /wp-content/themes/tempera/js/nivo.slider.min.js?ver=1.8.3 HTTP/1.1" 200 3409 "http://www.livremonami.nc/" "Mozilla/5.0 (X11; Linux x86_64; rv:128.0) Gecko/20100101 Firefox/128.0"
118.179.243.14 - - [21/Oct/2025:17:51:36 +1100] "GET /wp-content/themes/tempera/js/frontend.js?ver=1.8.3 HTTP/1.1" 200 3198 "http://www.livremonami.nc/" "Mozilla/5.0 (X11; Linux x86_64; rv:128.0) Gecko/20100101 Firefox/128.0"
118.179.243.14 - - [21/Oct/2025:17:51:36 +1100] "GET /wp-content/aafd9425158f8f03937d0df38997f6f2/dist/1129662835.js?ver=760a80a785db15de5ae062b79ff6b25e HTTP/1.1" 200 12560 "http://www.livremonami.nc/" "Mozilla/5.0 (X11; Linux x86_64; rv:128.0) Gecko/20100101 Firefox/128.0"
118.179.243.14 - - [21/Oct/2025:17:51:36 +1100] "GET /wp-content/uploads/2025/02/image_gauche_accueil_2025.jpg HTTP/1.1" 200 82824 "http://www.livremonami.nc/" "Mozilla/5.0 (X11; Linux x86_64; rv:128.0) Gecko/20100101 Firefox/128.0"
118.179.243.14 - - [21/Oct/2025:17:51:36 +1100] "GET /wp-content/aafd9425158f8f03937d0df38997f6f2/dist/185216922.js?ver=7dc9e2eda0ff80e2 HTTP/1.1" 200 3331 "http://www.livremonami.nc/" "Mozilla/5.0 (X11; Linux x86_64; rv:128.0) Gecko/20100101 Firefox/128.0"
118.179.243.14 - - [21/Oct/2025:17:51:36 +1100] "GET /wp-content/aafd9425158f8f03937d0df38997f6f2/dist/1609299691.js?ver=1992c0fd421ab3fe HTTP/1.1" 200 4031 "http://www.livremonami.nc/" "Mozilla/5.0 (X11; Linux x86_64; rv:128.0) Gecko/20100101 Firefox/128.0"
118.179.243.14 - - [21/Oct/2025:17:51:36 +1100] "GET /wp-content/aafd9425158f8f03937d0df38997f6f2/dist/1641291308.js?ver=14ea71fb2f8a0d98 HTTP/1.1" 200 8802 "http://www.livremonami.nc/" "Mozilla/5.0 (X11; Linux x86_64; rv:128.0) Gecko/20100101 Firefox/128.0"
118.179.243.14 - - [21/Oct/2025:17:51:36 +1100] "GET /wp-content/aafd9425158f8f03937d0df38997f6f2/dist/1506965844.js?ver=552c4de6aed98e50 HTTP/1.1" 200 11529 "http://www.livremonami.nc/" "Mozilla/5.0 (X11; Linux x86_64; rv:128.0) Gecko/20100101 Firefox/128.0"
118.179.243.14 - - [21/Oct/2025:17:51:36 +1100] "GET /wp-content/aafd9425158f8f03937d0df38997f6f2/dist/403684040.js?ver=8df583989d8940fa HTTP/1.1" 200 8158 "http://www.livremonami.nc/" "Mozilla/5.0 (X11; Linux x86_64; rv:128.0) Gecko/20100101 Firefox/128.0"
118.179.243.14 - - [21/Oct/2025:17:51:36 +1100] "GET /wp-content/aafd9425158f8f03937d0df38997f6f2/dist/16286160.js?ver=b7918037eae597a2 HTTP/1.1" 200 7688 "http://www.livremonami.nc/" "Mozilla/5.0 (X11; Linux x86_64; rv:128.0) Gecko/20100101 Firefox/128.0"
118.179.243.14 - - [21/Oct/2025:17:51:36 +1100] "GET /wp-content/aafd9425158f8f03937d0df38997f6f2/dist/1662245168.js?ver=f86a4dd026a0508c HTTP/1.1" 200 11544 "http://www.livremonami.nc/" "Mozilla/5.0 (X11; Linux x86_64; rv:128.0) Gecko/20100101 Firefox/128.0"
216.73.216.49 - - [21/Oct/2025:17:51:57 +1100] "GET /p=3670/attachment/092 HTTP/1.1" 200 28691 "-" "Mozilla/5.0 AppleWebKit/537.36 (KHTML, like Gecko; compatible; ClaudeBot/1.0; +claudebot@anthropic.com)"
114.119.167.51 - - [21/Oct/2025:17:52:01 +1100] "GET /p=category/auteurs/page/9 HTTP/1.1" 200 29691 "http://www.livremonami.nc?cat=4&paged=9" "Mozilla/5.0 (Linux; Android 7.0;) AppleWebKit/537.36 (KHTML, like Gecko) Mobile Safari/537.36 (compatible; PetalBot;+https://webmaster.petalsearch.com/site/petalbot)"
216.73.216.49 - - [21/Oct/2025:17:52:24 +1100] "GET /p=3648 HTTP/1.1" 200 30750 "-" "Mozilla/5.0 AppleWebKit/537.36 (KHTML, like Gecko; compatible; ClaudeBot/1.0; +claudebot@anthropic.com)"
191.96.235.89 - - [21/Oct/2025:17:53:00 +1100] "GET / HTTP/1.1" 200 32402 "-" "Python/3.13 aiohttp/3.12.15"
114.119.167.51 - - [21/Oct/2025:17:53:24 +1100] "GET /?matprin=calendrier_2012&paged=2 HTTP/1.1" 301 289 "http://www.livremonami.nc?matprin=calendrier_2012" "Mozilla/5.0 (Linux; Android 7.0;) AppleWebKit/537.36 (KHTML, like Gecko) Mobile Safari/537.36 (compatible; PetalBot;+https://webmaster.petalsearch.com/site/petalbot)"
114.119.167.51 - - [21/Oct/2025:17:53:25 +1100] "GET /page/2?matprin=calendrier_2012 HTTP/1.1" 200 32511 "http://www.livremonami.nc?matprin=calendrier_2012" "Mozilla/5.0 (Linux; Android 7.0;) AppleWebKit/537.36 (KHTML, like Gecko) Mobile Safari/537.36 (compatible; PetalBot;+https://webmaster.petalsearch.com/site/petalbot)"
114.119.155.235 - - [21/Oct/2025:17:54:47 +1100] "GET /wp-content/uploads/2017/03/MOTS-FLECHES-LMA-2019.docx HTTP/1.1" 200 24735 "http://www.livremonami.nc?p=4026" "Mozilla/5.0 (Linux; Android 7.0;) AppleWebKit/537.36 (KHTML, like Gecko) Mobile Safari/537.36 (compatible; PetalBot;+https://webmaster.petalsearch.com/site/petalbot)"
175.6.217.4 - - [21/Oct/2025:17:55:13 +1100] "GET / HTTP/1.1" 200 32450 "-" "Mozilla/5.0 (iPhone; CPU iPhone OS 13_2_3 like Mac OS X) AppleWebKit/605.1.15 (KHTML, like Gecko) Version/13.0.3 Mobile/15E148 Safari/604.1"
175.6.217.4 - - [21/Oct/2025:17:55:17 +1100] "GET / HTTP/1.1" 200 32424 "http://www.livremonami.com" "Mozilla/5.0 (iPhone; CPU iPhone OS 13_2_3 like Mac OS X) AppleWebKit/605.1.15 (KHTML, like Gecko) Version/13.0.3 Mobile/15E148 Safari/604.1"
114.119.133.108 - - [21/Oct/2025:17:56:10 +1100] "GET /page/46?author=0 HTTP/1.1" 200 32234 "http://www.livremonami.nc/page/44?author=0" "Mozilla/5.0 (Linux; Android 7.0;) AppleWebKit/537.36 (KHTML, like Gecko) Mobile Safari/537.36 (compatible; PetalBot;+https://webmaster.petalsearch.com/site/petalbot)"
202.22.159.247 - - [21/Oct/2025:17:56:10 +1100] "POST /wp-cron.php?doing_wp_cron=1761029770.8265459537506103515625 HTTP/1.1" 200 243 "-" "WordPress/6.7.4; http://www.livremonami.nc"
114.119.155.54 - - [21/Oct/2025:17:57:34 +1100] "GET /blog/page/14 HTTP/1.1" 200 29792 "http://www.livremonami.nc/blog/page/13" "Mozilla/5.0 (Linux; Android 7.0;) AppleWebKit/537.36 (KHTML, like Gecko) Mobile Safari/537.36 (compatible; PetalBot;+https://webmaster.petalsearch.com/site/petalbot)"
114.119.136.184 - - [21/Oct/2025:17:58:58 +1100] "GET /p=2717/ad27 HTTP/1.1" 200 28653 "http://www.livremonami.nc/?attachment_id=2728" "Mozilla/5.0 (Linux; Android 7.0;) AppleWebKit/537.36 (KHTML, like Gecko) Mobile Safari/537.36 (compatible; PetalBot;+https://webmaster.petalsearch.com/site/petalbot)"
114.119.133.108 - - [21/Oct/2025:18:00:21 +1100] "GET /?matprin=archives&laureat=oui&paged=68 HTTP/1.1" 404 96704 "http://www.livremonami.nc/?matprin=archives&laureat=oui&paged=67" "Mozilla/5.0 (Linux; Android 7.0;) AppleWebKit/537.36 (KHTML, like Gecko) Mobile Safari/537.36 (compatible; PetalBot;+https://webmaster.petalsearch.com/site/petalbot)"
118.179.243.14 - - [21/Oct/2025:18:01:38 +1100] "GET / HTTP/1.1" 200 32458 "-" "Mozilla/5.0 (X11; Linux x86_64; rv:128.0) Gecko/20100101 Firefox/128.0"
118.179.243.14 - - [21/Oct/2025:18:01:38 +1100] "GET /wp-content/uploads/2022/11/l-incroyable_histoire_du_mouton_qui_sauva_une_ecole.jpeg HTTP/1.1" 200 32954 "http://www.livremonami.nc/" "Mozilla/5.0 (X11; Linux x86_64; rv:128.0) Gecko/20100101 Firefox/128.0"
118.179.243.14 - - [21/Oct/2025:18:01:38 +1100] "GET /wp-content/uploads/2022/11/peur_dans_la_neige.jpeg HTTP/1.1" 200 24793 "http://www.livremonami.nc/" "Mozilla/5.0 (X11; Linux x86_64; rv:128.0) Gecko/20100101 Firefox/128.0"
118.179.243.14 - - [21/Oct/2025:18:01:38 +1100] "GET /wp-content/uploads/2025/02/cropped-icone_site_2025-32x32.jpg HTTP/1.1" 200 1963 "http://www.livremonami.nc/" "Mozilla/5.0 (X11; Linux x86_64; rv:128.0) Gecko/20100101 Firefox/128.0"
118.179.243.14 - - [21/Oct/2025:18:01:38 +1100] "GET /wp-content/uploads/2025/02/cropped-icone_site_2025-192x192.jpg HTTP/1.1" 200 15143 "http://www.livremonami.nc/" "Mozilla/5.0 (X11; Linux x86_64; rv:128.0) Gecko/20100101 Firefox/128.0"
85.208.96.201 - - [21/Oct/2025:18:01:39 +1100] "GET /p=category/ressources-enseignants/page/4 HTTP/1.1" 200 29740 "-" "Mozilla/5.0 (compatible; SemrushBot/7~bl; +http://www.semrush.com/bot.html)"
114.119.133.12 - - [21/Oct/2025:18:01:51 +1100] "GET /p=9758 HTTP/1.1" 200 28532 "http://www.livremonami.nc?matprin=calendrier_2012&paged=11" "Mozilla/5.0 (Linux; Android 7.0;) AppleWebKit/537.36 (KHTML, like Gecko) Mobile Safari/537.36 (compatible; PetalBot;+https://webmaster.petalsearch.com/site/petalbot)"
212.34.141.234 - - [21/Oct/2025:18:01:57 +1100] "GET /p=11775 HTTP/1.0" 200 107553 "http://www.livremonami.nc/p=11775" "Mozilla/5.0 (Windows NT 10.0; Win64; x64) AppleWebKit/537.36 (KHTML, like Gecko) Chrome/131.0.0.0 Safari/537.36"
212.34.141.234 - - [21/Oct/2025:18:02:00 +1100] "GET /comment-recevoir-lauteur-ou-lautrice-du-livre-laureat HTTP/1.0" 200 124621 "http://www.livremonami.nc/comment-recevoir-lauteur-ou-lautrice-du-livre-laureat" "Mozilla/5.0 (Windows NT 10.0; Win64; x64) AppleWebKit/537.36 (KHTML, like Gecko) Chrome/131.0.0.0 Safari/537.36"
114.119.155.54 - - [21/Oct/2025:18:03:09 +1100] "GET /p=5241/dscn3681 HTTP/1.1" 200 28643 "http://www.livremonami.nc?attachment_id=5245" "Mozilla/5.0 (Linux; Android 7.0;) AppleWebKit/537.36 (KHTML, like Gecko) Mobile Safari/537.36 (compatible; PetalBot;+https://webmaster.petalsearch.com/site/petalbot)"
85.208.96.198 - - [21/Oct/2025:18:03:17 +1100] "GET /p=11817 HTTP/1.1" 200 29567 "-" "Mozilla/5.0 (compatible; SemrushBot/7~bl; +http://www.semrush.com/bot.html)"
196.251.114.48 - - [21/Oct/2025:18:04:01 +1100] "POST /wp-login.php HTTP/1.1" 503 20074 "-" "Mozilla/5.0"
202.22.159.247 - - [21/Oct/2025:18:04:34 +1100] "POST /wp-cron.php?doing_wp_cron=1761030274.2259230613708496093750 HTTP/1.1" 200 243 "-" "WordPress/6.7.4; http://www.livremonami.nc"
114.119.133.108 - - [21/Oct/2025:18:04:34 +1100] "GET /?attachment_id=7004 HTTP/1.1" 301 307 "http://www.livremonami.nc/?attachment_id=7003" "Mozilla/5.0 (Linux; Android 7.0;) AppleWebKit/537.36 (KHTML, like Gecko) Mobile Safari/537.36 (compatible; PetalBot;+https://webmaster.petalsearch.com/site/petalbot)"
114.119.133.108 - - [21/Oct/2025:18:04:34 +1100] "GET /p=6995/2020-12-10_livre-mon-ami_estelle-faye-035 HTTP/1.1" 200 28744 "http://www.livremonami.nc/?attachment_id=7003" "Mozilla/5.0 (Linux; Android 7.0;) AppleWebKit/537.36 (KHTML, like Gecko) Mobile Safari/537.36 (compatible; PetalBot;+https://webmaster.petalsearch.com/site/petalbot)"
185.191.171.11 - - [21/Oct/2025:18:04:36 +1100] "GET /p=7042 HTTP/1.1" 200 29556 "-" "Mozilla/5.0 (compatible; SemrushBot/7~bl; +http://www.semrush.com/bot.html)"
185.191.171.8 - - [21/Oct/2025:18:05:28 +1100] "GET /p=category/photos/page/15 HTTP/1.1" 200 29787 "-" "Mozilla/5.0 (compatible; SemrushBot/7~bl; +http://www.semrush.com/bot.html)"
114.119.155.235 - - [21/Oct/2025:18:05:56 +1100] "GET /p=4751/papou_ HTTP/1.1" 200 28631 "http://www.livremonami.nc/p=4751/affichelma2018_petit" "Mozilla/5.0 (Linux; Android 7.0;) AppleWebKit/537.36 (KHTML, like Gecko) Mobile Safari/537.36 (compatible; PetalBot;+https://webmaster.petalsearch.com/site/petalbot)"
202.22.159.247 - - [21/Oct/2025:18:06:38 +1100] "POST /wp-cron.php?doing_wp_cron=1761030398.2902500629425048828125 HTTP/1.1" 200 243 "-" "WordPress/6.7.4; http://www.livremonami.nc"
114.119.146.185 - - [21/Oct/2025:18:06:38 +1100] "GET /?attachment_id=4440 HTTP/1.1" 301 270 "http://www.livremonami.nc?attachment_id=4439" "Mozilla/5.0 (Linux; Android 7.0;) AppleWebKit/537.36 (KHTML, like Gecko) Mobile Safari/537.36 (compatible; PetalBot;+https://webmaster.petalsearch.com/site/petalbot)"
114.119.146.185 - - [21/Oct/2025:18:06:39 +1100] "GET /p=4416/4c71 HTTP/1.1" 200 28656 "http://www.livremonami.nc?attachment_id=4439" "Mozilla/5.0 (Linux; Android 7.0;) AppleWebKit/537.36 (KHTML, like Gecko) Mobile Safari/537.36 (compatible; PetalBot;+https://webmaster.petalsearch.com/site/petalbot)"
114.119.133.12 - - [21/Oct/2025:18:07:20 +1100] "GET /p=10224 HTTP/1.1" 200 29787 "http://www.livremonami.nc?matprin=liste_jeu&paged=8" "Mozilla/5.0 (Linux; Android 7.0;) AppleWebKit/537.36 (KHTML, like Gecko) Mobile Safari/537.36 (compatible; PetalBot;+https://webmaster.petalsearch.com/site/petalbot)"
114.119.133.108 - - [21/Oct/2025:18:08:48 +1100] "GET /?attachment_id=5150 HTTP/1.1" 301 274 "http://www.livremonami.nc/?attachment_id=5151" "Mozilla/5.0 (Linux; Android 7.0;) AppleWebKit/537.36 (KHTML, like Gecko) Mobile Safari/537.36 (compatible; PetalBot;+https://webmaster.petalsearch.com/site/petalbot)"
114.119.133.108 - - [21/Oct/2025:18:08:49 +1100] "GET /p=5146/img_2619 HTTP/1.1" 200 28675 "http://www.livremonami.nc/?attachment_id=5151" "Mozilla/5.0 (Linux; Android 7.0;) AppleWebKit/537.36 (KHTML, like Gecko) Mobile Safari/537.36 (compatible; PetalBot;+https://webmaster.petalsearch.com/site/petalbot)"
216.244.66.242 - - [21/Oct/2025:18:08:53 +1100] "GET /robots.txt HTTP/1.1" 200 338 "-" "Mozilla/5.0 (compatible; DotBot/1.2; +https://opensiteexplorer.org/dotbot; help@moz.com)"
114.119.155.235 - - [21/Oct/2025:18:09:30 +1100] "GET /?page_id=2976 HTTP/1.1" 301 290 "http://www.livremonami.nc/?page_id=2976" "Mozilla/5.0 (Linux; Android 7.0;) AppleWebKit/537.36 (KHTML, like Gecko) Mobile Safari/537.36 (compatible; PetalBot;+https://webmaster.petalsearch.com/site/petalbot)"
114.119.155.235 - - [21/Oct/2025:18:09:30 +1100] "GET /quiz-2016-un-koala-dans-la-tete HTTP/1.1" 200 34217 "http://www.livremonami.nc/?page_id=2976" "Mozilla/5.0 (Linux; Android 7.0;) AppleWebKit/537.36 (KHTML, like Gecko) Mobile Safari/537.36 (compatible; PetalBot;+https://webmaster.petalsearch.com/site/petalbot)"
114.119.157.237 - - [21/Oct/2025:18:10:07 +1100] "GET /?attachment_id=4754 HTTP/1.1" 301 284 "http://www.livremonami.nc?attachment_id=4753" "Mozilla/5.0 (Linux; Android 7.0;) AppleWebKit/537.36 (KHTML, like Gecko) Mobile Safari/537.36 (compatible; PetalBot;+https://webmaster.petalsearch.com/site/petalbot)"
114.119.157.237 - - [21/Oct/2025:18:10:07 +1100] "GET /p=4751/affichelma2018_big HTTP/1.1" 200 28663 "http://www.livremonami.nc?attachment_id=4753" "Mozilla/5.0 (Linux; Android 7.0;) AppleWebKit/537.36 (KHTML, like Gecko) Mobile Safari/537.36 (compatible; PetalBot;+https://webmaster.petalsearch.com/site/petalbot)"
114.119.133.108 - - [21/Oct/2025:18:11:01 +1100] "GET /?attachment_id=2701 HTTP/1.1" 301 270 "http://www.livremonami.nc?attachment_id=2700" "Mozilla/5.0 (Linux; Android 7.0;) AppleWebKit/537.36 (KHTML, like Gecko) Mobile Safari/537.36 (compatible; PetalBot;+https://webmaster.petalsearch.com/site/petalbot)"
114.119.133.108 - - [21/Oct/2025:18:11:01 +1100] "GET /p=2686/e375 HTTP/1.1" 200 28633 "http://www.livremonami.nc?attachment_id=2700" "Mozilla/5.0 (Linux; Android 7.0;) AppleWebKit/537.36 (KHTML, like Gecko) Mobile Safari/537.36 (compatible; PetalBot;+https://webmaster.petalsearch.com/site/petalbot)"
114.119.146.185 - - [21/Oct/2025:18:11:30 +1100] "GET /?matprin=liste_jeu&paged=28 HTTP/1.1" 301 284 "http://www.livremonami.nc?matprin=liste_jeu&paged=29" "Mozilla/5.0 (Linux; Android 7.0;) AppleWebKit/537.36 (KHTML, like Gecko) Mobile Safari/537.36 (compatible; PetalBot;+https://webmaster.petalsearch.com/site/petalbot)"
114.119.146.185 - - [21/Oct/2025:18:11:31 +1100] "GET /page/28?matprin=liste_jeu HTTP/1.1" 200 32303 "http://www.livremonami.nc?matprin=liste_jeu&paged=29" "Mozilla/5.0 (Linux; Android 7.0;) AppleWebKit/537.36 (KHTML, like Gecko) Mobile Safari/537.36 (compatible; PetalBot;+https://webmaster.petalsearch.com/site/petalbot)"
114.119.157.237 - - [21/Oct/2025:18:12:48 +1100] "GET /?matprin=liste_jeu&paged=60 HTTP/1.1" 301 284 "http://www.livremonami.nc?matprin=liste_jeu&paged=62" "Mozilla/5.0 (Linux; Android 7.0;) AppleWebKit/537.36 (KHTML, like Gecko) Mobile Safari/537.36 (compatible; PetalBot;+https://webmaster.petalsearch.com/site/petalbot)"
114.119.157.237 - - [21/Oct/2025:18:12:48 +1100] "GET /page/60?matprin=liste_jeu HTTP/1.1" 200 32106 "http://www.livremonami.nc?matprin=liste_jeu&paged=62" "Mozilla/5.0 (Linux; Android 7.0;) AppleWebKit/537.36 (KHTML, like Gecko) Mobile Safari/537.36 (compatible; PetalBot;+https://webmaster.petalsearch.com/site/petalbot)"
114.119.136.184 - - [21/Oct/2025:18:12:55 +1100] "GET /?attachment_id=4562 HTTP/1.1" 301 274 "http://www.livremonami.nc/?attachment_id=4563" "Mozilla/5.0 (Linux; Android 7.0;) AppleWebKit/537.36 (KHTML, like Gecko) Mobile Safari/537.36 (compatible; PetalBot;+https://webmaster.petalsearch.com/site/petalbot)"
114.119.136.184 - - [21/Oct/2025:18:12:55 +1100] "GET /p=4512/img_8913 HTTP/1.1" 200 28672 "http://www.livremonami.nc/?attachment_id=4563" "Mozilla/5.0 (Linux; Android 7.0;) AppleWebKit/537.36 (KHTML, like Gecko) Mobile Safari/537.36 (compatible; PetalBot;+https://webmaster.petalsearch.com/site/petalbot)"
114.119.146.185 - - [21/Oct/2025:18:14:17 +1100] "GET /p=4416/attachment/7138 HTTP/1.1" 200 28654 "http://www.livremonami.nc?attachment_id=4429" "Mozilla/5.0 (Linux; Android 7.0;) AppleWebKit/537.36 (KHTML, like Gecko) Mobile Safari/537.36 (compatible; PetalBot;+https://webmaster.petalsearch.com/site/petalbot)"
216.244.66.242 - - [21/Oct/2025:18:15:38 +1100] "GET /page/56?matprin=calendrier_2013 HTTP/1.1" 200 124382 "-" "Mozilla/5.0 (compatible; DotBot/1.2; +https://opensiteexplorer.org/dotbot; help@moz.com)"
114.119.133.108 - - [21/Oct/2025:18:15:41 +1100] "GET /?attachment_id=2088 HTTP/1.1" 301 326 "http://www.livremonami.nc/?attachment_id=2371" "Mozilla/5.0 (Linux; Android 7.0;) AppleWebKit/537.36 (KHTML, like Gecko) Mobile Safari/537.36 (compatible; PetalBot;+https://webmaster.petalsearch.com/site/petalbot)"
114.119.133.108 - - [21/Oct/2025:18:15:41 +1100] "GET /montage_couv_2014 HTTP/1.1" 200 28582 "http://www.livremonami.nc/?attachment_id=2371" "Mozilla/5.0 (Linux; Android 7.0;) AppleWebKit/537.36 (KHTML, like Gecko) Mobile Safari/537.36 (compatible; PetalBot;+https://webmaster.petalsearch.com/site/petalbot)"
35.172.125.172 - - [21/Oct/2025:18:16:43 +1100] "GET /page/9?matprin=calendrier_2015 HTTP/1.1" 200 32362 "-" "Mozilla/5.0 AppleWebKit/537.36 (KHTML, like Gecko; compatible; Amazonbot/0.1; +https://developer.amazon.com/support/amazonbot) Chrome/119.0.6045.214 Safari/537.36"
202.22.159.247 - - [21/Oct/2025:18:16:43 +1100] "POST /wp-cron.php?doing_wp_cron=1761031003.7738699913024902343750 HTTP/1.1" 200 243 "-" "WordPress/6.7.4; http://www.livremonami.nc"
114.119.157.237 - - [21/Oct/2025:18:16:57 +1100] "GET /?paged=22 HTTP/1.1" 301 266 "http://www.livremonami.nc/?paged=22" "Mozilla/5.0 (Linux; Android 7.0;) AppleWebKit/537.36 (KHTML, like Gecko) Mobile Safari/537.36 (compatible; PetalBot;+https://webmaster.petalsearch.com/site/petalbot)"
114.119.157.237 - - [21/Oct/2025:18:16:58 +1100] "GET /page/22 HTTP/1.1" 200 31961 "http://www.livremonami.nc/?paged=22" "Mozilla/5.0 (Linux; Android 7.0;) AppleWebKit/537.36 (KHTML, like Gecko) Mobile Safari/537.36 (compatible; PetalBot;+https://webmaster.petalsearch.com/site/petalbot)"
114.119.155.54 - - [21/Oct/2025:18:19:26 +1100] "GET /p=4569/img_2118 HTTP/1.1" 200 28690 "http://www.livremonami.nc/?p=4569" "Mozilla/5.0 (Linux; Android 7.0;) AppleWebKit/537.36 (KHTML, like Gecko) Mobile Safari/537.36 (compatible; PetalBot;+https://webmaster.petalsearch.com/site/petalbot)"
85.208.96.201 - - [21/Oct/2025:18:19:58 +1100] "GET /robots.txt HTTP/1.1" 200 362 "-" "Mozilla/5.0 (compatible; SemrushBot/7~bl; +http://www.semrush.com/bot.html)"
85.208.96.197 - - [21/Oct/2025:18:19:58 +1100] "GET /p=category/productions-eleves/page/4 HTTP/1.1" 200 29678 "-" "Mozilla/5.0 (compatible; SemrushBot/7~bl; +http://www.semrush.com/bot.html)"
216.244.66.242 - - [21/Oct/2025:18:20:00 +1100] "GET /page/17?matprin=contact HTTP/1.1" 200 126351 "-" "Mozilla/5.0 (compatible; DotBot/1.2; +https://opensiteexplorer.org/dotbot; help@moz.com)"
216.244.66.242 - - [21/Oct/2025:18:20:13 +1100] "GET /wp-content/uploads/2025/08/IMG-20250807-WA0025.jpg HTTP/1.1" 200 145406 "-" "Mozilla/5.0 (compatible; DotBot/1.2; +https://opensiteexplorer.org/dotbot; help@moz.com)"
114.119.146.185 - - [21/Oct/2025:18:20:31 +1100] "GET /?p=3345 HTTP/1.1" 301 265 "http://www.livremonami.nc?p=3326" "Mozilla/5.0 (Linux; Android 7.0;) AppleWebKit/537.36 (KHTML, like Gecko) Mobile Safari/537.36 (compatible; PetalBot;+https://webmaster.petalsearch.com/site/petalbot)"
114.119.146.185 - - [21/Oct/2025:18:20:32 +1100] "GET /p=3345 HTTP/1.1" 200 28940 "http://www.livremonami.nc?p=3326" "Mozilla/5.0 (Linux; Android 7.0;) AppleWebKit/537.36 (KHTML, like Gecko) Mobile Safari/537.36 (compatible; PetalBot;+https://webmaster.petalsearch.com/site/petalbot)"
114.119.133.108 - - [21/Oct/2025:18:20:48 +1100] "GET /p=11330/img_20241127_143931 HTTP/1.1" 200 28697 "http://www.livremonami.nc/p=11330/img_20241127_143931" "Mozilla/5.0 (Linux; Android 7.0;) AppleWebKit/537.36 (KHTML, like Gecko) Mobile Safari/537.36 (compatible; PetalBot;+https://webmaster.petalsearch.com/site/petalbot)"
114.119.146.185 - - [21/Oct/2025:18:21:54 +1100] "GET /?p=3345 HTTP/1.1" 301 265 "http://www.livremonami.nc?p=3326" "Mozilla/5.0 (Linux; Android 7.0;) AppleWebKit/537.36 (KHTML, like Gecko) Mobile Safari/537.36 (compatible; PetalBot;+https://webmaster.petalsearch.com/site/petalbot)"
114.119.146.185 - - [21/Oct/2025:18:21:55 +1100] "GET /p=3345 HTTP/1.1" 200 28747 "http://www.livremonami.nc?p=3326" "Mozilla/5.0 (Linux; Android 7.0;) AppleWebKit/537.36 (KHTML, like Gecko) Mobile Safari/537.36 (compatible; PetalBot;+https://webmaster.petalsearch.com/site/petalbot)"
114.119.146.185 - - [21/Oct/2025:18:22:10 +1100] "GET /page/50?author=0 HTTP/1.1" 200 31975 "http://www.livremonami.nc/?author=0&paged=49" "Mozilla/5.0 (Linux; Android 7.0;) AppleWebKit/537.36 (KHTML, like Gecko) Mobile Safari/537.36 (compatible; PetalBot;+https://webmaster.petalsearch.com/site/petalbot)"
85.208.96.210 - - [21/Oct/2025:18:22:14 +1100] "GET /p=category/auteurs/page/6 HTTP/1.1" 200 29551 "-" "Mozilla/5.0 (compatible; SemrushBot/7~bl; +http://www.semrush.com/bot.html)"
114.119.167.51 - - [21/Oct/2025:18:23:34 +1100] "GET /p=5285/43586915___n HTTP/1.1" 200 28718 "http://www.livremonami.nc/p=5285" "Mozilla/5.0 (Linux; Android 7.0;) AppleWebKit/537.36 (KHTML, like Gecko) Mobile Safari/537.36 (compatible; PetalBot;+https://webmaster.petalsearch.com/site/petalbot)"
185.191.171.12 - - [21/Oct/2025:18:23:54 +1100] "GET /p=category/productions-eleves HTTP/1.1" 200 29615 "-" "Mozilla/5.0 (compatible; SemrushBot/7~bl; +http://www.semrush.com/bot.html)"
185.121.232.229 - - [21/Oct/2025:18:24:34 +1100] "GET /p=11775 HTTP/1.0" 200 107362 "http://www.livremonami.nc/p=11775" "Mozilla/5.0 (Windows NT 6.3; WOW64) AppleWebKit/537.36 (KHTML, like Gecko) Chrome/103.0.5060.114 Safari/537.36"
185.121.232.229 - - [21/Oct/2025:18:24:36 +1100] "GET /comment-recevoir-lauteur-ou-lautrice-du-livre-laureat HTTP/1.0" 200 124432 "http://www.livremonami.nc/comment-recevoir-lauteur-ou-lautrice-du-livre-laureat" "Mozilla/5.0 (Windows NT 6.3; WOW64) AppleWebKit/537.36 (KHTML, like Gecko) Chrome/103.0.5060.114 Safari/537.36"
114.119.155.235 - - [21/Oct/2025:18:24:58 +1100] "GET /page/13?matprin=archives HTTP/1.1" 200 32704 "http://www.livremonami.nc?matprin=archives&paged=15" "Mozilla/5.0 (Linux; Android 7.0;) AppleWebKit/537.36 (KHTML, like Gecko) Mobile Safari/537.36 (compatible; PetalBot;+https://webmaster.petalsearch.com/site/petalbot)"
85.208.96.208 - - [21/Oct/2025:18:25:43 +1100] "GET /p=6881 HTTP/1.1" 200 29329 "-" "Mozilla/5.0 (compatible; SemrushBot/7~bl; +http://www.semrush.com/bot.html)"
114.119.133.108 - - [21/Oct/2025:18:26:21 +1100] "GET /p=4379/3-1 HTTP/1.1" 200 28662 "http://www.livremonami.nc/?attachment_id=4390" "Mozilla/5.0 (Linux; Android 7.0;) AppleWebKit/537.36 (KHTML, like Gecko) Mobile Safari/537.36 (compatible; PetalBot;+https://webmaster.petalsearch.com/site/petalbot)"
185.191.171.6 - - [21/Oct/2025:18:27:25 +1100] "GET /p=category/accueil-laureat/page/19 HTTP/1.1" 200 29534 "-" "Mozilla/5.0 (compatible; SemrushBot/7~bl; +http://www.semrush.com/bot.html)"
202.22.159.247 - - [21/Oct/2025:18:27:23 +1100] "POST /wp-cron.php?doing_wp_cron=1761031643.8232569694519042968750 HTTP/1.1" 200 243 "-" "WordPress/6.7.4; http://www.livremonami.nc"
216.244.66.242 - - [21/Oct/2025:18:27:23 +1100] "GET /page/36?matprin=calendrier_2012 HTTP/1.1" 200 126540 "-" "Mozilla/5.0 (compatible; DotBot/1.2; +https://opensiteexplorer.org/dotbot; help@moz.com)"
114.119.133.108 - - [21/Oct/2025:18:27:44 +1100] "GET /?p=2616 HTTP/1.1" 301 265 "http://www.livremonami.nc/?matprin=jeux&id_jeu=jeux/2009/quizz_002&paged=53" "Mozilla/5.0 (Linux; Android 7.0;) AppleWebKit/537.36 (KHTML, like Gecko) Mobile Safari/537.36 (compatible; PetalBot;+https://webmaster.petalsearch.com/site/petalbot)"
114.119.133.108 - - [21/Oct/2025:18:27:44 +1100] "GET /p=2616 HTTP/1.1" 200 28328 "http://www.livremonami.nc/?matprin=jeux&id_jeu=jeux/2009/quizz_002&paged=53" "Mozilla/5.0 (Linux; Android 7.0;) AppleWebKit/537.36 (KHTML, like Gecko) Mobile Safari/537.36 (compatible; PetalBot;+https://webmaster.petalsearch.com/site/petalbot)"
139.59.24.60 - - [21/Oct/2025:18:28:15 +1100] "GET /functions-helper.php?key=access123 HTTP/1.1" 301 367 "http://livremonami.nc" "Mozilla/5.0 (Macintosh; Intel Mac OS X 10.15; rv:126.0) Gecko/20100101 Firefox/126.0"
139.59.24.60 - - [21/Oct/2025:18:28:16 +1100] "GET /functions-helper.php?key=access123 HTTP/1.1" 404 96754 "http://livremonami.nc" "Mozilla/5.0 (Macintosh; Intel Mac OS X 10.15; rv:126.0) Gecko/20100101 Firefox/126.0"
114.119.167.51 - - [21/Oct/2025:18:29:08 +1100] "GET /?cat=8&paged=3 HTTP/1.1" 301 292 "http://www.livremonami.nc?cat=8&paged=4" "Mozilla/5.0 (Linux; Android 7.0;) AppleWebKit/537.36 (KHTML, like Gecko) Mobile Safari/537.36 (compatible; PetalBot;+https://webmaster.petalsearch.com/site/petalbot)"
114.119.167.51 - - [21/Oct/2025:18:29:08 +1100] "GET /p=category/accueil-laureat/page/3 HTTP/1.1" 200 29773 "http://www.livremonami.nc?cat=8&paged=4" "Mozilla/5.0 (Linux; Android 7.0;) AppleWebKit/537.36 (KHTML, like Gecko) Mobile Safari/537.36 (compatible; PetalBot;+https://webmaster.petalsearch.com/site/petalbot)"
114.119.136.184 - - [21/Oct/2025:18:30:32 +1100] "GET /?attachment_id=5190 HTTP/1.1" 301 274 "http://www.livremonami.nc/?attachment_id=5191" "Mozilla/5.0 (Linux; Android 7.0;) AppleWebKit/537.36 (KHTML, like Gecko) Mobile Safari/537.36 (compatible; PetalBot;+https://webmaster.petalsearch.com/site/petalbot)"
114.119.136.184 - - [21/Oct/2025:18:30:32 +1100] "GET /p=5182/img-8986 HTTP/1.1" 200 28700 "http://www.livremonami.nc/?attachment_id=5191" "Mozilla/5.0 (Linux; Android 7.0;) AppleWebKit/537.36 (KHTML, like Gecko) Mobile Safari/537.36 (compatible; PetalBot;+https://webmaster.petalsearch.com/site/petalbot)"
85.208.96.209 - - [21/Oct/2025:18:30:42 +1100] "GET /quiz-2020-les-guerriers-de-glace HTTP/1.1" 200 35162 "-" "Mozilla/5.0 (compatible; SemrushBot/7~bl; +http://www.semrush.com/bot.html)"
216.244.66.242 - - [21/Oct/2025:18:26:30 +1100] "GET /p=category/le-scrutin/feed HTTP/1.1" 500 104256 "-" "Mozilla/5.0 (compatible; DotBot/1.2; +https://opensiteexplorer.org/dotbot; help@moz.com)"
114.119.133.12 - - [21/Oct/2025:18:31:55 +1100] "GET /page/26?matprin=contact HTTP/1.1" 200 32692 "http://www.livremonami.nc/?matprin=contact&paged=25" "Mozilla/5.0 (Linux; Android 7.0;) AppleWebKit/537.36 (KHTML, like Gecko) Mobile Safari/537.36 (compatible; PetalBot;+https://webmaster.petalsearch.com/site/petalbot)"
185.191.171.11 - - [21/Oct/2025:18:33:00 +1100] "GET /p=8694 HTTP/1.1" 200 30044 "-" "Mozilla/5.0 (compatible; SemrushBot/7~bl; +http://www.semrush.com/bot.html)"
185.191.171.1 - - [21/Oct/2025:18:33:14 +1100] "GET /p=12009 HTTP/1.1" 200 34318 "-" "Mozilla/5.0 (compatible; SemrushBot/7~bl; +http://www.semrush.com/bot.html)"
114.119.155.235 - - [21/Oct/2025:18:33:18 +1100] "GET /p=5162/img_2791 HTTP/1.1" 200 28672 "http://www.livremonami.nc/p=5162/img_2790" "Mozilla/5.0 (Linux; Android 7.0;) AppleWebKit/537.36 (KHTML, like Gecko) Mobile Safari/537.36 (compatible; PetalBot;+https://webmaster.petalsearch.com/site/petalbot)"
216.73.216.49 - - [21/Oct/2025:18:33:55 +1100] "GET /robots.txt HTTP/1.1" 200 399 "-" "Mozilla/5.0 AppleWebKit/537.36 (KHTML, like Gecko; compatible; ClaudeBot/1.0; +claudebot@anthropic.com)"
216.73.216.49 - - [21/Oct/2025:18:33:55 +1100] "GET /bandeau_accueil_laureat20200929-feather HTTP/1.1" 200 28641 "-" "Mozilla/5.0 AppleWebKit/537.36 (KHTML, like Gecko; compatible; ClaudeBot/1.0; +claudebot@anthropic.com)"
85.208.96.195 - - [21/Oct/2025:18:33:59 +1100] "GET /p=category/le-scrutin/page/15 HTTP/1.1" 200 29427 "-" "Mozilla/5.0 (compatible; SemrushBot/7~bl; +http://www.semrush.com/bot.html)"
114.119.167.51 - - [21/Oct/2025:18:34:45 +1100] "GET /p=4961/inner_wheel HTTP/1.1" 200 28629 "http://www.livremonami.nc/p=4961/inner_wheel" "Mozilla/5.0 (Linux; Android 7.0;) AppleWebKit/537.36 (KHTML, like Gecko) Mobile Safari/537.36 (compatible; PetalBot;+https://webmaster.petalsearch.com/site/petalbot)"
216.73.216.49 - - [21/Oct/2025:18:35:51 +1100] "GET /p=4512/dsc_0307/feed HTTP/1.1" 200 1017 "-" "Mozilla/5.0 AppleWebKit/537.36 (KHTML, like Gecko; compatible; ClaudeBot/1.0; +claudebot@anthropic.com)"
114.119.167.51 - - [21/Oct/2025:18:36:05 +1100] "GET /?matprin=calendrier_2012&paged=32 HTTP/1.1" 301 290 "http://www.livremonami.nc/?matprin=calendrier_2012&paged=31" "Mozilla/5.0 (Linux; Android 7.0;) AppleWebKit/537.36 (KHTML, like Gecko) Mobile Safari/537.36 (compatible; PetalBot;+https://webmaster.petalsearch.com/site/petalbot)"
114.119.167.51 - - [21/Oct/2025:18:36:06 +1100] "GET /page/32?matprin=calendrier_2012 HTTP/1.1" 200 32388 "http://www.livremonami.nc/?matprin=calendrier_2012&paged=31" "Mozilla/5.0 (Linux; Android 7.0;) AppleWebKit/537.36 (KHTML, like Gecko) Mobile Safari/537.36 (compatible; PetalBot;+https://webmaster.petalsearch.com/site/petalbot)"
27.46.75.9 - - [21/Oct/2025:18:37:24 +1100] "GET /robots.txt HTTP/1.1" 200 362 "-" "Mozilla/5.0 (Windows NT 10.0; WOW64) AppleWebKit/537.36 (KHTML, like Gecko) Chrome/72.0.3174.81 Safari/537.36 Core/1.70.3722.400 QQBrowser/10.5.3739.400"
114.119.155.54 - - [21/Oct/2025:18:37:28 +1100] "GET /?attachment_id=6059 HTTP/1.1" 301 267 "http://www.livremonami.nc/?attachment_id=6032" "Mozilla/5.0 (Linux; Android 7.0;) AppleWebKit/537.36 (KHTML, like Gecko) Mobile Safari/537.36 (compatible; PetalBot;+https://webmaster.petalsearch.com/site/petalbot)"
114.119.155.54 - - [21/Oct/2025:18:37:30 +1100] "GET /img_3784 HTTP/1.1" 200 28590 "http://www.livremonami.nc/?attachment_id=6032" "Mozilla/5.0 (Linux; Android 7.0;) AppleWebKit/537.36 (KHTML, like Gecko) Mobile Safari/537.36 (compatible; PetalBot;+https://webmaster.petalsearch.com/site/petalbot)"
202.22.159.247 - - [21/Oct/2025:18:37:29 +1100] "POST /wp-cron.php?doing_wp_cron=1761032249.0808520317077636718750 HTTP/1.1" 200 243 "-" "WordPress/6.7.4; http://www.livremonami.nc"
216.73.216.49 - - [21/Oct/2025:18:38:02 +1100] "GET /feed/?attachment_id=6331 HTTP/1.1" 301 417 "-" "Mozilla/5.0 AppleWebKit/537.36 (KHTML, like Gecko; compatible; ClaudeBot/1.0; +claudebot@anthropic.com)"
216.73.216.49 - - [21/Oct/2025:18:38:02 +1100] "GET /?p=6331 HTTP/1.1" 301 407 "-" "Mozilla/5.0 AppleWebKit/537.36 (KHTML, like Gecko; compatible; ClaudeBot/1.0; +claudebot@anthropic.com)"
216.73.216.49 - - [21/Oct/2025:18:38:02 +1100] "GET /feed?attachment_id=6331 HTTP/1.1" 200 1031 "http://www.livremonami.nc/feed/?attachment_id=6331" "Mozilla/5.0 AppleWebKit/537.36 (KHTML, like Gecko; compatible; ClaudeBot/1.0; +claudebot@anthropic.com)"
216.73.216.49 - - [21/Oct/2025:18:38:02 +1100] "GET /affiche_2020_grand HTTP/1.1" 200 28667 "http://www.livremonami.nc/?p=6331" "Mozilla/5.0 AppleWebKit/537.36 (KHTML, like Gecko; compatible; ClaudeBot/1.0; +claudebot@anthropic.com)"
185.191.171.1 - - [21/Oct/2025:18:38:25 +1100] "GET /img_20241127_141103 HTTP/1.1" 200 28608 "-" "Mozilla/5.0 (compatible; SemrushBot/7~bl; +http://www.semrush.com/bot.html)"
202.22.159.247 - - [21/Oct/2025:18:38:53 +1100] "POST /wp-cron.php?doing_wp_cron=1761032333.1270720958709716796875 HTTP/1.1" 200 243 "-" "WordPress/6.7.4; http://www.livremonami.nc"
114.119.146.185 - - [21/Oct/2025:18:38:53 +1100] "GET /page/27?matprin=calendrier_2012 HTTP/1.1" 200 32650 "http://www.livremonami.nc/page/29?matprin=calendrier_2012" "Mozilla/5.0 (Linux; Android 7.0;) AppleWebKit/537.36 (KHTML, like Gecko) Mobile Safari/537.36 (compatible; PetalBot;+https://webmaster.petalsearch.com/site/petalbot)"
185.191.171.15 - - [21/Oct/2025:18:38:54 +1100] "GET /p=category/temoignages/page/4 HTTP/1.1" 200 29632 "-" "Mozilla/5.0 (compatible; SemrushBot/7~bl; +http://www.semrush.com/bot.html)"
202.22.159.247 - - [21/Oct/2025:18:40:25 +1100] "POST /wp-cron.php?doing_wp_cron=1761032425.1822259426116943359375 HTTP/1.1" 200 243 "-" "WordPress/6.7.4; http://www.livremonami.nc"
114.119.155.235 - - [21/Oct/2025:18:40:17 +1100] "GET /?attachment_id=3558 HTTP/1.1" 301 276 "http://www.livremonami.nc?attachment_id=3557" "Mozilla/5.0 (Linux; Android 7.0;) AppleWebKit/537.36 (KHTML, like Gecko) Mobile Safari/537.36 (compatible; PetalBot;+https://webmaster.petalsearch.com/site/petalbot)"
