202.171.78.211 - - [21/Oct/2025:09:46:41 +1100] "GET /wp-content/aafd9425158f8f03937d0df38997f6f2/dist/1745265449.js?ver=d36d84fb7cc16e772fa1f8b9196971f3 HTTP/1.1" 200 14249 "http://www.livremonami.nc/" "Mozilla/5.0 (Windows NT 10.0; Win64; x64) AppleWebKit/537.36 (KHTML, like Gecko) Chrome/141.0.0.0 Safari/537.36"
202.171.78.211 - - [21/Oct/2025:09:46:41 +1100] "GET /wp-content/plugins/real-cookie-banner/public/lib/animate.css/animate.min.css?ver=4.1.1 HTTP/1.1" 200 5593 "http://www.livremonami.nc/" "Mozilla/5.0 (Windows NT 10.0; Win64; x64) AppleWebKit/537.36 (KHTML, like Gecko) Chrome/141.0.0.0 Safari/537.36"
202.171.78.211 - - [21/Oct/2025:09:46:41 +1100] "GET /wp-content/plugins/advanced-quiz/css/wpAdvQuiz_front.min.css?ver=1.0.4 HTTP/1.1" 200 2755 "http://www.livremonami.nc/" "Mozilla/5.0 (Windows NT 10.0; Win64; x64) AppleWebKit/537.36 (KHTML, like Gecko) Chrome/141.0.0.0 Safari/537.36"
202.171.78.211 - - [21/Oct/2025:09:46:41 +1100] "GET /wp-includes/css/dist/block-library/style.min.css?ver=6.7.4 HTTP/1.1" 200 15501 "http://www.livremonami.nc/" "Mozilla/5.0 (Windows NT 10.0; Win64; x64) AppleWebKit/537.36 (KHTML, like Gecko) Chrome/141.0.0.0 Safari/537.36"
202.171.78.211 - - [21/Oct/2025:09:46:41 +1100] "GET /wp-content/themes/tempera/fonts/fontfaces.css?ver=1.8.3 HTTP/1.1" 200 1899 "http://www.livremonami.nc/" "Mozilla/5.0 (Windows NT 10.0; Win64; x64) AppleWebKit/537.36 (KHTML, like Gecko) Chrome/141.0.0.0 Safari/537.36"
202.171.78.211 - - [21/Oct/2025:09:46:41 +1100] "GET /wp-content/themes/tempera/style.css?ver=1.8.3 HTTP/1.1" 200 13131 "http://www.livremonami.nc/" "Mozilla/5.0 (Windows NT 10.0; Win64; x64) AppleWebKit/537.36 (KHTML, like Gecko) Chrome/141.0.0.0 Safari/537.36"
202.171.78.211 - - [21/Oct/2025:09:46:41 +1100] "GET /wp-content/themes/tempera/styles/style-mobile.css?ver=1.8.3 HTTP/1.1" 200 2295 "http://www.livremonami.nc/" "Mozilla/5.0 (Windows NT 10.0; Win64; x64) AppleWebKit/537.36 (KHTML, like Gecko) Chrome/141.0.0.0 Safari/537.36"
202.171.78.211 - - [21/Oct/2025:09:46:41 +1100] "GET /wp-content/plugins/tablepress/css/build/default.css?ver=3.1.3 HTTP/1.1" 200 1904 "http://www.livremonami.nc/" "Mozilla/5.0 (Windows NT 10.0; Win64; x64) AppleWebKit/537.36 (KHTML, like Gecko) Chrome/141.0.0.0 Safari/537.36"
202.171.78.211 - - [21/Oct/2025:09:46:41 +1100] "GET /wp-content/themes/tempera/images/socials/RSS.png HTTP/1.1" 200 1430 "http://www.livremonami.nc/" "Mozilla/5.0 (Windows NT 10.0; Win64; x64) AppleWebKit/537.36 (KHTML, like Gecko) Chrome/141.0.0.0 Safari/537.36"
202.171.78.211 - - [21/Oct/2025:09:46:41 +1100] "GET /wp-includes/js/jquery/jquery-migrate.min.js?ver=3.4.1 HTTP/1.1" 200 5207 "http://www.livremonami.nc/" "Mozilla/5.0 (Windows NT 10.0; Win64; x64) AppleWebKit/537.36 (KHTML, like Gecko) Chrome/141.0.0.0 Safari/537.36"
202.171.78.211 - - [21/Oct/2025:09:46:41 +1100] "GET /wp-includes/js/jquery/jquery.min.js?ver=3.7.1 HTTP/1.1" 200 30705 "http://www.livremonami.nc/" "Mozilla/5.0 (Windows NT 10.0; Win64; x64) AppleWebKit/537.36 (KHTML, like Gecko) Chrome/141.0.0.0 Safari/537.36"
202.171.78.211 - - [21/Oct/2025:09:46:41 +1100] "GET /wp-content/uploads/2018/02/nouveau_logo_LMA_detoure_1150x120b.png HTTP/1.1" 200 33849 "http://www.livremonami.nc/" "Mozilla/5.0 (Windows NT 10.0; Win64; x64) AppleWebKit/537.36 (KHTML, like Gecko) Chrome/141.0.0.0 Safari/537.36"
202.171.78.211 - - [21/Oct/2025:09:46:41 +1100] "GET /wp-content/uploads/2024/11/bandeau_gagnant_2024_tisseurs.jpg HTTP/1.1" 200 113101 "http://www.livremonami.nc/" "Mozilla/5.0 (Windows NT 10.0; Win64; x64) AppleWebKit/537.36 (KHTML, like Gecko) Chrome/141.0.0.0 Safari/537.36"
202.171.78.211 - - [21/Oct/2025:09:46:41 +1100] "GET /wp-content/plugins/shortcodes-ultimate/vendor/flickity/flickity.css?ver=2.2.1 HTTP/1.1" 200 973 "http://www.livremonami.nc/" "Mozilla/5.0 (Windows NT 10.0; Win64; x64) AppleWebKit/537.36 (KHTML, like Gecko) Chrome/141.0.0.0 Safari/537.36"
202.171.78.211 - - [21/Oct/2025:09:46:41 +1100] "GET /wp-content/uploads/2022/08/bandeau_nouveau_local.jpg HTTP/1.1" 200 128746 "http://www.livremonami.nc/" "Mozilla/5.0 (Windows NT 10.0; Win64; x64) AppleWebKit/537.36 (KHTML, like Gecko) Chrome/141.0.0.0 Safari/537.36"
202.171.78.211 - - [21/Oct/2025:09:46:41 +1100] "GET /wp-content/plugins/shortcodes-ultimate/vendor/magnific-popup/magnific-popup.css?ver=1.2.0 HTTP/1.1" 200 2145 "http://www.livremonami.nc/" "Mozilla/5.0 (Windows NT 10.0; Win64; x64) AppleWebKit/537.36 (KHTML, like Gecko) Chrome/141.0.0.0 Safari/537.36"
202.171.78.211 - - [21/Oct/2025:09:46:41 +1100] "GET /wp-content/plugins/shortcodes-ultimate/includes/css/shortcodes.css?ver=7.4.5 HTTP/1.1" 200 8094 "http://www.livremonami.nc/" "Mozilla/5.0 (Windows NT 10.0; Win64; x64) AppleWebKit/537.36 (KHTML, like Gecko) Chrome/141.0.0.0 Safari/537.36"
202.171.78.211 - - [21/Oct/2025:09:46:41 +1100] "GET /wp-content/themes/tempera/js/ajax.js?ver=1.8.3 HTTP/1.1" 200 1217 "http://www.livremonami.nc/" "Mozilla/5.0 (Windows NT 10.0; Win64; x64) AppleWebKit/537.36 (KHTML, like Gecko) Chrome/141.0.0.0 Safari/537.36"
202.171.78.211 - - [21/Oct/2025:09:46:41 +1100] "GET /wp-content/themes/tempera/js/frontend.js?ver=1.8.3 HTTP/1.1" 200 3198 "http://www.livremonami.nc/" "Mozilla/5.0 (Windows NT 10.0; Win64; x64) AppleWebKit/537.36 (KHTML, like Gecko) Chrome/141.0.0.0 Safari/537.36"
202.171.78.211 - - [21/Oct/2025:09:46:41 +1100] "GET /wp-content/themes/tempera/js/nivo.slider.min.js?ver=1.8.3 HTTP/1.1" 200 3409 "http://www.livremonami.nc/" "Mozilla/5.0 (Windows NT 10.0; Win64; x64) AppleWebKit/537.36 (KHTML, like Gecko) Chrome/141.0.0.0 Safari/537.36"
202.171.78.211 - - [21/Oct/2025:09:46:41 +1100] "GET /wp-content/plugins/shortcodes-ultimate/vendor/magnific-popup/magnific-popup.js?ver=1.2.0 HTTP/1.1" 200 7770 "http://www.livremonami.nc/" "Mozilla/5.0 (Windows NT 10.0; Win64; x64) AppleWebKit/537.36 (KHTML, like Gecko) Chrome/141.0.0.0 Safari/537.36"
202.171.78.211 - - [21/Oct/2025:09:46:41 +1100] "GET /wp-content/plugins/shortcodes-ultimate/vendor/flickity/flickity.js?ver=2.2.1 HTTP/1.1" 200 13971 "http://www.livremonami.nc/" "Mozilla/5.0 (Windows NT 10.0; Win64; x64) AppleWebKit/537.36 (KHTML, like Gecko) Chrome/141.0.0.0 Safari/537.36"
202.171.78.211 - - [21/Oct/2025:09:46:41 +1100] "GET /wp-content/plugins/shortcodes-ultimate/includes/js/shortcodes/index.js?ver=7.4.5 HTTP/1.1" 200 4749 "http://www.livremonami.nc/" "Mozilla/5.0 (Windows NT 10.0; Win64; x64) AppleWebKit/537.36 (KHTML, like Gecko) Chrome/141.0.0.0 Safari/537.36"
202.171.78.211 - - [21/Oct/2025:09:46:41 +1100] "GET /wp-content/uploads/2018/02/bandeau2_chorale.jpg HTTP/1.1" 200 119571 "http://www.livremonami.nc/" "Mozilla/5.0 (Windows NT 10.0; Win64; x64) AppleWebKit/537.36 (KHTML, like Gecko) Chrome/141.0.0.0 Safari/537.36"
202.171.78.211 - - [21/Oct/2025:09:46:41 +1100] "GET /wp-content/uploads/2024/01/2024.05_Les_tisseurs_de_reves-Manel_205px.jpeg HTTP/1.1" 200 38559 "http://www.livremonami.nc/" "Mozilla/5.0 (Windows NT 10.0; Win64; x64) AppleWebKit/537.36 (KHTML, like Gecko) Chrome/141.0.0.0 Safari/537.36"
202.171.78.211 - - [21/Oct/2025:09:46:41 +1100] "GET /wp-content/uploads/2022/11/poules_renards_viperes_Albin.jpeg HTTP/1.1" 200 39934 "http://www.livremonami.nc/" "Mozilla/5.0 (Windows NT 10.0; Win64; x64) AppleWebKit/537.36 (KHTML, like Gecko) Chrome/141.0.0.0 Safari/537.36"
202.171.78.211 - - [21/Oct/2025:09:46:41 +1100] "GET /wp-content/uploads/2022/11/l-incroyable_histoire_du_mouton_qui_sauva_une_ecole.jpeg HTTP/1.1" 200 32954 "http://www.livremonami.nc/" "Mozilla/5.0 (Windows NT 10.0; Win64; x64) AppleWebKit/537.36 (KHTML, like Gecko) Chrome/141.0.0.0 Safari/537.36"
202.171.78.211 - - [21/Oct/2025:09:46:41 +1100] "GET /wp-content/uploads/2017/02/DSCN1503_1150x300.jpg HTTP/1.1" 200 169080 "http://www.livremonami.nc/" "Mozilla/5.0 (Windows NT 10.0; Win64; x64) AppleWebKit/537.36 (KHTML, like Gecko) Chrome/141.0.0.0 Safari/537.36"
202.171.78.211 - - [21/Oct/2025:09:46:41 +1100] "GET /wp-content/uploads/2022/11/peur_dans_la_neige.jpeg HTTP/1.1" 200 24792 "http://www.livremonami.nc/" "Mozilla/5.0 (Windows NT 10.0; Win64; x64) AppleWebKit/537.36 (KHTML, like Gecko) Chrome/141.0.0.0 Safari/537.36"
202.171.78.211 - - [21/Oct/2025:09:46:41 +1100] "GET /wp-content/uploads/2022/11/l-amie_en_bois_d-erable.jpeg HTTP/1.1" 200 35101 "http://www.livremonami.nc/" "Mozilla/5.0 (Windows NT 10.0; Win64; x64) AppleWebKit/537.36 (KHTML, like Gecko) Chrome/141.0.0.0 Safari/537.36"
202.171.78.211 - - [21/Oct/2025:09:46:41 +1100] "GET /wp-content/uploads/2022/11/enfin_la_6eme.jpeg HTTP/1.1" 200 37751 "http://www.livremonami.nc/" "Mozilla/5.0 (Windows NT 10.0; Win64; x64) AppleWebKit/537.36 (KHTML, like Gecko) Chrome/141.0.0.0 Safari/537.36"
202.171.78.211 - - [21/Oct/2025:09:46:41 +1100] "GET /wp-content/themes/tempera/fonts/ubuntu-regular-webfont.woff HTTP/1.1" 200 37255 "http://www.livremonami.nc/wp-content/themes/tempera/fonts/fontfaces.css?ver=1.8.3" "Mozilla/5.0 (Windows NT 10.0; Win64; x64) AppleWebKit/537.36 (KHTML, like Gecko) Chrome/141.0.0.0 Safari/537.36"
202.171.78.211 - - [21/Oct/2025:09:46:41 +1100] "GET /wp-content/themes/tempera/fonts/yanonekaffeesatz-regular-webfont.woff HTTP/1.1" 200 31451 "http://www.livremonami.nc/wp-content/themes/tempera/fonts/fontfaces.css?ver=1.8.3" "Mozilla/5.0 (Windows NT 10.0; Win64; x64) AppleWebKit/537.36 (KHTML, like Gecko) Chrome/141.0.0.0 Safari/537.36"
202.171.78.211 - - [21/Oct/2025:09:46:41 +1100] "GET /wp-content/themes/tempera/fonts/elusive.woff HTTP/1.1" 200 15011 "http://www.livremonami.nc/wp-content/themes/tempera/fonts/fontfaces.css?ver=1.8.3" "Mozilla/5.0 (Windows NT 10.0; Win64; x64) AppleWebKit/537.36 (KHTML, like Gecko) Chrome/141.0.0.0 Safari/537.36"
202.171.78.211 - - [21/Oct/2025:09:46:41 +1100] "GET /wp-content/themes/tempera/fonts/DroidSans-webfont.woff HTTP/1.1" 200 25335 "http://www.livremonami.nc/wp-content/themes/tempera/fonts/fontfaces.css?ver=1.8.3" "Mozilla/5.0 (Windows NT 10.0; Win64; x64) AppleWebKit/537.36 (KHTML, like Gecko) Chrome/141.0.0.0 Safari/537.36"
202.171.78.211 - - [21/Oct/2025:09:46:41 +1100] "GET /wp-content/themes/tempera/images/nivoslider/loading.gif HTTP/1.1" 200 2006 "http://www.livremonami.nc/wp-content/themes/tempera/style.css?ver=1.8.3" "Mozilla/5.0 (Windows NT 10.0; Win64; x64) AppleWebKit/537.36 (KHTML, like Gecko) Chrome/141.0.0.0 Safari/537.36"
202.171.78.211 - - [21/Oct/2025:09:46:41 +1100] "GET /wp-content/uploads/2025/02/image_gauche_accueil_2025.jpg HTTP/1.1" 200 122737 "http://www.livremonami.nc/" "Mozilla/5.0 (Windows NT 10.0; Win64; x64) AppleWebKit/537.36 (KHTML, like Gecko) Chrome/141.0.0.0 Safari/537.36"
202.171.78.211 - - [21/Oct/2025:09:46:41 +1100] "GET /wp-content/uploads/2022/11/c-etait_mieux_apres.jpeg HTTP/1.1" 200 39380 "http://www.livremonami.nc/" "Mozilla/5.0 (Windows NT 10.0; Win64; x64) AppleWebKit/537.36 (KHTML, like Gecko) Chrome/141.0.0.0 Safari/537.36"
202.171.78.211 - - [21/Oct/2025:09:46:42 +1100] "GET /wp-content/uploads/2025/02/vignette_accueil_affiche_2025_318x180.jpg HTTP/1.1" 200 18033 "http://www.livremonami.nc/" "Mozilla/5.0 (Windows NT 10.0; Win64; x64) AppleWebKit/537.36 (KHTML, like Gecko) Chrome/141.0.0.0 Safari/537.36"
202.171.78.211 - - [21/Oct/2025:09:46:42 +1100] "GET /wp-content/uploads/2022/11/7_rue_des_ecolos.jpeg HTTP/1.1" 200 45566 "http://www.livremonami.nc/" "Mozilla/5.0 (Windows NT 10.0; Win64; x64) AppleWebKit/537.36 (KHTML, like Gecko) Chrome/141.0.0.0 Safari/537.36"
202.171.78.211 - - [21/Oct/2025:09:46:42 +1100] "GET /wp-content/uploads/2017/02/LVH2017_318x180.jpg HTTP/1.1" 200 22096 "http://www.livremonami.nc/" "Mozilla/5.0 (Windows NT 10.0; Win64; x64) AppleWebKit/537.36 (KHTML, like Gecko) Chrome/141.0.0.0 Safari/537.36"
202.171.78.211 - - [21/Oct/2025:09:46:42 +1100] "GET /wp-content/themes/tempera/fonts/OpenSans-Light-webfont.woff HTTP/1.1" 200 14243 "http://www.livremonami.nc/wp-content/themes/tempera/fonts/fontfaces.css?ver=1.8.3" "Mozilla/5.0 (Windows NT 10.0; Win64; x64) AppleWebKit/537.36 (KHTML, like Gecko) Chrome/141.0.0.0 Safari/537.36"
202.171.78.211 - - [21/Oct/2025:09:46:42 +1100] "GET /wp-content/uploads/2024/04/image-livre-coeur_318x180.jpg HTTP/1.1" 200 36570 "http://www.livremonami.nc/" "Mozilla/5.0 (Windows NT 10.0; Win64; x64) AppleWebKit/537.36 (KHTML, like Gecko) Chrome/141.0.0.0 Safari/537.36"
202.171.78.211 - - [21/Oct/2025:09:46:42 +1100] "GET /wp-content/uploads/2021/04/logofacebook.png HTTP/1.1" 200 7796 "http://www.livremonami.nc/" "Mozilla/5.0 (Windows NT 10.0; Win64; x64) AppleWebKit/537.36 (KHTML, like Gecko) Chrome/141.0.0.0 Safari/537.36"
202.171.78.211 - - [21/Oct/2025:09:46:42 +1100] "GET /wp-content/uploads/2016/02/ill_partenaires_widget.jpeg HTTP/1.1" 200 23377 "http://www.livremonami.nc/" "Mozilla/5.0 (Windows NT 10.0; Win64; x64) AppleWebKit/537.36 (KHTML, like Gecko) Chrome/141.0.0.0 Safari/537.36"
202.171.78.211 - - [21/Oct/2025:09:46:42 +1100] "GET /wp-content/uploads/2025/08/04-1-250x150.jpg HTTP/1.1" 200 8305 "http://www.livremonami.nc/" "Mozilla/5.0 (Windows NT 10.0; Win64; x64) AppleWebKit/537.36 (KHTML, like Gecko) Chrome/141.0.0.0 Safari/537.36"
202.171.78.211 - - [21/Oct/2025:09:46:42 +1100] "GET /wp-content/uploads/2025/08/IMG-20250807-WA0022-250x150.jpg HTTP/1.1" 200 10738 "http://www.livremonami.nc/" "Mozilla/5.0 (Windows NT 10.0; Win64; x64) AppleWebKit/537.36 (KHTML, like Gecko) Chrome/141.0.0.0 Safari/537.36"
202.171.78.211 - - [21/Oct/2025:09:46:42 +1100] "GET /wp-content/uploads/2025/08/000-250x150.jpg HTTP/1.1" 200 8936 "http://www.livremonami.nc/" "Mozilla/5.0 (Windows NT 10.0; Win64; x64) AppleWebKit/537.36 (KHTML, like Gecko) Chrome/141.0.0.0 Safari/537.36"
202.171.78.211 - - [21/Oct/2025:09:46:42 +1100] "GET /wp-content/uploads/2025/08/IMG_0790-250x150.jpg HTTP/1.1" 200 78852 "http://www.livremonami.nc/" "Mozilla/5.0 (Windows NT 10.0; Win64; x64) AppleWebKit/537.36 (KHTML, like Gecko) Chrome/141.0.0.0 Safari/537.36"
202.171.78.211 - - [21/Oct/2025:09:46:42 +1100] "GET /wp-content/uploads/2025/08/05-250x150.jpg HTTP/1.1" 200 9440 "http://www.livremonami.nc/" "Mozilla/5.0 (Windows NT 10.0; Win64; x64) AppleWebKit/537.36 (KHTML, like Gecko) Chrome/141.0.0.0 Safari/537.36"
202.171.78.211 - - [21/Oct/2025:09:46:42 +1100] "GET /wp-content/uploads/2025/08/IMG_20250806_080441-250x150.jpeg HTTP/1.1" 200 27613 "http://www.livremonami.nc/" "Mozilla/5.0 (Windows NT 10.0; Win64; x64) AppleWebKit/537.36 (KHTML, like Gecko) Chrome/141.0.0.0 Safari/537.36"
202.171.78.211 - - [21/Oct/2025:09:46:42 +1100] "GET /wp-content/themes/tempera/images/dashed-border.png HTTP/1.1" 200 422 "http://www.livremonami.nc/wp-content/themes/tempera/style.css?ver=1.8.3" "Mozilla/5.0 (Windows NT 10.0; Win64; x64) AppleWebKit/537.36 (KHTML, like Gecko) Chrome/141.0.0.0 Safari/537.36"
202.171.78.211 - - [21/Oct/2025:09:46:42 +1100] "GET /wp-content/aafd9425158f8f03937d0df38997f6f2/dist/1129662835.js?ver=760a80a785db15de5ae062b79ff6b25e HTTP/1.1" 200 12559 "http://www.livremonami.nc/" "Mozilla/5.0 (Windows NT 10.0; Win64; x64) AppleWebKit/537.36 (KHTML, like Gecko) Chrome/141.0.0.0 Safari/537.36"
202.171.78.211 - - [21/Oct/2025:09:46:42 +1100] "GET /wp-includes/js/wp-emoji-release.min.js?ver=6.7.4 HTTP/1.1" 200 5397 "http://www.livremonami.nc/" "Mozilla/5.0 (Windows NT 10.0; Win64; x64) AppleWebKit/537.36 (KHTML, like Gecko) Chrome/141.0.0.0 Safari/537.36"
202.171.78.211 - - [21/Oct/2025:09:46:42 +1100] "GET /wp-content/themes/tempera/images/nivoslider/arrows.png HTTP/1.1" 200 1707 "http://www.livremonami.nc/wp-content/themes/tempera/style.css?ver=1.8.3" "Mozilla/5.0 (Windows NT 10.0; Win64; x64) AppleWebKit/537.36 (KHTML, like Gecko) Chrome/141.0.0.0 Safari/537.36"
202.171.78.211 - - [21/Oct/2025:09:46:42 +1100] "GET /wp-content/aafd9425158f8f03937d0df38997f6f2/dist/403684040.js?ver=8df583989d8940fa HTTP/1.1" 200 8158 "http://www.livremonami.nc/" "Mozilla/5.0 (Windows NT 10.0; Win64; x64) AppleWebKit/537.36 (KHTML, like Gecko) Chrome/141.0.0.0 Safari/537.36"
202.171.78.211 - - [21/Oct/2025:09:46:42 +1100] "GET /wp-content/aafd9425158f8f03937d0df38997f6f2/dist/1609299691.js?ver=1992c0fd421ab3fe HTTP/1.1" 200 4030 "http://www.livremonami.nc/" "Mozilla/5.0 (Windows NT 10.0; Win64; x64) AppleWebKit/537.36 (KHTML, like Gecko) Chrome/141.0.0.0 Safari/537.36"
202.171.78.211 - - [21/Oct/2025:09:46:42 +1100] "GET /wp-content/aafd9425158f8f03937d0df38997f6f2/dist/16286160.js?ver=b7918037eae597a2 HTTP/1.1" 200 7688 "http://www.livremonami.nc/" "Mozilla/5.0 (Windows NT 10.0; Win64; x64) AppleWebKit/537.36 (KHTML, like Gecko) Chrome/141.0.0.0 Safari/537.36"
202.171.78.211 - - [21/Oct/2025:09:46:42 +1100] "GET /wp-content/aafd9425158f8f03937d0df38997f6f2/dist/1641291308.js?ver=14ea71fb2f8a0d98 HTTP/1.1" 200 8801 "http://www.livremonami.nc/" "Mozilla/5.0 (Windows NT 10.0; Win64; x64) AppleWebKit/537.36 (KHTML, like Gecko) Chrome/141.0.0.0 Safari/537.36"
202.171.78.211 - - [21/Oct/2025:09:46:41 +1100] "GET /wp-content/uploads/2025/02/bandeau_2025_animation_couvertures_V2.webp HTTP/1.1" 200 4132020 "http://www.livremonami.nc/" "Mozilla/5.0 (Windows NT 10.0; Win64; x64) AppleWebKit/537.36 (KHTML, like Gecko) Chrome/141.0.0.0 Safari/537.36"
202.171.78.211 - - [21/Oct/2025:09:46:42 +1100] "GET /wp-content/aafd9425158f8f03937d0df38997f6f2/dist/185216922.js?ver=7dc9e2eda0ff80e2 HTTP/1.1" 200 3330 "http://www.livremonami.nc/" "Mozilla/5.0 (Windows NT 10.0; Win64; x64) AppleWebKit/537.36 (KHTML, like Gecko) Chrome/141.0.0.0 Safari/537.36"
202.171.78.211 - - [21/Oct/2025:09:46:42 +1100] "GET /wp-content/aafd9425158f8f03937d0df38997f6f2/dist/1506965844.js?ver=552c4de6aed98e50 HTTP/1.1" 200 11528 "http://www.livremonami.nc/" "Mozilla/5.0 (Windows NT 10.0; Win64; x64) AppleWebKit/537.36 (KHTML, like Gecko) Chrome/141.0.0.0 Safari/537.36"
202.171.78.211 - - [21/Oct/2025:09:46:42 +1100] "GET /wp-content/aafd9425158f8f03937d0df38997f6f2/dist/1662245168.js?ver=f86a4dd026a0508c HTTP/1.1" 200 11543 "http://www.livremonami.nc/" "Mozilla/5.0 (Windows NT 10.0; Win64; x64) AppleWebKit/537.36 (KHTML, like Gecko) Chrome/141.0.0.0 Safari/537.36"
202.171.78.211 - - [21/Oct/2025:09:46:42 +1100] "GET /wp-content/uploads/2025/02/cropped-icone_site_2025-32x32.jpg HTTP/1.1" 200 1962 "http://www.livremonami.nc/" "Mozilla/5.0 (Windows NT 10.0; Win64; x64) AppleWebKit/537.36 (KHTML, like Gecko) Chrome/141.0.0.0 Safari/537.36"
202.171.78.211 - - [21/Oct/2025:09:46:44 +1100] "POST /wp-json/wfhl-eotpjg-icnpgy/a1/05b7a205f1c7ca227/consent?_method=POST&_v=5.2.5&_locale=user HTTP/1.1" 200 1236 "http://www.livremonami.nc/" "Mozilla/5.0 (Windows NT 10.0; Win64; x64) AppleWebKit/537.36 (KHTML, like Gecko) Chrome/141.0.0.0 Safari/537.36"
202.171.78.211 - - [21/Oct/2025:09:46:47 +1100] "GET /nos-partenaires HTTP/1.1" 200 28844 "http://www.livremonami.nc/" "Mozilla/5.0 (Windows NT 10.0; Win64; x64) AppleWebKit/537.36 (KHTML, like Gecko) Chrome/141.0.0.0 Safari/537.36 Edg/141.0.0.0"
202.171.78.211 - - [21/Oct/2025:09:46:47 +1100] "GET /wp-content/uploads/2021/02/Logo_Ludik_200px.jpg HTTP/1.1" 200 9402 "http://www.livremonami.nc/nos-partenaires" "Mozilla/5.0 (Windows NT 10.0; Win64; x64) AppleWebKit/537.36 (KHTML, like Gecko) Chrome/141.0.0.0 Safari/537.36 Edg/141.0.0.0"
202.171.78.211 - - [21/Oct/2025:09:46:47 +1100] "GET /wp-content/uploads/2024/02/07.jpg HTTP/1.1" 200 21741 "http://www.livremonami.nc/nos-partenaires" "Mozilla/5.0 (Windows NT 10.0; Win64; x64) AppleWebKit/537.36 (KHTML, like Gecko) Chrome/141.0.0.0 Safari/537.36 Edg/141.0.0.0"
202.171.78.211 - - [21/Oct/2025:09:46:47 +1100] "GET /wp-content/uploads/2024/02/Logo_gouv-NC_200px.png HTTP/1.1" 200 10967 "http://www.livremonami.nc/nos-partenaires" "Mozilla/5.0 (Windows NT 10.0; Win64; x64) AppleWebKit/537.36 (KHTML, like Gecko) Chrome/141.0.0.0 Safari/537.36 Edg/141.0.0.0"
202.171.78.211 - - [21/Oct/2025:09:46:47 +1100] "GET //wp-content/uploads/2024/02/05.jpg HTTP/1.1" 200 30912 "http://www.livremonami.nc/nos-partenaires" "Mozilla/5.0 (Windows NT 10.0; Win64; x64) AppleWebKit/537.36 (KHTML, like Gecko) Chrome/141.0.0.0 Safari/537.36 Edg/141.0.0.0"
202.171.78.211 - - [21/Oct/2025:09:46:47 +1100] "GET /wp-content/uploads/2024/02/04.jpg HTTP/1.1" 200 19858 "http://www.livremonami.nc/nos-partenaires" "Mozilla/5.0 (Windows NT 10.0; Win64; x64) AppleWebKit/537.36 (KHTML, like Gecko) Chrome/141.0.0.0 Safari/537.36 Edg/141.0.0.0"
202.171.78.211 - - [21/Oct/2025:09:46:47 +1100] "GET /wp-content/uploads/2024/02/Logo_DDEC_200px.jpg HTTP/1.1" 200 26194 "http://www.livremonami.nc/nos-partenaires" "Mozilla/5.0 (Windows NT 10.0; Win64; x64) AppleWebKit/537.36 (KHTML, like Gecko) Chrome/141.0.0.0 Safari/537.36 Edg/141.0.0.0"
202.171.78.211 - - [21/Oct/2025:09:46:47 +1100] "GET /wp-content/uploads/2024/02/21.jpg HTTP/1.1" 200 25625 "http://www.livremonami.nc/nos-partenaires" "Mozilla/5.0 (Windows NT 10.0; Win64; x64) AppleWebKit/537.36 (KHTML, like Gecko) Chrome/141.0.0.0 Safari/537.36 Edg/141.0.0.0"
202.171.78.211 - - [21/Oct/2025:09:46:47 +1100] "GET /wp-content/uploads/2023/02/province_sud.png HTTP/1.1" 200 15559 "http://www.livremonami.nc/nos-partenaires" "Mozilla/5.0 (Windows NT 10.0; Win64; x64) AppleWebKit/537.36 (KHTML, like Gecko) Chrome/141.0.0.0 Safari/537.36 Edg/141.0.0.0"
202.171.78.211 - - [21/Oct/2025:09:46:47 +1100] "GET /wp-content/uploads/2024/02/24.jpg HTTP/1.1" 200 14468 "http://www.livremonami.nc/nos-partenaires" "Mozilla/5.0 (Windows NT 10.0; Win64; x64) AppleWebKit/537.36 (KHTML, like Gecko) Chrome/141.0.0.0 Safari/537.36 Edg/141.0.0.0"
202.171.78.211 - - [21/Oct/2025:09:46:47 +1100] "GET /wp-content/uploads/2024/02/02.jpg HTTP/1.1" 200 17397 "http://www.livremonami.nc/nos-partenaires" "Mozilla/5.0 (Windows NT 10.0; Win64; x64) AppleWebKit/537.36 (KHTML, like Gecko) Chrome/141.0.0.0 Safari/537.36 Edg/141.0.0.0"
202.171.78.211 - - [21/Oct/2025:09:46:47 +1100] "GET /wp-content/uploads/2024/02/Logo_MAC_200px.png HTTP/1.1" 200 29944 "http://www.livremonami.nc/nos-partenaires" "Mozilla/5.0 (Windows NT 10.0; Win64; x64) AppleWebKit/537.36 (KHTML, like Gecko) Chrome/141.0.0.0 Safari/537.36 Edg/141.0.0.0"
202.171.78.211 - - [21/Oct/2025:09:46:47 +1100] "GET /wp-content/uploads/2024/02/01.jpg HTTP/1.1" 200 16331 "http://www.livremonami.nc/nos-partenaires" "Mozilla/5.0 (Windows NT 10.0; Win64; x64) AppleWebKit/537.36 (KHTML, like Gecko) Chrome/141.0.0.0 Safari/537.36 Edg/141.0.0.0"
202.171.78.211 - - [21/Oct/2025:09:46:47 +1100] "GET /wp-content/uploads/2024/02/27.jpg HTTP/1.1" 200 13919 "http://www.livremonami.nc/nos-partenaires" "Mozilla/5.0 (Windows NT 10.0; Win64; x64) AppleWebKit/537.36 (KHTML, like Gecko) Chrome/141.0.0.0 Safari/537.36 Edg/141.0.0.0"
202.171.78.211 - - [21/Oct/2025:09:46:47 +1100] "GET /wp-content/uploads/2016/02/logo_noumea200px-1.png HTTP/1.1" 200 54121 "http://www.livremonami.nc/nos-partenaires" "Mozilla/5.0 (Windows NT 10.0; Win64; x64) AppleWebKit/537.36 (KHTML, like Gecko) Chrome/141.0.0.0 Safari/537.36 Edg/141.0.0.0"
202.171.78.211 - - [21/Oct/2025:09:46:47 +1100] "GET /wp-content/uploads/2024/02/17.jpg HTTP/1.1" 200 13292 "http://www.livremonami.nc/nos-partenaires" "Mozilla/5.0 (Windows NT 10.0; Win64; x64) AppleWebKit/537.36 (KHTML, like Gecko) Chrome/141.0.0.0 Safari/537.36 Edg/141.0.0.0"
202.171.78.211 - - [21/Oct/2025:09:46:47 +1100] "GET /wp-content/uploads/2024/02/Logo_La_Foa_200px.jpg HTTP/1.1" 200 21057 "http://www.livremonami.nc/nos-partenaires" "Mozilla/5.0 (Windows NT 10.0; Win64; x64) AppleWebKit/537.36 (KHTML, like Gecko) Chrome/141.0.0.0 Safari/537.36 Edg/141.0.0.0"
202.171.78.211 - - [21/Oct/2025:09:46:47 +1100] "GET /wp-content/uploads/2024/02/11.jpg HTTP/1.1" 200 16977 "http://www.livremonami.nc/nos-partenaires" "Mozilla/5.0 (Windows NT 10.0; Win64; x64) AppleWebKit/537.36 (KHTML, like Gecko) Chrome/141.0.0.0 Safari/537.36 Edg/141.0.0.0"
202.171.78.211 - - [21/Oct/2025:09:46:47 +1100] "GET /wp-content/uploads/2024/02/10.jpg HTTP/1.1" 200 17057 "http://www.livremonami.nc/nos-partenaires" "Mozilla/5.0 (Windows NT 10.0; Win64; x64) AppleWebKit/537.36 (KHTML, like Gecko) Chrome/141.0.0.0 Safari/537.36 Edg/141.0.0.0"
202.171.78.211 - - [21/Oct/2025:09:46:47 +1100] "GET /wp-content/uploads/2024/02/16.jpg HTTP/1.1" 200 23253 "http://www.livremonami.nc/nos-partenaires" "Mozilla/5.0 (Windows NT 10.0; Win64; x64) AppleWebKit/537.36 (KHTML, like Gecko) Chrome/141.0.0.0 Safari/537.36 Edg/141.0.0.0"
202.171.78.211 - - [21/Oct/2025:09:46:47 +1100] "GET /wp-content/uploads/2021/02/logo_commune_houailou_200px.jpg HTTP/1.1" 200 16125 "http://www.livremonami.nc/nos-partenaires" "Mozilla/5.0 (Windows NT 10.0; Win64; x64) AppleWebKit/537.36 (KHTML, like Gecko) Chrome/141.0.0.0 Safari/537.36 Edg/141.0.0.0"
202.171.78.211 - - [21/Oct/2025:09:46:47 +1100] "GET /wp-content/uploads/2024/02/19.jpg HTTP/1.1" 200 15375 "http://www.livremonami.nc/nos-partenaires" "Mozilla/5.0 (Windows NT 10.0; Win64; x64) AppleWebKit/537.36 (KHTML, like Gecko) Chrome/141.0.0.0 Safari/537.36 Edg/141.0.0.0"
202.171.78.211 - - [21/Oct/2025:09:46:47 +1100] "GET /wp-content/uploads/2024/02/12.jpg HTTP/1.1" 200 34394 "http://www.livremonami.nc/nos-partenaires" "Mozilla/5.0 (Windows NT 10.0; Win64; x64) AppleWebKit/537.36 (KHTML, like Gecko) Chrome/141.0.0.0 Safari/537.36 Edg/141.0.0.0"
202.171.78.211 - - [21/Oct/2025:09:46:47 +1100] "GET /wp-content/uploads/2024/02/14.jpg HTTP/1.1" 200 28579 "http://www.livremonami.nc/nos-partenaires" "Mozilla/5.0 (Windows NT 10.0; Win64; x64) AppleWebKit/537.36 (KHTML, like Gecko) Chrome/141.0.0.0 Safari/537.36 Edg/141.0.0.0"
102.185.192.243 - - [21/Oct/2025:09:46:50 +1100] "GET /wp-json/wp/v2/posts HTTP/1.1" 200 265049 "-" "Mozilla/5.0 (Windows NT 10.0; Win64; x64) AppleWebKit/537.36 (KHTML, like Gecko) Chrome/120.0.0.0 Safari/537.36"
202.22.159.247 - - [21/Oct/2025:09:46:58 +1100] "POST /wp-cron.php?doing_wp_cron=1761000418.1445810794830322265625 HTTP/1.1" 200 243 "-" "WordPress/6.7.4; http://www.livremonami.nc"
202.171.78.211 - - [21/Oct/2025:09:46:58 +1100] "GET /comite-de-lecture HTTP/1.1" 200 33057 "http://www.livremonami.nc/" "Mozilla/5.0 (Windows NT 10.0; Win64; x64) AppleWebKit/537.36 (KHTML, like Gecko) Chrome/141.0.0.0 Safari/537.36"
202.171.78.211 - - [21/Oct/2025:09:46:58 +1100] "GET //wp-content/uploads/2024/02/20.jpg HTTP/1.1" 200 18744 "http://www.livremonami.nc/comite-de-lecture" "Mozilla/5.0 (Windows NT 10.0; Win64; x64) AppleWebKit/537.36 (KHTML, like Gecko) Chrome/141.0.0.0 Safari/537.36"
202.171.78.211 - - [21/Oct/2025:09:46:58 +1100] "GET /wp-content/plugins/tablepress/js/jquery.datatables.min.js?ver=3.1.3 HTTP/1.1" 200 33324 "http://www.livremonami.nc/comite-de-lecture" "Mozilla/5.0 (Windows NT 10.0; Win64; x64) AppleWebKit/537.36 (KHTML, like Gecko) Chrome/141.0.0.0 Safari/537.36"
202.171.78.211 - - [21/Oct/2025:09:46:58 +1100] "GET /wp-content/plugins/akismet/_inc/akismet-frontend.js?ver=1752636776 HTTP/1.1" 200 3629 "http://www.livremonami.nc/comite-de-lecture" "Mozilla/5.0 (Windows NT 10.0; Win64; x64) AppleWebKit/537.36 (KHTML, like Gecko) Chrome/141.0.0.0 Safari/537.36"
202.171.78.211 - - [21/Oct/2025:09:46:58 +1100] "GET /wp-content/uploads/2022/07/comite_de_lecture_2022-1536x826.jpg HTTP/1.1" 200 303116 "http://www.livremonami.nc/comite-de-lecture" "Mozilla/5.0 (Windows NT 10.0; Win64; x64) AppleWebKit/537.36 (KHTML, like Gecko) Chrome/141.0.0.0 Safari/537.36"
102.185.192.243 - - [21/Oct/2025:09:46:55 +1100] "POST /wp-comments-post.php HTTP/1.1" 500 2103 "-" "Mozilla/5.0 (Windows NT 10.0; Win64; x64) AppleWebKit/537.36 (KHTML, like Gecko) Chrome/120.0.0.0 Safari/537.36"
202.171.78.211 - - [21/Oct/2025:09:47:08 +1100] "GET /wp-admin HTTP/1.1" 301 499 "http://www.livremonami.nc/nos-partenaires" "Mozilla/5.0 (Windows NT 10.0; Win64; x64) AppleWebKit/537.36 (KHTML, like Gecko) Chrome/141.0.0.0 Safari/537.36 Edg/141.0.0.0"
202.171.78.211 - - [21/Oct/2025:09:47:08 +1100] "GET /wp-admin/ HTTP/1.1" 302 425 "http://www.livremonami.nc/nos-partenaires" "Mozilla/5.0 (Windows NT 10.0; Win64; x64) AppleWebKit/537.36 (KHTML, like Gecko) Chrome/141.0.0.0 Safari/537.36 Edg/141.0.0.0"
202.171.78.211 - - [21/Oct/2025:09:47:08 +1100] "GET /wp-login.php?redirect_to=http%3A%2F%2Fwww.livremonami.nc%2Fwp-admin%2F&reauth=1 HTTP/1.1" 200 20411 "http://www.livremonami.nc/nos-partenaires" "Mozilla/5.0 (Windows NT 10.0; Win64; x64) AppleWebKit/537.36 (KHTML, like Gecko) Chrome/141.0.0.0 Safari/537.36 Edg/141.0.0.0"
202.171.78.211 - - [21/Oct/2025:09:47:08 +1100] "GET /wp-includes/css/dashicons.min.css?ver=6.7.4 HTTP/1.1" 200 36053 "http://www.livremonami.nc/wp-login.php?redirect_to=http%3A%2F%2Fwww.livremonami.nc%2Fwp-admin%2F&reauth=1" "Mozilla/5.0 (Windows NT 10.0; Win64; x64) AppleWebKit/537.36 (KHTML, like Gecko) Chrome/141.0.0.0 Safari/537.36 Edg/141.0.0.0"
202.171.78.211 - - [21/Oct/2025:09:47:08 +1100] "GET /wp-admin/css/l10n.min.css?ver=6.7.4 HTTP/1.1" 200 1087 "http://www.livremonami.nc/wp-login.php?redirect_to=http%3A%2F%2Fwww.livremonami.nc%2Fwp-admin%2F&reauth=1" "Mozilla/5.0 (Windows NT 10.0; Win64; x64) AppleWebKit/537.36 (KHTML, like Gecko) Chrome/141.0.0.0 Safari/537.36 Edg/141.0.0.0"
202.171.78.211 - - [21/Oct/2025:09:47:08 +1100] "GET /wp-admin/css/login.min.css?ver=6.7.4 HTTP/1.1" 200 2511 "http://www.livremonami.nc/wp-login.php?redirect_to=http%3A%2F%2Fwww.livremonami.nc%2Fwp-admin%2F&reauth=1" "Mozilla/5.0 (Windows NT 10.0; Win64; x64) AppleWebKit/537.36 (KHTML, like Gecko) Chrome/141.0.0.0 Safari/537.36 Edg/141.0.0.0"
202.171.78.211 - - [21/Oct/2025:09:47:08 +1100] "GET /wp-admin/css/forms.min.css?ver=6.7.4 HTTP/1.1" 200 7016 "http://www.livremonami.nc/wp-login.php?redirect_to=http%3A%2F%2Fwww.livremonami.nc%2Fwp-admin%2F&reauth=1" "Mozilla/5.0 (Windows NT 10.0; Win64; x64) AppleWebKit/537.36 (KHTML, like Gecko) Chrome/141.0.0.0 Safari/537.36 Edg/141.0.0.0"
202.171.78.211 - - [21/Oct/2025:09:47:08 +1100] "GET /wp-includes/css/buttons.min.css?ver=6.7.4 HTTP/1.1" 200 1792 "http://www.livremonami.nc/wp-login.php?redirect_to=http%3A%2F%2Fwww.livremonami.nc%2Fwp-admin%2F&reauth=1" "Mozilla/5.0 (Windows NT 10.0; Win64; x64) AppleWebKit/537.36 (KHTML, like Gecko) Chrome/141.0.0.0 Safari/537.36 Edg/141.0.0.0"
202.171.78.211 - - [21/Oct/2025:09:47:08 +1100] "GET /wp-content/plugins/advanced-nocaptcha-recaptcha/assets/css/style.css?ver=7.6.0 HTTP/1.1" 200 301 "http://www.livremonami.nc/wp-login.php?redirect_to=http%3A%2F%2Fwww.livremonami.nc%2Fwp-admin%2F&reauth=1" "Mozilla/5.0 (Windows NT 10.0; Win64; x64) AppleWebKit/537.36 (KHTML, like Gecko) Chrome/141.0.0.0 Safari/537.36 Edg/141.0.0.0"
202.171.78.211 - - [21/Oct/2025:09:47:08 +1100] "GET /wp-includes/js/clipboard.min.js?ver=2.0.11 HTTP/1.1" 200 3485 "http://www.livremonami.nc/wp-login.php?redirect_to=http%3A%2F%2Fwww.livremonami.nc%2Fwp-admin%2F&reauth=1" "Mozilla/5.0 (Windows NT 10.0; Win64; x64) AppleWebKit/537.36 (KHTML, like Gecko) Chrome/141.0.0.0 Safari/537.36 Edg/141.0.0.0"
202.171.78.211 - - [21/Oct/2025:09:47:08 +1100] "GET /wp-includes/js/zxcvbn-async.min.js?ver=1.0 HTTP/1.1" 200 589 "http://www.livremonami.nc/wp-login.php?redirect_to=http%3A%2F%2Fwww.livremonami.nc%2Fwp-admin%2F&reauth=1" "Mozilla/5.0 (Windows NT 10.0; Win64; x64) AppleWebKit/537.36 (KHTML, like Gecko) Chrome/141.0.0.0 Safari/537.36 Edg/141.0.0.0"
202.171.78.211 - - [21/Oct/2025:09:47:08 +1100] "GET /wp-includes/js/dist/hooks.min.js?ver=4d63a3d491d11ffd8ac6 HTTP/1.1" 200 1983 "http://www.livremonami.nc/wp-login.php?redirect_to=http%3A%2F%2Fwww.livremonami.nc%2Fwp-admin%2F&reauth=1" "Mozilla/5.0 (Windows NT 10.0; Win64; x64) AppleWebKit/537.36 (KHTML, like Gecko) Chrome/141.0.0.0 Safari/537.36 Edg/141.0.0.0"
202.171.78.211 - - [21/Oct/2025:09:47:08 +1100] "GET /wp-includes/js/dist/i18n.min.js?ver=5e580eb46a90c2b997e6 HTTP/1.1" 200 4002 "http://www.livremonami.nc/wp-login.php?redirect_to=http%3A%2F%2Fwww.livremonami.nc%2Fwp-admin%2F&reauth=1" "Mozilla/5.0 (Windows NT 10.0; Win64; x64) AppleWebKit/537.36 (KHTML, like Gecko) Chrome/141.0.0.0 Safari/537.36 Edg/141.0.0.0"
202.171.78.211 - - [21/Oct/2025:09:47:08 +1100] "GET /wp-admin/js/password-strength-meter.min.js?ver=6.7.4 HTTP/1.1" 200 954 "http://www.livremonami.nc/wp-login.php?redirect_to=http%3A%2F%2Fwww.livremonami.nc%2Fwp-admin%2F&reauth=1" "Mozilla/5.0 (Windows NT 10.0; Win64; x64) AppleWebKit/537.36 (KHTML, like Gecko) Chrome/141.0.0.0 Safari/537.36 Edg/141.0.0.0"
202.171.78.211 - - [21/Oct/2025:09:47:08 +1100] "GET /wp-includes/js/underscore.min.js?ver=1.13.7 HTTP/1.1" 200 7671 "http://www.livremonami.nc/wp-login.php?redirect_to=http%3A%2F%2Fwww.livremonami.nc%2Fwp-admin%2F&reauth=1" "Mozilla/5.0 (Windows NT 10.0; Win64; x64) AppleWebKit/537.36 (KHTML, like Gecko) Chrome/141.0.0.0 Safari/537.36 Edg/141.0.0.0"
202.171.78.211 - - [21/Oct/2025:09:47:08 +1100] "GET /wp-includes/js/wp-util.min.js?ver=6.7.4 HTTP/1.1" 200 1089 "http://www.livremonami.nc/wp-login.php?redirect_to=http%3A%2F%2Fwww.livremonami.nc%2Fwp-admin%2F&reauth=1" "Mozilla/5.0 (Windows NT 10.0; Win64; x64) AppleWebKit/537.36 (KHTML, like Gecko) Chrome/141.0.0.0 Safari/537.36 Edg/141.0.0.0"
202.171.78.211 - - [21/Oct/2025:09:47:08 +1100] "GET /wp-includes/js/dist/dom-ready.min.js?ver=f77871ff7694fffea381 HTTP/1.1" 200 653 "http://www.livremonami.nc/wp-login.php?redirect_to=http%3A%2F%2Fwww.livremonami.nc%2Fwp-admin%2F&reauth=1" "Mozilla/5.0 (Windows NT 10.0; Win64; x64) AppleWebKit/537.36 (KHTML, like Gecko) Chrome/141.0.0.0 Safari/537.36 Edg/141.0.0.0"
202.171.78.211 - - [21/Oct/2025:09:47:08 +1100] "GET /wp-admin/js/user-profile.min.js?ver=6.7.4 HTTP/1.1" 200 2945 "http://www.livremonami.nc/wp-login.php?redirect_to=http%3A%2F%2Fwww.livremonami.nc%2Fwp-admin%2F&reauth=1" "Mozilla/5.0 (Windows NT 10.0; Win64; x64) AppleWebKit/537.36 (KHTML, like Gecko) Chrome/141.0.0.0 Safari/537.36 Edg/141.0.0.0"
202.171.78.211 - - [21/Oct/2025:09:47:08 +1100] "GET /wp-includes/js/dist/a11y.min.js?ver=3156534cc54473497e14 HTTP/1.1" 200 1289 "http://www.livremonami.nc/wp-login.php?redirect_to=http%3A%2F%2Fwww.livremonami.nc%2Fwp-admin%2F&reauth=1" "Mozilla/5.0 (Windows NT 10.0; Win64; x64) AppleWebKit/537.36 (KHTML, like Gecko) Chrome/141.0.0.0 Safari/537.36 Edg/141.0.0.0"
202.171.78.211 - - [21/Oct/2025:09:47:08 +1100] "GET /wp-admin/images/wordpress-logo.svg?ver=20131107 HTTP/1.1" 200 1794 "http://www.livremonami.nc/wp-admin/css/login.min.css?ver=6.7.4" "Mozilla/5.0 (Windows NT 10.0; Win64; x64) AppleWebKit/537.36 (KHTML, like Gecko) Chrome/141.0.0.0 Safari/537.36 Edg/141.0.0.0"
202.171.78.211 - - [21/Oct/2025:09:47:10 +1100] "GET /wp-includes/js/zxcvbn.min.js HTTP/1.1" 200 400384 "http://www.livremonami.nc/wp-login.php?redirect_to=http%3A%2F%2Fwww.livremonami.nc%2Fwp-admin%2F&reauth=1" "Mozilla/5.0 (Windows NT 10.0; Win64; x64) AppleWebKit/537.36 (KHTML, like Gecko) Chrome/141.0.0.0 Safari/537.36 Edg/141.0.0.0"
202.171.78.211 - - [21/Oct/2025:09:47:13 +1100] "GET / HTTP/1.1" 200 32456 "https://www.bing.com/" "Mozilla/5.0 (Windows NT 10.0; Win64; x64) AppleWebKit/537.36 (KHTML, like Gecko) Chrome/141.0.0.0 Safari/537.36 Edg/141.0.0.0"
102.185.192.243 - - [21/Oct/2025:09:47:04 +1100] "POST /wp-comments-post.php HTTP/1.1" 500 2103 "-" "Mozilla/5.0 (Windows NT 10.0; Win64; x64) AppleWebKit/537.36 (KHTML, like Gecko) Chrome/120.0.0.0 Safari/537.36"
102.185.192.243 - - [21/Oct/2025:09:47:14 +1100] "POST /wp-comments-post.php HTTP/1.1" 500 2103 "-" "Mozilla/5.0 (Windows NT 10.0; Win64; x64) AppleWebKit/537.36 (KHTML, like Gecko) Chrome/120.0.0.0 Safari/537.36"
202.171.78.211 - - [21/Oct/2025:09:47:25 +1100] "GET /comite-de-lecture HTTP/1.1" 200 32824 "http://www.livremonami.nc/" "Mozilla/5.0 (Windows NT 10.0; Win64; x64) AppleWebKit/537.36 (KHTML, like Gecko) Chrome/141.0.0.0 Safari/537.36 Edg/141.0.0.0"
202.171.78.211 - - [21/Oct/2025:09:47:25 +1100] "GET //wp-content/uploads/2024/02/20.jpg HTTP/1.1" 200 18744 "http://www.livremonami.nc/comite-de-lecture" "Mozilla/5.0 (Windows NT 10.0; Win64; x64) AppleWebKit/537.36 (KHTML, like Gecko) Chrome/141.0.0.0 Safari/537.36 Edg/141.0.0.0"
202.171.78.211 - - [21/Oct/2025:09:47:25 +1100] "GET /wp-content/uploads/2022/07/comite_de_lecture_2022-1024x551.jpg HTTP/1.1" 200 139461 "http://www.livremonami.nc/comite-de-lecture" "Mozilla/5.0 (Windows NT 10.0; Win64; x64) AppleWebKit/537.36 (KHTML, like Gecko) Chrome/141.0.0.0 Safari/537.36 Edg/141.0.0.0"
202.171.78.211 - - [21/Oct/2025:09:47:25 +1100] "GET /wp-content/plugins/tablepress/js/jquery.datatables.min.js?ver=3.1.3 HTTP/1.1" 200 33323 "http://www.livremonami.nc/comite-de-lecture" "Mozilla/5.0 (Windows NT 10.0; Win64; x64) AppleWebKit/537.36 (KHTML, like Gecko) Chrome/141.0.0.0 Safari/537.36 Edg/141.0.0.0"
202.171.78.211 - - [21/Oct/2025:09:47:25 +1100] "GET /wp-content/plugins/akismet/_inc/akismet-frontend.js?ver=1752636776 HTTP/1.1" 200 3628 "http://www.livremonami.nc/comite-de-lecture" "Mozilla/5.0 (Windows NT 10.0; Win64; x64) AppleWebKit/537.36 (KHTML, like Gecko) Chrome/141.0.0.0 Safari/537.36 Edg/141.0.0.0"
102.185.192.243 - - [21/Oct/2025:09:47:34 +1100] "POST /wp-comments-post.php HTTP/1.1" 500 2103 "-" "Mozilla/5.0 (Windows NT 10.0; Win64; x64) AppleWebKit/537.36 (KHTML, like Gecko) Chrome/120.0.0.0 Safari/537.36"
102.185.192.243 - - [21/Oct/2025:09:47:44 +1100] "POST /wp-comments-post.php HTTP/1.1" 500 2103 "-" "Mozilla/5.0 (Windows NT 10.0; Win64; x64) AppleWebKit/537.36 (KHTML, like Gecko) Chrome/120.0.0.0 Safari/537.36"
102.185.192.243 - - [21/Oct/2025:09:47:54 +1100] "POST /wp-comments-post.php HTTP/1.1" 500 2103 "-" "Mozilla/5.0 (Windows NT 10.0; Win64; x64) AppleWebKit/537.36 (KHTML, like Gecko) Chrome/120.0.0.0 Safari/537.36"
54.37.118.83 - - [21/Oct/2025:09:48:06 +1100] "GET /selection_actuelle HTTP/1.1" 200 31441 "-" "Mozilla/5.0 (compatible; AhrefsBot/7.0; +http://ahrefs.com/robot/)"
216.225.203.35 - - [21/Oct/2025:09:48:13 +1100] "GET /wp-login.php HTTP/1.1" 200 18371 "-" "Mozilla/5.0 (X11; Linux x86_64) AppleWebKit/537.36 (KHTML, like Gecko) Chrome/140.0.0.0 Safari/537.36"
102.185.192.243 - - [21/Oct/2025:09:48:04 +1100] "POST /wp-comments-post.php HTTP/1.1" 500 2103 "-" "Mozilla/5.0 (Windows NT 10.0; Win64; x64) AppleWebKit/537.36 (KHTML, like Gecko) Chrome/120.0.0.0 Safari/537.36"
216.225.203.35 - - [21/Oct/2025:09:48:13 +1100] "POST /wp-login.php HTTP/1.1" 503 20076 "http://livremonami.nc/wp-admin/" "Mozilla/5.0 (X11; Linux x86_64) AppleWebKit/537.36 (KHTML, like Gecko) Chrome/140.0.0.0 Safari/537.36"
216.244.66.242 - - [21/Oct/2025:09:48:18 +1100] "GET /img_4050 HTTP/1.1" 200 99479 "-" "Mozilla/5.0 (compatible; DotBot/1.2; +https://opensiteexplorer.org/dotbot; help@moz.com)"
102.185.192.243 - - [21/Oct/2025:09:48:14 +1100] "POST /wp-comments-post.php HTTP/1.1" 500 2103 "-" "Mozilla/5.0 (Windows NT 10.0; Win64; x64) AppleWebKit/537.36 (KHTML, like Gecko) Chrome/120.0.0.0 Safari/537.36"
102.185.192.243 - - [21/Oct/2025:09:48:24 +1100] "POST /wp-comments-post.php HTTP/1.1" 500 2103 "-" "Mozilla/5.0 (Windows NT 10.0; Win64; x64) AppleWebKit/537.36 (KHTML, like Gecko) Chrome/120.0.0.0 Safari/537.36"
202.22.159.247 - - [21/Oct/2025:09:48:46 +1100] "POST /wp-cron.php?doing_wp_cron=1761000526.8181209564208984375000 HTTP/1.1" 200 243 "-" "WordPress/6.7.4; http://www.livremonami.nc"
216.244.66.242 - - [21/Oct/2025:09:48:46 +1100] "GET /p=11683/img_20250305_143145 HTTP/1.1" 200 100110 "-" "Mozilla/5.0 (compatible; DotBot/1.2; +https://opensiteexplorer.org/dotbot; help@moz.com)"
216.244.66.242 - - [21/Oct/2025:09:49:07 +1100] "GET /page/18?fbclid=IwY2xjawGHsxpleHRuA2FlbQIxMAABHcMLebANZlXePDFAUw7LZyMJA2gE52nLHu--N3zNCPqJfMPONOtEgOAuLg_aem_-ht6bwHn3zJEn1mav1qlMA HTTP/1.1" 200 127905 "-" "Mozilla/5.0 (compatible; DotBot/1.2; +https://opensiteexplorer.org/dotbot; help@moz.com)"
216.225.203.35 - - [21/Oct/2025:09:50:01 +1100] "GET /wp-login.php HTTP/1.1" 200 18373 "-" "Mozilla/5.0 (X11; Linux x86_64) AppleWebKit/537.36 (KHTML, like Gecko) Chrome/140.0.0.0 Safari/537.36"
216.225.203.35 - - [21/Oct/2025:09:50:02 +1100] "POST /wp-login.php HTTP/1.1" 503 20076 "http://livremonami.nc/wp-admin/" "Mozilla/5.0 (X11; Linux x86_64) AppleWebKit/537.36 (KHTML, like Gecko) Chrome/140.0.0.0 Safari/537.36"
202.22.159.247 - - [21/Oct/2025:09:50:33 +1100] "POST /wp-cron.php?doing_wp_cron=1761000633.4959049224853515625000 HTTP/1.1" 200 243 "-" "WordPress/6.7.4; http://www.livremonami.nc"
185.191.171.2 - - [21/Oct/2025:09:50:33 +1100] "GET /iris_deon HTTP/1.1" 200 28561 "-" "Mozilla/5.0 (compatible; SemrushBot/7~bl; +http://www.semrush.com/bot.html)"
51.68.247.204 - - [21/Oct/2025:09:50:47 +1100] "GET /p=4394/yate-6/feed HTTP/1.1" 200 958 "-" "Mozilla/5.0 (compatible; AhrefsBot/7.0; +http://ahrefs.com/robot/)"
110.249.201.43 - - [21/Oct/2025:09:51:14 +1100] "GET //robots.txt HTTP/1.1" 200 362 "-" "Mozilla/5.0 (Linux; Android 5.0) AppleWebKit/537.36 (KHTML, like Gecko) Mobile Safari/537.36 (compatible; Bytespider; https://zhanzhang.toutiao.com/)"
202.22.159.247 - - [21/Oct/2025:09:51:50 +1100] "POST /wp-cron.php?doing_wp_cron=1761000710.3347160816192626953125 HTTP/1.1" 200 243 "-" "WordPress/6.7.4; http://www.livremonami.nc"
216.225.203.35 - - [21/Oct/2025:09:51:50 +1100] "GET /wp-login.php HTTP/1.1" 200 18374 "-" "Mozilla/5.0 (X11; Linux x86_64) AppleWebKit/537.36 (KHTML, like Gecko) Chrome/140.0.0.0 Safari/537.36"
216.225.203.35 - - [21/Oct/2025:09:51:50 +1100] "POST /wp-login.php HTTP/1.1" 503 20076 "http://livremonami.nc/wp-admin/" "Mozilla/5.0 (X11; Linux x86_64) AppleWebKit/537.36 (KHTML, like Gecko) Chrome/140.0.0.0 Safari/537.36"
202.22.159.247 - - [21/Oct/2025:09:52:59 +1100] "POST /wp-cron.php?doing_wp_cron=1761000779.4870040416717529296875 HTTP/1.1" 200 243 "-" "WordPress/6.7.4; http://www.livremonami.nc"
114.119.133.108 - - [21/Oct/2025:09:52:59 +1100] "GET /page/60?matprin=archives&laureat=oui HTTP/1.1" 200 32118 "http://www.livremonami.nc?matprin=archives&laureat=oui&paged=59" "Mozilla/5.0 (Linux; Android 7.0;) AppleWebKit/537.36 (KHTML, like Gecko) Mobile Safari/537.36 (compatible; PetalBot;+https://webmaster.petalsearch.com/site/petalbot)"
94.23.188.221 - - [21/Oct/2025:09:53:37 +1100] "GET /p=11330/img_20241127_152315/feed HTTP/1.1" 200 976 "-" "Mozilla/5.0 (compatible; AhrefsBot/7.0; +http://ahrefs.com/robot/)"
216.225.203.35 - - [21/Oct/2025:09:53:37 +1100] "GET /wp-login.php HTTP/1.1" 200 18372 "-" "Mozilla/5.0 (X11; Linux x86_64) AppleWebKit/537.36 (KHTML, like Gecko) Chrome/140.0.0.0 Safari/537.36"
216.225.203.35 - - [21/Oct/2025:09:53:38 +1100] "POST /wp-login.php HTTP/1.1" 503 20076 "http://livremonami.nc/wp-admin/" "Mozilla/5.0 (X11; Linux x86_64) AppleWebKit/537.36 (KHTML, like Gecko) Chrome/140.0.0.0 Safari/537.36"
202.22.159.247 - - [21/Oct/2025:09:54:25 +1100] "POST /wp-cron.php?doing_wp_cron=1761000865.2311890125274658203125 HTTP/1.1" 200 243 "-" "WordPress/6.7.4; http://www.livremonami.nc"
114.119.133.108 - - [21/Oct/2025:09:54:25 +1100] "GET /p=category/accueil-laureat/page/17 HTTP/1.1" 200 29684 "http://www.livremonami.nc/p=category/accueil-laureat/page/17" "Mozilla/5.0 (Linux; Android 7.0;) AppleWebKit/537.36 (KHTML, like Gecko) Mobile Safari/537.36 (compatible; PetalBot;+https://webmaster.petalsearch.com/site/petalbot)"
202.22.159.247 - - [21/Oct/2025:09:55:03 +1100] "POST /wp-cron.php?doing_wp_cron=1761000903.6434309482574462890625 HTTP/1.1" 200 243 "-" "WordPress/6.7.4; http://www.livremonami.nc"
114.119.155.54 - - [21/Oct/2025:09:55:03 +1100] "GET /?paged=9 HTTP/1.1" 301 265 "http://www.livremonami.nc?paged=11" "Mozilla/5.0 (Linux; Android 7.0;) AppleWebKit/537.36 (KHTML, like Gecko) Mobile Safari/537.36 (compatible; PetalBot;+https://webmaster.petalsearch.com/site/petalbot)"
114.119.155.54 - - [21/Oct/2025:09:55:04 +1100] "GET /page/9 HTTP/1.1" 200 32348 "http://www.livremonami.nc?paged=11" "Mozilla/5.0 (Linux; Android 7.0;) AppleWebKit/537.36 (KHTML, like Gecko) Mobile Safari/537.36 (compatible; PetalBot;+https://webmaster.petalsearch.com/site/petalbot)"
216.225.203.35 - - [21/Oct/2025:09:55:23 +1100] "GET /wp-login.php HTTP/1.1" 200 18372 "-" "Mozilla/5.0 (X11; Linux x86_64) AppleWebKit/537.36 (KHTML, like Gecko) Chrome/140.0.0.0 Safari/537.36"
216.225.203.35 - - [21/Oct/2025:09:55:24 +1100] "POST /wp-login.php HTTP/1.1" 503 20076 "http://livremonami.nc/wp-admin/" "Mozilla/5.0 (X11; Linux x86_64) AppleWebKit/537.36 (KHTML, like Gecko) Chrome/140.0.0.0 Safari/537.36"
114.119.157.237 - - [21/Oct/2025:09:55:48 +1100] "GET /img_20191003_150929 HTTP/1.1" 200 28588 "http://www.livremonami.nc/?attachment_id=6032" "Mozilla/5.0 (Linux; Android 7.0;) AppleWebKit/537.36 (KHTML, like Gecko) Mobile Safari/537.36 (compatible; PetalBot;+https://webmaster.petalsearch.com/site/petalbot)"
202.22.159.247 - - [21/Oct/2025:09:56:13 +1100] "POST /wp-cron.php?doing_wp_cron=1761000973.5246450901031494140625 HTTP/1.1" 200 243 "-" "WordPress/6.7.4; http://www.livremonami.nc"
54.37.118.79 - - [21/Oct/2025:09:56:13 +1100] "GET /p=4970/comment-page-1 HTTP/1.1" 200 31176 "-" "Mozilla/5.0 (compatible; AhrefsBot/7.0; +http://ahrefs.com/robot/)"
216.225.203.35 - - [21/Oct/2025:09:57:09 +1100] "GET /wp-login.php HTTP/1.1" 200 18373 "-" "Mozilla/5.0 (X11; Linux x86_64) AppleWebKit/537.36 (KHTML, like Gecko) Chrome/140.0.0.0 Safari/537.36"
114.119.155.54 - - [21/Oct/2025:09:57:10 +1100] "GET /?author=0&paged=41 HTTP/1.1" 301 275 "http://www.livremonami.nc/?author=0&paged=40" "Mozilla/5.0 (Linux; Android 7.0;) AppleWebKit/537.36 (KHTML, like Gecko) Mobile Safari/537.36 (compatible; PetalBot;+https://webmaster.petalsearch.com/site/petalbot)"
216.225.203.35 - - [21/Oct/2025:09:57:09 +1100] "POST /wp-login.php HTTP/1.1" 503 20076 "http://livremonami.nc/wp-admin/" "Mozilla/5.0 (X11; Linux x86_64) AppleWebKit/537.36 (KHTML, like Gecko) Chrome/140.0.0.0 Safari/537.36"
114.119.155.54 - - [21/Oct/2025:09:57:11 +1100] "GET /page/41?author=0 HTTP/1.1" 200 32387 "http://www.livremonami.nc/?author=0&paged=40" "Mozilla/5.0 (Linux; Android 7.0;) AppleWebKit/537.36 (KHTML, like Gecko) Mobile Safari/537.36 (compatible; PetalBot;+https://webmaster.petalsearch.com/site/petalbot)"
202.22.159.247 - - [21/Oct/2025:09:58:56 +1100] "POST /wp-cron.php?doing_wp_cron=1761001136.8596100807189941406250 HTTP/1.1" 200 243 "-" "WordPress/6.7.4; http://www.livremonami.nc"
216.225.203.35 - - [21/Oct/2025:09:58:56 +1100] "GET /wp-login.php HTTP/1.1" 200 18373 "-" "Mozilla/5.0 (X11; Linux x86_64) AppleWebKit/537.36 (KHTML, like Gecko) Chrome/140.0.0.0 Safari/537.36"
216.225.203.35 - - [21/Oct/2025:09:58:57 +1100] "POST /wp-login.php HTTP/1.1" 503 20076 "http://livremonami.nc/wp-admin/" "Mozilla/5.0 (X11; Linux x86_64) AppleWebKit/537.36 (KHTML, like Gecko) Chrome/140.0.0.0 Safari/537.36"
176.31.139.23 - - [21/Oct/2025:09:59:16 +1100] "GET /p=3349/comment-page-1 HTTP/1.1" 200 29719 "-" "Mozilla/5.0 (compatible; AhrefsBot/7.0; +http://ahrefs.com/robot/)"
202.22.159.247 - - [21/Oct/2025:10:00:39 +1100] "POST /wp-cron.php?doing_wp_cron=1761001239.8050549030303955078125 HTTP/1.1" 200 243 "-" "WordPress/6.7.4; http://www.livremonami.nc"
20.171.207.55 - - [21/Oct/2025:10:00:39 +1100] "GET /?page_id=3041 HTTP/1.1" 301 274 "-" "Mozilla/5.0 AppleWebKit/537.36 (KHTML, like Gecko; compatible; GPTBot/1.2; +https://openai.com/gptbot)"
20.171.207.55 - - [21/Oct/2025:10:00:40 +1100] "GET /20-ans-les-laureats-se-souviennent HTTP/1.1" 200 44798 "-" "Mozilla/5.0 AppleWebKit/537.36 (KHTML, like Gecko; compatible; GPTBot/1.2; +https://openai.com/gptbot)"
20.171.207.55 - - [21/Oct/2025:10:00:42 +1100] "GET /?p=3041 HTTP/1.1" 301 367 "-" "Mozilla/5.0 AppleWebKit/537.36 (KHTML, like Gecko; compatible; GPTBot/1.2; +https://openai.com/gptbot)"
20.171.207.55 - - [21/Oct/2025:10:00:42 +1100] "GET /20-ans-les-laureats-se-souviennent HTTP/1.1" 200 44605 "-" "Mozilla/5.0 AppleWebKit/537.36 (KHTML, like Gecko; compatible; GPTBot/1.2; +https://openai.com/gptbot)"
216.225.203.35 - - [21/Oct/2025:10:00:45 +1100] "GET /wp-login.php HTTP/1.1" 200 18373 "-" "Mozilla/5.0 (X11; Linux x86_64) AppleWebKit/537.36 (KHTML, like Gecko) Chrome/140.0.0.0 Safari/537.36"
216.225.203.35 - - [21/Oct/2025:10:00:46 +1100] "POST /wp-login.php HTTP/1.1" 503 20076 "http://livremonami.nc/wp-admin/" "Mozilla/5.0 (X11; Linux x86_64) AppleWebKit/537.36 (KHTML, like Gecko) Chrome/140.0.0.0 Safari/537.36"
202.22.159.247 - - [21/Oct/2025:10:01:46 +1100] "POST /wp-cron.php?doing_wp_cron=1761001306.6962680816650390625000 HTTP/1.1" 200 243 "-" "WordPress/6.7.4; http://www.livremonami.nc"
216.244.66.242 - - [21/Oct/2025:10:01:46 +1100] "GET /page/31?matprin=calendrier_2013 HTTP/1.1" 200 127987 "-" "Mozilla/5.0 (compatible; DotBot/1.2; +https://opensiteexplorer.org/dotbot; help@moz.com)"
92.222.108.100 - - [21/Oct/2025:10:02:18 +1100] "GET /p=4493/b8eb HTTP/1.1" 200 29211 "-" "Mozilla/5.0 (compatible; AhrefsBot/7.0; +http://ahrefs.com/robot/)"
216.225.203.35 - - [21/Oct/2025:10:02:30 +1100] "GET /wp-login.php HTTP/1.1" 200 18374 "-" "Mozilla/5.0 (X11; Linux x86_64) AppleWebKit/537.36 (KHTML, like Gecko) Chrome/140.0.0.0 Safari/537.36"
216.225.203.35 - - [21/Oct/2025:10:02:31 +1100] "POST /wp-login.php HTTP/1.1" 503 20076 "http://livremonami.nc/wp-admin/" "Mozilla/5.0 (X11; Linux x86_64) AppleWebKit/537.36 (KHTML, like Gecko) Chrome/140.0.0.0 Safari/537.36"
202.22.159.247 - - [21/Oct/2025:10:04:15 +1100] "POST /wp-cron.php?doing_wp_cron=1761001455.8833539485931396484375 HTTP/1.1" 200 243 "-" "WordPress/6.7.4; http://www.livremonami.nc"
216.225.203.35 - - [21/Oct/2025:10:04:15 +1100] "GET /wp-login.php HTTP/1.1" 200 18373 "-" "Mozilla/5.0 (X11; Linux x86_64) AppleWebKit/537.36 (KHTML, like Gecko) Chrome/140.0.0.0 Safari/537.36"
51.75.236.151 - - [21/Oct/2025:10:04:16 +1100] "GET /p=4598/img_2265/feed HTTP/1.1" 200 964 "-" "Mozilla/5.0 (compatible; AhrefsBot/7.0; +http://ahrefs.com/robot/)"
216.225.203.35 - - [21/Oct/2025:10:04:16 +1100] "POST /wp-login.php HTTP/1.1" 503 20076 "http://livremonami.nc/wp-admin/" "Mozilla/5.0 (X11; Linux x86_64) AppleWebKit/537.36 (KHTML, like Gecko) Chrome/140.0.0.0 Safari/537.36"
202.22.159.247 - - [21/Oct/2025:10:05:59 +1100] "POST /wp-cron.php?doing_wp_cron=1761001559.7923591136932373046875 HTTP/1.1" 200 243 "-" "WordPress/6.7.4; http://www.livremonami.nc"
