45.134.225.130 - - [21/Oct/2025:02:16:05 +1100] "GET /wp-admin/index.php HTTP/1.1" 302 435 "http://www.livremonami.nc/wp-login.php" "Mozilla/5.0 (Macintosh; Intel Mac OS X 10_15_7; rv:119.0) Gecko/20100101 Firefox/119.0"
45.134.225.130 - - [21/Oct/2025:02:16:05 +1100] "GET /wp-login.php?redirect_to=http%3A%2F%2Fwww.livremonami.nc%2Fwp-admin%2Findex.php&reauth=1 HTTP/1.1" 200 20416 "http://www.livremonami.nc/wp-login.php" "Mozilla/5.0 (Macintosh; Intel Mac OS X 10_15_7; rv:119.0) Gecko/20100101 Firefox/119.0"
45.134.225.130 - - [21/Oct/2025:02:16:06 +1100] "POST /wp-login.php HTTP/1.1" 503 20076 "http://www.livremonami.nc/wp-login.php" "Mozilla/5.0 (Windows NT 11.0; Win64; x64) AppleWebKit/537.36 (KHTML, like Gecko) Chrome/121.0.0.0 Safari/537.36"
45.134.225.130 - - [21/Oct/2025:02:16:08 +1100] "GET /wp-admin/index.php HTTP/1.1" 302 435 "http://www.livremonami.nc/wp-login.php" "Mozilla/5.0 (Windows NT 10.0; Win64; x64) AppleWebKit/537.36 (KHTML, like Gecko) Chrome/118.0.0.0 Safari/537.36"
45.134.225.130 - - [21/Oct/2025:02:16:08 +1100] "GET /wp-login.php?redirect_to=http%3A%2F%2Fwww.livremonami.nc%2Fwp-admin%2Findex.php&reauth=1 HTTP/1.1" 200 20415 "http://www.livremonami.nc/wp-login.php" "Mozilla/5.0 (Windows NT 10.0; Win64; x64) AppleWebKit/537.36 (KHTML, like Gecko) Chrome/118.0.0.0 Safari/537.36"
45.134.225.130 - - [21/Oct/2025:02:16:09 +1100] "POST /wp-login.php HTTP/1.1" 503 20076 "http://www.livremonami.nc/wp-login.php" "Mozilla/5.0 (Windows NT 11.0; Win64; x64; rv:119.0) Gecko/20100101 Firefox/119.0"
45.134.225.130 - - [21/Oct/2025:02:16:11 +1100] "GET /wp-admin/index.php HTTP/1.1" 302 435 "http://www.livremonami.nc/wp-login.php" "Mozilla/5.0 (Macintosh; Intel Mac OS X 13_6_1) AppleWebKit/605.1.15 (KHTML, like Gecko) Version/16.6 Safari/605.1.15"
45.134.225.130 - - [21/Oct/2025:02:16:12 +1100] "GET /wp-login.php?redirect_to=http%3A%2F%2Fwww.livremonami.nc%2Fwp-admin%2Findex.php&reauth=1 HTTP/1.1" 200 20415 "http://www.livremonami.nc/wp-login.php" "Mozilla/5.0 (Macintosh; Intel Mac OS X 13_6_1) AppleWebKit/605.1.15 (KHTML, like Gecko) Version/16.6 Safari/605.1.15"
45.134.225.130 - - [21/Oct/2025:02:16:13 +1100] "POST /wp-login.php HTTP/1.1" 503 20076 "http://www.livremonami.nc/wp-login.php" "Mozilla/5.0 (Macintosh; Intel Mac OS X 13_6_1) AppleWebKit/537.36 (KHTML, like Gecko) Chrome/118.0.0.0 Safari/537.36"
45.134.225.130 - - [21/Oct/2025:02:16:15 +1100] "GET /wp-admin/index.php HTTP/1.1" 302 435 "http://www.livremonami.nc/wp-login.php" "Mozilla/5.0 (Windows NT 11.0; Win64; x64) AppleWebKit/537.36 (KHTML, like Gecko) Chrome/119.0.0.0 Safari/537.36"
45.134.225.130 - - [21/Oct/2025:02:16:15 +1100] "GET /wp-login.php?redirect_to=http%3A%2F%2Fwww.livremonami.nc%2Fwp-admin%2Findex.php&reauth=1 HTTP/1.1" 200 20416 "http://www.livremonami.nc/wp-login.php" "Mozilla/5.0 (Windows NT 11.0; Win64; x64) AppleWebKit/537.36 (KHTML, like Gecko) Chrome/119.0.0.0 Safari/537.36"
45.134.225.130 - - [21/Oct/2025:02:16:17 +1100] "POST /wp-login.php HTTP/1.1" 503 20076 "http://www.livremonami.nc/wp-login.php" "Mozilla/5.0 (Windows NT 10.0; Win64; x64; rv:118.0) Gecko/20100101 Firefox/118.0"
45.134.225.130 - - [21/Oct/2025:02:16:18 +1100] "GET /wp-admin/index.php HTTP/1.1" 302 435 "http://www.livremonami.nc/wp-login.php" "Mozilla/5.0 (X11; Ubuntu; Linux x86_64) AppleWebKit/537.36 (KHTML, like Gecko) Chrome/119.0.0.0 Safari/537.36"
45.134.225.130 - - [21/Oct/2025:02:16:19 +1100] "GET /wp-login.php?redirect_to=http%3A%2F%2Fwww.livremonami.nc%2Fwp-admin%2Findex.php&reauth=1 HTTP/1.1" 200 20415 "http://www.livremonami.nc/wp-login.php" "Mozilla/5.0 (X11; Ubuntu; Linux x86_64) AppleWebKit/537.36 (KHTML, like Gecko) Chrome/119.0.0.0 Safari/537.36"
45.134.225.130 - - [21/Oct/2025:02:16:20 +1100] "POST /wp-login.php HTTP/1.1" 503 20076 "http://www.livremonami.nc/wp-login.php" "Mozilla/5.0 (Windows NT 10.0; Win64; x64) AppleWebKit/537.36 (KHTML, like Gecko) Chrome/119.0.0.0 Safari/537.36"
45.134.225.130 - - [21/Oct/2025:02:16:21 +1100] "GET /wp-admin/index.php HTTP/1.1" 302 435 "http://www.livremonami.nc/wp-login.php" "Mozilla/5.0 (Macintosh; Intel Mac OS X 13_6_1) AppleWebKit/605.1.15 (KHTML, like Gecko) Version/17.2 Safari/605.1.15"
45.134.225.130 - - [21/Oct/2025:02:16:22 +1100] "GET /wp-login.php?redirect_to=http%3A%2F%2Fwww.livremonami.nc%2Fwp-admin%2Findex.php&reauth=1 HTTP/1.1" 200 20415 "http://www.livremonami.nc/wp-login.php" "Mozilla/5.0 (Macintosh; Intel Mac OS X 13_6_1) AppleWebKit/605.1.15 (KHTML, like Gecko) Version/17.2 Safari/605.1.15"
45.134.225.130 - - [21/Oct/2025:02:16:23 +1100] "POST /wp-login.php HTTP/1.1" 503 20076 "http://www.livremonami.nc/wp-login.php" "Mozilla/5.0 (Macintosh; Intel Mac OS X 10_15_7) AppleWebKit/605.1.15 (KHTML, like Gecko) Version/17.2 Safari/605.1.15"
45.134.225.130 - - [21/Oct/2025:02:16:25 +1100] "GET /wp-admin/index.php HTTP/1.1" 302 435 "http://www.livremonami.nc/wp-login.php" "Mozilla/5.0 (Macintosh; Intel Mac OS X 13_6_1; rv:120.0) Gecko/20100101 Firefox/120.0"
45.134.225.130 - - [21/Oct/2025:02:16:26 +1100] "GET /wp-login.php?redirect_to=http%3A%2F%2Fwww.livremonami.nc%2Fwp-admin%2Findex.php&reauth=1 HTTP/1.1" 200 20415 "http://www.livremonami.nc/wp-login.php" "Mozilla/5.0 (Macintosh; Intel Mac OS X 13_6_1; rv:120.0) Gecko/20100101 Firefox/120.0"
202.22.159.247 - - [21/Oct/2025:02:16:39 +1100] "POST /wp-cron.php?doing_wp_cron=1760973399.4601891040802001953125 HTTP/1.1" 200 243 "-" "WordPress/6.7.4; http://www.livremonami.nc"
45.134.225.130 - - [21/Oct/2025:02:16:39 +1100] "POST /wp-login.php HTTP/1.1" 503 20076 "http://www.livremonami.nc/wp-login.php" "Mozilla/5.0 (Macintosh; Intel Mac OS X 13_6_1; rv:119.0) Gecko/20100101 Firefox/119.0"
45.134.225.130 - - [21/Oct/2025:02:16:41 +1100] "GET /wp-admin/index.php HTTP/1.1" 302 435 "http://www.livremonami.nc/wp-login.php" "Mozilla/5.0 (Macintosh; Intel Mac OS X 10_15_7) AppleWebKit/605.1.15 (KHTML, like Gecko) Version/17.0 Safari/605.1.15"
45.134.225.130 - - [21/Oct/2025:02:16:42 +1100] "GET /wp-login.php?redirect_to=http%3A%2F%2Fwww.livremonami.nc%2Fwp-admin%2Findex.php&reauth=1 HTTP/1.1" 200 20417 "http://www.livremonami.nc/wp-login.php" "Mozilla/5.0 (Macintosh; Intel Mac OS X 10_15_7) AppleWebKit/605.1.15 (KHTML, like Gecko) Version/17.0 Safari/605.1.15"
45.134.225.130 - - [21/Oct/2025:02:16:43 +1100] "POST /wp-login.php HTTP/1.1" 503 20076 "http://www.livremonami.nc/wp-login.php" "Mozilla/5.0 (Macintosh; Intel Mac OS X 13_6_1) AppleWebKit/605.1.15 (KHTML, like Gecko) Version/17.0 Safari/605.1.15"
45.134.225.130 - - [21/Oct/2025:02:16:44 +1100] "GET /wp-admin/index.php HTTP/1.1" 302 435 "http://www.livremonami.nc/wp-login.php" "Mozilla/5.0 (Macintosh; Intel Mac OS X 10_15_7) AppleWebKit/605.1.15 (KHTML, like Gecko) Version/17.1 Safari/605.1.15"
45.134.225.130 - - [21/Oct/2025:02:16:45 +1100] "GET /wp-login.php?redirect_to=http%3A%2F%2Fwww.livremonami.nc%2Fwp-admin%2Findex.php&reauth=1 HTTP/1.1" 200 20416 "http://www.livremonami.nc/wp-login.php" "Mozilla/5.0 (Macintosh; Intel Mac OS X 10_15_7) AppleWebKit/605.1.15 (KHTML, like Gecko) Version/17.1 Safari/605.1.15"
45.134.225.130 - - [21/Oct/2025:02:16:46 +1100] "POST /wp-login.php HTTP/1.1" 503 20076 "http://www.livremonami.nc/wp-login.php" "Mozilla/5.0 (Macintosh; Intel Mac OS X 13_6_1) AppleWebKit/605.1.15 (KHTML, like Gecko) Version/17.2 Safari/605.1.15"
45.134.225.130 - - [21/Oct/2025:02:16:47 +1100] "GET /wp-admin/index.php HTTP/1.1" 302 435 "http://www.livremonami.nc/wp-login.php" "Mozilla/5.0 (Macintosh; Intel Mac OS X 13_6_1; rv:121.0) Gecko/20100101 Firefox/121.0"
45.134.225.130 - - [21/Oct/2025:02:16:48 +1100] "GET /wp-login.php?redirect_to=http%3A%2F%2Fwww.livremonami.nc%2Fwp-admin%2Findex.php&reauth=1 HTTP/1.1" 200 20414 "http://www.livremonami.nc/wp-login.php" "Mozilla/5.0 (Macintosh; Intel Mac OS X 13_6_1; rv:121.0) Gecko/20100101 Firefox/121.0"
45.134.225.130 - - [21/Oct/2025:02:16:48 +1100] "POST /wp-login.php HTTP/1.1" 503 20076 "http://www.livremonami.nc/wp-login.php" "Mozilla/5.0 (Macintosh; Intel Mac OS X 10_15_7; rv:119.0) Gecko/20100101 Firefox/119.0"
45.134.225.130 - - [21/Oct/2025:02:16:51 +1100] "GET /wp-admin/index.php HTTP/1.1" 302 435 "http://www.livremonami.nc/wp-login.php" "Mozilla/5.0 (Macintosh; Intel Mac OS X 13_6_1; rv:121.0) Gecko/20100101 Firefox/121.0"
45.134.225.130 - - [21/Oct/2025:02:16:51 +1100] "GET /wp-login.php?redirect_to=http%3A%2F%2Fwww.livremonami.nc%2Fwp-admin%2Findex.php&reauth=1 HTTP/1.1" 200 20412 "http://www.livremonami.nc/wp-login.php" "Mozilla/5.0 (Macintosh; Intel Mac OS X 13_6_1; rv:121.0) Gecko/20100101 Firefox/121.0"
51.195.244.105 - - [21/Oct/2025:02:16:52 +1100] "GET /wp-content/uploads/2014/11/1030a06-120x90.jpg HTTP/1.1" 200 6190 "-" "Mozilla/5.0 (compatible; AhrefsBot/7.0; +http://ahrefs.com/robot/)"
51.89.129.16 - - [21/Oct/2025:02:16:53 +1100] "GET /wp-content/uploads/2014/11/1030a04-120x90.jpg HTTP/1.1" 200 6581 "-" "Mozilla/5.0 (compatible; AhrefsBot/7.0; +http://ahrefs.com/robot/)"
45.134.225.130 - - [21/Oct/2025:02:16:53 +1100] "POST /wp-login.php HTTP/1.1" 503 20076 "http://www.livremonami.nc/wp-login.php" "Mozilla/5.0 (X11; Ubuntu; Linux x86_64) AppleWebKit/537.36 (KHTML, like Gecko) Chrome/120.0.0.0 Safari/537.36"
51.89.129.222 - - [21/Oct/2025:02:16:54 +1100] "GET /wp-content/uploads/2014/11/1030a02-120x90.jpg HTTP/1.1" 200 5887 "-" "Mozilla/5.0 (compatible; AhrefsBot/7.0; +http://ahrefs.com/robot/)"
45.134.225.130 - - [21/Oct/2025:02:16:54 +1100] "GET /wp-admin/index.php HTTP/1.1" 302 435 "http://www.livremonami.nc/wp-login.php" "Mozilla/5.0 (Windows NT 10.0; Win64; x64) AppleWebKit/537.36 (KHTML, like Gecko) Chrome/119.0.0.0 Safari/537.36"
45.134.225.130 - - [21/Oct/2025:02:16:55 +1100] "GET /wp-login.php?redirect_to=http%3A%2F%2Fwww.livremonami.nc%2Fwp-admin%2Findex.php&reauth=1 HTTP/1.1" 200 20414 "http://www.livremonami.nc/wp-login.php" "Mozilla/5.0 (Windows NT 10.0; Win64; x64) AppleWebKit/537.36 (KHTML, like Gecko) Chrome/119.0.0.0 Safari/537.36"
54.38.147.16 - - [21/Oct/2025:02:16:55 +1100] "GET /wp-content/uploads/2014/11/1030a07-120x90.jpg HTTP/1.1" 200 6763 "-" "Mozilla/5.0 (compatible; AhrefsBot/7.0; +http://ahrefs.com/robot/)"
45.134.225.130 - - [21/Oct/2025:02:16:56 +1100] "POST /wp-login.php HTTP/1.1" 503 20076 "http://www.livremonami.nc/wp-login.php" "Mozilla/5.0 (Macintosh; Intel Mac OS X 13_6_1; rv:119.0) Gecko/20100101 Firefox/119.0"
51.195.183.168 - - [21/Oct/2025:02:16:56 +1100] "GET /wp-content/uploads/2014/11/1030a03-120x90.jpg HTTP/1.1" 200 5942 "-" "Mozilla/5.0 (compatible; AhrefsBot/7.0; +http://ahrefs.com/robot/)"
45.134.225.130 - - [21/Oct/2025:02:16:57 +1100] "GET /wp-admin/index.php HTTP/1.1" 302 435 "http://www.livremonami.nc/wp-login.php" "Mozilla/5.0 (Macintosh; Intel Mac OS X 10_15_7) AppleWebKit/605.1.15 (KHTML, like Gecko) Version/17.1 Safari/605.1.15"
198.244.242.31 - - [21/Oct/2025:02:16:58 +1100] "GET /wp-content/uploads/2014/11/1030a08-120x90.jpg HTTP/1.1" 200 6812 "-" "Mozilla/5.0 (compatible; AhrefsBot/7.0; +http://ahrefs.com/robot/)"
45.134.225.130 - - [21/Oct/2025:02:16:58 +1100] "GET /wp-login.php?redirect_to=http%3A%2F%2Fwww.livremonami.nc%2Fwp-admin%2Findex.php&reauth=1 HTTP/1.1" 200 20414 "http://www.livremonami.nc/wp-login.php" "Mozilla/5.0 (Macintosh; Intel Mac OS X 10_15_7) AppleWebKit/605.1.15 (KHTML, like Gecko) Version/17.1 Safari/605.1.15"
45.134.225.130 - - [21/Oct/2025:02:16:59 +1100] "POST /wp-login.php HTTP/1.1" 503 20076 "http://www.livremonami.nc/wp-login.php" "Mozilla/5.0 (X11; Ubuntu; Linux x86_64) AppleWebKit/537.36 (KHTML, like Gecko) Chrome/120.0.0.0 Safari/537.36"
54.38.147.83 - - [21/Oct/2025:02:16:59 +1100] "GET /wp-content/uploads/2014/11/1030a05-120x90.jpg HTTP/1.1" 200 6811 "-" "Mozilla/5.0 (compatible; AhrefsBot/7.0; +http://ahrefs.com/robot/)"
198.244.242.244 - - [21/Oct/2025:02:17:00 +1100] "GET /wp-content/uploads/2014/11/1030p01-120x90.jpg HTTP/1.1" 200 6501 "-" "Mozilla/5.0 (compatible; AhrefsBot/7.0; +http://ahrefs.com/robot/)"
45.134.225.130 - - [21/Oct/2025:02:17:01 +1100] "GET /wp-admin/index.php HTTP/1.1" 302 435 "http://www.livremonami.nc/wp-login.php" "Mozilla/5.0 (Windows NT 10.0; Win64; x64) AppleWebKit/537.36 (KHTML, like Gecko) Chrome/119.0.0.0 Safari/537.36"
45.134.225.130 - - [21/Oct/2025:02:17:02 +1100] "GET /wp-login.php?redirect_to=http%3A%2F%2Fwww.livremonami.nc%2Fwp-admin%2Findex.php&reauth=1 HTTP/1.1" 200 20415 "http://www.livremonami.nc/wp-login.php" "Mozilla/5.0 (Windows NT 10.0; Win64; x64) AppleWebKit/537.36 (KHTML, like Gecko) Chrome/119.0.0.0 Safari/537.36"
45.134.225.130 - - [21/Oct/2025:02:17:02 +1100] "POST /wp-login.php HTTP/1.1" 503 20076 "http://www.livremonami.nc/wp-login.php" "Mozilla/5.0 (Windows NT 10.0; Win64; x64; rv:121.0) Gecko/20100101 Firefox/121.0"
45.134.225.130 - - [21/Oct/2025:02:17:03 +1100] "GET /wp-admin/index.php HTTP/1.1" 302 435 "http://www.livremonami.nc/wp-login.php" "Mozilla/5.0 (Macintosh; Intel Mac OS X 10_15_7; rv:118.0) Gecko/20100101 Firefox/118.0"
45.134.225.130 - - [21/Oct/2025:02:17:04 +1100] "GET /wp-login.php?redirect_to=http%3A%2F%2Fwww.livremonami.nc%2Fwp-admin%2Findex.php&reauth=1 HTTP/1.1" 200 20415 "http://www.livremonami.nc/wp-login.php" "Mozilla/5.0 (Macintosh; Intel Mac OS X 10_15_7; rv:118.0) Gecko/20100101 Firefox/118.0"
45.134.225.130 - - [21/Oct/2025:02:17:05 +1100] "POST /wp-login.php HTTP/1.1" 503 20076 "http://www.livremonami.nc/wp-login.php" "Mozilla/5.0 (Windows NT 10.0; Win64; x64) AppleWebKit/537.36 (KHTML, like Gecko) Chrome/118.0.0.0 Safari/537.36"
45.134.225.130 - - [21/Oct/2025:02:17:06 +1100] "GET /wp-admin/index.php HTTP/1.1" 302 435 "http://www.livremonami.nc/wp-login.php" "Mozilla/5.0 (Windows NT 11.0; Win64; x64) AppleWebKit/537.36 (KHTML, like Gecko) Chrome/119.0.0.0 Safari/537.36"
45.134.225.130 - - [21/Oct/2025:02:17:07 +1100] "GET /wp-login.php?redirect_to=http%3A%2F%2Fwww.livremonami.nc%2Fwp-admin%2Findex.php&reauth=1 HTTP/1.1" 200 20414 "http://www.livremonami.nc/wp-login.php" "Mozilla/5.0 (Windows NT 11.0; Win64; x64) AppleWebKit/537.36 (KHTML, like Gecko) Chrome/119.0.0.0 Safari/537.36"
45.134.225.130 - - [21/Oct/2025:02:17:07 +1100] "POST /wp-login.php HTTP/1.1" 503 20076 "http://www.livremonami.nc/wp-login.php" "Mozilla/5.0 (Macintosh; Intel Mac OS X 13_6_1) AppleWebKit/605.1.15 (KHTML, like Gecko) Version/17.1 Safari/605.1.15"
45.134.225.130 - - [21/Oct/2025:02:17:08 +1100] "GET /wp-admin/index.php HTTP/1.1" 302 435 "http://www.livremonami.nc/wp-login.php" "Mozilla/5.0 (Windows NT 11.0; Win64; x64; rv:119.0) Gecko/20100101 Firefox/119.0"
45.134.225.130 - - [21/Oct/2025:02:17:09 +1100] "GET /wp-login.php?redirect_to=http%3A%2F%2Fwww.livremonami.nc%2Fwp-admin%2Findex.php&reauth=1 HTTP/1.1" 200 20414 "http://www.livremonami.nc/wp-login.php" "Mozilla/5.0 (Windows NT 11.0; Win64; x64; rv:119.0) Gecko/20100101 Firefox/119.0"
173.252.83.47 - - [21/Oct/2025:02:17:09 +1100] "GET /wp-content/uploads/2024/11/Yves_Pinguilly-Festival_international_de_geographie_2011.jpg HTTP/1.1" 200 311351 "-" "facebookexternalhit/1.1 (+http://www.facebook.com/externalhit_uatext.php)"
54.38.147.131 - - [21/Oct/2025:02:17:11 +1100] "GET /p=1550 HTTP/1.1" 200 29680 "-" "Mozilla/5.0 (compatible; AhrefsBot/7.0; +http://ahrefs.com/robot/)"
45.134.225.130 - - [21/Oct/2025:02:17:29 +1100] "POST /wp-login.php HTTP/1.1" 503 20076 "http://www.livremonami.nc/wp-login.php" "Mozilla/5.0 (Windows NT 10.0; Win64; x64; rv:121.0) Gecko/20100101 Firefox/121.0"
112.86.225.186 - - [21/Oct/2025:02:17:30 +1100] "GET / HTTP/1.1" 200 32455 "-" "Sogou web spider/4.0(+http://www.sogou.com/docs/help/webmasters.htm#07)"
45.134.225.130 - - [21/Oct/2025:02:17:32 +1100] "GET /wp-admin/index.php HTTP/1.1" 302 435 "http://www.livremonami.nc/wp-login.php" "Mozilla/5.0 (Macintosh; Intel Mac OS X 13_6_1) AppleWebKit/537.36 (KHTML, like Gecko) Chrome/121.0.0.0 Safari/537.36"
45.134.225.130 - - [21/Oct/2025:02:17:33 +1100] "GET /wp-login.php?redirect_to=http%3A%2F%2Fwww.livremonami.nc%2Fwp-admin%2Findex.php&reauth=1 HTTP/1.1" 200 20417 "http://www.livremonami.nc/wp-login.php" "Mozilla/5.0 (Macintosh; Intel Mac OS X 13_6_1) AppleWebKit/537.36 (KHTML, like Gecko) Chrome/121.0.0.0 Safari/537.36"
45.134.225.130 - - [21/Oct/2025:02:17:34 +1100] "POST /wp-login.php HTTP/1.1" 503 20076 "http://www.livremonami.nc/wp-login.php" "Mozilla/5.0 (Windows NT 10.0; Win64; x64; rv:119.0) Gecko/20100101 Firefox/119.0"
45.134.225.130 - - [21/Oct/2025:02:17:36 +1100] "GET /wp-admin/index.php HTTP/1.1" 302 435 "http://www.livremonami.nc/wp-login.php" "Mozilla/5.0 (Windows NT 10.0; Win64; x64) AppleWebKit/537.36 (KHTML, like Gecko) Chrome/118.0.0.0 Safari/537.36"
45.134.225.130 - - [21/Oct/2025:02:17:36 +1100] "GET /wp-login.php?redirect_to=http%3A%2F%2Fwww.livremonami.nc%2Fwp-admin%2Findex.php&reauth=1 HTTP/1.1" 200 20416 "http://www.livremonami.nc/wp-login.php" "Mozilla/5.0 (Windows NT 10.0; Win64; x64) AppleWebKit/537.36 (KHTML, like Gecko) Chrome/118.0.0.0 Safari/537.36"
45.134.225.130 - - [21/Oct/2025:02:17:37 +1100] "POST /wp-login.php HTTP/1.1" 503 20076 "http://www.livremonami.nc/wp-login.php" "Mozilla/5.0 (Macintosh; Intel Mac OS X 10_15_7) AppleWebKit/537.36 (KHTML, like Gecko) Chrome/120.0.0.0 Safari/537.36"
45.134.225.130 - - [21/Oct/2025:02:17:38 +1100] "GET /wp-admin/index.php HTTP/1.1" 302 435 "http://www.livremonami.nc/wp-login.php" "Mozilla/5.0 (Windows NT 10.0; Win64; x64) AppleWebKit/537.36 (KHTML, like Gecko) Chrome/119.0.0.0 Safari/537.36"
45.134.225.130 - - [21/Oct/2025:02:17:39 +1100] "GET /wp-login.php?redirect_to=http%3A%2F%2Fwww.livremonami.nc%2Fwp-admin%2Findex.php&reauth=1 HTTP/1.1" 200 20415 "http://www.livremonami.nc/wp-login.php" "Mozilla/5.0 (Windows NT 10.0; Win64; x64) AppleWebKit/537.36 (KHTML, like Gecko) Chrome/119.0.0.0 Safari/537.36"
45.134.225.130 - - [21/Oct/2025:02:17:40 +1100] "POST /wp-login.php HTTP/1.1" 503 20076 "http://www.livremonami.nc/wp-login.php" "Mozilla/5.0 (Windows NT 11.0; Win64; x64; rv:121.0) Gecko/20100101 Firefox/121.0"
45.134.225.130 - - [21/Oct/2025:02:17:41 +1100] "GET /wp-admin/index.php HTTP/1.1" 302 435 "http://www.livremonami.nc/wp-login.php" "Mozilla/5.0 (Macintosh; Intel Mac OS X 10_15_7) AppleWebKit/605.1.15 (KHTML, like Gecko) Version/17.2 Safari/605.1.15"
45.134.225.130 - - [21/Oct/2025:02:17:41 +1100] "GET /wp-login.php?redirect_to=http%3A%2F%2Fwww.livremonami.nc%2Fwp-admin%2Findex.php&reauth=1 HTTP/1.1" 200 20414 "http://www.livremonami.nc/wp-login.php" "Mozilla/5.0 (Macintosh; Intel Mac OS X 10_15_7) AppleWebKit/605.1.15 (KHTML, like Gecko) Version/17.2 Safari/605.1.15"
45.134.225.130 - - [21/Oct/2025:02:17:42 +1100] "POST /wp-login.php HTTP/1.1" 503 20076 "http://www.livremonami.nc/wp-login.php" "Mozilla/5.0 (Windows NT 10.0; Win64; x64; rv:121.0) Gecko/20100101 Firefox/121.0"
45.134.225.130 - - [21/Oct/2025:02:17:43 +1100] "GET /wp-admin/index.php HTTP/1.1" 302 435 "http://www.livremonami.nc/wp-login.php" "Mozilla/5.0 (Macintosh; Intel Mac OS X 13_6_1) AppleWebKit/537.36 (KHTML, like Gecko) Chrome/119.0.0.0 Safari/537.36"
217.113.196.71 - - [21/Oct/2025:02:17:44 +1100] "GET /robots.txt HTTP/1.1" 200 362 "-" "Mozilla/5.0 (compatible; IbouBot/1.0; +bot@ibou.io; +https://ibou.io/iboubot.html)"
45.134.225.130 - - [21/Oct/2025:02:17:44 +1100] "GET /wp-login.php?redirect_to=http%3A%2F%2Fwww.livremonami.nc%2Fwp-admin%2Findex.php&reauth=1 HTTP/1.1" 200 20416 "http://www.livremonami.nc/wp-login.php" "Mozilla/5.0 (Macintosh; Intel Mac OS X 13_6_1) AppleWebKit/537.36 (KHTML, like Gecko) Chrome/119.0.0.0 Safari/537.36"
45.134.225.130 - - [21/Oct/2025:02:17:45 +1100] "POST /wp-login.php HTTP/1.1" 503 20076 "http://www.livremonami.nc/wp-login.php" "Mozilla/5.0 (Windows NT 11.0; Win64; x64; rv:120.0) Gecko/20100101 Firefox/120.0"
198.244.168.16 - - [21/Oct/2025:02:17:46 +1100] "GET /wp-content/uploads/2018/10/DSCN3551-300x169.jpg HTTP/1.1" 200 86954 "-" "Mozilla/5.0 (compatible; AhrefsBot/7.0; +http://ahrefs.com/robot/)"
45.134.225.130 - - [21/Oct/2025:02:17:47 +1100] "GET /wp-admin/index.php HTTP/1.1" 302 435 "http://www.livremonami.nc/wp-login.php" "Mozilla/5.0 (Macintosh; Intel Mac OS X 10_15_7; rv:120.0) Gecko/20100101 Firefox/120.0"
45.134.225.130 - - [21/Oct/2025:02:17:47 +1100] "GET /wp-login.php?redirect_to=http%3A%2F%2Fwww.livremonami.nc%2Fwp-admin%2Findex.php&reauth=1 HTTP/1.1" 200 20413 "http://www.livremonami.nc/wp-login.php" "Mozilla/5.0 (Macintosh; Intel Mac OS X 10_15_7; rv:120.0) Gecko/20100101 Firefox/120.0"
51.89.129.247 - - [21/Oct/2025:02:17:49 +1100] "GET /wp-content/uploads/2018/10/DSCN3565-300x169.jpg HTTP/1.1" 200 86174 "-" "Mozilla/5.0 (compatible; AhrefsBot/7.0; +http://ahrefs.com/robot/)"
45.134.225.130 - - [21/Oct/2025:02:17:48 +1100] "POST /wp-login.php HTTP/1.1" 503 20076 "http://www.livremonami.nc/wp-login.php" "Mozilla/5.0 (Macintosh; Intel Mac OS X 10_15_7) AppleWebKit/537.36 (KHTML, like Gecko) Chrome/120.0.0.0 Safari/537.36"
45.134.225.130 - - [21/Oct/2025:02:17:50 +1100] "GET /wp-admin/index.php HTTP/1.1" 302 435 "http://www.livremonami.nc/wp-login.php" "Mozilla/5.0 (Macintosh; Intel Mac OS X 13_6_1) AppleWebKit/537.36 (KHTML, like Gecko) Chrome/118.0.0.0 Safari/537.36"
45.134.225.130 - - [21/Oct/2025:02:17:51 +1100] "GET /wp-login.php?redirect_to=http%3A%2F%2Fwww.livremonami.nc%2Fwp-admin%2Findex.php&reauth=1 HTTP/1.1" 200 20414 "http://www.livremonami.nc/wp-login.php" "Mozilla/5.0 (Macintosh; Intel Mac OS X 13_6_1) AppleWebKit/537.36 (KHTML, like Gecko) Chrome/118.0.0.0 Safari/537.36"
54.38.147.198 - - [21/Oct/2025:02:17:51 +1100] "GET /wp-content/uploads/2018/10/DSCN3560-300x169.jpg HTTP/1.1" 200 84475 "-" "Mozilla/5.0 (compatible; AhrefsBot/7.0; +http://ahrefs.com/robot/)"
45.134.225.130 - - [21/Oct/2025:02:17:52 +1100] "POST /wp-login.php HTTP/1.1" 503 20076 "http://www.livremonami.nc/wp-login.php" "Mozilla/5.0 (Windows NT 10.0; Win64; x64) AppleWebKit/537.36 (KHTML, like Gecko) Chrome/121.0.0.0 Safari/537.36"
45.134.225.130 - - [21/Oct/2025:02:17:53 +1100] "GET /wp-admin/index.php HTTP/1.1" 302 435 "http://www.livremonami.nc/wp-login.php" "Mozilla/5.0 (Windows NT 10.0; Win64; x64) AppleWebKit/537.36 (KHTML, like Gecko) Chrome/119.0.0.0 Safari/537.36"
198.244.168.34 - - [21/Oct/2025:02:17:53 +1100] "GET /wp-content/uploads/2018/10/DSCN3539-300x169.jpg HTTP/1.1" 200 87859 "-" "Mozilla/5.0 (compatible; AhrefsBot/7.0; +http://ahrefs.com/robot/)"
45.134.225.130 - - [21/Oct/2025:02:17:54 +1100] "GET /wp-login.php?redirect_to=http%3A%2F%2Fwww.livremonami.nc%2Fwp-admin%2Findex.php&reauth=1 HTTP/1.1" 200 20415 "http://www.livremonami.nc/wp-login.php" "Mozilla/5.0 (Windows NT 10.0; Win64; x64) AppleWebKit/537.36 (KHTML, like Gecko) Chrome/119.0.0.0 Safari/537.36"
45.134.225.130 - - [21/Oct/2025:02:17:54 +1100] "POST /wp-login.php HTTP/1.1" 503 20076 "http://www.livremonami.nc/wp-login.php" "Mozilla/5.0 (Windows NT 10.0; Win64; x64) AppleWebKit/537.36 (KHTML, like Gecko) Chrome/121.0.0.0 Safari/537.36"
198.244.240.180 - - [21/Oct/2025:02:17:56 +1100] "GET /wp-content/uploads/2018/10/DSCN3571-300x169.jpg HTTP/1.1" 200 93110 "-" "Mozilla/5.0 (compatible; AhrefsBot/7.0; +http://ahrefs.com/robot/)"
45.134.225.130 - - [21/Oct/2025:02:17:56 +1100] "GET /wp-admin/index.php HTTP/1.1" 302 435 "http://www.livremonami.nc/wp-login.php" "Mozilla/5.0 (Windows NT 10.0; Win64; x64) AppleWebKit/537.36 (KHTML, like Gecko) Chrome/118.0.0.0 Safari/537.36"
45.134.225.130 - - [21/Oct/2025:02:17:57 +1100] "GET /wp-login.php?redirect_to=http%3A%2F%2Fwww.livremonami.nc%2Fwp-admin%2Findex.php&reauth=1 HTTP/1.1" 200 20415 "http://www.livremonami.nc/wp-login.php" "Mozilla/5.0 (Windows NT 10.0; Win64; x64) AppleWebKit/537.36 (KHTML, like Gecko) Chrome/118.0.0.0 Safari/537.36"
45.134.225.130 - - [21/Oct/2025:02:17:58 +1100] "POST /wp-login.php HTTP/1.1" 503 20076 "http://www.livremonami.nc/wp-login.php" "Mozilla/5.0 (Macintosh; Intel Mac OS X 10_15_7; rv:121.0) Gecko/20100101 Firefox/121.0"
54.38.147.211 - - [21/Oct/2025:02:17:59 +1100] "GET /wp-content/uploads/2018/10/DSCN3567-300x169.jpg HTTP/1.1" 200 83405 "-" "Mozilla/5.0 (compatible; AhrefsBot/7.0; +http://ahrefs.com/robot/)"
45.134.225.130 - - [21/Oct/2025:02:17:59 +1100] "GET /wp-admin/index.php HTTP/1.1" 302 435 "http://www.livremonami.nc/wp-login.php" "Mozilla/5.0 (X11; Ubuntu; Linux x86_64) AppleWebKit/537.36 (KHTML, like Gecko) Chrome/119.0.0.0 Safari/537.36"
45.134.225.130 - - [21/Oct/2025:02:17:59 +1100] "GET /wp-login.php?redirect_to=http%3A%2F%2Fwww.livremonami.nc%2Fwp-admin%2Findex.php&reauth=1 HTTP/1.1" 200 20415 "http://www.livremonami.nc/wp-login.php" "Mozilla/5.0 (X11; Ubuntu; Linux x86_64) AppleWebKit/537.36 (KHTML, like Gecko) Chrome/119.0.0.0 Safari/537.36"
54.38.147.24 - - [21/Oct/2025:02:18:01 +1100] "GET /wp-content/uploads/2018/10/DSCN3552-300x169.jpg HTTP/1.1" 200 89221 "-" "Mozilla/5.0 (compatible; AhrefsBot/7.0; +http://ahrefs.com/robot/)"
51.195.183.255 - - [21/Oct/2025:02:18:03 +1100] "GET /wp-content/uploads/2018/10/DSCN3544-300x169.jpg HTTP/1.1" 200 84482 "-" "Mozilla/5.0 (compatible; AhrefsBot/7.0; +http://ahrefs.com/robot/)"
198.244.183.154 - - [21/Oct/2025:02:18:06 +1100] "GET /wp-content/uploads/2018/10/DSCN3575-300x169.jpg HTTP/1.1" 200 86763 "-" "Mozilla/5.0 (compatible; AhrefsBot/7.0; +http://ahrefs.com/robot/)"
198.244.226.56 - - [21/Oct/2025:02:18:08 +1100] "GET /wp-content/uploads/2018/10/DSCN3570-300x169.jpg HTTP/1.1" 200 89263 "-" "Mozilla/5.0 (compatible; AhrefsBot/7.0; +http://ahrefs.com/robot/)"
51.195.183.198 - - [21/Oct/2025:02:18:11 +1100] "GET /wp-content/uploads/2018/10/DSCN3579-300x169.jpg HTTP/1.1" 200 84302 "-" "Mozilla/5.0 (compatible; AhrefsBot/7.0; +http://ahrefs.com/robot/)"
202.22.159.247 - - [21/Oct/2025:02:18:11 +1100] "POST /wp-cron.php?doing_wp_cron=1760973491.6508190631866455078125 HTTP/1.1" 200 243 "-" "WordPress/6.7.4; http://www.livremonami.nc"
217.113.196.215 - - [21/Oct/2025:02:18:11 +1100] "GET /page/64 HTTP/1.1" 200 31894 "-" "Mozilla/5.0 (compatible; IbouBot/1.0; +bot@ibou.io; +https://ibou.io/iboubot.html)"
198.244.240.193 - - [21/Oct/2025:02:18:13 +1100] "GET /wp-content/uploads/2018/10/DSCN3580-300x169.jpg HTTP/1.1" 200 83023 "-" "Mozilla/5.0 (compatible; AhrefsBot/7.0; +http://ahrefs.com/robot/)"
45.134.225.130 - - [21/Oct/2025:02:18:16 +1100] "POST /wp-login.php HTTP/1.1" 503 20076 "http://www.livremonami.nc/wp-login.php" "Mozilla/5.0 (Macintosh; Intel Mac OS X 10_15_7) AppleWebKit/605.1.15 (KHTML, like Gecko) Version/16.6 Safari/605.1.15"
45.134.225.130 - - [21/Oct/2025:02:18:18 +1100] "GET /wp-admin/index.php HTTP/1.1" 302 435 "http://www.livremonami.nc/wp-login.php" "Mozilla/5.0 (X11; Ubuntu; Linux x86_64) AppleWebKit/537.36 (KHTML, like Gecko) Chrome/118.0.0.0 Safari/537.36"
45.134.225.130 - - [21/Oct/2025:02:18:18 +1100] "GET /wp-login.php?redirect_to=http%3A%2F%2Fwww.livremonami.nc%2Fwp-admin%2Findex.php&reauth=1 HTTP/1.1" 200 20415 "http://www.livremonami.nc/wp-login.php" "Mozilla/5.0 (X11; Ubuntu; Linux x86_64) AppleWebKit/537.36 (KHTML, like Gecko) Chrome/118.0.0.0 Safari/537.36"
45.134.225.130 - - [21/Oct/2025:02:18:19 +1100] "POST /wp-login.php HTTP/1.1" 503 20076 "http://www.livremonami.nc/wp-login.php" "Mozilla/5.0 (Macintosh; Intel Mac OS X 10_15_7) AppleWebKit/605.1.15 (KHTML, like Gecko) Version/16.6 Safari/605.1.15"
45.134.225.130 - - [21/Oct/2025:02:18:21 +1100] "GET /wp-admin/index.php HTTP/1.1" 302 435 "http://www.livremonami.nc/wp-login.php" "Mozilla/5.0 (Macintosh; Intel Mac OS X 13_6_1) AppleWebKit/605.1.15 (KHTML, like Gecko) Version/17.2 Safari/605.1.15"
45.134.225.130 - - [21/Oct/2025:02:18:22 +1100] "GET /wp-login.php?redirect_to=http%3A%2F%2Fwww.livremonami.nc%2Fwp-admin%2Findex.php&reauth=1 HTTP/1.1" 200 20415 "http://www.livremonami.nc/wp-login.php" "Mozilla/5.0 (Macintosh; Intel Mac OS X 13_6_1) AppleWebKit/605.1.15 (KHTML, like Gecko) Version/17.2 Safari/605.1.15"
45.134.225.130 - - [21/Oct/2025:02:18:23 +1100] "POST /wp-login.php HTTP/1.1" 503 20076 "http://www.livremonami.nc/wp-login.php" "Mozilla/5.0 (Macintosh; Intel Mac OS X 10_15_7) AppleWebKit/605.1.15 (KHTML, like Gecko) Version/17.2 Safari/605.1.15"
45.134.225.130 - - [21/Oct/2025:02:18:24 +1100] "GET /wp-admin/index.php HTTP/1.1" 302 435 "http://www.livremonami.nc/wp-login.php" "Mozilla/5.0 (Macintosh; Intel Mac OS X 10_15_7) AppleWebKit/605.1.15 (KHTML, like Gecko) Version/17.2 Safari/605.1.15"
45.134.225.130 - - [21/Oct/2025:02:18:25 +1100] "GET /wp-login.php?redirect_to=http%3A%2F%2Fwww.livremonami.nc%2Fwp-admin%2Findex.php&reauth=1 HTTP/1.1" 200 20415 "http://www.livremonami.nc/wp-login.php" "Mozilla/5.0 (Macintosh; Intel Mac OS X 10_15_7) AppleWebKit/605.1.15 (KHTML, like Gecko) Version/17.2 Safari/605.1.15"
45.134.225.130 - - [21/Oct/2025:02:18:26 +1100] "POST /wp-login.php HTTP/1.1" 503 20076 "http://www.livremonami.nc/wp-login.php" "Mozilla/5.0 (Macintosh; Intel Mac OS X 13_6_1) AppleWebKit/605.1.15 (KHTML, like Gecko) Version/17.0 Safari/605.1.15"
45.134.225.130 - - [21/Oct/2025:02:18:28 +1100] "GET /wp-admin/index.php HTTP/1.1" 302 435 "http://www.livremonami.nc/wp-login.php" "Mozilla/5.0 (Windows NT 11.0; Win64; x64) AppleWebKit/537.36 (KHTML, like Gecko) Chrome/121.0.0.0 Safari/537.36"
45.134.225.130 - - [21/Oct/2025:02:18:28 +1100] "GET /wp-login.php?redirect_to=http%3A%2F%2Fwww.livremonami.nc%2Fwp-admin%2Findex.php&reauth=1 HTTP/1.1" 200 20416 "http://www.livremonami.nc/wp-login.php" "Mozilla/5.0 (Windows NT 11.0; Win64; x64) AppleWebKit/537.36 (KHTML, like Gecko) Chrome/121.0.0.0 Safari/537.36"
45.134.225.130 - - [21/Oct/2025:02:18:29 +1100] "POST /wp-login.php HTTP/1.1" 503 20076 "http://www.livremonami.nc/wp-login.php" "Mozilla/5.0 (Windows NT 11.0; Win64; x64) AppleWebKit/537.36 (KHTML, like Gecko) Chrome/120.0.0.0 Safari/537.36"
45.134.225.130 - - [21/Oct/2025:02:18:30 +1100] "GET /wp-admin/index.php HTTP/1.1" 302 435 "http://www.livremonami.nc/wp-login.php" "Mozilla/5.0 (Macintosh; Intel Mac OS X 13_6_1) AppleWebKit/605.1.15 (KHTML, like Gecko) Version/16.6 Safari/605.1.15"
45.134.225.130 - - [21/Oct/2025:02:18:31 +1100] "GET /wp-login.php?redirect_to=http%3A%2F%2Fwww.livremonami.nc%2Fwp-admin%2Findex.php&reauth=1 HTTP/1.1" 200 20416 "http://www.livremonami.nc/wp-login.php" "Mozilla/5.0 (Macintosh; Intel Mac OS X 13_6_1) AppleWebKit/605.1.15 (KHTML, like Gecko) Version/16.6 Safari/605.1.15"
45.134.225.130 - - [21/Oct/2025:02:18:32 +1100] "POST /wp-login.php HTTP/1.1" 503 20076 "http://www.livremonami.nc/wp-login.php" "Mozilla/5.0 (X11; Ubuntu; Linux x86_64) AppleWebKit/537.36 (KHTML, like Gecko) Chrome/118.0.0.0 Safari/537.36"
45.134.225.130 - - [21/Oct/2025:02:18:33 +1100] "GET /wp-admin/index.php HTTP/1.1" 302 435 "http://www.livremonami.nc/wp-login.php" "Mozilla/5.0 (Windows NT 10.0; Win64; x64; rv:119.0) Gecko/20100101 Firefox/119.0"
45.134.225.130 - - [21/Oct/2025:02:18:34 +1100] "GET /wp-login.php?redirect_to=http%3A%2F%2Fwww.livremonami.nc%2Fwp-admin%2Findex.php&reauth=1 HTTP/1.1" 200 20415 "http://www.livremonami.nc/wp-login.php" "Mozilla/5.0 (Windows NT 10.0; Win64; x64; rv:119.0) Gecko/20100101 Firefox/119.0"
45.134.225.130 - - [21/Oct/2025:02:18:35 +1100] "POST /wp-login.php HTTP/1.1" 503 20076 "http://www.livremonami.nc/wp-login.php" "Mozilla/5.0 (Macintosh; Intel Mac OS X 10_15_7) AppleWebKit/605.1.15 (KHTML, like Gecko) Version/17.0 Safari/605.1.15"
45.134.225.130 - - [21/Oct/2025:02:18:36 +1100] "GET /wp-admin/index.php HTTP/1.1" 302 435 "http://www.livremonami.nc/wp-login.php" "Mozilla/5.0 (Macintosh; Intel Mac OS X 10_15_7) AppleWebKit/537.36 (KHTML, like Gecko) Chrome/119.0.0.0 Safari/537.36"
45.134.225.130 - - [21/Oct/2025:02:18:37 +1100] "GET /wp-login.php?redirect_to=http%3A%2F%2Fwww.livremonami.nc%2Fwp-admin%2Findex.php&reauth=1 HTTP/1.1" 200 20414 "http://www.livremonami.nc/wp-login.php" "Mozilla/5.0 (Macintosh; Intel Mac OS X 10_15_7) AppleWebKit/537.36 (KHTML, like Gecko) Chrome/119.0.0.0 Safari/537.36"
220.181.51.120 - - [21/Oct/2025:02:18:37 +1100] "GET /?p=10353 HTTP/1.1" 301 266 "-" "Mozilla/5.0 (Windows NT 10.0; WOW64) AppleWebKit/537.36 (KHTML, like Gecko) Chrome/48.0.2564.116 Safari/537.36"
45.134.225.130 - - [21/Oct/2025:02:18:38 +1100] "POST /wp-login.php HTTP/1.1" 503 20076 "http://www.livremonami.nc/wp-login.php" "Mozilla/5.0 (Macintosh; Intel Mac OS X 10_15_7; rv:120.0) Gecko/20100101 Firefox/120.0"
220.181.51.113 - - [21/Oct/2025:02:18:38 +1100] "GET /p=10353 HTTP/1.1" 200 31294 "-" "Mozilla/5.0 (Windows NT 10.0; WOW64) AppleWebKit/537.36 (KHTML, like Gecko) Chrome/48.0.2564.116 Safari/537.36"
45.134.225.130 - - [21/Oct/2025:02:18:39 +1100] "GET /wp-admin/index.php HTTP/1.1" 302 435 "http://www.livremonami.nc/wp-login.php" "Mozilla/5.0 (Windows NT 10.0; Win64; x64) AppleWebKit/537.36 (KHTML, like Gecko) Chrome/120.0.0.0 Safari/537.36"
217.113.196.89 - - [21/Oct/2025:02:18:38 +1100] "GET /page/63 HTTP/1.1" 200 31997 "-" "Mozilla/5.0 (compatible; IbouBot/1.0; +bot@ibou.io; +https://ibou.io/iboubot.html)"
45.134.225.130 - - [21/Oct/2025:02:18:40 +1100] "GET /wp-login.php?redirect_to=http%3A%2F%2Fwww.livremonami.nc%2Fwp-admin%2Findex.php&reauth=1 HTTP/1.1" 200 20414 "http://www.livremonami.nc/wp-login.php" "Mozilla/5.0 (Windows NT 10.0; Win64; x64) AppleWebKit/537.36 (KHTML, like Gecko) Chrome/120.0.0.0 Safari/537.36"
45.134.225.130 - - [21/Oct/2025:02:18:41 +1100] "POST /wp-login.php HTTP/1.1" 503 20076 "http://www.livremonami.nc/wp-login.php" "Mozilla/5.0 (Macintosh; Intel Mac OS X 10_15_7; rv:121.0) Gecko/20100101 Firefox/121.0"
45.134.225.130 - - [21/Oct/2025:02:18:42 +1100] "GET /wp-admin/index.php HTTP/1.1" 302 435 "http://www.livremonami.nc/wp-login.php" "Mozilla/5.0 (Macintosh; Intel Mac OS X 13_6_1) AppleWebKit/605.1.15 (KHTML, like Gecko) Version/17.0 Safari/605.1.15"
116.179.33.19 - - [21/Oct/2025:02:18:42 +1100] "GET /wp-content/uploads/2023/11/1a-Coutume-MM-Dubois-et-Tara.jpg HTTP/1.1" 200 31148 "http://www.livremonami.nc/p=10353" "Mozilla/5.0 (Windows NT 10.0; Win64; x64) AppleWebKit/537.36 (KHTML, like Gecko) Chrome/99.0.4844.51 Safari/537.36"
116.179.33.12 - - [21/Oct/2025:02:18:42 +1100] "GET /wp-content/uploads/2023/11/1b-chant-darrivee.jpg HTTP/1.1" 200 29461 "http://www.livremonami.nc/p=10353" "Mozilla/5.0 (Windows NT 10.0; Win64; x64) AppleWebKit/537.36 (KHTML, like Gecko) Chrome/99.0.4844.51 Safari/537.36"
116.179.33.208 - - [21/Oct/2025:02:18:42 +1100] "GET /wp-content/plugins/tablepress/css/build/default.css?ver=3.1.3 HTTP/1.1" 200 1868 "http://www.livremonami.nc/p=10353" "Mozilla/5.0 (Windows NT 10.0; Win64; x64) AppleWebKit/537.36 (KHTML, like Gecko) Chrome/99.0.4844.51 Safari/537.36"
116.179.33.205 - - [21/Oct/2025:02:18:42 +1100] "GET /wp-content/themes/tempera/fonts/fontfaces.css?ver=1.8.3 HTTP/1.1" 200 1863 "http://www.livremonami.nc/p=10353" "Mozilla/5.0 (Windows NT 10.0; Win64; x64) AppleWebKit/537.36 (KHTML, like Gecko) Chrome/99.0.4844.51 Safari/537.36"
45.134.225.130 - - [21/Oct/2025:02:18:42 +1100] "GET /wp-login.php?redirect_to=http%3A%2F%2Fwww.livremonami.nc%2Fwp-admin%2Findex.php&reauth=1 HTTP/1.1" 200 20413 "http://www.livremonami.nc/wp-login.php" "Mozilla/5.0 (Macintosh; Intel Mac OS X 13_6_1) AppleWebKit/605.1.15 (KHTML, like Gecko) Version/17.0 Safari/605.1.15"
116.179.33.16 - - [21/Oct/2025:02:18:42 +1100] "GET /wp-content/uploads/2023/11/10-buffet-1-615x1024.jpg HTTP/1.1" 200 159160 "http://www.livremonami.nc/p=10353" "Mozilla/5.0 (Windows NT 10.0; Win64; x64) AppleWebKit/537.36 (KHTML, like Gecko) Chrome/99.0.4844.51 Safari/537.36"
116.179.33.212 - - [21/Oct/2025:02:18:43 +1100] "GET /wp-content/uploads/2023/11/8-atelier-7-1024x461.jpg HTTP/1.1" 200 98617 "http://www.livremonami.nc/p=10353" "Mozilla/5.0 (Windows NT 10.0; Win64; x64) AppleWebKit/537.36 (KHTML, like Gecko) Chrome/99.0.4844.51 Safari/537.36"
116.179.33.14 - - [21/Oct/2025:02:18:43 +1100] "GET /wp-content/uploads/2023/11/4-atelier-3-1024x461.jpg HTTP/1.1" 200 88871 "http://www.livremonami.nc/p=10353" "Mozilla/5.0 (Windows NT 10.0; Win64; x64) AppleWebKit/537.36 (KHTML, like Gecko) Chrome/99.0.4844.51 Safari/537.36"
116.179.33.80 - - [21/Oct/2025:02:18:43 +1100] "GET /wp-content/uploads/2023/11/2-atelier-1.jpg HTTP/1.1" 200 30069 "http://www.livremonami.nc/p=10353" "Mozilla/5.0 (Windows NT 10.0; Win64; x64) AppleWebKit/537.36 (KHTML, like Gecko) Chrome/99.0.4844.51 Safari/537.36"
116.179.33.15 - - [21/Oct/2025:02:18:43 +1100] "GET /wp-content/uploads/2023/11/9-CP-1024x461.jpg HTTP/1.1" 200 94674 "http://www.livremonami.nc/p=10353" "Mozilla/5.0 (Windows NT 10.0; Win64; x64) AppleWebKit/537.36 (KHTML, like Gecko) Chrome/99.0.4844.51 Safari/537.36"
116.179.33.146 - - [21/Oct/2025:02:18:43 +1100] "GET /wp-content/uploads/2023/11/7-atelier-6-1024x461.jpg HTTP/1.1" 200 145158 "http://www.livremonami.nc/p=10353" "Mozilla/5.0 (Windows NT 10.0; Win64; x64) AppleWebKit/537.36 (KHTML, like Gecko) Chrome/99.0.4844.51 Safari/537.36"
116.179.33.10 - - [21/Oct/2025:02:18:43 +1100] "GET /wp-content/uploads/2023/11/6-atelier-5-1024x461.jpg HTTP/1.1" 200 157945 "http://www.livremonami.nc/p=10353" "Mozilla/5.0 (Windows NT 10.0; Win64; x64) AppleWebKit/537.36 (KHTML, like Gecko) Chrome/99.0.4844.51 Safari/537.36"
116.179.33.211 - - [21/Oct/2025:02:18:43 +1100] "GET /wp-content/uploads/2023/11/14-danse-2-1024x461.jpg HTTP/1.1" 200 174118 "http://www.livremonami.nc/p=10353" "Mozilla/5.0 (Windows NT 10.0; Win64; x64) AppleWebKit/537.36 (KHTML, like Gecko) Chrome/99.0.4844.51 Safari/537.36"
116.179.33.141 - - [21/Oct/2025:02:18:43 +1100] "GET /wp-content/uploads/2023/11/13-chant-ecolo-1024x598.jpg HTTP/1.1" 200 145651 "http://www.livremonami.nc/p=10353" "Mozilla/5.0 (Windows NT 10.0; Win64; x64) AppleWebKit/537.36 (KHTML, like Gecko) Chrome/99.0.4844.51 Safari/537.36"
45.134.225.130 - - [21/Oct/2025:02:18:43 +1100] "POST /wp-login.php HTTP/1.1" 503 20076 "http://www.livremonami.nc/wp-login.php" "Mozilla/5.0 (Macintosh; Intel Mac OS X 13_6_1) AppleWebKit/537.36 (KHTML, like Gecko) Chrome/119.0.0.0 Safari/537.36"
116.179.33.213 - - [21/Oct/2025:02:18:43 +1100] "GET /wp-content/uploads/2023/11/12-buffet-3-1024x576.jpg HTTP/1.1" 200 124292 "http://www.livremonami.nc/p=10353" "Mozilla/5.0 (Windows NT 10.0; Win64; x64) AppleWebKit/537.36 (KHTML, like Gecko) Chrome/99.0.4844.51 Safari/537.36"
116.179.33.82 - - [21/Oct/2025:02:18:44 +1100] "GET /wp-content/uploads/2023/11/3-atelier-2-1024x461.jpg HTTP/1.1" 200 104297 "http://www.livremonami.nc/p=10353" "Mozilla/5.0 (Windows NT 10.0; Win64; x64) AppleWebKit/537.36 (KHTML, like Gecko) Chrome/99.0.4844.51 Safari/537.36"
116.179.33.202 - - [21/Oct/2025:02:18:43 +1100] "GET /wp-content/uploads/2023/11/11-buffet-2-768x1024.jpg HTTP/1.1" 200 133540 "http://www.livremonami.nc/p=10353" "Mozilla/5.0 (Windows NT 10.0; Win64; x64) AppleWebKit/537.36 (KHTML, like Gecko) Chrome/99.0.4844.51 Safari/537.36"
116.179.33.139 - - [21/Oct/2025:02:18:44 +1100] "GET /wp-content/uploads/2023/11/16-lecture-1-1024x508.jpg HTTP/1.1" 200 102234 "http://www.livremonami.nc/p=10353" "Mozilla/5.0 (Windows NT 10.0; Win64; x64) AppleWebKit/537.36 (KHTML, like Gecko) Chrome/99.0.4844.51 Safari/537.36"
116.179.33.142 - - [21/Oct/2025:02:18:44 +1100] "GET /wp-content/uploads/2023/11/17-BD-473x1024.jpg HTTP/1.1" 200 92194 "http://www.livremonami.nc/p=10353" "Mozilla/5.0 (Windows NT 10.0; Win64; x64) AppleWebKit/537.36 (KHTML, like Gecko) Chrome/99.0.4844.51 Safari/537.36"
116.179.33.143 - - [21/Oct/2025:02:18:44 +1100] "GET /wp-content/uploads/2023/11/18-Cadeau-1-473x1024.jpg HTTP/1.1" 200 104991 "http://www.livremonami.nc/p=10353" "Mozilla/5.0 (Windows NT 10.0; Win64; x64) AppleWebKit/537.36 (KHTML, like Gecko) Chrome/99.0.4844.51 Safari/537.36"
116.179.33.212 - - [21/Oct/2025:02:18:44 +1100] "GET /wp-content/uploads/2023/11/19-Cadeau-2-473x1024.jpg HTTP/1.1" 200 107242 "http://www.livremonami.nc/p=10353" "Mozilla/5.0 (Windows NT 10.0; Win64; x64) AppleWebKit/537.36 (KHTML, like Gecko) Chrome/99.0.4844.51 Safari/537.36"
116.179.33.199 - - [21/Oct/2025:02:18:44 +1100] "GET /wp-content/uploads/2023/11/5-atelier-4-1024x461.jpg HTTP/1.1" 200 156218 "http://www.livremonami.nc/p=10353" "Mozilla/5.0 (Windows NT 10.0; Win64; x64) AppleWebKit/537.36 (KHTML, like Gecko) Chrome/99.0.4844.51 Safari/537.36"
116.179.33.207 - - [21/Oct/2025:02:18:44 +1100] "GET /wp-content/uploads/2023/11/15-danse-1-1024x461.jpg HTTP/1.1" 200 177365 "http://www.livremonami.nc/p=10353" "Mozilla/5.0 (Windows NT 10.0; Win64; x64) AppleWebKit/537.36 (KHTML, like Gecko) Chrome/99.0.4844.51 Safari/537.36"
116.179.33.12 - - [21/Oct/2025:02:18:44 +1100] "GET /wp-content/uploads/2023/11/20-Cadeau-3-473x1024.jpg HTTP/1.1" 200 110403 "http://www.livremonami.nc/p=10353" "Mozilla/5.0 (Windows NT 10.0; Win64; x64) AppleWebKit/537.36 (KHTML, like Gecko) Chrome/99.0.4844.51 Safari/537.36"
45.134.225.130 - - [21/Oct/2025:02:18:45 +1100] "GET /wp-admin/index.php HTTP/1.1" 302 435 "http://www.livremonami.nc/wp-login.php" "Mozilla/5.0 (Macintosh; Intel Mac OS X 13_6_1) AppleWebKit/605.1.15 (KHTML, like Gecko) Version/17.1 Safari/605.1.15"
45.134.225.130 - - [21/Oct/2025:02:18:45 +1100] "GET /wp-login.php?redirect_to=http%3A%2F%2Fwww.livremonami.nc%2Fwp-admin%2Findex.php&reauth=1 HTTP/1.1" 200 20415 "http://www.livremonami.nc/wp-login.php" "Mozilla/5.0 (Macintosh; Intel Mac OS X 13_6_1) AppleWebKit/605.1.15 (KHTML, like Gecko) Version/17.1 Safari/605.1.15"
202.22.159.247 - - [21/Oct/2025:02:19:01 +1100] "POST /wp-cron.php?doing_wp_cron=1760973541.7941529750823974609375 HTTP/1.1" 200 243 "-" "WordPress/6.7.4; http://www.livremonami.nc"
45.134.225.130 - - [21/Oct/2025:02:19:01 +1100] "POST /wp-login.php HTTP/1.1" 503 20076 "http://www.livremonami.nc/wp-login.php" "Mozilla/5.0 (Windows NT 10.0; Win64; x64; rv:120.0) Gecko/20100101 Firefox/120.0"
45.134.225.130 - - [21/Oct/2025:02:19:04 +1100] "GET /wp-admin/index.php HTTP/1.1" 302 435 "http://www.livremonami.nc/wp-login.php" "Mozilla/5.0 (Windows NT 11.0; Win64; x64; rv:121.0) Gecko/20100101 Firefox/121.0"
45.134.225.130 - - [21/Oct/2025:02:19:05 +1100] "GET /wp-login.php?redirect_to=http%3A%2F%2Fwww.livremonami.nc%2Fwp-admin%2Findex.php&reauth=1 HTTP/1.1" 200 20415 "http://www.livremonami.nc/wp-login.php" "Mozilla/5.0 (Windows NT 11.0; Win64; x64; rv:121.0) Gecko/20100101 Firefox/121.0"
45.134.225.130 - - [21/Oct/2025:02:19:06 +1100] "POST /wp-login.php HTTP/1.1" 503 20076 "http://www.livremonami.nc/wp-login.php" "Mozilla/5.0 (Windows NT 11.0; Win64; x64; rv:118.0) Gecko/20100101 Firefox/118.0"
217.113.196.59 - - [21/Oct/2025:02:19:06 +1100] "GET /?p=4026 HTTP/1.1" 301 265 "-" "Mozilla/5.0 (compatible; IbouBot/1.0; +bot@ibou.io; +https://ibou.io/iboubot.html)"
45.134.225.130 - - [21/Oct/2025:02:19:07 +1100] "GET /wp-admin/index.php HTTP/1.1" 302 435 "http://www.livremonami.nc/wp-login.php" "Mozilla/5.0 (Windows NT 10.0; Win64; x64) AppleWebKit/537.36 (KHTML, like Gecko) Chrome/118.0.0.0 Safari/537.36"
45.134.225.130 - - [21/Oct/2025:02:19:07 +1100] "GET /wp-login.php?redirect_to=http%3A%2F%2Fwww.livremonami.nc%2Fwp-admin%2Findex.php&reauth=1 HTTP/1.1" 200 20417 "http://www.livremonami.nc/wp-login.php" "Mozilla/5.0 (Windows NT 10.0; Win64; x64) AppleWebKit/537.36 (KHTML, like Gecko) Chrome/118.0.0.0 Safari/537.36"
45.134.225.130 - - [21/Oct/2025:02:19:08 +1100] "POST /wp-login.php HTTP/1.1" 503 20076 "http://www.livremonami.nc/wp-login.php" "Mozilla/5.0 (Macintosh; Intel Mac OS X 13_6_1; rv:121.0) Gecko/20100101 Firefox/121.0"
45.134.225.130 - - [21/Oct/2025:02:19:09 +1100] "GET /wp-admin/index.php HTTP/1.1" 302 435 "http://www.livremonami.nc/wp-login.php" "Mozilla/5.0 (Macintosh; Intel Mac OS X 13_6_1; rv:121.0) Gecko/20100101 Firefox/121.0"
45.134.225.130 - - [21/Oct/2025:02:19:10 +1100] "GET /wp-login.php?redirect_to=http%3A%2F%2Fwww.livremonami.nc%2Fwp-admin%2Findex.php&reauth=1 HTTP/1.1" 200 20416 "http://www.livremonami.nc/wp-login.php" "Mozilla/5.0 (Macintosh; Intel Mac OS X 13_6_1; rv:121.0) Gecko/20100101 Firefox/121.0"
45.134.225.130 - - [21/Oct/2025:02:19:11 +1100] "POST /wp-login.php HTTP/1.1" 503 20076 "http://www.livremonami.nc/wp-login.php" "Mozilla/5.0 (Macintosh; Intel Mac OS X 13_6_1) AppleWebKit/537.36 (KHTML, like Gecko) Chrome/120.0.0.0 Safari/537.36"
45.134.225.130 - - [21/Oct/2025:02:19:12 +1100] "GET /wp-admin/index.php HTTP/1.1" 302 435 "http://www.livremonami.nc/wp-login.php" "Mozilla/5.0 (X11; Ubuntu; Linux x86_64) AppleWebKit/537.36 (KHTML, like Gecko) Chrome/121.0.0.0 Safari/537.36"
45.134.225.130 - - [21/Oct/2025:02:19:13 +1100] "GET /wp-login.php?redirect_to=http%3A%2F%2Fwww.livremonami.nc%2Fwp-admin%2Findex.php&reauth=1 HTTP/1.1" 200 20415 "http://www.livremonami.nc/wp-login.php" "Mozilla/5.0 (X11; Ubuntu; Linux x86_64) AppleWebKit/537.36 (KHTML, like Gecko) Chrome/121.0.0.0 Safari/537.36"
45.134.225.130 - - [21/Oct/2025:02:19:14 +1100] "POST /wp-login.php HTTP/1.1" 503 20076 "http://www.livremonami.nc/wp-login.php" "Mozilla/5.0 (Macintosh; Intel Mac OS X 10_15_7) AppleWebKit/605.1.15 (KHTML, like Gecko) Version/16.6 Safari/605.1.15"
51.195.244.15 - - [21/Oct/2025:02:19:15 +1100] "GET /p=10127 HTTP/1.1" 200 32096 "-" "Mozilla/5.0 (compatible; AhrefsBot/7.0; +http://ahrefs.com/robot/)"
45.134.225.130 - - [21/Oct/2025:02:19:15 +1100] "GET /wp-admin/index.php HTTP/1.1" 302 435 "http://www.livremonami.nc/wp-login.php" "Mozilla/5.0 (Windows NT 11.0; Win64; x64; rv:121.0) Gecko/20100101 Firefox/121.0"
45.134.225.130 - - [21/Oct/2025:02:19:15 +1100] "GET /wp-login.php?redirect_to=http%3A%2F%2Fwww.livremonami.nc%2Fwp-admin%2Findex.php&reauth=1 HTTP/1.1" 200 20414 "http://www.livremonami.nc/wp-login.php" "Mozilla/5.0 (Windows NT 11.0; Win64; x64; rv:121.0) Gecko/20100101 Firefox/121.0"
45.134.225.130 - - [21/Oct/2025:02:19:16 +1100] "POST /wp-login.php HTTP/1.1" 503 20076 "http://www.livremonami.nc/wp-login.php" "Mozilla/5.0 (Macintosh; Intel Mac OS X 10_15_7) AppleWebKit/605.1.15 (KHTML, like Gecko) Version/17.1 Safari/605.1.15"
45.134.225.130 - - [21/Oct/2025:02:19:18 +1100] "GET /wp-admin/index.php HTTP/1.1" 302 435 "http://www.livremonami.nc/wp-login.php" "Mozilla/5.0 (Macintosh; Intel Mac OS X 13_6_1) AppleWebKit/605.1.15 (KHTML, like Gecko) Version/17.1 Safari/605.1.15"
45.134.225.130 - - [21/Oct/2025:02:19:18 +1100] "GET /wp-login.php?redirect_to=http%3A%2F%2Fwww.livremonami.nc%2Fwp-admin%2Findex.php&reauth=1 HTTP/1.1" 200 20415 "http://www.livremonami.nc/wp-login.php" "Mozilla/5.0 (Macintosh; Intel Mac OS X 13_6_1) AppleWebKit/605.1.15 (KHTML, like Gecko) Version/17.1 Safari/605.1.15"
45.134.225.130 - - [21/Oct/2025:02:19:19 +1100] "POST /wp-login.php HTTP/1.1" 503 20076 "http://www.livremonami.nc/wp-login.php" "Mozilla/5.0 (Macintosh; Intel Mac OS X 13_6_1) AppleWebKit/605.1.15 (KHTML, like Gecko) Version/16.6 Safari/605.1.15"
45.134.225.130 - - [21/Oct/2025:02:19:20 +1100] "GET /wp-admin/index.php HTTP/1.1" 302 435 "http://www.livremonami.nc/wp-login.php" "Mozilla/5.0 (Windows NT 10.0; Win64; x64) AppleWebKit/537.36 (KHTML, like Gecko) Chrome/120.0.0.0 Safari/537.36"
45.134.225.130 - - [21/Oct/2025:02:19:20 +1100] "GET /wp-login.php?redirect_to=http%3A%2F%2Fwww.livremonami.nc%2Fwp-admin%2Findex.php&reauth=1 HTTP/1.1" 200 20415 "http://www.livremonami.nc/wp-login.php" "Mozilla/5.0 (Windows NT 10.0; Win64; x64) AppleWebKit/537.36 (KHTML, like Gecko) Chrome/120.0.0.0 Safari/537.36"
45.134.225.130 - - [21/Oct/2025:02:19:21 +1100] "POST /wp-login.php HTTP/1.1" 503 20076 "http://www.livremonami.nc/wp-login.php" "Mozilla/5.0 (Macintosh; Intel Mac OS X 10_15_7) AppleWebKit/605.1.15 (KHTML, like Gecko) Version/17.1 Safari/605.1.15"
45.134.225.130 - - [21/Oct/2025:02:19:23 +1100] "GET /wp-admin/index.php HTTP/1.1" 302 435 "http://www.livremonami.nc/wp-login.php" "Mozilla/5.0 (Windows NT 11.0; Win64; x64) AppleWebKit/537.36 (KHTML, like Gecko) Chrome/121.0.0.0 Safari/537.36"
45.134.225.130 - - [21/Oct/2025:02:19:23 +1100] "GET /wp-login.php?redirect_to=http%3A%2F%2Fwww.livremonami.nc%2Fwp-admin%2Findex.php&reauth=1 HTTP/1.1" 200 20416 "http://www.livremonami.nc/wp-login.php" "Mozilla/5.0 (Windows NT 11.0; Win64; x64) AppleWebKit/537.36 (KHTML, like Gecko) Chrome/121.0.0.0 Safari/537.36"
45.134.225.130 - - [21/Oct/2025:02:19:24 +1100] "POST /wp-login.php HTTP/1.1" 503 20076 "http://www.livremonami.nc/wp-login.php" "Mozilla/5.0 (X11; Linux x86_64) AppleWebKit/537.36 (KHTML, like Gecko) Chrome/120.0.0.0 Safari/537.36"
45.134.225.130 - - [21/Oct/2025:02:19:26 +1100] "GET /wp-admin/index.php HTTP/1.1" 302 435 "http://www.livremonami.nc/wp-login.php" "Mozilla/5.0 (Macintosh; Intel Mac OS X 13_6_1) AppleWebKit/605.1.15 (KHTML, like Gecko) Version/17.2 Safari/605.1.15"
45.134.225.130 - - [21/Oct/2025:02:19:26 +1100] "GET /wp-login.php?redirect_to=http%3A%2F%2Fwww.livremonami.nc%2Fwp-admin%2Findex.php&reauth=1 HTTP/1.1" 200 20413 "http://www.livremonami.nc/wp-login.php" "Mozilla/5.0 (Macintosh; Intel Mac OS X 13_6_1) AppleWebKit/605.1.15 (KHTML, like Gecko) Version/17.2 Safari/605.1.15"
45.134.225.130 - - [21/Oct/2025:02:19:27 +1100] "POST /wp-login.php HTTP/1.1" 503 20076 "http://www.livremonami.nc/wp-login.php" "Mozilla/5.0 (X11; Ubuntu; Linux x86_64) AppleWebKit/537.36 (KHTML, like Gecko) Chrome/121.0.0.0 Safari/537.36"
45.134.225.130 - - [21/Oct/2025:02:19:28 +1100] "GET /wp-admin/index.php HTTP/1.1" 302 435 "http://www.livremonami.nc/wp-login.php" "Mozilla/5.0 (Macintosh; Intel Mac OS X 13_6_1; rv:120.0) Gecko/20100101 Firefox/120.0"
45.134.225.130 - - [21/Oct/2025:02:19:29 +1100] "GET /wp-login.php?redirect_to=http%3A%2F%2Fwww.livremonami.nc%2Fwp-admin%2Findex.php&reauth=1 HTTP/1.1" 200 20416 "http://www.livremonami.nc/wp-login.php" "Mozilla/5.0 (Macintosh; Intel Mac OS X 13_6_1; rv:120.0) Gecko/20100101 Firefox/120.0"
217.113.196.38 - - [21/Oct/2025:02:19:32 +1100] "GET /?page_id=4717 HTTP/1.1" 301 277 "-" "Mozilla/5.0 (compatible; IbouBot/1.0; +bot@ibou.io; +https://ibou.io/iboubot.html)"
114.119.167.51 - - [21/Oct/2025:02:19:39 +1100] "GET /?matprin=calendrier_2012&paged=42 HTTP/1.1" 301 290 "http://www.livremonami.nc?matprin=calendrier_2012&paged=40" "Mozilla/5.0 (Linux; Android 7.0;) AppleWebKit/537.36 (KHTML, like Gecko) Mobile Safari/537.36 (compatible; PetalBot;+https://webmaster.petalsearch.com/site/petalbot)"
