35.171.141.42 - - [21/Oct/2025:11:03:37 +1100] "GET /wp-content/uploads/2015/10/14C5-300x224.jpg HTTP/1.1" 200 27405 "-" "Mozilla/5.0 AppleWebKit/537.36 (KHTML, like Gecko; compatible; Amazonbot/0.1; +https://developer.amazon.com/support/amazonbot) Chrome/119.0.6045.214 Safari/537.36"
118.179.224.99 - - [21/Oct/2025:11:03:39 +1100] "GET /p=6995 HTTP/1.1" 200 31276 "http://www.livremonami.nc/p=7042" "Mozilla/5.0 (Windows NT 10.0; Win64; x64) AppleWebKit/537.36 (KHTML, like Gecko) Chrome/141.0.0.0 Safari/537.36 Edg/141.0.0.0"
118.179.224.99 - - [21/Oct/2025:11:03:39 +1100] "GET /wp-content/uploads/2020/12/2020-12-10_Livre-mon-ami_Estelle-FAYE-035-1-300x199.jpeg HTTP/1.1" 200 29606 "http://www.livremonami.nc/p=6995" "Mozilla/5.0 (Windows NT 10.0; Win64; x64) AppleWebKit/537.36 (KHTML, like Gecko) Chrome/141.0.0.0 Safari/537.36 Edg/141.0.0.0"
118.179.224.99 - - [21/Oct/2025:11:03:39 +1100] "GET /wp-content/uploads/2020/12/2020-12-10_Livre-mon-ami_Estelle-FAYE-005-300x199.jpeg HTTP/1.1" 200 27784 "http://www.livremonami.nc/p=6995" "Mozilla/5.0 (Windows NT 10.0; Win64; x64) AppleWebKit/537.36 (KHTML, like Gecko) Chrome/141.0.0.0 Safari/537.36 Edg/141.0.0.0"
118.179.224.99 - - [21/Oct/2025:11:03:39 +1100] "GET /wp-content/uploads/2020/12/2020-12-10_Livre-mon-ami_Estelle-FAYE-001-300x199.jpeg HTTP/1.1" 200 25889 "http://www.livremonami.nc/p=6995" "Mozilla/5.0 (Windows NT 10.0; Win64; x64) AppleWebKit/537.36 (KHTML, like Gecko) Chrome/141.0.0.0 Safari/537.36 Edg/141.0.0.0"
118.179.224.99 - - [21/Oct/2025:11:03:39 +1100] "GET //wp-content/uploads/2024/02/18.jpg HTTP/1.1" 200 24736 "http://www.livremonami.nc/p=6995" "Mozilla/5.0 (Windows NT 10.0; Win64; x64) AppleWebKit/537.36 (KHTML, like Gecko) Chrome/141.0.0.0 Safari/537.36 Edg/141.0.0.0"
118.179.224.99 - - [21/Oct/2025:11:03:39 +1100] "GET /wp-content/uploads/2020/12/2020-12-10_Livre-mon-ami_Estelle-FAYE-021-300x199.jpeg HTTP/1.1" 200 27418 "http://www.livremonami.nc/p=6995" "Mozilla/5.0 (Windows NT 10.0; Win64; x64) AppleWebKit/537.36 (KHTML, like Gecko) Chrome/141.0.0.0 Safari/537.36 Edg/141.0.0.0"
118.179.224.99 - - [21/Oct/2025:11:03:41 +1100] "GET /wp-content/uploads/2020/12/2020-12-10_Livre-mon-ami_Estelle-FAYE-025-300x199.jpeg HTTP/1.1" 200 27189 "http://www.livremonami.nc/p=6995" "Mozilla/5.0 (Windows NT 10.0; Win64; x64) AppleWebKit/537.36 (KHTML, like Gecko) Chrome/141.0.0.0 Safari/537.36 Edg/141.0.0.0"
118.179.224.99 - - [21/Oct/2025:11:03:41 +1100] "GET /wp-content/uploads/2020/12/2020-12-10_Livre-mon-ami_Estelle-FAYE-030-300x199.jpeg HTTP/1.1" 200 27857 "http://www.livremonami.nc/p=6995" "Mozilla/5.0 (Windows NT 10.0; Win64; x64) AppleWebKit/537.36 (KHTML, like Gecko) Chrome/141.0.0.0 Safari/537.36 Edg/141.0.0.0"
118.179.224.99 - - [21/Oct/2025:11:03:41 +1100] "GET /wp-content/uploads/2020/12/2020-12-10_Livre-mon-ami_Estelle-FAYE-032-300x199.jpeg HTTP/1.1" 200 29560 "http://www.livremonami.nc/p=6995" "Mozilla/5.0 (Windows NT 10.0; Win64; x64) AppleWebKit/537.36 (KHTML, like Gecko) Chrome/141.0.0.0 Safari/537.36 Edg/141.0.0.0"
118.179.224.99 - - [21/Oct/2025:11:03:42 +1100] "GET /wp-content/uploads/2020/12/2020-12-10_Livre-mon-ami_Estelle-FAYE-033-300x199.jpeg HTTP/1.1" 200 29452 "http://www.livremonami.nc/p=6995" "Mozilla/5.0 (Windows NT 10.0; Win64; x64) AppleWebKit/537.36 (KHTML, like Gecko) Chrome/141.0.0.0 Safari/537.36 Edg/141.0.0.0"
118.179.224.99 - - [21/Oct/2025:11:03:42 +1100] "GET /wp-content/uploads/2020/12/2020-12-10_Livre-mon-ami_Estelle-FAYE-035-300x199.jpeg HTTP/1.1" 200 29606 "http://www.livremonami.nc/p=6995" "Mozilla/5.0 (Windows NT 10.0; Win64; x64) AppleWebKit/537.36 (KHTML, like Gecko) Chrome/141.0.0.0 Safari/537.36 Edg/141.0.0.0"
118.179.224.99 - - [21/Oct/2025:11:03:42 +1100] "GET /wp-content/uploads/2020/12/2020-12-10_Livre-mon-ami_Estelle-FAYE-059-300x200.jpeg HTTP/1.1" 200 32202 "http://www.livremonami.nc/p=6995" "Mozilla/5.0 (Windows NT 10.0; Win64; x64) AppleWebKit/537.36 (KHTML, like Gecko) Chrome/141.0.0.0 Safari/537.36 Edg/141.0.0.0"
118.179.224.99 - - [21/Oct/2025:11:03:43 +1100] "GET /wp-content/uploads/2020/12/2020-12-10_Livre-mon-ami_Estelle-FAYE-077-300x200.jpeg HTTP/1.1" 200 28371 "http://www.livremonami.nc/p=6995" "Mozilla/5.0 (Windows NT 10.0; Win64; x64) AppleWebKit/537.36 (KHTML, like Gecko) Chrome/141.0.0.0 Safari/537.36 Edg/141.0.0.0"
118.179.224.99 - - [21/Oct/2025:11:03:43 +1100] "GET /wp-content/uploads/2020/12/2020-12-10_Livre-mon-ami_Estelle-FAYE-082-300x200.jpeg HTTP/1.1" 200 29763 "http://www.livremonami.nc/p=6995" "Mozilla/5.0 (Windows NT 10.0; Win64; x64) AppleWebKit/537.36 (KHTML, like Gecko) Chrome/141.0.0.0 Safari/537.36 Edg/141.0.0.0"
34.234.197.175 - - [21/Oct/2025:11:03:44 +1100] "GET /wp-content/uploads/2016/02/DSCN0439_1-300x169.jpg HTTP/1.1" 200 56090 "-" "Mozilla/5.0 AppleWebKit/537.36 (KHTML, like Gecko; compatible; Amazonbot/0.1; +https://developer.amazon.com/support/amazonbot) Chrome/119.0.6045.214 Safari/537.36"
118.179.224.99 - - [21/Oct/2025:11:03:44 +1100] "GET /wp-content/uploads/2020/12/2020-12-10_Livre-mon-ami_Estelle-FAYE-084-300x200.jpeg HTTP/1.1" 200 25247 "http://www.livremonami.nc/p=6995" "Mozilla/5.0 (Windows NT 10.0; Win64; x64) AppleWebKit/537.36 (KHTML, like Gecko) Chrome/141.0.0.0 Safari/537.36 Edg/141.0.0.0"
100.29.164.178 - - [21/Oct/2025:11:03:45 +1100] "GET /wp-content/uploads/2023/02/Petit-dejeuner-avec-la-presse-20220211-140x100.jpg HTTP/1.1" 200 6140 "-" "Mozilla/5.0 AppleWebKit/537.36 (KHTML, like Gecko; compatible; Amazonbot/0.1; +https://developer.amazon.com/support/amazonbot) Chrome/119.0.6045.214 Safari/537.36"
216.225.203.35 - - [21/Oct/2025:11:03:45 +1100] "GET /wp-login.php HTTP/1.1" 200 18375 "-" "Mozilla/5.0 (X11; Linux x86_64) AppleWebKit/537.36 (KHTML, like Gecko) Chrome/140.0.0.0 Safari/537.36"
118.179.224.99 - - [21/Oct/2025:11:03:47 +1100] "GET /wp-content/uploads/2020/12/2020-12-10_Livre-mon-ami_Estelle-FAYE-021.jpeg HTTP/1.1" 200 176150 "http://www.livremonami.nc/p=6995" "Mozilla/5.0 (Windows NT 10.0; Win64; x64) AppleWebKit/537.36 (KHTML, like Gecko) Chrome/141.0.0.0 Safari/537.36 Edg/141.0.0.0"
118.179.224.99 - - [21/Oct/2025:11:03:47 +1100] "GET /favicon.ico HTTP/1.1" 302 413 "http://www.livremonami.nc/wp-content/uploads/2020/12/2020-12-10_Livre-mon-ami_Estelle-FAYE-021.jpeg" "Mozilla/5.0 (Windows NT 10.0; Win64; x64) AppleWebKit/537.36 (KHTML, like Gecko) Chrome/141.0.0.0 Safari/537.36 Edg/141.0.0.0"
216.225.203.35 - - [21/Oct/2025:11:03:46 +1100] "POST /wp-login.php HTTP/1.1" 503 20074 "http://livremonami.nc/wp-admin/" "Mozilla/5.0 (X11; Linux x86_64) AppleWebKit/537.36 (KHTML, like Gecko) Chrome/140.0.0.0 Safari/537.36"
100.24.167.60 - - [21/Oct/2025:11:03:49 +1100] "GET /wp-content/uploads/2015/10/IMG_3754-300x225.jpg HTTP/1.1" 200 29990 "-" "Mozilla/5.0 AppleWebKit/537.36 (KHTML, like Gecko; compatible; Amazonbot/0.1; +https://developer.amazon.com/support/amazonbot) Chrome/119.0.6045.214 Safari/537.36"
34.234.206.30 - - [21/Oct/2025:11:03:55 +1100] "GET /wp-content/uploads/2015/10/14A2-300x224.jpg HTTP/1.1" 200 25777 "-" "Mozilla/5.0 AppleWebKit/537.36 (KHTML, like Gecko; compatible; Amazonbot/0.1; +https://developer.amazon.com/support/amazonbot) Chrome/119.0.6045.214 Safari/537.36"
54.235.125.129 - - [21/Oct/2025:11:03:57 +1100] "GET /wp-content/uploads/2015/10/145E-300x224.jpg HTTP/1.1" 200 23883 "-" "Mozilla/5.0 AppleWebKit/537.36 (KHTML, like Gecko; compatible; Amazonbot/0.1; +https://developer.amazon.com/support/amazonbot) Chrome/119.0.6045.214 Safari/537.36"
52.200.93.170 - - [21/Oct/2025:11:04:03 +1100] "GET /wp-content/uploads/2015/10/E468-300x225.jpg HTTP/1.1" 200 16742 "-" "Mozilla/5.0 AppleWebKit/537.36 (KHTML, like Gecko; compatible; Amazonbot/0.1; +https://developer.amazon.com/support/amazonbot) Chrome/119.0.6045.214 Safari/537.36"
3.224.104.67 - - [21/Oct/2025:11:04:07 +1100] "GET /wp-content/uploads/2015/10/IMG_3780-300x225.jpg HTTP/1.1" 200 35031 "-" "Mozilla/5.0 AppleWebKit/537.36 (KHTML, like Gecko; compatible; Amazonbot/0.1; +https://developer.amazon.com/support/amazonbot) Chrome/119.0.6045.214 Safari/537.36"
202.22.159.247 - - [21/Oct/2025:11:04:30 +1100] "POST /wp-cron.php?doing_wp_cron=1761005070.6201009750366210937500 HTTP/1.1" 200 243 "-" "WordPress/6.7.4; http://www.livremonami.nc"
54.37.118.83 - - [21/Oct/2025:11:04:30 +1100] "GET /p=1862/comment-page-1 HTTP/1.1" 200 29189 "-" "Mozilla/5.0 (compatible; AhrefsBot/7.0; +http://ahrefs.com/robot/)"
216.225.203.35 - - [21/Oct/2025:11:05:33 +1100] "GET /wp-login.php HTTP/1.1" 200 18375 "-" "Mozilla/5.0 (X11; Linux x86_64) AppleWebKit/537.36 (KHTML, like Gecko) Chrome/140.0.0.0 Safari/537.36"
216.225.203.35 - - [21/Oct/2025:11:05:34 +1100] "POST /wp-login.php HTTP/1.1" 503 20074 "http://livremonami.nc/wp-admin/" "Mozilla/5.0 (X11; Linux x86_64) AppleWebKit/537.36 (KHTML, like Gecko) Chrome/140.0.0.0 Safari/537.36"
216.244.66.242 - - [21/Oct/2025:11:06:01 +1100] "GET /page/28?matprin=calendrier_2013 HTTP/1.1" 200 126533 "-" "Mozilla/5.0 (compatible; DotBot/1.2; +https://opensiteexplorer.org/dotbot; help@moz.com)"
202.22.159.247 - - [21/Oct/2025:11:06:13 +1100] "POST /wp-cron.php?doing_wp_cron=1761005173.2436931133270263671875 HTTP/1.1" 200 243 "-" "WordPress/6.7.4; http://www.livremonami.nc"
216.244.66.242 - - [21/Oct/2025:11:06:13 +1100] "GET /page/31?matprin=calendrier_2015 HTTP/1.1" 200 127987 "-" "Mozilla/5.0 (compatible; DotBot/1.2; +https://opensiteexplorer.org/dotbot; help@moz.com)"
51.75.236.148 - - [21/Oct/2025:11:06:20 +1100] "GET /p=3295/comment-page-1 HTTP/1.1" 200 29486 "-" "Mozilla/5.0 (compatible; AhrefsBot/7.0; +http://ahrefs.com/robot/)"
216.225.203.35 - - [21/Oct/2025:11:07:20 +1100] "GET /wp-login.php HTTP/1.1" 200 18375 "-" "Mozilla/5.0 (X11; Linux x86_64) AppleWebKit/537.36 (KHTML, like Gecko) Chrome/140.0.0.0 Safari/537.36"
216.225.203.35 - - [21/Oct/2025:11:07:21 +1100] "POST /wp-login.php HTTP/1.1" 503 20074 "http://livremonami.nc/wp-admin/" "Mozilla/5.0 (X11; Linux x86_64) AppleWebKit/537.36 (KHTML, like Gecko) Chrome/140.0.0.0 Safari/537.36"
202.22.159.247 - - [21/Oct/2025:11:08:09 +1100] "POST /wp-cron.php?doing_wp_cron=1761005289.8318169116973876953125 HTTP/1.1" 200 243 "-" "WordPress/6.7.4; http://www.livremonami.nc"
204.1.138.1 - - [21/Oct/2025:11:08:09 +1100] "GET /quiz-2023 HTTP/1.1" 200 104150 "-" "Mozilla/5.0 (Windows NT 10.0; Win64; x64) AppleWebKit/537.36 (KHTML, like Gecko) Chrome/131.0.0.0 Safari/537.36 Edg/131.0.0.0"
204.1.138.206 - - [21/Oct/2025:11:08:11 +1100] "GET /quiz-2023 HTTP/1.1" 200 103961 "-" "Mozilla/5.0 (Windows NT 10.0; Win64; x64) AppleWebKit/537.36 (KHTML, like Gecko) Chrome/131.0.0.0 Safari/537.36 Edg/131.0.0.0"
202.22.159.247 - - [21/Oct/2025:11:08:27 +1100] "POST /wp-cron.php?doing_wp_cron=1761005307.3229460716247558593750 HTTP/1.1" 200 243 "-" "WordPress/6.7.4; http://www.livremonami.nc"
92.222.104.218 - - [21/Oct/2025:11:08:27 +1100] "GET /feed?attachment_id=6268 HTTP/1.1" 200 963 "-" "Mozilla/5.0 (compatible; AhrefsBot/7.0; +http://ahrefs.com/robot/)"
216.225.203.35 - - [21/Oct/2025:11:09:07 +1100] "GET /wp-login.php HTTP/1.1" 200 18375 "-" "Mozilla/5.0 (X11; Linux x86_64) AppleWebKit/537.36 (KHTML, like Gecko) Chrome/140.0.0.0 Safari/537.36"
216.225.203.35 - - [21/Oct/2025:11:09:08 +1100] "POST /wp-login.php HTTP/1.1" 503 20074 "http://livremonami.nc/wp-admin/" "Mozilla/5.0 (X11; Linux x86_64) AppleWebKit/537.36 (KHTML, like Gecko) Chrome/140.0.0.0 Safari/537.36"
216.73.216.49 - - [21/Oct/2025:11:10:23 +1100] "GET /robots.txt HTTP/1.1" 200 399 "-" "Mozilla/5.0 AppleWebKit/537.36 (KHTML, like Gecko; compatible; ClaudeBot/1.0; +claudebot@anthropic.com)"
202.22.159.247 - - [21/Oct/2025:11:10:24 +1100] "POST /wp-cron.php?doing_wp_cron=1761005424.2108058929443359375000 HTTP/1.1" 200 243 "-" "WordPress/6.7.4; http://www.livremonami.nc"
216.73.216.49 - - [21/Oct/2025:11:10:24 +1100] "GET /blog/page/55 HTTP/1.1" 200 29480 "-" "Mozilla/5.0 AppleWebKit/537.36 (KHTML, like Gecko; compatible; ClaudeBot/1.0; +claudebot@anthropic.com)"
5.39.1.235 - - [21/Oct/2025:11:10:26 +1100] "GET /p=4665/img_2428/feed HTTP/1.1" 200 963 "-" "Mozilla/5.0 (compatible; AhrefsBot/7.0; +http://ahrefs.com/robot/)"
216.225.203.35 - - [21/Oct/2025:11:10:53 +1100] "GET /wp-login.php HTTP/1.1" 200 18376 "-" "Mozilla/5.0 (X11; Linux x86_64) AppleWebKit/537.36 (KHTML, like Gecko) Chrome/140.0.0.0 Safari/537.36"
216.225.203.35 - - [21/Oct/2025:11:10:54 +1100] "POST /wp-login.php HTTP/1.1" 503 20074 "http://livremonami.nc/wp-admin/" "Mozilla/5.0 (X11; Linux x86_64) AppleWebKit/537.36 (KHTML, like Gecko) Chrome/140.0.0.0 Safari/537.36"
202.22.159.247 - - [21/Oct/2025:11:11:54 +1100] "POST /wp-cron.php?doing_wp_cron=1761005514.3533389568328857421875 HTTP/1.1" 200 243 "-" "WordPress/6.7.4; http://www.livremonami.nc"
114.119.167.51 - - [21/Oct/2025:11:11:54 +1100] "GET /p=6811 HTTP/1.1" 200 29772 "http://www.livremonami.nc?matprin=contact&paged=23" "Mozilla/5.0 (Linux; Android 7.0;) AppleWebKit/537.36 (KHTML, like Gecko) Mobile Safari/537.36 (compatible; PetalBot;+https://webmaster.petalsearch.com/site/petalbot)"
51.68.247.220 - - [21/Oct/2025:11:12:30 +1100] "GET /p=4474/img_1964/feed HTTP/1.1" 200 965 "-" "Mozilla/5.0 (compatible; AhrefsBot/7.0; +http://ahrefs.com/robot/)"
216.225.203.35 - - [21/Oct/2025:11:12:40 +1100] "GET /wp-login.php HTTP/1.1" 200 18375 "-" "Mozilla/5.0 (X11; Linux x86_64) AppleWebKit/537.36 (KHTML, like Gecko) Chrome/140.0.0.0 Safari/537.36"
216.225.203.35 - - [21/Oct/2025:11:12:40 +1100] "POST /wp-login.php HTTP/1.1" 503 20074 "http://livremonami.nc/wp-admin/" "Mozilla/5.0 (X11; Linux x86_64) AppleWebKit/537.36 (KHTML, like Gecko) Chrome/140.0.0.0 Safari/537.36"
114.119.136.184 - - [21/Oct/2025:11:13:18 +1100] "GET /page/30?author=0 HTTP/1.1" 200 32545 "http://www.livremonami.nc/page/32?author=0" "Mozilla/5.0 (Linux; Android 7.0;) AppleWebKit/537.36 (KHTML, like Gecko) Mobile Safari/537.36 (compatible; PetalBot;+https://webmaster.petalsearch.com/site/petalbot)"
202.22.159.247 - - [21/Oct/2025:11:13:18 +1100] "POST /wp-cron.php?doing_wp_cron=1761005598.1904780864715576171875 HTTP/1.1" 200 243 "-" "WordPress/6.7.4; http://www.livremonami.nc"
176.31.139.1 - - [21/Oct/2025:11:14:17 +1100] "GET /p=2717/14c5/feed HTTP/1.1" 200 955 "-" "Mozilla/5.0 (compatible; AhrefsBot/7.0; +http://ahrefs.com/robot/)"
216.225.203.35 - - [21/Oct/2025:11:14:26 +1100] "GET /wp-login.php HTTP/1.1" 200 18375 "-" "Mozilla/5.0 (X11; Linux x86_64) AppleWebKit/537.36 (KHTML, like Gecko) Chrome/140.0.0.0 Safari/537.36"
216.225.203.35 - - [21/Oct/2025:11:14:27 +1100] "POST /wp-login.php HTTP/1.1" 503 20074 "http://livremonami.nc/wp-admin/" "Mozilla/5.0 (X11; Linux x86_64) AppleWebKit/537.36 (KHTML, like Gecko) Chrome/140.0.0.0 Safari/537.36"
114.119.136.184 - - [21/Oct/2025:11:14:40 +1100] "GET /p=4394/yate-6 HTTP/1.1" 200 28643 "http://www.livremonami.nc/?attachment_id=4407" "Mozilla/5.0 (Linux; Android 7.0;) AppleWebKit/537.36 (KHTML, like Gecko) Mobile Safari/537.36 (compatible; PetalBot;+https://webmaster.petalsearch.com/site/petalbot)"
202.22.159.247 - - [21/Oct/2025:11:16:05 +1100] "POST /wp-cron.php?doing_wp_cron=1761005765.1261420249938964843750 HTTP/1.1" 200 243 "-" "WordPress/6.7.4; http://www.livremonami.nc"
114.119.146.185 - - [21/Oct/2025:11:16:05 +1100] "GET /p=1559 HTTP/1.1" 200 29287 "http://www.livremonami.nc/?matprin=calendrier_2013&paged=56" "Mozilla/5.0 (Linux; Android 7.0;) AppleWebKit/537.36 (KHTML, like Gecko) Mobile Safari/537.36 (compatible; PetalBot;+https://webmaster.petalsearch.com/site/petalbot)"
216.225.203.35 - - [21/Oct/2025:11:16:14 +1100] "GET /wp-login.php HTTP/1.1" 200 18375 "-" "Mozilla/5.0 (X11; Linux x86_64) AppleWebKit/537.36 (KHTML, like Gecko) Chrome/140.0.0.0 Safari/537.36"
216.225.203.35 - - [21/Oct/2025:11:16:14 +1100] "POST /wp-login.php HTTP/1.1" 503 20074 "http://livremonami.nc/wp-admin/" "Mozilla/5.0 (X11; Linux x86_64) AppleWebKit/537.36 (KHTML, like Gecko) Chrome/140.0.0.0 Safari/537.36"
37.59.204.151 - - [21/Oct/2025:11:16:16 +1100] "GET /p=5059/bernheim01/feed HTTP/1.1" 200 959 "-" "Mozilla/5.0 (compatible; AhrefsBot/7.0; +http://ahrefs.com/robot/)"
202.22.159.247 - - [21/Oct/2025:11:17:01 +1100] "POST /wp-cron.php?doing_wp_cron=1761005821.7460649013519287109375 HTTP/1.1" 200 243 "-" "WordPress/6.7.4; http://www.livremonami.nc"
216.244.66.242 - - [21/Oct/2025:11:17:01 +1100] "GET /page/9?matprin=calendrier_2011 HTTP/1.1" 200 127973 "-" "Mozilla/5.0 (compatible; DotBot/1.2; +https://opensiteexplorer.org/dotbot; help@moz.com)"
118.179.224.99 - - [21/Oct/2025:11:17:17 +1100] "GET /wp-content/uploads/2020/12/troph%C3%A9e_Estelle_Faye-225x300.jpg HTTP/1.1" 200 13263 "http://www.livremonami.nc/p=6995" "Mozilla/5.0 (Windows NT 10.0; Win64; x64) AppleWebKit/537.36 (KHTML, like Gecko) Chrome/141.0.0.0 Safari/537.36 Edg/141.0.0.0"
118.179.224.99 - - [21/Oct/2025:11:17:19 +1100] "GET /wp-content/uploads/2020/12/2020-12-10_Livre-mon-ami_Estelle-FAYE-033.jpeg HTTP/1.1" 200 203250 "http://www.livremonami.nc/p=6995" "Mozilla/5.0 (Windows NT 10.0; Win64; x64) AppleWebKit/537.36 (KHTML, like Gecko) Chrome/141.0.0.0 Safari/537.36 Edg/141.0.0.0"
216.225.203.35 - - [21/Oct/2025:11:18:01 +1100] "GET /wp-login.php HTTP/1.1" 200 18374 "-" "Mozilla/5.0 (X11; Linux x86_64) AppleWebKit/537.36 (KHTML, like Gecko) Chrome/140.0.0.0 Safari/537.36"
216.225.203.35 - - [21/Oct/2025:11:18:02 +1100] "POST /wp-login.php HTTP/1.1" 503 20074 "http://livremonami.nc/wp-admin/" "Mozilla/5.0 (X11; Linux x86_64) AppleWebKit/537.36 (KHTML, like Gecko) Chrome/140.0.0.0 Safari/537.36"
92.222.108.123 - - [21/Oct/2025:11:18:03 +1100] "GET /p=3446/dscf4552/feed HTTP/1.1" 200 958 "-" "Mozilla/5.0 (compatible; AhrefsBot/7.0; +http://ahrefs.com/robot/)"
202.22.159.247 - - [21/Oct/2025:11:19:48 +1100] "POST /wp-cron.php?doing_wp_cron=1761005988.0882790088653564453125 HTTP/1.1" 200 243 "-" "WordPress/6.7.4; http://www.livremonami.nc"
216.225.203.35 - - [21/Oct/2025:11:19:47 +1100] "GET /wp-login.php HTTP/1.1" 200 18376 "-" "Mozilla/5.0 (X11; Linux x86_64) AppleWebKit/537.36 (KHTML, like Gecko) Chrome/140.0.0.0 Safari/537.36"
216.225.203.35 - - [21/Oct/2025:11:19:48 +1100] "POST /wp-login.php HTTP/1.1" 503 20074 "http://livremonami.nc/wp-admin/" "Mozilla/5.0 (X11; Linux x86_64) AppleWebKit/537.36 (KHTML, like Gecko) Chrome/140.0.0.0 Safari/537.36"
202.22.159.247 - - [21/Oct/2025:11:20:26 +1100] "POST /wp-cron.php?doing_wp_cron=1761006026.7547700405120849609375 HTTP/1.1" 200 243 "-" "WordPress/6.7.4; http://www.livremonami.nc"
5.39.109.164 - - [21/Oct/2025:11:20:26 +1100] "GET /page/55?matprin=calendrier_2013 HTTP/1.1" 200 32230 "-" "Mozilla/5.0 (compatible; AhrefsBot/7.0; +http://ahrefs.com/robot/)"
216.225.203.35 - - [21/Oct/2025:11:21:32 +1100] "GET /wp-login.php HTTP/1.1" 200 18373 "-" "Mozilla/5.0 (X11; Linux x86_64) AppleWebKit/537.36 (KHTML, like Gecko) Chrome/140.0.0.0 Safari/537.36"
216.225.203.35 - - [21/Oct/2025:11:21:33 +1100] "POST /wp-login.php HTTP/1.1" 503 20074 "http://livremonami.nc/wp-admin/" "Mozilla/5.0 (X11; Linux x86_64) AppleWebKit/537.36 (KHTML, like Gecko) Chrome/140.0.0.0 Safari/537.36"
202.22.159.247 - - [21/Oct/2025:11:22:16 +1100] "POST /wp-cron.php?doing_wp_cron=1761006136.3250429630279541015625 HTTP/1.1" 200 243 "-" "WordPress/6.7.4; http://www.livremonami.nc"
54.37.118.65 - - [21/Oct/2025:11:22:16 +1100] "GET /p=4416/attachment/7149/feed HTTP/1.1" 200 961 "-" "Mozilla/5.0 (compatible; AhrefsBot/7.0; +http://ahrefs.com/robot/)"
216.225.203.35 - - [21/Oct/2025:11:23:14 +1100] "GET /wp-login.php HTTP/1.1" 200 18375 "-" "Mozilla/5.0 (X11; Linux x86_64) AppleWebKit/537.36 (KHTML, like Gecko) Chrome/140.0.0.0 Safari/537.36"
216.225.203.35 - - [21/Oct/2025:11:23:15 +1100] "POST /wp-login.php HTTP/1.1" 503 20074 "http://livremonami.nc/wp-admin/" "Mozilla/5.0 (X11; Linux x86_64) AppleWebKit/537.36 (KHTML, like Gecko) Chrome/140.0.0.0 Safari/537.36"
202.22.159.247 - - [21/Oct/2025:11:24:20 +1100] "POST /wp-cron.php?doing_wp_cron=1761006260.6333260536193847656250 HTTP/1.1" 200 243 "-" "WordPress/6.7.4; http://www.livremonami.nc"
92.222.108.98 - - [21/Oct/2025:11:24:20 +1100] "GET /p=4416/4c4f/feed HTTP/1.1" 200 956 "-" "Mozilla/5.0 (compatible; AhrefsBot/7.0; +http://ahrefs.com/robot/)"
216.225.203.35 - - [21/Oct/2025:11:25:00 +1100] "GET /wp-login.php HTTP/1.1" 200 18375 "-" "Mozilla/5.0 (X11; Linux x86_64) AppleWebKit/537.36 (KHTML, like Gecko) Chrome/140.0.0.0 Safari/537.36"
216.225.203.35 - - [21/Oct/2025:11:25:01 +1100] "POST /wp-login.php HTTP/1.1" 503 20074 "http://livremonami.nc/wp-admin/" "Mozilla/5.0 (X11; Linux x86_64) AppleWebKit/537.36 (KHTML, like Gecko) Chrome/140.0.0.0 Safari/537.36"
202.22.159.247 - - [21/Oct/2025:11:26:28 +1100] "POST /wp-cron.php?doing_wp_cron=1761006388.5947959423065185546875 HTTP/1.1" 200 243 "-" "WordPress/6.7.4; http://www.livremonami.nc"
51.68.247.222 - - [21/Oct/2025:11:26:28 +1100] "GET /p=4416/4c60/feed HTTP/1.1" 200 956 "-" "Mozilla/5.0 (compatible; AhrefsBot/7.0; +http://ahrefs.com/robot/)"
216.225.203.35 - - [21/Oct/2025:11:26:48 +1100] "GET /wp-login.php HTTP/1.1" 200 18375 "-" "Mozilla/5.0 (X11; Linux x86_64) AppleWebKit/537.36 (KHTML, like Gecko) Chrome/140.0.0.0 Safari/537.36"
216.225.203.35 - - [21/Oct/2025:11:26:48 +1100] "POST /wp-login.php HTTP/1.1" 503 20074 "http://livremonami.nc/wp-admin/" "Mozilla/5.0 (X11; Linux x86_64) AppleWebKit/537.36 (KHTML, like Gecko) Chrome/140.0.0.0 Safari/537.36"
202.22.159.247 - - [21/Oct/2025:11:27:45 +1100] "POST /wp-cron.php?doing_wp_cron=1761006465.6911029815673828125000 HTTP/1.1" 200 243 "-" "WordPress/6.7.4; http://www.livremonami.nc"
3.224.104.67 - - [21/Oct/2025:11:27:45 +1100] "GET /quiz-2019-la-louve HTTP/1.1" 200 34039 "-" "Mozilla/5.0 AppleWebKit/537.36 (KHTML, like Gecko; compatible; Amazonbot/0.1; +https://developer.amazon.com/support/amazonbot) Chrome/119.0.6045.214 Safari/537.36"
34.227.156.153 - - [21/Oct/2025:11:27:49 +1100] "GET /?p=9769 HTTP/1.1" 301 265 "-" "Mozilla/5.0 AppleWebKit/537.36 (KHTML, like Gecko; compatible; Amazonbot/0.1; +https://developer.amazon.com/support/amazonbot) Chrome/119.0.6045.214 Safari/537.36"
3.94.156.104 - - [21/Oct/2025:11:27:50 +1100] "GET /p=9769 HTTP/1.1" 200 30385 "-" "Mozilla/5.0 AppleWebKit/537.36 (KHTML, like Gecko; compatible; Amazonbot/0.1; +https://developer.amazon.com/support/amazonbot) Chrome/119.0.6045.214 Safari/537.36"
35.169.240.53 - - [21/Oct/2025:11:27:53 +1100] "GET /dscn3575 HTTP/1.1" 200 28564 "-" "Mozilla/5.0 AppleWebKit/537.36 (KHTML, like Gecko; compatible; Amazonbot/0.1; +https://developer.amazon.com/support/amazonbot) Chrome/119.0.6045.214 Safari/537.36"
54.197.178.107 - - [21/Oct/2025:11:27:56 +1100] "GET /p=1132 HTTP/1.1" 200 28855 "-" "Mozilla/5.0 AppleWebKit/537.36 (KHTML, like Gecko; compatible; Amazonbot/0.1; +https://developer.amazon.com/support/amazonbot) Chrome/119.0.6045.214 Safari/537.36"
34.227.156.153 - - [21/Oct/2025:11:28:00 +1100] "GET /page/5?matprin=calendrier_2014 HTTP/1.1" 200 32540 "-" "Mozilla/5.0 AppleWebKit/537.36 (KHTML, like Gecko; compatible; Amazonbot/0.1; +https://developer.amazon.com/support/amazonbot) Chrome/119.0.6045.214 Safari/537.36"
54.91.122.193 - - [21/Oct/2025:11:28:05 +1100] "GET /p=5125/img_2551 HTTP/1.1" 200 28657 "-" "Mozilla/5.0 AppleWebKit/537.36 (KHTML, like Gecko; compatible; Amazonbot/0.1; +https://developer.amazon.com/support/amazonbot) Chrome/119.0.6045.214 Safari/537.36"
52.203.152.231 - - [21/Oct/2025:11:28:08 +1100] "GET /p=5162/img_2794 HTTP/1.1" 200 28671 "-" "Mozilla/5.0 AppleWebKit/537.36 (KHTML, like Gecko; compatible; Amazonbot/0.1; +https://developer.amazon.com/support/amazonbot) Chrome/119.0.6045.214 Safari/537.36"
196.251.114.48 - - [21/Oct/2025:11:28:13 +1100] "POST /wp-login.php HTTP/1.1" 503 20074 "-" "Mozilla/5.0"
54.37.118.78 - - [21/Oct/2025:11:28:20 +1100] "GET /p=4394 HTTP/1.1" 200 30286 "-" "Mozilla/5.0 (compatible; AhrefsBot/7.0; +http://ahrefs.com/robot/)"
216.225.203.35 - - [21/Oct/2025:11:28:36 +1100] "GET /wp-login.php HTTP/1.1" 200 18375 "-" "Mozilla/5.0 (X11; Linux x86_64) AppleWebKit/537.36 (KHTML, like Gecko) Chrome/140.0.0.0 Safari/537.36"
216.225.203.35 - - [21/Oct/2025:11:28:37 +1100] "POST /wp-login.php HTTP/1.1" 503 20074 "http://livremonami.nc/wp-admin/" "Mozilla/5.0 (X11; Linux x86_64) AppleWebKit/537.36 (KHTML, like Gecko) Chrome/140.0.0.0 Safari/537.36"
202.22.159.247 - - [21/Oct/2025:11:28:48 +1100] "POST /wp-cron.php?doing_wp_cron=1761006528.2376570701599121093750 HTTP/1.1" 200 243 "-" "WordPress/6.7.4; http://www.livremonami.nc"
114.119.155.54 - - [21/Oct/2025:11:28:48 +1100] "GET /p=3490/img_2385 HTTP/1.1" 200 28655 "http://www.livremonami.nc?attachment_id=3513" "Mozilla/5.0 (Linux; Android 7.0;) AppleWebKit/537.36 (KHTML, like Gecko) Mobile Safari/537.36 (compatible; PetalBot;+https://webmaster.petalsearch.com/site/petalbot)"
202.22.159.247 - - [21/Oct/2025:11:30:23 +1100] "POST /wp-cron.php?doing_wp_cron=1761006623.4744369983673095703125 HTTP/1.1" 200 243 "-" "WordPress/6.7.4; http://www.livremonami.nc"
216.225.203.35 - - [21/Oct/2025:11:30:23 +1100] "GET /wp-login.php HTTP/1.1" 200 18375 "-" "Mozilla/5.0 (X11; Linux x86_64) AppleWebKit/537.36 (KHTML, like Gecko) Chrome/140.0.0.0 Safari/537.36"
216.225.203.35 - - [21/Oct/2025:11:30:24 +1100] "POST /wp-login.php HTTP/1.1" 503 20074 "http://livremonami.nc/wp-admin/" "Mozilla/5.0 (X11; Linux x86_64) AppleWebKit/537.36 (KHTML, like Gecko) Chrome/140.0.0.0 Safari/537.36"
92.222.104.210 - - [21/Oct/2025:11:30:27 +1100] "GET /p=2740/img_3887/feed HTTP/1.1" 200 964 "-" "Mozilla/5.0 (compatible; AhrefsBot/7.0; +http://ahrefs.com/robot/)"
216.225.203.35 - - [21/Oct/2025:11:32:09 +1100] "GET /wp-login.php HTTP/1.1" 200 18374 "-" "Mozilla/5.0 (X11; Linux x86_64) AppleWebKit/537.36 (KHTML, like Gecko) Chrome/140.0.0.0 Safari/537.36"
216.225.203.35 - - [21/Oct/2025:11:32:11 +1100] "POST /wp-login.php HTTP/1.1" 503 20074 "http://livremonami.nc/wp-admin/" "Mozilla/5.0 (X11; Linux x86_64) AppleWebKit/537.36 (KHTML, like Gecko) Chrome/140.0.0.0 Safari/537.36"
202.22.159.247 - - [21/Oct/2025:11:32:09 +1100] "POST /wp-cron.php?doing_wp_cron=1761006729.5258009433746337890625 HTTP/1.1" 200 243 "-" "WordPress/6.7.4; http://www.livremonami.nc"
51.75.236.133 - - [21/Oct/2025:11:32:23 +1100] "GET /p=4416/4c71/feed HTTP/1.1" 200 956 "-" "Mozilla/5.0 (compatible; AhrefsBot/7.0; +http://ahrefs.com/robot/)"
57.141.2.34 - - [21/Oct/2025:11:33:02 +1100] "GET / HTTP/1.1" 200 128651 "-" "meta-externalagent/1.1 (+https://developers.facebook.com/docs/sharing/webmasters/crawler)"
109.111.42.227 - - [21/Oct/2025:11:33:03 +1100] "GET /?page_id=10576 HTTP/1.1" 301 262 "-" "Mozilla/5.0 (Windows NT 10.0; Win64; x64) AppleWebKit/537.36 (KHTML, like Gecko) Chrome/131.0.0.0 Safari/537.36 Edg/131.0.0.0"
204.1.138.1 - - [21/Oct/2025:11:33:02 +1100] "GET /?page_id=10576 HTTP/1.1" 301 262 "-" "Mozilla/5.0 (Windows NT 10.0; Win64; x64) AppleWebKit/537.36 (KHTML, like Gecko) Chrome/131.0.0.0 Safari/537.36 Edg/131.0.0.0"
202.22.159.247 - - [21/Oct/2025:11:33:03 +1100] "POST /wp-cron.php?doing_wp_cron=1761006782.9867169857025146484375 HTTP/1.1" 200 243 "-" "WordPress/6.7.4; http://www.livremonami.nc"
216.225.203.35 - - [21/Oct/2025:11:33:55 +1100] "GET /wp-login.php HTTP/1.1" 200 18375 "-" "Mozilla/5.0 (X11; Linux x86_64) AppleWebKit/537.36 (KHTML, like Gecko) Chrome/140.0.0.0 Safari/537.36"
216.225.203.35 - - [21/Oct/2025:11:33:56 +1100] "POST /wp-login.php HTTP/1.1" 503 20074 "http://livremonami.nc/wp-admin/" "Mozilla/5.0 (X11; Linux x86_64) AppleWebKit/537.36 (KHTML, like Gecko) Chrome/140.0.0.0 Safari/537.36"
202.22.159.247 - - [21/Oct/2025:11:35:42 +1100] "POST /wp-cron.php?doing_wp_cron=1761006942.3362979888916015625000 HTTP/1.1" 200 243 "-" "WordPress/6.7.4; http://www.livremonami.nc"
216.225.203.35 - - [21/Oct/2025:11:35:42 +1100] "GET /wp-login.php HTTP/1.1" 200 18376 "-" "Mozilla/5.0 (X11; Linux x86_64) AppleWebKit/537.36 (KHTML, like Gecko) Chrome/140.0.0.0 Safari/537.36"
216.225.203.35 - - [21/Oct/2025:11:35:43 +1100] "POST /wp-login.php HTTP/1.1" 503 20074 "http://livremonami.nc/wp-admin/" "Mozilla/5.0 (X11; Linux x86_64) AppleWebKit/537.36 (KHTML, like Gecko) Chrome/140.0.0.0 Safari/537.36"
202.22.159.247 - - [21/Oct/2025:11:36:13 +1100] "POST /wp-cron.php?doing_wp_cron=1761006973.6380069255828857421875 HTTP/1.1" 200 243 "-" "WordPress/6.7.4; http://www.livremonami.nc"
51.68.247.211 - - [21/Oct/2025:11:36:13 +1100] "GET /page/21 HTTP/1.1" 200 32616 "-" "Mozilla/5.0 (compatible; AhrefsBot/7.0; +http://ahrefs.com/robot/)"
202.22.159.247 - - [21/Oct/2025:11:37:29 +1100] "POST /wp-cron.php?doing_wp_cron=1761007049.8260269165039062500000 HTTP/1.1" 200 243 "-" "WordPress/6.7.4; http://www.livremonami.nc"
216.225.203.35 - - [21/Oct/2025:11:37:29 +1100] "GET /wp-login.php HTTP/1.1" 200 18375 "-" "Mozilla/5.0 (X11; Linux x86_64) AppleWebKit/537.36 (KHTML, like Gecko) Chrome/140.0.0.0 Safari/537.36"
216.225.203.35 - - [21/Oct/2025:11:37:30 +1100] "POST /wp-login.php HTTP/1.1" 503 20074 "http://livremonami.nc/wp-admin/" "Mozilla/5.0 (X11; Linux x86_64) AppleWebKit/537.36 (KHTML, like Gecko) Chrome/140.0.0.0 Safari/537.36"
216.244.66.242 - - [21/Oct/2025:11:37:43 +1100] "GET /robots.txt HTTP/1.1" 200 338 "-" "Mozilla/5.0 (compatible; DotBot/1.2; +https://opensiteexplorer.org/dotbot; help@moz.com)"
202.22.159.247 - - [21/Oct/2025:11:38:46 +1100] "POST /wp-cron.php?doing_wp_cron=1761007126.2592439651489257812500 HTTP/1.1" 200 243 "-" "WordPress/6.7.4; http://www.livremonami.nc"
92.222.108.108 - - [21/Oct/2025:11:38:46 +1100] "GET /p=1881 HTTP/1.1" 200 28725 "-" "Mozilla/5.0 (compatible; AhrefsBot/7.0; +http://ahrefs.com/robot/)"
202.22.159.247 - - [21/Oct/2025:11:39:17 +1100] "POST /wp-cron.php?doing_wp_cron=1761007157.2055070400238037109375 HTTP/1.1" 200 243 "-" "WordPress/6.7.4; http://www.livremonami.nc"
216.225.203.35 - - [21/Oct/2025:11:39:17 +1100] "GET /wp-login.php HTTP/1.1" 200 18377 "-" "Mozilla/5.0 (X11; Linux x86_64) AppleWebKit/537.36 (KHTML, like Gecko) Chrome/140.0.0.0 Safari/537.36"
216.225.203.35 - - [21/Oct/2025:11:39:17 +1100] "POST /wp-login.php HTTP/1.1" 503 20074 "http://livremonami.nc/wp-admin/" "Mozilla/5.0 (X11; Linux x86_64) AppleWebKit/537.36 (KHTML, like Gecko) Chrome/140.0.0.0 Safari/537.36"
202.22.159.247 - - [21/Oct/2025:11:39:35 +1100] "POST /wp-cron.php?doing_wp_cron=1761007175.1180810928344726562500 HTTP/1.1" 200 243 "-" "WordPress/6.7.4; http://www.livremonami.nc"
216.73.216.49 - - [21/Oct/2025:11:39:35 +1100] "GET /blog/page/13 HTTP/1.1" 200 29944 "-" "Mozilla/5.0 AppleWebKit/537.36 (KHTML, like Gecko; compatible; ClaudeBot/1.0; +claudebot@anthropic.com)"
172.176.76.42 - - [21/Oct/2025:11:39:39 +1100] "HEAD /portal/ HTTP/1.1" 301 321 "-" "Mozilla/5.0 (Macintosh; Intel Mac OS X 12_7_4) AppleWebKit/605.1.15 (KHTML, like Gecko) Version/16.6 Safari/605.1.15"
172.176.76.42 - - [21/Oct/2025:11:39:40 +1100] "HEAD /portal/ HTTP/1.1" 404 312 "http://livremonami.nc/portal/" "Mozilla/5.0 (Macintosh; Intel Mac OS X 12_7_4) AppleWebKit/605.1.15 (KHTML, like Gecko) Version/16.6 Safari/605.1.15"
172.176.76.42 - - [21/Oct/2025:11:39:40 +1100] "HEAD /wordpress/ HTTP/1.1" 301 324 "-" "Mozilla/5.0 (Linux; Android 12; CPH2381) AppleWebKit/537.36 (KHTML, like Gecko) Chrome/119.0.6045.163 Mobile Safari/537.36 OPR/76.3.4027.73374"
172.176.76.42 - - [21/Oct/2025:11:39:40 +1100] "HEAD /wordpress/ HTTP/1.1" 404 312 "http://livremonami.nc/wordpress/" "Mozilla/5.0 (Linux; Android 12; CPH2381) AppleWebKit/537.36 (KHTML, like Gecko) Chrome/119.0.6045.163 Mobile Safari/537.36 OPR/76.3.4027.73374"
172.176.76.42 - - [21/Oct/2025:11:39:41 +1100] "HEAD /new/ HTTP/1.1" 301 318 "-" "Mozilla/5.0 (Windows NT 10.0; Win64; x64) AppleWebKit/537.36 (KHTML, like Gecko) Chrome/123.0.6312.86 Safari/537.36"
172.176.76.42 - - [21/Oct/2025:11:39:41 +1100] "HEAD /new/ HTTP/1.1" 404 312 "http://livremonami.nc/new/" "Mozilla/5.0 (Windows NT 10.0; Win64; x64) AppleWebKit/537.36 (KHTML, like Gecko) Chrome/123.0.6312.86 Safari/537.36"
172.176.76.42 - - [21/Oct/2025:11:39:41 +1100] "HEAD /home/ HTTP/1.1" 301 319 "-" "Mozilla/5.0 (Android 13; Mobile; rv:124.0) Gecko/124.0 Firefox/124.0"
172.176.76.42 - - [21/Oct/2025:11:39:42 +1100] "HEAD /home/ HTTP/1.1" 404 312 "http://livremonami.nc/home/" "Mozilla/5.0 (Android 13; Mobile; rv:124.0) Gecko/124.0 Firefox/124.0"
172.176.76.42 - - [21/Oct/2025:11:39:42 +1100] "HEAD /blog/ HTTP/1.1" 301 225 "-" "Mozilla/5.0 (Windows NT 6.1; Win64; x64) AppleWebKit/537.36 (KHTML, like Gecko) Chrome/109.0.5414.120 Safari/537.36"
172.176.76.42 - - [21/Oct/2025:11:39:42 +1100] "HEAD /blog HTTP/1.1" 200 374 "http://livremonami.nc/blog/" "Mozilla/5.0 (Windows NT 6.1; Win64; x64) AppleWebKit/537.36 (KHTML, like Gecko) Chrome/109.0.5414.120 Safari/537.36"
172.176.76.42 - - [21/Oct/2025:11:39:43 +1100] "HEAD /press/ HTTP/1.1" 301 320 "-" "Mozilla/5.0 (X11; Linux x86_64) AppleWebKit/537.36 (KHTML, like Gecko) Chrome/126.0.6478.20 Safari/537.36"
172.176.76.42 - - [21/Oct/2025:11:39:43 +1100] "HEAD /press/ HTTP/1.1" 404 312 "http://livremonami.nc/press/" "Mozilla/5.0 (X11; Linux x86_64) AppleWebKit/537.36 (KHTML, like Gecko) Chrome/126.0.6478.20 Safari/537.36"
172.176.76.42 - - [21/Oct/2025:11:39:43 +1100] "HEAD /media/ HTTP/1.1" 301 320 "-" "Mozilla/5.0 (iPad; CPU OS 16_6 like Mac OS X) AppleWebKit/605.1.15 (KHTML, like Gecko) Version/16.6 Mobile/15E148 Safari/604.1"
172.176.76.42 - - [21/Oct/2025:11:39:44 +1100] "HEAD /media/ HTTP/1.1" 404 312 "http://livremonami.nc/media/" "Mozilla/5.0 (iPad; CPU OS 16_6 like Mac OS X) AppleWebKit/605.1.15 (KHTML, like Gecko) Version/16.6 Mobile/15E148 Safari/604.1"
172.176.76.42 - - [21/Oct/2025:11:39:44 +1100] "HEAD /site/ HTTP/1.1" 301 319 "-" "Mozilla/5.0 (Macintosh; Intel Mac OS X 14_3) AppleWebKit/537.36 (KHTML, like Gecko) Chrome/125.0.6422.60 Safari/537.36 Edg/125.0.2535.51"
172.176.76.42 - - [21/Oct/2025:11:39:44 +1100] "HEAD /site/ HTTP/1.1" 404 312 "http://livremonami.nc/site/" "Mozilla/5.0 (Macintosh; Intel Mac OS X 14_3) AppleWebKit/537.36 (KHTML, like Gecko) Chrome/125.0.6422.60 Safari/537.36 Edg/125.0.2535.51"
172.176.76.42 - - [21/Oct/2025:11:39:45 +1100] "HEAD /website/ HTTP/1.1" 301 322 "-" "Mozilla/5.0 (Linux; Android 12; CPH2381) AppleWebKit/537.36 (KHTML, like Gecko) Chrome/119.0.6045.163 Mobile Safari/537.36 OPR/76.3.4027.73374"
172.176.76.42 - - [21/Oct/2025:11:39:45 +1100] "HEAD /website/ HTTP/1.1" 404 312 "http://livremonami.nc/website/" "Mozilla/5.0 (Linux; Android 12; CPH2381) AppleWebKit/537.36 (KHTML, like Gecko) Chrome/119.0.6045.163 Mobile Safari/537.36 OPR/76.3.4027.73374"
172.176.76.42 - - [21/Oct/2025:11:39:45 +1100] "HEAD /fr/ HTTP/1.1" 301 320 "-" "Mozilla/5.0 (Windows NT 6.1; Win64; x64) AppleWebKit/537.36 (KHTML, like Gecko) Chrome/109.0.5414.120 Safari/537.36"
172.176.76.42 - - [21/Oct/2025:11:39:46 +1100] "HEAD /p=3241 HTTP/1.1" 200 374 "http://livremonami.nc/fr/" "Mozilla/5.0 (Windows NT 6.1; Win64; x64) AppleWebKit/537.36 (KHTML, like Gecko) Chrome/109.0.5414.120 Safari/537.36"
172.176.76.42 - - [21/Oct/2025:11:39:46 +1100] "HEAD /blog2/ HTTP/1.1" 301 320 "-" "Mozilla/5.0 (Windows NT 10.0; Win64; x64) AppleWebKit/537.36 (KHTML, like Gecko) Chrome/120.0.6099.224 Safari/537.36 OPR/106.0.0.0"
172.176.76.42 - - [21/Oct/2025:11:39:46 +1100] "HEAD /blog2/ HTTP/1.1" 404 312 "http://livremonami.nc/blog2/" "Mozilla/5.0 (Windows NT 10.0; Win64; x64) AppleWebKit/537.36 (KHTML, like Gecko) Chrome/120.0.6099.224 Safari/537.36 OPR/106.0.0.0"
172.176.76.42 - - [21/Oct/2025:11:39:47 +1100] "HEAD /main/ HTTP/1.1" 301 319 "-" "Mozilla/5.0 (Linux; Android 14; Pixel 8 Pro) AppleWebKit/537.36 (KHTML, like Gecko) Chrome/124.0.6367.56 Mobile Safari/537.36"
172.176.76.42 - - [21/Oct/2025:11:39:47 +1100] "HEAD /main/ HTTP/1.1" 404 312 "http://livremonami.nc/main/" "Mozilla/5.0 (Linux; Android 14; Pixel 8 Pro) AppleWebKit/537.36 (KHTML, like Gecko) Chrome/124.0.6367.56 Mobile Safari/537.36"
172.176.76.42 - - [21/Oct/2025:11:39:47 +1100] "HEAD /de/ HTTP/1.1" 301 321 "-" "Mozilla/5.0 (X11; Ubuntu; Linux x86_64; rv:124.0) Gecko/20100101 Firefox/124.0"
202.22.159.247 - - [21/Oct/2025:11:39:48 +1100] "POST /wp-cron.php?doing_wp_cron=1761007188.1274669170379638671875 HTTP/1.1" 200 243 "-" "WordPress/6.7.4; http://www.livremonami.nc"
172.176.76.42 - - [21/Oct/2025:11:39:48 +1100] "HEAD /p=11076 HTTP/1.1" 200 376 "http://livremonami.nc/de/" "Mozilla/5.0 (X11; Ubuntu; Linux x86_64; rv:124.0) Gecko/20100101 Firefox/124.0"
172.176.76.42 - - [21/Oct/2025:11:39:48 +1100] "HEAD /2023/ HTTP/1.1" 301 319 "-" "Mozilla/5.0 (iPad; CPU OS 17_0 like Mac OS X) AppleWebKit/605.1.15 (KHTML, like Gecko) CriOS/123.0.6312.52 Mobile/15E148 Safari/604.1"
172.176.76.42 - - [21/Oct/2025:11:39:48 +1100] "HEAD /2023/ HTTP/1.1" 404 312 "http://livremonami.nc/2023/" "Mozilla/5.0 (iPad; CPU OS 17_0 like Mac OS X) AppleWebKit/605.1.15 (KHTML, like Gecko) CriOS/123.0.6312.52 Mobile/15E148 Safari/604.1"
172.176.76.42 - - [21/Oct/2025:11:39:49 +1100] "HEAD /content/ HTTP/1.1" 301 322 "-" "Mozilla/5.0 (Windows NT 10.0; Win64; x64; rv:125.0) Gecko/20100101 Firefox/125.0"
172.176.76.42 - - [21/Oct/2025:11:39:49 +1100] "HEAD /content/ HTTP/1.1" 404 312 "http://livremonami.nc/content/" "Mozilla/5.0 (Windows NT 10.0; Win64; x64; rv:125.0) Gecko/20100101 Firefox/125.0"
172.176.76.42 - - [21/Oct/2025:11:39:49 +1100] "HEAD /shop/ HTTP/1.1" 301 319 "-" "Mozilla/5.0 (Windows NT 6.1; Win64; x64) AppleWebKit/537.36 (KHTML, like Gecko) Chrome/109.0.5414.120 Safari/537.36"
172.176.76.42 - - [21/Oct/2025:11:39:50 +1100] "HEAD /shop/ HTTP/1.1" 404 312 "http://livremonami.nc/shop/" "Mozilla/5.0 (Windows NT 6.1; Win64; x64) AppleWebKit/537.36 (KHTML, like Gecko) Chrome/109.0.5414.120 Safari/537.36"
172.176.76.42 - - [21/Oct/2025:11:39:50 +1100] "HEAD /news/ HTTP/1.1" 301 319 "-" "Mozilla/5.0 (Windows NT 10.0; Win64; x64) AppleWebKit/537.36 (KHTML, like Gecko) Chrome/121.0.6167.140 Safari/537.36 Vivaldi/6.4.3160.47"
172.176.76.42 - - [21/Oct/2025:11:39:50 +1100] "HEAD /news/ HTTP/1.1" 404 312 "http://livremonami.nc/news/" "Mozilla/5.0 (Windows NT 10.0; Win64; x64) AppleWebKit/537.36 (KHTML, like Gecko) Chrome/121.0.6167.140 Safari/537.36 Vivaldi/6.4.3160.47"
172.176.76.42 - - [21/Oct/2025:11:39:51 +1100] "HEAD /backup/ HTTP/1.1" 301 321 "-" "Mozilla/5.0 (Linux; Android 10; Nokia 2720 Flip) AppleWebKit/537.36 (KHTML, like Gecko) Chrome/80.0.3987.99 Mobile Safari/537.36 KAIOS/2.5"
172.176.76.42 - - [21/Oct/2025:11:39:51 +1100] "HEAD /backup/ HTTP/1.1" 404 312 "http://livremonami.nc/backup/" "Mozilla/5.0 (Linux; Android 10; Nokia 2720 Flip) AppleWebKit/537.36 (KHTML, like Gecko) Chrome/80.0.3987.99 Mobile Safari/537.36 KAIOS/2.5"
172.176.76.42 - - [21/Oct/2025:11:39:51 +1100] "HEAD /en/ HTTP/1.1" 301 320 "-" "Mozilla/5.0 (Windows NT 10.0; Win64; x64; rv:123.0) Gecko/20100101 Firefox/123.0"
172.176.76.42 - - [21/Oct/2025:11:39:52 +1100] "HEAD /p=9657 HTTP/1.1" 200 374 "http://livremonami.nc/en/" "Mozilla/5.0 (Windows NT 10.0; Win64; x64; rv:123.0) Gecko/20100101 Firefox/123.0"
172.176.76.42 - - [21/Oct/2025:11:39:52 +1100] "HEAD /cms/ HTTP/1.1" 301 318 "-" "Mozilla/5.0 (iPhone; CPU iPhone OS 17_2 like Mac OS X) AppleWebKit/605.1.15 (KHTML, like Gecko) CriOS/124.0.6367.56 Mobile/15E148 Safari/604.1"
172.176.76.42 - - [21/Oct/2025:11:39:52 +1100] "HEAD /cms/ HTTP/1.1" 404 312 "http://livremonami.nc/cms/" "Mozilla/5.0 (iPhone; CPU iPhone OS 17_2 like Mac OS X) AppleWebKit/605.1.15 (KHTML, like Gecko) CriOS/124.0.6367.56 Mobile/15E148 Safari/604.1"
172.176.76.42 - - [21/Oct/2025:11:39:52 +1100] "HEAD /web/ HTTP/1.1" 301 318 "-" "Mozilla/5.0 (Windows NT 10.0; Win64; x64; rv:125.0) Gecko/20100101 Firefox/125.0"
172.176.76.42 - - [21/Oct/2025:11:39:53 +1100] "HEAD /web/ HTTP/1.1" 404 312 "http://livremonami.nc/web/" "Mozilla/5.0 (Windows NT 10.0; Win64; x64; rv:125.0) Gecko/20100101 Firefox/125.0"
172.176.76.42 - - [21/Oct/2025:11:39:53 +1100] "HEAD /store/ HTTP/1.1" 301 320 "-" "Mozilla/5.0 (X11; Linux x86_64) AppleWebKit/537.36 (KHTML, like Gecko) Chrome/121.0.6167.85 Safari/537.36"
172.176.76.42 - - [21/Oct/2025:11:39:53 +1100] "HEAD /store/ HTTP/1.1" 404 312 "http://livremonami.nc/store/" "Mozilla/5.0 (X11; Linux x86_64) AppleWebKit/537.36 (KHTML, like Gecko) Chrome/121.0.6167.85 Safari/537.36"
172.176.76.42 - - [21/Oct/2025:11:39:54 +1100] "HEAD / HTTP/1.1" 301 221 "-" "Mozilla/5.0 (Macintosh; Intel Mac OS X 12_7_4) AppleWebKit/605.1.15 (KHTML, like Gecko) Version/16.6 Safari/605.1.15"
172.176.76.42 - - [21/Oct/2025:11:39:54 +1100] "HEAD / HTTP/1.1" 200 185 "http://livremonami.nc/" "Mozilla/5.0 (Macintosh; Intel Mac OS X 12_7_4) AppleWebKit/605.1.15 (KHTML, like Gecko) Version/16.6 Safari/605.1.15"
172.176.76.42 - - [21/Oct/2025:11:39:54 +1100] "HEAD /old/ HTTP/1.1" 301 318 "-" "Mozilla/5.0 (Windows NT 10.0; Win64; x64) AppleWebKit/537.36 (KHTML, like Gecko) Chrome/121.0.6167.140 Safari/537.36 Vivaldi/6.4.3160.47"
172.176.76.42 - - [21/Oct/2025:11:39:55 +1100] "HEAD /old/ HTTP/1.1" 404 312 "http://livremonami.nc/old/" "Mozilla/5.0 (Windows NT 10.0; Win64; x64) AppleWebKit/537.36 (KHTML, like Gecko) Chrome/121.0.6167.140 Safari/537.36 Vivaldi/6.4.3160.47"
172.176.76.42 - - [21/Oct/2025:11:39:55 +1100] "HEAD /2024/ HTTP/1.1" 301 319 "-" "Mozilla/5.0 (Windows NT 10.0; Win64; x64) AppleWebKit/537.36 (KHTML, like Gecko) Chrome/121.0.6167.140 Safari/537.36 Vivaldi/6.4.3160.47"
172.176.76.42 - - [21/Oct/2025:11:39:55 +1100] "HEAD /2024/ HTTP/1.1" 404 312 "http://livremonami.nc/2024/" "Mozilla/5.0 (Windows NT 10.0; Win64; x64) AppleWebKit/537.36 (KHTML, like Gecko) Chrome/121.0.6167.140 Safari/537.36 Vivaldi/6.4.3160.47"
172.176.76.42 - - [21/Oct/2025:11:39:56 +1100] "HEAD /wp/ HTTP/1.1" 301 317 "-" "Mozilla/5.0 (Macintosh; Intel Mac OS X 14_2) AppleWebKit/537.36 (KHTML, like Gecko) Chrome/121.0.6167.86 Safari/537.36 Brave/1.62.162"
172.176.76.42 - - [21/Oct/2025:11:39:56 +1100] "HEAD /wp/ HTTP/1.1" 404 312 "http://livremonami.nc/wp/" "Mozilla/5.0 (Macintosh; Intel Mac OS X 14_2) AppleWebKit/537.36 (KHTML, like Gecko) Chrome/121.0.6167.86 Safari/537.36 Brave/1.62.162"
172.176.76.42 - - [21/Oct/2025:11:39:56 +1100] "HEAD /v2/ HTTP/1.1" 301 317 "-" "Mozilla/5.0 (iPad; CPU OS 16_6 like Mac OS X) AppleWebKit/605.1.15 (KHTML, like Gecko) Version/16.6 Mobile/15E148 Safari/604.1"
172.176.76.42 - - [21/Oct/2025:11:39:57 +1100] "HEAD /v2/ HTTP/1.1" 404 312 "http://livremonami.nc/v2/" "Mozilla/5.0 (iPad; CPU OS 16_6 like Mac OS X) AppleWebKit/605.1.15 (KHTML, like Gecko) Version/16.6 Mobile/15E148 Safari/604.1"
172.176.76.42 - - [21/Oct/2025:11:39:57 +1100] "HEAD /site1/ HTTP/1.1" 301 320 "-" "Mozilla/5.0 (Windows NT 11.0; Win64; x64) AppleWebKit/537.36 (KHTML, like Gecko) Chrome/124.0.6367.62 Safari/537.36"
172.176.76.42 - - [21/Oct/2025:11:39:57 +1100] "HEAD /site1/ HTTP/1.1" 404 312 "http://livremonami.nc/site1/" "Mozilla/5.0 (Windows NT 11.0; Win64; x64) AppleWebKit/537.36 (KHTML, like Gecko) Chrome/124.0.6367.62 Safari/537.36"
172.176.76.42 - - [21/Oct/2025:11:39:58 +1100] "HEAD /us/ HTTP/1.1" 301 317 "-" "Mozilla/5.0 (iPhone; CPU iPhone OS 17_4 like Mac OS X) AppleWebKit/605.1.15 (KHTML, like Gecko) Version/17.4 Mobile/15E148 Safari/604.1"
172.176.76.42 - - [21/Oct/2025:11:39:58 +1100] "HEAD /us/ HTTP/1.1" 404 312 "http://livremonami.nc/us/" "Mozilla/5.0 (iPhone; CPU iPhone OS 17_4 like Mac OS X) AppleWebKit/605.1.15 (KHTML, like Gecko) Version/17.4 Mobile/15E148 Safari/604.1"
204.1.138.1 - - [21/Oct/2025:11:39:58 +1100] "GET /le-comite-de-lecture-recommande HTTP/1.1" 200 112626 "-" "Mozilla/5.0 (Windows NT 10.0; Win64; x64) AppleWebKit/537.36 (KHTML, like Gecko) Chrome/131.0.0.0 Safari/537.36 Edg/131.0.0.0"
204.1.138.206 - - [21/Oct/2025:11:40:02 +1100] "GET /le-comite-de-lecture-recommande HTTP/1.1" 200 112437 "-" "Mozilla/5.0 (Windows NT 10.0; Win64; x64) AppleWebKit/537.36 (KHTML, like Gecko) Chrome/131.0.0.0 Safari/537.36 Edg/131.0.0.0"
114.119.133.108 - - [21/Oct/2025:11:40:15 +1100] "GET /?p=6954 HTTP/1.1" 301 265 "http://www.livremonami.nc?matprin=contact&paged=3" "Mozilla/5.0 (Linux; Android 7.0;) AppleWebKit/537.36 (KHTML, like Gecko) Mobile Safari/537.36 (compatible; PetalBot;+https://webmaster.petalsearch.com/site/petalbot)"
114.119.133.108 - - [21/Oct/2025:11:40:15 +1100] "GET /p=6954 HTTP/1.1" 200 28683 "http://www.livremonami.nc?matprin=contact&paged=3" "Mozilla/5.0 (Linux; Android 7.0;) AppleWebKit/537.36 (KHTML, like Gecko) Mobile Safari/537.36 (compatible; PetalBot;+https://webmaster.petalsearch.com/site/petalbot)"
202.22.159.247 - - [21/Oct/2025:11:41:03 +1100] "POST /wp-cron.php?doing_wp_cron=1761007263.9453558921813964843750 HTTP/1.1" 200 243 "-" "WordPress/6.7.4; http://www.livremonami.nc"
216.225.203.35 - - [21/Oct/2025:11:41:03 +1100] "GET /wp-login.php HTTP/1.1" 200 18374 "-" "Mozilla/5.0 (X11; Linux x86_64) AppleWebKit/537.36 (KHTML, like Gecko) Chrome/140.0.0.0 Safari/537.36"
216.225.203.35 - - [21/Oct/2025:11:41:04 +1100] "POST /wp-login.php HTTP/1.1" 503 20074 "http://livremonami.nc/wp-admin/" "Mozilla/5.0 (X11; Linux x86_64) AppleWebKit/537.36 (KHTML, like Gecko) Chrome/140.0.0.0 Safari/537.36"
5.39.109.181 - - [21/Oct/2025:11:41:25 +1100] "GET /p=11139 HTTP/1.1" 200 31841 "-" "Mozilla/5.0 (compatible; AhrefsBot/7.0; +http://ahrefs.com/robot/)"
202.22.159.247 - - [21/Oct/2025:11:42:50 +1100] "POST /wp-cron.php?doing_wp_cron=1761007370.6580929756164550781250 HTTP/1.1" 200 243 "-" "WordPress/6.7.4; http://www.livremonami.nc"
216.225.203.35 - - [21/Oct/2025:11:42:50 +1100] "GET /wp-login.php HTTP/1.1" 200 18376 "-" "Mozilla/5.0 (X11; Linux x86_64) AppleWebKit/537.36 (KHTML, like Gecko) Chrome/140.0.0.0 Safari/537.36"
216.225.203.35 - - [21/Oct/2025:11:42:51 +1100] "POST /wp-login.php HTTP/1.1" 503 20074 "http://livremonami.nc/wp-admin/" "Mozilla/5.0 (X11; Linux x86_64) AppleWebKit/537.36 (KHTML, like Gecko) Chrome/140.0.0.0 Safari/537.36"
202.22.159.247 - - [21/Oct/2025:11:43:40 +1100] "POST /wp-cron.php?doing_wp_cron=1761007420.9866869449615478515625 HTTP/1.1" 200 243 "-" "WordPress/6.7.4; http://www.livremonami.nc"
176.31.139.13 - - [21/Oct/2025:11:43:40 +1100] "GET /p=4394/yate-4/feed HTTP/1.1" 200 959 "-" "Mozilla/5.0 (compatible; AhrefsBot/7.0; +http://ahrefs.com/robot/)"
216.225.203.35 - - [21/Oct/2025:11:44:37 +1100] "GET /wp-login.php HTTP/1.1" 200 18376 "-" "Mozilla/5.0 (X11; Linux x86_64) AppleWebKit/537.36 (KHTML, like Gecko) Chrome/140.0.0.0 Safari/537.36"
216.225.203.35 - - [21/Oct/2025:11:44:37 +1100] "POST /wp-login.php HTTP/1.1" 503 20074 "http://livremonami.nc/wp-admin/" "Mozilla/5.0 (X11; Linux x86_64) AppleWebKit/537.36 (KHTML, like Gecko) Chrome/140.0.0.0 Safari/537.36"
202.22.159.247 - - [21/Oct/2025:11:45:19 +1100] "POST /wp-cron.php?doing_wp_cron=1761007519.2604379653930664062500 HTTP/1.1" 200 243 "-" "WordPress/6.7.4; http://www.livremonami.nc"
114.119.155.235 - - [21/Oct/2025:11:45:19 +1100] "GET /?p=2156 HTTP/1.1" 301 265 "http://www.livremonami.nc/?matprin=calendrier_2012&paged=59" "Mozilla/5.0 (Linux; Android 7.0;) AppleWebKit/537.36 (KHTML, like Gecko) Mobile Safari/537.36 (compatible; PetalBot;+https://webmaster.petalsearch.com/site/petalbot)"
114.119.155.235 - - [21/Oct/2025:11:45:19 +1100] "GET /p=2156 HTTP/1.1" 200 28237 "http://www.livremonami.nc/?matprin=calendrier_2012&paged=59" "Mozilla/5.0 (Linux; Android 7.0;) AppleWebKit/537.36 (KHTML, like Gecko) Mobile Safari/537.36 (compatible; PetalBot;+https://webmaster.petalsearch.com/site/petalbot)"
216.244.66.242 - - [21/Oct/2025:11:45:34 +1100] "GET /page/60?matprin=calendrier_2014 HTTP/1.1" 200 124549 "-" "Mozilla/5.0 (compatible; DotBot/1.2; +https://opensiteexplorer.org/dotbot; help@moz.com)"
94.23.188.208 - - [21/Oct/2025:11:46:01 +1100] "GET /p=4416/attachment/7114/feed HTTP/1.1" 200 961 "-" "Mozilla/5.0 (compatible; AhrefsBot/7.0; +http://ahrefs.com/robot/)"
216.73.216.49 - - [21/Oct/2025:11:46:21 +1100] "GET /sitemap.xml HTTP/1.1" 200 736 "-" "Mozilla/5.0 AppleWebKit/537.36 (KHTML, like Gecko; compatible; ClaudeBot/1.0; +claudebot@anthropic.com)"
216.225.203.35 - - [21/Oct/2025:11:46:23 +1100] "GET /wp-login.php HTTP/1.1" 200 18375 "-" "Mozilla/5.0 (X11; Linux x86_64) AppleWebKit/537.36 (KHTML, like Gecko) Chrome/140.0.0.0 Safari/537.36"
216.225.203.35 - - [21/Oct/2025:11:46:23 +1100] "POST /wp-login.php HTTP/1.1" 503 20074 "http://livremonami.nc/wp-admin/" "Mozilla/5.0 (X11; Linux x86_64) AppleWebKit/537.36 (KHTML, like Gecko) Chrome/140.0.0.0 Safari/537.36"
202.22.159.247 - - [21/Oct/2025:11:48:10 +1100] "POST /wp-cron.php?doing_wp_cron=1761007690.0624029636383056640625 HTTP/1.1" 200 243 "-" "WordPress/6.7.4; http://www.livremonami.nc"
94.23.188.215 - - [21/Oct/2025:11:48:09 +1100] "GET /p=4416/4c93/feed HTTP/1.1" 200 956 "-" "Mozilla/5.0 (compatible; AhrefsBot/7.0; +http://ahrefs.com/robot/)"
216.225.203.35 - - [21/Oct/2025:11:48:10 +1100] "GET /wp-login.php HTTP/1.1" 200 18375 "-" "Mozilla/5.0 (X11; Linux x86_64) AppleWebKit/537.36 (KHTML, like Gecko) Chrome/140.0.0.0 Safari/537.36"
216.225.203.35 - - [21/Oct/2025:11:48:12 +1100] "POST /wp-login.php HTTP/1.1" 503 20074 "http://livremonami.nc/wp-admin/" "Mozilla/5.0 (X11; Linux x86_64) AppleWebKit/537.36 (KHTML, like Gecko) Chrome/140.0.0.0 Safari/537.36"
34.11.181.107 - - [21/Oct/2025:11:48:37 +1100] "GET /wp-content/uploads/2016/08/IMG_3280.jpg HTTP/1.1" 200 106705 "-" "Mozilla/5.0 (Windows NT 10.0; Win64; x64) AppleWebKit/537.36 (KHTML, like Gecko) Chrome/123.0.0.0 Safari/537.36 Edg/123.0.0.0"
114.119.157.237 - - [21/Oct/2025:11:48:41 +1100] "GET /part_prive_lelagon HTTP/1.1" 200 28516 "http://www.livremonami.nc?attachment_id=3106" "Mozilla/5.0 (Linux; Android 7.0;) AppleWebKit/537.36 (KHTML, like Gecko) Mobile Safari/537.36 (compatible; PetalBot;+https://webmaster.petalsearch.com/site/petalbot)"
202.22.159.247 - - [21/Oct/2025:11:48:42 +1100] "POST /wp-cron.php?doing_wp_cron=1761007722.6836090087890625000000 HTTP/1.1" 200 243 "-" "WordPress/6.7.4; http://www.livremonami.nc"
152.44.107.82 - - [21/Oct/2025:11:48:42 +1100] "GET / HTTP/1.1" 301 259 "-" "Mozilla/5.0 (X11; Linux x86_64) AppleWebKit/537.36 (KHTML, like Gecko) Chrome/140.0.0.0 Safari/537.36"
