216.244.66.242 - - [21/Oct/2025:14:31:28 +1100] "GET /p=5146/img_2778 HTTP/1.1" 200 99705 "-" "Mozilla/5.0 (compatible; DotBot/1.2; +https://opensiteexplorer.org/dotbot; help@moz.com)"
118.179.226.243 - - [21/Oct/2025:14:31:37 +1100] "GET / HTTP/1.1" 200 32483 "https://www.google.com/" "Mozilla/5.0 (Windows NT 10.0; Win64; x64; rv:144.0) Gecko/20100101 Firefox/144.0"
118.179.226.243 - - [21/Oct/2025:14:31:38 +1100] "GET /wp-content/plugins/real-cookie-banner/public/lib/animate.css/animate.min.css?ver=4.1.1 HTTP/1.1" 200 5593 "http://www.livremonami.nc/" "Mozilla/5.0 (Windows NT 10.0; Win64; x64; rv:144.0) Gecko/20100101 Firefox/144.0"
118.179.226.243 - - [21/Oct/2025:14:31:38 +1100] "GET /wp-content/aafd9425158f8f03937d0df38997f6f2/dist/1745265449.js?ver=d36d84fb7cc16e772fa1f8b9196971f3 HTTP/1.1" 200 14249 "http://www.livremonami.nc/" "Mozilla/5.0 (Windows NT 10.0; Win64; x64; rv:144.0) Gecko/20100101 Firefox/144.0"
118.179.226.243 - - [21/Oct/2025:14:31:38 +1100] "GET /wp-content/aafd9425158f8f03937d0df38997f6f2/dist/1369589066.js?ver=975c5defe73b4b2fde03afbaa384a541 HTTP/1.1" 200 11254 "http://www.livremonami.nc/" "Mozilla/5.0 (Windows NT 10.0; Win64; x64; rv:144.0) Gecko/20100101 Firefox/144.0"
118.179.226.243 - - [21/Oct/2025:14:31:38 +1100] "GET /wp-content/themes/tempera/images/nivoslider/loading.gif HTTP/1.1" 200 2007 "http://www.livremonami.nc/wp-content/themes/tempera/style.css?ver=1.8.3" "Mozilla/5.0 (Windows NT 10.0; Win64; x64; rv:144.0) Gecko/20100101 Firefox/144.0"
118.179.226.243 - - [21/Oct/2025:14:31:38 +1100] "GET /wp-content/themes/tempera/fonts/ubuntu-regular-webfont.woff HTTP/1.1" 200 37256 "http://www.livremonami.nc/wp-content/themes/tempera/fonts/fontfaces.css?ver=1.8.3" "Mozilla/5.0 (Windows NT 10.0; Win64; x64; rv:144.0) Gecko/20100101 Firefox/144.0"
118.179.226.243 - - [21/Oct/2025:14:31:38 +1100] "GET /wp-content/uploads/2025/02/image_gauche_accueil_2025.jpg HTTP/1.1" 200 73440 "http://www.livremonami.nc/" "Mozilla/5.0 (Windows NT 10.0; Win64; x64; rv:144.0) Gecko/20100101 Firefox/144.0"
118.179.226.243 - - [21/Oct/2025:14:31:38 +1100] "GET /wp-content/uploads/2022/08/bandeau_nouveau_local.jpg HTTP/1.1" 200 73440 "http://www.livremonami.nc/" "Mozilla/5.0 (Windows NT 10.0; Win64; x64; rv:144.0) Gecko/20100101 Firefox/144.0"
118.179.226.243 - - [21/Oct/2025:14:31:38 +1100] "GET /wp-content/uploads/2024/11/bandeau_gagnant_2024_tisseurs.jpg HTTP/1.1" 200 73440 "http://www.livremonami.nc/" "Mozilla/5.0 (Windows NT 10.0; Win64; x64; rv:144.0) Gecko/20100101 Firefox/144.0"
118.179.226.243 - - [21/Oct/2025:14:31:38 +1100] "GET /wp-content/aafd9425158f8f03937d0df38997f6f2/dist/1129662835.js?ver=760a80a785db15de5ae062b79ff6b25e HTTP/1.1" 200 12560 "http://www.livremonami.nc/" "Mozilla/5.0 (Windows NT 10.0; Win64; x64; rv:144.0) Gecko/20100101 Firefox/144.0"
118.179.226.243 - - [21/Oct/2025:14:31:38 +1100] "GET /wp-content/aafd9425158f8f03937d0df38997f6f2/dist/185216922.js?ver=7dc9e2eda0ff80e2 HTTP/1.1" 200 3330 "http://www.livremonami.nc/" "Mozilla/5.0 (Windows NT 10.0; Win64; x64; rv:144.0) Gecko/20100101 Firefox/144.0"
118.179.226.243 - - [21/Oct/2025:14:31:38 +1100] "GET /wp-content/aafd9425158f8f03937d0df38997f6f2/dist/1641291308.js?ver=14ea71fb2f8a0d98 HTTP/1.1" 200 8801 "http://www.livremonami.nc/" "Mozilla/5.0 (Windows NT 10.0; Win64; x64; rv:144.0) Gecko/20100101 Firefox/144.0"
118.179.226.243 - - [21/Oct/2025:14:31:38 +1100] "GET /wp-content/aafd9425158f8f03937d0df38997f6f2/dist/1609299691.js?ver=1992c0fd421ab3fe HTTP/1.1" 200 4031 "http://www.livremonami.nc/" "Mozilla/5.0 (Windows NT 10.0; Win64; x64; rv:144.0) Gecko/20100101 Firefox/144.0"
118.179.226.243 - - [21/Oct/2025:14:31:38 +1100] "GET /wp-content/aafd9425158f8f03937d0df38997f6f2/dist/1662245168.js?ver=f86a4dd026a0508c HTTP/1.1" 200 11544 "http://www.livremonami.nc/" "Mozilla/5.0 (Windows NT 10.0; Win64; x64; rv:144.0) Gecko/20100101 Firefox/144.0"
118.179.226.243 - - [21/Oct/2025:14:31:38 +1100] "GET /wp-content/aafd9425158f8f03937d0df38997f6f2/dist/1506965844.js?ver=552c4de6aed98e50 HTTP/1.1" 200 11529 "http://www.livremonami.nc/" "Mozilla/5.0 (Windows NT 10.0; Win64; x64; rv:144.0) Gecko/20100101 Firefox/144.0"
118.179.226.243 - - [21/Oct/2025:14:31:38 +1100] "GET /wp-content/aafd9425158f8f03937d0df38997f6f2/dist/16286160.js?ver=b7918037eae597a2 HTTP/1.1" 200 7688 "http://www.livremonami.nc/" "Mozilla/5.0 (Windows NT 10.0; Win64; x64; rv:144.0) Gecko/20100101 Firefox/144.0"
118.179.226.243 - - [21/Oct/2025:14:31:38 +1100] "GET /wp-content/aafd9425158f8f03937d0df38997f6f2/dist/403684040.js?ver=8df583989d8940fa HTTP/1.1" 200 8158 "http://www.livremonami.nc/" "Mozilla/5.0 (Windows NT 10.0; Win64; x64; rv:144.0) Gecko/20100101 Firefox/144.0"
118.179.226.243 - - [21/Oct/2025:14:31:42 +1100] "GET /archives HTTP/1.1" 200 98865 "http://www.livremonami.nc/" "Mozilla/5.0 (Windows NT 10.0; Win64; x64; rv:144.0) Gecko/20100101 Firefox/144.0"
118.179.226.243 - - [21/Oct/2025:14:31:43 +1100] "GET /wp-content/uploads/2024/01/2024.03_Thalia_la_cavaliere_d-Olympie_205px.jpeg HTTP/1.1" 200 27460 "http://www.livremonami.nc/archives" "Mozilla/5.0 (Windows NT 10.0; Win64; x64; rv:144.0) Gecko/20100101 Firefox/144.0"
118.179.226.243 - - [21/Oct/2025:14:31:43 +1100] "GET /wp-content/uploads/2024/01/2024.01_extra_205px.jpeg HTTP/1.1" 200 28943 "http://www.livremonami.nc/archives" "Mozilla/5.0 (Windows NT 10.0; Win64; x64; rv:144.0) Gecko/20100101 Firefox/144.0"
118.179.226.243 - - [21/Oct/2025:14:31:43 +1100] "GET /wp-content/uploads/2024/01/2024.02_la_grande_boussole_205px.jpeg HTTP/1.1" 200 29599 "http://www.livremonami.nc/archives" "Mozilla/5.0 (Windows NT 10.0; Win64; x64; rv:144.0) Gecko/20100101 Firefox/144.0"
118.179.226.243 - - [21/Oct/2025:14:31:43 +1100] "GET //wp-content/uploads/2024/02/14.jpg HTTP/1.1" 200 28579 "http://www.livremonami.nc/archives" "Mozilla/5.0 (Windows NT 10.0; Win64; x64; rv:144.0) Gecko/20100101 Firefox/144.0"
118.179.226.243 - - [21/Oct/2025:14:31:54 +1100] "GET /?s=bourdier HTTP/1.1" 200 28824 "http://www.livremonami.nc/archives" "Mozilla/5.0 (Windows NT 10.0; Win64; x64; rv:144.0) Gecko/20100101 Firefox/144.0"
118.179.226.243 - - [21/Oct/2025:14:31:54 +1100] "GET /wp-content/uploads/2013/11/DSCF5044_1.JPG HTTP/1.1" 200 41240 "http://www.livremonami.nc/?s=bourdier" "Mozilla/5.0 (Windows NT 10.0; Win64; x64; rv:144.0) Gecko/20100101 Firefox/144.0"
118.179.226.243 - - [21/Oct/2025:14:31:54 +1100] "GET /wp-content/uploads/2013/11/photo1.JPG HTTP/1.1" 200 55035 "http://www.livremonami.nc/?s=bourdier" "Mozilla/5.0 (Windows NT 10.0; Win64; x64; rv:144.0) Gecko/20100101 Firefox/144.0"
118.179.226.243 - - [21/Oct/2025:14:31:55 +1100] "GET /wp-content/uploads/2013/11/01.jpg HTTP/1.1" 200 50427 "http://www.livremonami.nc/?s=bourdier" "Mozilla/5.0 (Windows NT 10.0; Win64; x64; rv:144.0) Gecko/20100101 Firefox/144.0"
118.179.226.243 - - [21/Oct/2025:14:31:55 +1100] "GET //wp-content/uploads/2024/02/25.jpg HTTP/1.1" 200 21731 "http://www.livremonami.nc/?s=bourdier" "Mozilla/5.0 (Windows NT 10.0; Win64; x64; rv:144.0) Gecko/20100101 Firefox/144.0"
118.179.226.243 - - [21/Oct/2025:14:31:54 +1100] "GET /wp-content/uploads/2013/11/DSC_0072_1.JPG HTTP/1.1" 200 134718 "http://www.livremonami.nc/?s=bourdier" "Mozilla/5.0 (Windows NT 10.0; Win64; x64; rv:144.0) Gecko/20100101 Firefox/144.0"
37.59.204.149 - - [21/Oct/2025:14:32:10 +1100] "GET /p=3530/dscn1548_1/feed HTTP/1.1" 200 959 "-" "Mozilla/5.0 (compatible; AhrefsBot/7.0; +http://ahrefs.com/robot/)"
178.218.172.132 - - [21/Oct/2025:14:32:21 +1100] "POST /xmlrpc.php HTTP/1.1" 503 19982 "http://livremonami.nc" "Mozilla/5.0 (Macintosh; Intel Mac OS X 10_15_7) AppleWebKit/537.36 (KHTML, like Gecko) Chrome/113.0.5672.93 Safari/537.36"
202.22.159.247 - - [21/Oct/2025:14:32:21 +1100] "POST /wp-cron.php?doing_wp_cron=1761017541.1608180999755859375000 HTTP/1.1" 200 243 "-" "WordPress/6.7.4; http://www.livremonami.nc"
202.22.159.247 - - [21/Oct/2025:14:32:29 +1100] "POST /wp-cron.php?doing_wp_cron=1761017549.0859711170196533203125 HTTP/1.1" 200 243 "-" "WordPress/6.7.4; http://www.livremonami.nc"
216.225.203.35 - - [21/Oct/2025:14:32:28 +1100] "GET /wp-login.php HTTP/1.1" 200 18373 "-" "Mozilla/5.0 (X11; Linux x86_64) AppleWebKit/537.36 (KHTML, like Gecko) Chrome/140.0.0.0 Safari/537.36"
216.225.203.35 - - [21/Oct/2025:14:32:29 +1100] "POST /wp-login.php HTTP/1.1" 503 20074 "http://livremonami.nc/wp-admin/" "Mozilla/5.0 (X11; Linux x86_64) AppleWebKit/537.36 (KHTML, like Gecko) Chrome/140.0.0.0 Safari/537.36"
202.22.159.247 - - [21/Oct/2025:14:34:18 +1100] "POST /wp-cron.php?doing_wp_cron=1761017658.2846119403839111328125 HTTP/1.1" 200 243 "-" "WordPress/6.7.4; http://www.livremonami.nc"
216.225.203.35 - - [21/Oct/2025:14:34:18 +1100] "GET /wp-login.php HTTP/1.1" 200 18375 "-" "Mozilla/5.0 (X11; Linux x86_64) AppleWebKit/537.36 (KHTML, like Gecko) Chrome/140.0.0.0 Safari/537.36"
216.225.203.35 - - [21/Oct/2025:14:34:18 +1100] "POST /wp-login.php HTTP/1.1" 503 20074 "http://livremonami.nc/wp-admin/" "Mozilla/5.0 (X11; Linux x86_64) AppleWebKit/537.36 (KHTML, like Gecko) Chrome/140.0.0.0 Safari/537.36"
185.231.115.91 - - [21/Oct/2025:14:34:32 +1100] "GET //xmlrpc.php HTTP/1.1" 405 222 "http://livremonami.com" "Mozilla/5.0 (Macintosh; Intel Mac OS X 10_15_7; rv:127.0) Gecko/20100101 Firefox/127.0"
37.59.204.140 - - [21/Oct/2025:14:34:34 +1100] "GET /quiz-2025-cetait-mieux-apres HTTP/1.1" 200 33139 "-" "Mozilla/5.0 (compatible; AhrefsBot/7.0; +http://ahrefs.com/robot/)"
202.22.159.247 - - [21/Oct/2025:14:36:07 +1100] "POST /wp-cron.php?doing_wp_cron=1761017767.5078740119934082031250 HTTP/1.1" 200 243 "-" "WordPress/6.7.4; http://www.livremonami.nc"
216.225.203.35 - - [21/Oct/2025:14:36:07 +1100] "GET /wp-login.php HTTP/1.1" 200 18374 "-" "Mozilla/5.0 (X11; Linux x86_64) AppleWebKit/537.36 (KHTML, like Gecko) Chrome/140.0.0.0 Safari/537.36"
216.225.203.35 - - [21/Oct/2025:14:36:08 +1100] "POST /wp-login.php HTTP/1.1" 503 20074 "http://livremonami.nc/wp-admin/" "Mozilla/5.0 (X11; Linux x86_64) AppleWebKit/537.36 (KHTML, like Gecko) Chrome/140.0.0.0 Safari/537.36"
202.22.159.247 - - [21/Oct/2025:14:36:45 +1100] "POST /wp-cron.php?doing_wp_cron=1761017805.7092730998992919921875 HTTP/1.1" 200 243 "-" "WordPress/6.7.4; http://www.livremonami.nc"
118.179.226.243 - - [21/Oct/2025:14:36:45 +1100] "GET /?s=rigal+goulard HTTP/1.1" 200 29288 "http://www.livremonami.nc/archives" "Mozilla/5.0 (Windows NT 10.0; Win64; x64; rv:144.0) Gecko/20100101 Firefox/144.0"
118.179.226.243 - - [21/Oct/2025:14:36:46 +1100] "GET /wp-content/uploads/2018/09/sophie_RG-227x300.jpg HTTP/1.1" 200 36222 "http://www.livremonami.nc/?s=rigal+goulard" "Mozilla/5.0 (Windows NT 10.0; Win64; x64; rv:144.0) Gecko/20100101 Firefox/144.0"
118.179.226.243 - - [21/Oct/2025:14:36:46 +1100] "GET /wp-content/uploads/2018/09/42716310_1821709621210837_3930321424358572032_n-200x150.jpg HTTP/1.1" 200 14529 "http://www.livremonami.nc/?s=rigal+goulard" "Mozilla/5.0 (Windows NT 10.0; Win64; x64; rv:144.0) Gecko/20100101 Firefox/144.0"
118.179.226.243 - - [21/Oct/2025:14:36:46 +1100] "GET /wp-content/uploads/2018/09/sophie_RG-113x150.jpg HTTP/1.1" 200 24051 "http://www.livremonami.nc/?s=rigal+goulard" "Mozilla/5.0 (Windows NT 10.0; Win64; x64; rv:144.0) Gecko/20100101 Firefox/144.0"
37.27.188.222 - - [21/Oct/2025:14:36:52 +1100] "POST /xmlrpc.php HTTP/1.1" 503 19982 "http://livremonami.nc" "Mozilla/5.0 (Windows NT 10.0; Win64; x64) AppleWebKit/537.36 (KHTML, like Gecko) Chrome/114.0.5735.134 Safari/537.36"
118.179.226.243 - - [21/Oct/2025:14:37:03 +1100] "GET /archives HTTP/1.1" 200 98678 "http://www.livremonami.nc/?s=rigal+goulard" "Mozilla/5.0 (Windows NT 10.0; Win64; x64; rv:144.0) Gecko/20100101 Firefox/144.0"
118.179.226.243 - - [21/Oct/2025:14:37:06 +1100] "GET /wp-content/uploads/2024/01/2024.07_animal_totem_205px.jpeg HTTP/1.1" 200 32389 "http://www.livremonami.nc/archives" "Mozilla/5.0 (Windows NT 10.0; Win64; x64; rv:144.0) Gecko/20100101 Firefox/144.0"
118.179.226.243 - - [21/Oct/2025:14:37:08 +1100] "GET /wp-content/uploads/2021/01/loups_du_clair_de_lune.jpg HTTP/1.1" 200 11141 "http://www.livremonami.nc/archives" "Mozilla/5.0 (Windows NT 10.0; Win64; x64; rv:144.0) Gecko/20100101 Firefox/144.0"
118.179.226.243 - - [21/Oct/2025:14:37:08 +1100] "GET /wp-content/uploads/2021/01/crocodiles_d-Eripa.jpg HTTP/1.1" 200 12810 "http://www.livremonami.nc/archives" "Mozilla/5.0 (Windows NT 10.0; Win64; x64; rv:144.0) Gecko/20100101 Firefox/144.0"
118.179.226.243 - - [21/Oct/2025:14:37:08 +1100] "GET /wp-content/uploads/2021/01/moi_baleine.jpg HTTP/1.1" 200 12903 "http://www.livremonami.nc/archives" "Mozilla/5.0 (Windows NT 10.0; Win64; x64; rv:144.0) Gecko/20100101 Firefox/144.0"
118.179.226.243 - - [21/Oct/2025:14:37:08 +1100] "GET /wp-content/uploads/2021/01/masca_manuel_de_survie.jpg HTTP/1.1" 200 20322 "http://www.livremonami.nc/archives" "Mozilla/5.0 (Windows NT 10.0; Win64; x64; rv:144.0) Gecko/20100101 Firefox/144.0"
202.22.159.247 - - [21/Oct/2025:14:37:09 +1100] "POST /wp-cron.php?doing_wp_cron=1761017829.1502299308776855468750 HTTP/1.1" 200 243 "-" "WordPress/6.7.4; http://www.livremonami.nc"
92.222.104.207 - - [21/Oct/2025:14:37:09 +1100] "GET /p=3648/attachment/039/feed HTTP/1.1" 200 960 "-" "Mozilla/5.0 (compatible; AhrefsBot/7.0; +http://ahrefs.com/robot/)"
118.179.226.243 - - [21/Oct/2025:14:37:09 +1100] "GET /wp-content/uploads/2019/12/le_grand_fauve.jpeg HTTP/1.1" 200 36249 "http://www.livremonami.nc/archives" "Mozilla/5.0 (Windows NT 10.0; Win64; x64; rv:144.0) Gecko/20100101 Firefox/144.0"
118.179.226.243 - - [21/Oct/2025:14:37:09 +1100] "GET /wp-content/uploads/2019/12/guerriers_de_glace.jpeg HTTP/1.1" 200 29607 "http://www.livremonami.nc/archives" "Mozilla/5.0 (Windows NT 10.0; Win64; x64; rv:144.0) Gecko/20100101 Firefox/144.0"
118.179.226.243 - - [21/Oct/2025:14:37:11 +1100] "GET /wp-content/uploads/2018/12/201902.jpg HTTP/1.1" 200 13736 "http://www.livremonami.nc/archives" "Mozilla/5.0 (Windows NT 10.0; Win64; x64; rv:144.0) Gecko/20100101 Firefox/144.0"
118.179.226.243 - - [21/Oct/2025:14:37:12 +1100] "GET /wp-content/uploads/2017/12/02_la_veritable_histoire_de_tanomo.jpg HTTP/1.1" 200 12306 "http://www.livremonami.nc/archives" "Mozilla/5.0 (Windows NT 10.0; Win64; x64; rv:144.0) Gecko/20100101 Firefox/144.0"
118.179.226.243 - - [21/Oct/2025:14:37:14 +1100] "GET /wp-content/uploads/2016/12/1_mes_parents_sont_dans_ma_classe_1_1.jpg HTTP/1.1" 200 9856 "http://www.livremonami.nc/archives" "Mozilla/5.0 (Windows NT 10.0; Win64; x64; rv:144.0) Gecko/20100101 Firefox/144.0"
202.22.159.247 - - [21/Oct/2025:14:37:56 +1100] "POST /wp-cron.php?doing_wp_cron=1761017876.3717179298400878906250 HTTP/1.1" 200 243 "-" "WordPress/6.7.4; http://www.livremonami.nc"
216.225.203.35 - - [21/Oct/2025:14:37:56 +1100] "GET /wp-login.php HTTP/1.1" 200 18374 "-" "Mozilla/5.0 (X11; Linux x86_64) AppleWebKit/537.36 (KHTML, like Gecko) Chrome/140.0.0.0 Safari/537.36"
216.225.203.35 - - [21/Oct/2025:14:37:57 +1100] "POST /wp-login.php HTTP/1.1" 503 20074 "http://livremonami.nc/wp-admin/" "Mozilla/5.0 (X11; Linux x86_64) AppleWebKit/537.36 (KHTML, like Gecko) Chrome/140.0.0.0 Safari/537.36"
216.244.66.242 - - [21/Oct/2025:14:38:02 +1100] "GET /page/30?fbclid=IwY2xjawGLvMhleHRuA2FlbQIxMAABHTJjQ4Jk8MOFRQcKmO7SM26Wg9auJCoRITNG63PrlwExJRCUy4fQQZUKnA_aem_RTNTDHulbRGAWHaS7lNH8w HTTP/1.1" 200 129449 "-" "Mozilla/5.0 (compatible; DotBot/1.2; +https://opensiteexplorer.org/dotbot; help@moz.com)"
202.22.159.247 - - [21/Oct/2025:14:38:35 +1100] "POST /wp-cron.php?doing_wp_cron=1761017915.7027189731597900390625 HTTP/1.1" 200 243 "-" "WordPress/6.7.4; http://www.livremonami.nc"
34.202.88.37 - - [21/Oct/2025:14:38:35 +1100] "GET /page/15?fbclid=IwY2xjawG98eJleHRuA2FlbQIxMAABHb4B0TKQKAR0h0ki-l4kgrYk4OC6Db68ika9uiAzbQ4TrZbcKly_3fHuyg_aem_ZcT9TG7IHczvSq8_pY7uBw HTTP/1.1" 200 32626 "-" "Mozilla/5.0 AppleWebKit/537.36 (KHTML, like Gecko; compatible; Amazonbot/0.1; +https://developer.amazon.com/support/amazonbot) Chrome/119.0.6045.214 Safari/537.36"
54.84.250.51 - - [21/Oct/2025:14:38:44 +1100] "GET /p=5059/bernheim01 HTTP/1.1" 200 28643 "-" "Mozilla/5.0 AppleWebKit/537.36 (KHTML, like Gecko; compatible; Amazonbot/0.1; +https://developer.amazon.com/support/amazonbot) Chrome/119.0.6045.214 Safari/537.36"
50.17.193.48 - - [21/Oct/2025:14:38:49 +1100] "GET /p=5162/img_2795 HTTP/1.1" 200 28705 "-" "Mozilla/5.0 AppleWebKit/537.36 (KHTML, like Gecko; compatible; Amazonbot/0.1; +https://developer.amazon.com/support/amazonbot) Chrome/119.0.6045.214 Safari/537.36"
185.191.171.14 - - [21/Oct/2025:14:38:50 +1100] "GET /p=7569 HTTP/1.1" 200 28890 "-" "Mozilla/5.0 (compatible; SemrushBot/7~bl; +http://www.semrush.com/bot.html)"
44.194.134.53 - - [21/Oct/2025:14:38:53 +1100] "GET /p=3530/dscn1571_1 HTTP/1.1" 200 28680 "-" "Mozilla/5.0 AppleWebKit/537.36 (KHTML, like Gecko; compatible; Amazonbot/0.1; +https://developer.amazon.com/support/amazonbot) Chrome/119.0.6045.214 Safari/537.36"
52.44.148.203 - - [21/Oct/2025:14:38:56 +1100] "GET /p=3710/dscn1649_1b-2 HTTP/1.1" 200 28656 "-" "Mozilla/5.0 AppleWebKit/537.36 (KHTML, like Gecko; compatible; Amazonbot/0.1; +https://developer.amazon.com/support/amazonbot) Chrome/119.0.6045.214 Safari/537.36"
54.225.81.20 - - [21/Oct/2025:14:38:58 +1100] "GET /wp-content/uploads/2016/11/DSCN1649_1b-1.jpg HTTP/1.1" 200 155471 "-" "Mozilla/5.0 AppleWebKit/537.36 (KHTML, like Gecko; compatible; Amazonbot/0.1; +https://developer.amazon.com/support/amazonbot) Chrome/119.0.6045.214 Safari/537.36"
118.179.226.243 - - [21/Oct/2025:14:39:08 +1100] "GET /wp-content/uploads/2016/12/3_l-usine_1_1.jpg HTTP/1.1" 200 18930 "http://www.livremonami.nc/archives" "Mozilla/5.0 (Windows NT 10.0; Win64; x64; rv:144.0) Gecko/20100101 Firefox/144.0"
202.22.159.247 - - [21/Oct/2025:14:39:33 +1100] "POST /wp-cron.php?doing_wp_cron=1761017973.4557359218597412109375 HTTP/1.1" 200 243 "-" "WordPress/6.7.4; http://www.livremonami.nc"
13.89.129.89 - - [21/Oct/2025:14:39:33 +1100] "GET /wp-content/file.php HTTP/1.1" 301 352 "-" "-"
13.89.129.89 - - [21/Oct/2025:14:39:34 +1100] "GET /wp-content/file.php HTTP/1.1" 404 96627 "-" "-"
13.89.129.89 - - [21/Oct/2025:14:39:34 +1100] "GET /wp-content/function.php HTTP/1.1" 301 356 "-" "-"
13.89.129.89 - - [21/Oct/2025:14:39:35 +1100] "GET /wp-content/function.php HTTP/1.1" 404 96635 "-" "-"
13.89.129.89 - - [21/Oct/2025:14:39:35 +1100] "GET /wp-content/lock360.php HTTP/1.1" 301 355 "-" "-"
13.89.129.89 - - [21/Oct/2025:14:39:36 +1100] "GET /wp-content/lock360.php HTTP/1.1" 404 96626 "-" "-"
13.89.129.89 - - [21/Oct/2025:14:39:36 +1100] "GET /wp-content/moon.php HTTP/1.1" 301 352 "-" "-"
13.89.129.89 - - [21/Oct/2025:14:39:37 +1100] "GET /wp-content/moon.php HTTP/1.1" 404 96629 "-" "-"
13.89.129.89 - - [21/Oct/2025:14:39:37 +1100] "GET /wp-content/wp.php HTTP/1.1" 301 350 "-" "-"
13.89.129.89 - - [21/Oct/2025:14:39:37 +1100] "GET /wp-content/wp.php HTTP/1.1" 404 96625 "-" "-"
13.89.129.89 - - [21/Oct/2025:14:39:38 +1100] "GET /wp-content/aa.php HTTP/1.1" 301 350 "-" "-"
13.89.129.89 - - [21/Oct/2025:14:39:38 +1100] "GET /wp-content/aa.php HTTP/1.1" 404 96638 "-" "-"
13.89.129.89 - - [21/Oct/2025:14:39:39 +1100] "GET /wp-content/index.php HTTP/1.1" 200 131 "-" "-"
13.89.129.89 - - [21/Oct/2025:14:39:39 +1100] "GET /wp-content/ioxi-o.php HTTP/1.1" 301 354 "-" "-"
13.89.129.89 - - [21/Oct/2025:14:39:39 +1100] "GET /wp-content/ioxi-o.php HTTP/1.1" 404 96628 "-" "-"
13.89.129.89 - - [21/Oct/2025:14:39:40 +1100] "GET /wp-content/autoload_classmap.php HTTP/1.1" 301 365 "-" "-"
13.89.129.89 - - [21/Oct/2025:14:39:40 +1100] "GET /wp-content/autoload_classmap.php HTTP/1.1" 404 96689 "-" "-"
13.89.129.89 - - [21/Oct/2025:14:39:41 +1100] "GET /wp-content/alfa.php HTTP/1.1" 301 352 "-" "-"
13.89.129.89 - - [21/Oct/2025:14:39:41 +1100] "GET /wp-content/alfa.php HTTP/1.1" 404 96642 "-" "-"
13.89.129.89 - - [21/Oct/2025:14:39:42 +1100] "GET /wp-content/bala.php HTTP/1.1" 301 352 "-" "-"
13.89.129.89 - - [21/Oct/2025:14:39:42 +1100] "GET /wp-content/bala.php HTTP/1.1" 404 96631 "-" "-"
13.89.129.89 - - [21/Oct/2025:14:39:42 +1100] "GET /wp-content/about.php HTTP/1.1" 301 353 "-" "-"
13.89.129.89 - - [21/Oct/2025:14:39:43 +1100] "GET /wp-content/about.php HTTP/1.1" 404 96624 "-" "-"
13.89.129.89 - - [21/Oct/2025:14:39:43 +1100] "GET /wp-content/abcd.php HTTP/1.1" 301 352 "-" "-"
13.89.129.89 - - [21/Oct/2025:14:39:44 +1100] "GET /wp-content/abcd.php HTTP/1.1" 404 96619 "-" "-"
13.89.129.89 - - [21/Oct/2025:14:39:44 +1100] "GET /wp-content/ab.php HTTP/1.1" 301 350 "-" "-"
13.89.129.89 - - [21/Oct/2025:14:39:44 +1100] "GET /wp-content/ab.php HTTP/1.1" 404 96618 "-" "-"
13.89.129.89 - - [21/Oct/2025:14:39:45 +1100] "GET /wp-content/classwithtostring.php HTTP/1.1" 301 365 "-" "-"
13.89.129.89 - - [21/Oct/2025:14:39:45 +1100] "GET /wp-content/classwithtostring.php HTTP/1.1" 404 96726 "-" "-"
13.89.129.89 - - [21/Oct/2025:14:39:46 +1100] "GET /wp-content/install.php HTTP/1.1" 301 355 "-" "-"
13.89.129.89 - - [21/Oct/2025:14:39:46 +1100] "GET /wp-content/install.php HTTP/1.1" 404 96637 "-" "-"
13.89.129.89 - - [21/Oct/2025:14:39:47 +1100] "GET /wp-content/ova.php HTTP/1.1" 301 351 "-" "-"
13.89.129.89 - - [21/Oct/2025:14:39:47 +1100] "GET /wp-content/ova.php HTTP/1.1" 404 96628 "-" "-"
13.89.129.89 - - [21/Oct/2025:14:39:48 +1100] "GET /wp-content/wsa.php HTTP/1.1" 301 351 "-" "-"
13.89.129.89 - - [21/Oct/2025:14:39:48 +1100] "GET /wp-content/wsa.php HTTP/1.1" 404 96634 "-" "-"
13.89.129.89 - - [21/Oct/2025:14:39:48 +1100] "GET /wp-content/admin.php HTTP/1.1" 301 353 "-" "-"
13.89.129.89 - - [21/Oct/2025:14:39:49 +1100] "GET /wp-content/admin.php HTTP/1.1" 404 96628 "-" "-"
13.89.129.89 - - [21/Oct/2025:14:39:49 +1100] "GET /abcd.php HTTP/1.1" 301 341 "-" "-"
13.89.129.89 - - [21/Oct/2025:14:39:50 +1100] "GET /abcd.php HTTP/1.1" 404 96605 "-" "-"
13.89.129.89 - - [21/Oct/2025:14:39:50 +1100] "GET /aa.php HTTP/1.1" 301 339 "-" "-"
13.89.129.89 - - [21/Oct/2025:14:39:50 +1100] "GET /aa.php HTTP/1.1" 404 96603 "-" "-"
13.89.129.89 - - [21/Oct/2025:14:39:51 +1100] "GET /about.php HTTP/1.1" 301 342 "-" "-"
13.89.129.89 - - [21/Oct/2025:14:39:51 +1100] "GET /about.php HTTP/1.1" 404 96609 "-" "-"
13.89.129.89 - - [21/Oct/2025:14:39:52 +1100] "GET /admin.php HTTP/1.1" 301 342 "-" "-"
13.89.129.89 - - [21/Oct/2025:14:39:52 +1100] "GET /admin.php HTTP/1.1" 404 96608 "-" "-"
13.89.129.89 - - [21/Oct/2025:14:39:53 +1100] "GET /akc.php HTTP/1.1" 301 340 "-" "-"
13.89.129.89 - - [21/Oct/2025:14:39:53 +1100] "GET /akc.php HTTP/1.1" 404 96700 "-" "-"
13.89.129.89 - - [21/Oct/2025:14:39:54 +1100] "GET /alfa.php HTTP/1.1" 301 341 "-" "-"
13.89.129.89 - - [21/Oct/2025:14:39:54 +1100] "GET /alfa.php HTTP/1.1" 404 96609 "-" "-"
13.89.129.89 - - [21/Oct/2025:14:39:54 +1100] "GET /asasx.php HTTP/1.1" 301 342 "-" "-"
13.89.129.89 - - [21/Oct/2025:14:39:55 +1100] "GET /asasx.php HTTP/1.1" 404 96604 "-" "-"
13.89.129.89 - - [21/Oct/2025:14:39:55 +1100] "GET /atomlib.php HTTP/1.1" 301 344 "-" "-"
13.89.129.89 - - [21/Oct/2025:14:39:56 +1100] "GET /atomlib.php HTTP/1.1" 404 96606 "-" "-"
13.89.129.89 - - [21/Oct/2025:14:39:56 +1100] "GET /autoload_classmap.php HTTP/1.1" 301 354 "-" "-"
13.89.129.89 - - [21/Oct/2025:14:39:56 +1100] "GET /autoload_classmap.php HTTP/1.1" 404 96538 "-" "-"
13.89.129.89 - - [21/Oct/2025:14:39:57 +1100] "GET /autoload_classmap/function.php HTTP/1.1" 301 363 "-" "-"
13.89.129.89 - - [21/Oct/2025:14:39:57 +1100] "GET /autoload_classmap/function.php HTTP/1.1" 404 96685 "-" "-"
176.31.139.7 - - [21/Oct/2025:14:39:57 +1100] "GET /p=3648/attachment/042/feed HTTP/1.1" 200 961 "-" "Mozilla/5.0 (compatible; AhrefsBot/7.0; +http://ahrefs.com/robot/)"
13.89.129.89 - - [21/Oct/2025:14:39:58 +1100] "GET /buy.php HTTP/1.1" 301 340 "-" "-"
13.89.129.89 - - [21/Oct/2025:14:39:58 +1100] "GET /buy.php HTTP/1.1" 404 96600 "-" "-"
13.89.129.89 - - [21/Oct/2025:14:39:59 +1100] "GET /chosen.php HTTP/1.1" 301 343 "-" "-"
13.89.129.89 - - [21/Oct/2025:14:39:59 +1100] "GET /chosen.php HTTP/1.1" 404 96609 "-" "-"
13.89.129.89 - - [21/Oct/2025:14:40:00 +1100] "GET /classwithtostring.php HTTP/1.1" 301 354 "-" "-"
13.89.129.89 - - [21/Oct/2025:14:40:00 +1100] "GET /classwithtostring.php HTTP/1.1" 404 96667 "-" "-"
13.89.129.89 - - [21/Oct/2025:14:40:00 +1100] "GET /cong.php HTTP/1.1" 301 341 "-" "-"
13.89.129.89 - - [21/Oct/2025:14:40:01 +1100] "GET /cong.php HTTP/1.1" 404 96597 "-" "-"
13.89.129.89 - - [21/Oct/2025:14:40:01 +1100] "GET /edit.php HTTP/1.1" 301 341 "-" "-"
13.89.129.89 - - [21/Oct/2025:14:40:02 +1100] "GET /edit.php HTTP/1.1" 404 96602 "-" "-"
13.89.129.89 - - [21/Oct/2025:14:40:02 +1100] "GET /file.php HTTP/1.1" 301 341 "-" "-"
13.89.129.89 - - [21/Oct/2025:14:40:03 +1100] "GET /file.php HTTP/1.1" 404 96702 "-" "-"
13.89.129.89 - - [21/Oct/2025:14:40:03 +1100] "GET /file2.php HTTP/1.1" 301 342 "-" "-"
13.89.129.89 - - [21/Oct/2025:14:40:04 +1100] "GET /file2.php HTTP/1.1" 404 96680 "-" "-"
13.89.129.89 - - [21/Oct/2025:14:40:04 +1100] "GET /flower.php HTTP/1.1" 301 343 "-" "-"
13.89.129.89 - - [21/Oct/2025:14:40:04 +1100] "GET /flower.php HTTP/1.1" 404 96608 "-" "-"
13.89.129.89 - - [21/Oct/2025:14:40:05 +1100] "GET /gecko.php HTTP/1.1" 301 342 "-" "-"
13.89.129.89 - - [21/Oct/2025:14:40:05 +1100] "GET /gecko.php HTTP/1.1" 404 96607 "-" "-"
13.89.129.89 - - [21/Oct/2025:14:40:06 +1100] "GET /goat.php HTTP/1.1" 301 341 "-" "-"
13.89.129.89 - - [21/Oct/2025:14:40:06 +1100] "GET /goat.php HTTP/1.1" 404 96600 "-" "-"
13.89.129.89 - - [21/Oct/2025:14:40:07 +1100] "GET /goods.php HTTP/1.1" 301 342 "-" "-"
13.89.129.89 - - [21/Oct/2025:14:40:07 +1100] "GET /goods.php HTTP/1.1" 404 96604 "-" "-"
13.89.129.89 - - [21/Oct/2025:14:40:08 +1100] "GET /ioxi-o.php HTTP/1.1" 301 343 "-" "-"
13.89.129.89 - - [21/Oct/2025:14:40:08 +1100] "GET /ioxi-o.php HTTP/1.1" 404 96613 "-" "-"
13.89.129.89 - - [21/Oct/2025:14:40:09 +1100] "GET /lock360.php HTTP/1.1" 301 344 "-" "-"
13.89.129.89 - - [21/Oct/2025:14:40:09 +1100] "GET /lock360.php HTTP/1.1" 404 96607 "-" "-"
13.89.129.89 - - [21/Oct/2025:14:40:09 +1100] "GET /makeasmtp.php HTTP/1.1" 301 346 "-" "-"
13.89.129.89 - - [21/Oct/2025:14:40:10 +1100] "GET /makeasmtp.php HTTP/1.1" 404 96611 "-" "-"
13.89.129.89 - - [21/Oct/2025:14:40:10 +1100] "GET /mm.php HTTP/1.1" 301 339 "-" "-"
13.89.129.89 - - [21/Oct/2025:14:40:11 +1100] "GET /mm.php HTTP/1.1" 404 96604 "-" "-"
13.89.129.89 - - [21/Oct/2025:14:40:11 +1100] "GET /nc4.php HTTP/1.1" 301 340 "-" "-"
13.89.129.89 - - [21/Oct/2025:14:40:11 +1100] "GET /nc4.php HTTP/1.1" 404 96599 "-" "-"
13.89.129.89 - - [21/Oct/2025:14:40:12 +1100] "GET /tinyfilemanager.php HTTP/1.1" 301 352 "-" "-"
13.89.129.89 - - [21/Oct/2025:14:40:12 +1100] "GET /tinyfilemanager.php HTTP/1.1" 404 96623 "-" "-"
13.89.129.89 - - [21/Oct/2025:14:40:13 +1100] "GET /users.php HTTP/1.1" 301 342 "-" "-"
13.89.129.89 - - [21/Oct/2025:14:40:13 +1100] "GET /users.php HTTP/1.1" 404 96603 "-" "-"
13.89.129.89 - - [21/Oct/2025:14:40:14 +1100] "GET /w.php HTTP/1.1" 301 338 "-" "-"
13.89.129.89 - - [21/Oct/2025:14:40:14 +1100] "GET /w.php HTTP/1.1" 404 96603 "-" "-"
13.89.129.89 - - [21/Oct/2025:14:40:15 +1100] "GET /wp-admin/ HTTP/1.1" 302 366 "-" "-"
13.89.129.89 - - [21/Oct/2025:14:40:15 +1100] "GET /wp-login.php?redirect_to=http%3A%2F%2Flivremonami.nc%2Fwp-admin%2F&reauth=1 HTTP/1.1" 200 58219 "-" "-"
13.89.129.89 - - [21/Oct/2025:14:40:15 +1100] "GET /wp-admin/css/colors/blue/index.php HTTP/1.1" 301 358 "-" "-"
13.89.129.89 - - [21/Oct/2025:14:40:16 +1100] "GET /wp-admin/css/colors/blue/ HTTP/1.1" 403 2030 "-" "-"
13.89.129.89 - - [21/Oct/2025:14:40:16 +1100] "GET /wp-admin/images/moon.php HTTP/1.1" 301 357 "-" "-"
13.89.129.89 - - [21/Oct/2025:14:40:16 +1100] "GET /wp-admin/images/moon.php HTTP/1.1" 404 96629 "-" "-"
13.89.129.89 - - [21/Oct/2025:14:40:17 +1100] "GET /wp-admin/js/index.php HTTP/1.1" 301 345 "-" "-"
13.89.129.89 - - [21/Oct/2025:14:40:17 +1100] "GET /wp-admin/js/ HTTP/1.1" 403 2030 "-" "-"
13.89.129.89 - - [21/Oct/2025:14:40:17 +1100] "GET /wp-admin/setup-config.php HTTP/1.1" 409 2979 "-" "-"
13.89.129.89 - - [21/Oct/2025:14:40:18 +1100] "GET /wp-api.php HTTP/1.1" 301 343 "-" "-"
13.89.129.89 - - [21/Oct/2025:14:40:18 +1100] "GET /wp-api.php HTTP/1.1" 404 96604 "-" "-"
13.89.129.89 - - [21/Oct/2025:14:40:19 +1100] "GET /wp-content/wp-conflg.php HTTP/1.1" 301 357 "-" "-"
13.89.129.89 - - [21/Oct/2025:14:40:19 +1100] "GET /wp-content/wp-conflg.php HTTP/1.1" 404 96637 "-" "-"
13.89.129.89 - - [21/Oct/2025:14:40:20 +1100] "GET /wp-includes/IXR/autoload_classmap.php HTTP/1.1" 301 370 "-" "-"
13.89.129.89 - - [21/Oct/2025:14:40:20 +1100] "GET /wp-includes/IXR/autoload_classmap.php HTTP/1.1" 404 96676 "-" "-"
13.89.129.89 - - [21/Oct/2025:14:40:20 +1100] "GET /wp-includes/fonts/admin.php HTTP/1.1" 301 360 "-" "-"
13.89.129.89 - - [21/Oct/2025:14:40:21 +1100] "GET /wp-includes/fonts/admin.php HTTP/1.1" 404 96643 "-" "-"
13.89.129.89 - - [21/Oct/2025:14:40:21 +1100] "GET /wp-includes/fonts/index.php HTTP/1.1" 301 351 "-" "-"
13.89.129.89 - - [21/Oct/2025:14:40:22 +1100] "GET /wp-includes/fonts/ HTTP/1.1" 403 2030 "-" "-"
13.89.129.89 - - [21/Oct/2025:14:40:22 +1100] "GET /wp-setup.php HTTP/1.1" 301 345 "-" "-"
13.89.129.89 - - [21/Oct/2025:14:40:22 +1100] "GET /wp-setup.php HTTP/1.1" 404 96612 "-" "-"
13.89.129.89 - - [21/Oct/2025:14:40:23 +1100] "GET /wp.php HTTP/1.1" 301 339 "-" "-"
13.89.129.89 - - [21/Oct/2025:14:40:23 +1100] "GET /wp.php HTTP/1.1" 404 96593 "-" "-"
13.89.129.89 - - [21/Oct/2025:14:40:23 +1100] "GET /wsa.php HTTP/1.1" 301 340 "-" "-"
13.89.129.89 - - [21/Oct/2025:14:40:24 +1100] "GET /wsa.php HTTP/1.1" 404 96603 "-" "-"
47.236.12.137 - - [21/Oct/2025:14:41:21 +1100] "POST /xmlrpc.php HTTP/1.1" 503 19982 "http://livremonami.nc" "Mozilla/5.0 (Macintosh; Intel Mac OS X 13.3; rv:126.0) Gecko/20100101 Firefox/126.0"
37.59.204.143 - - [21/Oct/2025:14:41:41 +1100] "GET /p=3648/attachment/041/feed HTTP/1.1" 200 961 "-" "Mozilla/5.0 (compatible; AhrefsBot/7.0; +http://ahrefs.com/robot/)"
92.222.104.192 - - [21/Oct/2025:14:43:45 +1100] "GET /p=3648/attachment/040/feed HTTP/1.1" 200 960 "-" "Mozilla/5.0 (compatible; AhrefsBot/7.0; +http://ahrefs.com/robot/)"
202.22.159.247 - - [21/Oct/2025:14:43:45 +1100] "POST /wp-cron.php?doing_wp_cron=1761018225.3342618942260742187500 HTTP/1.1" 200 243 "-" "WordPress/6.7.4; http://www.livremonami.nc"
185.191.171.10 - - [21/Oct/2025:14:43:55 +1100] "GET /p=category/non-classe/page/10 HTTP/1.1" 200 29824 "-" "Mozilla/5.0 (compatible; SemrushBot/7~bl; +http://www.semrush.com/bot.html)"
196.251.114.48 - - [21/Oct/2025:14:45:01 +1100] "POST /wp-login.php HTTP/1.1" 503 20074 "-" "Mozilla/5.0"
202.22.159.247 - - [21/Oct/2025:14:45:01 +1100] "POST /wp-cron.php?doing_wp_cron=1761018301.5078570842742919921875 HTTP/1.1" 200 243 "-" "WordPress/6.7.4; http://www.livremonami.nc"
202.22.159.247 - - [21/Oct/2025:14:45:06 +1100] "POST /wp-cron.php?doing_wp_cron=1761018306.1637001037597656250000 HTTP/1.1" 200 243 "-" "WordPress/6.7.4; http://www.livremonami.nc"
185.191.171.10 - - [21/Oct/2025:14:45:06 +1100] "GET /p=category/affiche/page/3 HTTP/1.1" 200 29840 "-" "Mozilla/5.0 (compatible; SemrushBot/7~bl; +http://www.semrush.com/bot.html)"
146.19.216.29 - - [21/Oct/2025:14:45:52 +1100] "POST /xmlrpc.php HTTP/1.1" 503 19982 "http://livremonami.nc" "Mozilla/5.0 (Macintosh; Intel Mac OS X 14_4_1) AppleWebKit/605.1.15 (KHTML, like Gecko) Version/17.3.1 Safari/605.1.15"
92.222.108.104 - - [21/Oct/2025:14:46:03 +1100] "GET /p=3648/attachment/053/feed HTTP/1.1" 200 961 "-" "Mozilla/5.0 (compatible; AhrefsBot/7.0; +http://ahrefs.com/robot/)"
202.22.159.247 - - [21/Oct/2025:14:48:35 +1100] "POST /wp-cron.php?doing_wp_cron=1761018515.5015211105346679687500 HTTP/1.1" 200 243 "-" "WordPress/6.7.4; http://www.livremonami.nc"
5.39.109.189 - - [21/Oct/2025:14:48:35 +1100] "GET /p=3648/attachment/044/feed HTTP/1.1" 200 960 "-" "Mozilla/5.0 (compatible; AhrefsBot/7.0; +http://ahrefs.com/robot/)"
151.80.151.56 - - [21/Oct/2025:14:50:23 +1100] "POST /xmlrpc.php HTTP/1.1" 503 19982 "http://livremonami.nc" "Mozilla/5.0 (Windows NT 10.0; Win64; x64) AppleWebKit/537.36 (KHTML, like Gecko) Chrome/113.0.5672.126 Safari/537.36 Edg/113.0.1774.50"
92.222.108.120 - - [21/Oct/2025:14:50:49 +1100] "GET /p=3648/attachment/043/feed HTTP/1.1" 200 961 "-" "Mozilla/5.0 (compatible; AhrefsBot/7.0; +http://ahrefs.com/robot/)"
216.244.66.242 - - [21/Oct/2025:14:51:57 +1100] "GET /robots.txt HTTP/1.1" 200 338 "-" "Mozilla/5.0 (compatible; DotBot/1.2; +https://opensiteexplorer.org/dotbot; help@moz.com)"
202.22.159.247 - - [21/Oct/2025:14:52:19 +1100] "POST /wp-cron.php?doing_wp_cron=1761018739.1020100116729736328125 HTTP/1.1" 200 243 "-" "WordPress/6.7.4; http://www.livremonami.nc"
185.191.171.12 - - [21/Oct/2025:14:52:18 +1100] "GET /p=1952 HTTP/1.1" 200 29012 "-" "Mozilla/5.0 (compatible; SemrushBot/7~bl; +http://www.semrush.com/bot.html)"
134.209.73.108 - - [21/Oct/2025:14:52:35 +1100] "GET //xmlrpc.php HTTP/1.1" 405 222 "http://livremonami.com" "Mozilla/5.0 (Macintosh; Intel Mac OS X 14.5) AppleWebKit/618.3.5 (KHTML, like Gecko) Version/17.4 Safari/618.3.5"
176.31.139.2 - - [21/Oct/2025:14:52:59 +1100] "GET /image00109 HTTP/1.1" 200 28545 "-" "Mozilla/5.0 (compatible; AhrefsBot/7.0; +http://ahrefs.com/robot/)"
85.208.96.196 - - [21/Oct/2025:14:53:01 +1100] "GET /p=1641 HTTP/1.1" 200 29230 "-" "Mozilla/5.0 (compatible; SemrushBot/7~bl; +http://www.semrush.com/bot.html)"
185.191.171.10 - - [21/Oct/2025:14:53:46 +1100] "GET /p=3023 HTTP/1.1" 200 29996 "-" "Mozilla/5.0 (compatible; SemrushBot/7~bl; +http://www.semrush.com/bot.html)"
47.128.120.194 - - [21/Oct/2025:14:54:34 +1100] "GET /robots.txt HTTP/1.1" 200 362 "-" "Mozilla/5.0 (Linux; Android 5.0) AppleWebKit/537.36 (KHTML, like Gecko) Mobile Safari/537.36 (compatible; Bytespider; spider-feedback@bytedance.com)"
216.73.216.49 - - [21/Oct/2025:14:54:46 +1100] "GET /robots.txt HTTP/1.1" 200 399 "-" "Mozilla/5.0 AppleWebKit/537.36 (KHTML, like Gecko; compatible; ClaudeBot/1.0; +claudebot@anthropic.com)"
216.73.216.49 - - [21/Oct/2025:14:54:46 +1100] "GET /p=3139/img_0720 HTTP/1.1" 200 28693 "-" "Mozilla/5.0 AppleWebKit/537.36 (KHTML, like Gecko; compatible; ClaudeBot/1.0; +claudebot@anthropic.com)"
134.122.67.125 - - [21/Oct/2025:14:54:54 +1100] "POST /xmlrpc.php HTTP/1.1" 503 19982 "http://livremonami.nc" "Mozilla/5.0 (Windows NT 10.0; Win64; x64) AppleWebKit/537.36 (KHTML, like Gecko) Chrome/114.0.5735.199 Safari/537.36 Edg/114.0.1823.67"
94.23.188.213 - - [21/Oct/2025:14:55:11 +1100] "GET /p=3648/attachment/063/feed HTTP/1.1" 200 960 "-" "Mozilla/5.0 (compatible; AhrefsBot/7.0; +http://ahrefs.com/robot/)"
202.22.159.247 - - [21/Oct/2025:14:55:26 +1100] "POST /wp-cron.php?doing_wp_cron=1761018926.6403889656066894531250 HTTP/1.1" 200 243 "-" "WordPress/6.7.4; http://www.livremonami.nc"
43.131.23.154 - - [21/Oct/2025:14:55:26 +1100] "GET / HTTP/1.1" 200 32451 "-" "Mozilla/5.0 (iPhone; CPU iPhone OS 13_2_3 like Mac OS X) AppleWebKit/605.1.15 (KHTML, like Gecko) Version/13.0.3 Mobile/15E148 Safari/604.1"
201.46.112.135 - - [21/Oct/2025:14:57:02 +1100] "GET //xmlrpc.php HTTP/1.1" 405 222 "http://livremonami.com" "Mozilla/5.0 (Windows NT 10.0; Win64; x64; rv:127.0) Gecko/20100101 Firefox/127.0"
92.222.108.103 - - [21/Oct/2025:14:57:54 +1100] "GET /p=11758 HTTP/1.1" 200 30393 "-" "Mozilla/5.0 (compatible; AhrefsBot/7.0; +http://ahrefs.com/robot/)"
185.191.171.7 - - [21/Oct/2025:14:58:07 +1100] "GET /robots.txt HTTP/1.1" 200 362 "-" "Mozilla/5.0 (compatible; SemrushBot/7~bl; +http://www.semrush.com/bot.html)"
185.191.171.1 - - [21/Oct/2025:14:58:07 +1100] "GET /p=258 HTTP/1.1" 200 30632 "-" "Mozilla/5.0 (compatible; SemrushBot/7~bl; +http://www.semrush.com/bot.html)"
202.22.159.247 - - [21/Oct/2025:14:58:57 +1100] "POST /wp-cron.php?doing_wp_cron=1761019137.3988549709320068359375 HTTP/1.1" 200 243 "-" "WordPress/6.7.4; http://www.livremonami.nc"
185.191.171.17 - - [21/Oct/2025:14:58:57 +1100] "GET /p=2210 HTTP/1.1" 200 30515 "-" "Mozilla/5.0 (compatible; SemrushBot/7~bl; +http://www.semrush.com/bot.html)"
212.127.78.200 - - [21/Oct/2025:14:59:20 +1100] "POST /xmlrpc.php HTTP/1.1" 503 19982 "http://livremonami.nc" "Mozilla/5.0 (Windows NT 10.0; Win64; x64) AppleWebKit/537.36 (KHTML, like Gecko) Chrome/126.0.0.0 Safari/537.36 Edg/126.0.0.0"
202.22.159.247 - - [21/Oct/2025:15:00:57 +1100] "POST /wp-cron.php?doing_wp_cron=1761019257.6889629364013671875000 HTTP/1.1" 200 243 "-" "WordPress/6.7.4; http://www.livremonami.nc"
5.39.1.229 - - [21/Oct/2025:15:00:57 +1100] "GET /p=3648/attachment/067/feed HTTP/1.1" 200 961 "-" "Mozilla/5.0 (compatible; AhrefsBot/7.0; +http://ahrefs.com/robot/)"
205.169.39.19 - - [21/Oct/2025:15:01:06 +1100] "GET /p=3648/attachment/067/feed HTTP/1.1" 200 915 "-" "Mozilla/5.0 (Windows NT 10.0) AppleWebKit/537.36 (KHTML, like Gecko) Chrome/106.0.0.0 Safari/537.36"
119.29.196.195 - - [21/Oct/2025:15:01:35 +1100] "GET //xmlrpc.php HTTP/1.1" 405 222 "http://livremonami.com" "Mozilla/5.0 (Windows NT 10.0; Win64; x64) AppleWebKit/537.36 (KHTML, like Gecko) Chrome/113.0.5672.93 Safari/537.36"
85.208.96.206 - - [21/Oct/2025:15:01:51 +1100] "GET /p=3295 HTTP/1.1" 200 29527 "-" "Mozilla/5.0 (compatible; SemrushBot/7~bl; +http://www.semrush.com/bot.html)"
185.191.171.2 - - [21/Oct/2025:15:02:25 +1100] "GET /p=2192 HTTP/1.1" 200 28306 "-" "Mozilla/5.0 (compatible; SemrushBot/7~bl; +http://www.semrush.com/bot.html)"
51.75.236.133 - - [21/Oct/2025:15:02:40 +1100] "GET /p=3648/attachment/047/feed HTTP/1.1" 200 961 "-" "Mozilla/5.0 (compatible; AhrefsBot/7.0; +http://ahrefs.com/robot/)"
185.191.171.1 - - [21/Oct/2025:15:03:06 +1100] "GET /quiz-2016-super-menteur HTTP/1.1" 200 34348 "-" "Mozilla/5.0 (compatible; SemrushBot/7~bl; +http://www.semrush.com/bot.html)"
5.160.146.1 - - [21/Oct/2025:15:03:54 +1100] "POST /xmlrpc.php HTTP/1.1" 503 19982 "http://livremonami.nc" "Mozilla/5.0 (Macintosh; Intel Mac OS X 10.15; rv:126.0) Gecko/20100101 Firefox/126.0"
85.208.96.201 - - [21/Oct/2025:15:04:06 +1100] "GET /p=2064 HTTP/1.1" 200 28570 "-" "Mozilla/5.0 (compatible; SemrushBot/7~bl; +http://www.semrush.com/bot.html)"
202.22.159.247 - - [21/Oct/2025:15:04:53 +1100] "POST /wp-cron.php?doing_wp_cron=1761019493.2938330173492431640625 HTTP/1.1" 200 243 "-" "WordPress/6.7.4; http://www.livremonami.nc"
54.37.118.76 - - [21/Oct/2025:15:04:53 +1100] "GET /p=3530/dscn1622_1 HTTP/1.1" 200 28658 "-" "Mozilla/5.0 (compatible; AhrefsBot/7.0; +http://ahrefs.com/robot/)"
35.174.253.85 - - [21/Oct/2025:15:04:56 +1100] "GET /page/46?fbclid=IwY2xjawGHsxpleHRuA2FlbQIxMAABHcMLebANZlXePDFAUw7LZyMJA2gE52nLHu--N3zNCPqJfMPONOtEgOAuLg_aem_-ht6bwHn3zJEn1mav1qlMA HTTP/1.1" 200 32373 "-" "Mozilla/5.0 AppleWebKit/537.36 (KHTML, like Gecko; compatible; Amazonbot/0.1; +https://developer.amazon.com/support/amazonbot) Chrome/119.0.6045.214 Safari/537.36"
34.192.67.98 - - [21/Oct/2025:15:04:59 +1100] "GET /p=5162/img_2793 HTTP/1.1" 200 28671 "-" "Mozilla/5.0 AppleWebKit/537.36 (KHTML, like Gecko; compatible; Amazonbot/0.1; +https://developer.amazon.com/support/amazonbot) Chrome/119.0.6045.214 Safari/537.36"
52.44.229.124 - - [21/Oct/2025:15:05:03 +1100] "GET /p=9700 HTTP/1.1" 200 29283 "-" "Mozilla/5.0 AppleWebKit/537.36 (KHTML, like Gecko; compatible; Amazonbot/0.1; +https://developer.amazon.com/support/amazonbot) Chrome/119.0.6045.214 Safari/537.36"
54.84.250.51 - - [21/Oct/2025:15:05:08 +1100] "GET /p=4237 HTTP/1.1" 200 28298 "-" "Mozilla/5.0 AppleWebKit/537.36 (KHTML, like Gecko; compatible; Amazonbot/0.1; +https://developer.amazon.com/support/amazonbot) Chrome/119.0.6045.214 Safari/537.36"
34.199.252.22 - - [21/Oct/2025:15:05:11 +1100] "GET /p=5146/img_2776 HTTP/1.1" 200 28652 "-" "Mozilla/5.0 AppleWebKit/537.36 (KHTML, like Gecko; compatible; Amazonbot/0.1; +https://developer.amazon.com/support/amazonbot) Chrome/119.0.6045.214 Safari/537.36"
52.203.68.145 - - [21/Oct/2025:15:05:15 +1100] "GET /p=3530/dscn1606_1 HTTP/1.1" 200 28677 "-" "Mozilla/5.0 AppleWebKit/537.36 (KHTML, like Gecko; compatible; Amazonbot/0.1; +https://developer.amazon.com/support/amazonbot) Chrome/119.0.6045.214 Safari/537.36"
85.208.96.202 - - [21/Oct/2025:15:05:35 +1100] "GET /comment-page-2 HTTP/1.1" 404 96638 "-" "Mozilla/5.0 (compatible; SemrushBot/7~bl; +http://www.semrush.com/bot.html)"
85.208.96.201 - - [21/Oct/2025:15:05:37 +1100] "GET /p=3230 HTTP/1.1" 200 28630 "-" "Mozilla/5.0 (compatible; SemrushBot/7~bl; +http://www.semrush.com/bot.html)"
185.191.171.4 - - [21/Oct/2025:15:05:42 +1100] "GET /p=10811 HTTP/1.1" 200 30523 "-" "Mozilla/5.0 (compatible; SemrushBot/7~bl; +http://www.semrush.com/bot.html)"
160.251.96.90 - - [21/Oct/2025:15:06:03 +1100] "GET //xmlrpc.php HTTP/1.1" 405 222 "http://livremonami.com" "Mozilla/5.0 (Windows NT 10.0; Win64; x64; rv:129.0) Gecko/20100101 Firefox/129.0"
94.23.188.206 - - [21/Oct/2025:15:07:04 +1100] "GET /p=3648/attachment/064/feed HTTP/1.1" 200 960 "-" "Mozilla/5.0 (compatible; AhrefsBot/7.0; +http://ahrefs.com/robot/)"
89.46.110.149 - - [21/Oct/2025:15:08:22 +1100] "POST /xmlrpc.php HTTP/1.1" 503 19982 "http://livremonami.nc" "Mozilla/5.0 (Windows NT 11.0; Win64; x64) AppleWebKit/537.36 (KHTML, like Gecko) Chrome/126.0.0.0 Safari/537.36 Edg/126.0.0.0"
170.106.72.93 - - [21/Oct/2025:15:09:00 +1100] "GET / HTTP/1.1" 200 32425 "-" "Mozilla/5.0 (iPhone; CPU iPhone OS 13_2_3 like Mac OS X) AppleWebKit/605.1.15 (KHTML, like Gecko) Version/13.0.3 Mobile/15E148 Safari/604.1"
202.22.159.247 - - [21/Oct/2025:15:09:08 +1100] "POST /wp-cron.php?doing_wp_cron=1761019748.3736689090728759765625 HTTP/1.1" 200 243 "-" "WordPress/6.7.4; http://www.livremonami.nc"
54.37.118.90 - - [21/Oct/2025:15:09:08 +1100] "GET /p=3139/ines-et-armelle/feed HTTP/1.1" 200 976 "-" "Mozilla/5.0 (compatible; AhrefsBot/7.0; +http://ahrefs.com/robot/)"
103.185.185.188 - - [21/Oct/2025:15:10:30 +1100] "GET //xmlrpc.php HTTP/1.1" 405 222 "http://livremonami.com" "Mozilla/5.0 (Macintosh; Intel Mac OS X 10_15_7; rv:127.0) Gecko/20100101 Firefox/127.0"
5.39.1.249 - - [21/Oct/2025:15:10:46 +1100] "GET /wp-content/uploads/2019/10/image00109.jpeg HTTP/1.1" 200 174145 "-" "Mozilla/5.0 (compatible; AhrefsBot/7.0; +http://ahrefs.com/robot/)"
51.68.247.214 - - [21/Oct/2025:15:11:13 +1100] "GET /feed?attachment_id=3883 HTTP/1.1" 200 979 "-" "Mozilla/5.0 (compatible; AhrefsBot/7.0; +http://ahrefs.com/robot/)"
216.73.216.49 - - [21/Oct/2025:15:12:16 +1100] "GET /p=3710/dscn1656_1 HTTP/1.1" 200 28669 "-" "Mozilla/5.0 AppleWebKit/537.36 (KHTML, like Gecko; compatible; ClaudeBot/1.0; +claudebot@anthropic.com)"
216.73.216.49 - - [21/Oct/2025:15:12:16 +1100] "GET /p=3710/feed HTTP/1.1" 200 1431 "-" "Mozilla/5.0 AppleWebKit/537.36 (KHTML, like Gecko; compatible; ClaudeBot/1.0; +claudebot@anthropic.com)"
92.222.108.106 - - [21/Oct/2025:15:13:41 +1100] "GET /p=3446/dscf4532/feed HTTP/1.1" 200 958 "-" "Mozilla/5.0 (compatible; AhrefsBot/7.0; +http://ahrefs.com/robot/)"
85.208.96.197 - - [21/Oct/2025:15:14:23 +1100] "GET /p=category/partenariat/clubs-de-services HTTP/1.1" 200 29201 "-" "Mozilla/5.0 (compatible; SemrushBot/7~bl; +http://www.semrush.com/bot.html)"
51.68.247.223 - - [21/Oct/2025:15:14:48 +1100] "GET /wp-content/uploads/2016/11/DSCN1622_1.jpg HTTP/1.1" 200 159742 "-" "Mozilla/5.0 (compatible; AhrefsBot/7.0; +http://ahrefs.com/robot/)"
43.157.142.101 - - [21/Oct/2025:15:14:55 +1100] "GET / HTTP/1.1" 200 32425 "http://livremonami.com" "Mozilla/5.0 (iPhone; CPU iPhone OS 13_2_3 like Mac OS X) AppleWebKit/605.1.15 (KHTML, like Gecko) Version/13.0.3 Mobile/15E148 Safari/604.1"
216.73.216.49 - - [21/Oct/2025:15:15:15 +1100] "GET /p=3710/dscn1651_1b HTTP/1.1" 200 28686 "-" "Mozilla/5.0 AppleWebKit/537.36 (KHTML, like Gecko; compatible; ClaudeBot/1.0; +claudebot@anthropic.com)"
85.208.96.200 - - [21/Oct/2025:15:15:33 +1100] "GET /p=1444 HTTP/1.1" 200 28405 "-" "Mozilla/5.0 (compatible; SemrushBot/7~bl; +http://www.semrush.com/bot.html)"
176.31.139.7 - - [21/Oct/2025:15:15:42 +1100] "GET /p=3530/dscn1622_1/feed HTTP/1.1" 200 959 "-" "Mozilla/5.0 (compatible; AhrefsBot/7.0; +http://ahrefs.com/robot/)"
85.208.96.198 - - [21/Oct/2025:15:16:22 +1100] "GET /quiz-2021-moi-baleine HTTP/1.1" 200 34123 "-" "Mozilla/5.0 (compatible; SemrushBot/7~bl; +http://www.semrush.com/bot.html)"
85.208.96.207 - - [21/Oct/2025:15:17:00 +1100] "GET /p=category/ressources-enseignants/page/7 HTTP/1.1" 200 29743 "-" "Mozilla/5.0 (compatible; SemrushBot/7~bl; +http://www.semrush.com/bot.html)"
216.73.216.49 - - [21/Oct/2025:15:17:11 +1100] "GET /?p=3346 HTTP/1.1" 301 413 "-" "Mozilla/5.0 AppleWebKit/537.36 (KHTML, like Gecko; compatible; ClaudeBot/1.0; +claudebot@anthropic.com)"
216.73.216.49 - - [21/Oct/2025:15:17:12 +1100] "GET /p=3345/20160831_151910_1 HTTP/1.1" 200 28664 "http://www.livremonami.nc/?p=3346" "Mozilla/5.0 AppleWebKit/537.36 (KHTML, like Gecko; compatible; ClaudeBot/1.0; +claudebot@anthropic.com)"
14.225.23.106 - - [21/Oct/2025:15:17:20 +1100] "POST /xmlrpc.php HTTP/1.1" 503 19982 "http://livremonami.nc" "Mozilla/5.0 (Windows NT 10.0; Win64; x64; rv:127.0) Gecko/20100101 Firefox/127.0"
54.37.118.71 - - [21/Oct/2025:15:17:33 +1100] "GET /p=3446/dscf4542/feed HTTP/1.1" 200 958 "-" "Mozilla/5.0 (compatible; AhrefsBot/7.0; +http://ahrefs.com/robot/)"
202.22.159.247 - - [21/Oct/2025:15:18:03 +1100] "POST /wp-cron.php?doing_wp_cron=1761020283.5876150131225585937500 HTTP/1.1" 200 243 "-" "WordPress/6.7.4; http://www.livremonami.nc"
85.208.96.198 - - [21/Oct/2025:15:18:03 +1100] "GET /quiz-2021-wakoupa HTTP/1.1" 200 34385 "-" "Mozilla/5.0 (compatible; SemrushBot/7~bl; +http://www.semrush.com/bot.html)"
216.73.216.49 - - [21/Oct/2025:15:18:10 +1100] "GET /feed/?attachment_id=5568 HTTP/1.1" 301 417 "-" "Mozilla/5.0 AppleWebKit/537.36 (KHTML, like Gecko; compatible; ClaudeBot/1.0; +claudebot@anthropic.com)"
216.73.216.49 - - [21/Oct/2025:15:18:10 +1100] "GET /feed?attachment_id=5568 HTTP/1.1" 200 1028 "http://www.livremonami.nc/feed/?attachment_id=5568" "Mozilla/5.0 AppleWebKit/537.36 (KHTML, like Gecko; compatible; ClaudeBot/1.0; +claudebot@anthropic.com)"
43.157.82.252 - - [21/Oct/2025:15:18:43 +1100] "GET / HTTP/1.1" 301 259 "-" "Mozilla/5.0 (iPhone; CPU iPhone OS 13_2_3 like Mac OS X) AppleWebKit/605.1.15 (KHTML, like Gecko) Version/13.0.3 Mobile/15E148 Safari/604.1"
43.157.82.252 - - [21/Oct/2025:15:18:45 +1100] "GET / HTTP/1.1" 200 32425 "http://livremonami.nc" "Mozilla/5.0 (iPhone; CPU iPhone OS 13_2_3 like Mac OS X) AppleWebKit/605.1.15 (KHTML, like Gecko) Version/13.0.3 Mobile/15E148 Safari/604.1"
43.130.57.46 - - [21/Oct/2025:15:19:31 +1100] "GET / HTTP/1.1" 200 32425 "-" "Mozilla/5.0 (iPhone; CPU iPhone OS 13_2_3 like Mac OS X) AppleWebKit/605.1.15 (KHTML, like Gecko) Version/13.0.3 Mobile/15E148 Safari/604.1"
202.22.159.247 - - [21/Oct/2025:15:19:32 +1100] "POST /wp-cron.php?doing_wp_cron=1761020372.1265330314636230468750 HTTP/1.1" 200 243 "-" "WordPress/6.7.4; http://www.livremonami.nc"
5.39.1.246 - - [21/Oct/2025:15:19:32 +1100] "GET /feed?attachment_id=5470 HTTP/1.1" 200 968 "-" "Mozilla/5.0 (compatible; AhrefsBot/7.0; +http://ahrefs.com/robot/)"
183.82.35.191 - - [21/Oct/2025:15:19:38 +1100] "GET //xmlrpc.php HTTP/1.1" 405 222 "http://livremonami.com" "Mozilla/5.0 (Macintosh; Intel Mac OS X 10_15_7) AppleWebKit/537.36 (KHTML, like Gecko) Chrome/112.0.5615.138 Safari/537.36"
216.73.216.49 - - [21/Oct/2025:15:20:07 +1100] "GET /?p=5568 HTTP/1.1" 301 414 "-" "Mozilla/5.0 AppleWebKit/537.36 (KHTML, like Gecko; compatible; ClaudeBot/1.0; +claudebot@anthropic.com)"
216.73.216.49 - - [21/Oct/2025:15:20:07 +1100] "GET /olivier_deschamps_accueil HTTP/1.1" 200 28619 "http://www.livremonami.nc/?p=5568" "Mozilla/5.0 AppleWebKit/537.36 (KHTML, like Gecko; compatible; ClaudeBot/1.0; +claudebot@anthropic.com)"
216.73.216.49 - - [21/Oct/2025:15:20:49 +1100] "GET /fond_gagnant_aliblabla HTTP/1.1" 200 28621 "-" "Mozilla/5.0 AppleWebKit/537.36 (KHTML, like Gecko; compatible; ClaudeBot/1.0; +claudebot@anthropic.com)"
142.44.225.235 - - [21/Oct/2025:15:21:44 +1100] "GET /robots.txt HTTP/1.1" 200 343 "-" "Mozilla/5.0 (compatible; AhrefsBot/7.0; +http://ahrefs.com/robot/)"
212.127.78.200 - - [21/Oct/2025:15:21:51 +1100] "POST /xmlrpc.php HTTP/1.1" 503 19982 "http://livremonami.nc" "Mozilla/5.0 (Macintosh; Intel Mac OS X 10.15; rv:126.0) Gecko/20100101 Firefox/126.0"
5.39.109.160 - - [21/Oct/2025:15:21:52 +1100] "GET /p=3139/img_0732/feed HTTP/1.1" 200 963 "-" "Mozilla/5.0 (compatible; AhrefsBot/7.0; +http://ahrefs.com/robot/)"
216.73.216.49 - - [21/Oct/2025:15:22:57 +1100] "GET /?matprin=calendrier_2012 HTTP/1.1" 200 32494 "-" "Mozilla/5.0 AppleWebKit/537.36 (KHTML, like Gecko; compatible; ClaudeBot/1.0; +claudebot@anthropic.com)"
202.22.159.247 - - [21/Oct/2025:15:22:57 +1100] "POST /wp-cron.php?doing_wp_cron=1761020577.8279960155487060546875 HTTP/1.1" 200 243 "-" "WordPress/6.7.4; http://www.livremonami.nc"
216.73.216.49 - - [21/Oct/2025:15:23:40 +1100] "GET /p=3670 HTTP/1.1" 200 30547 "-" "Mozilla/5.0 AppleWebKit/537.36 (KHTML, like Gecko; compatible; ClaudeBot/1.0; +claudebot@anthropic.com)"
216.73.216.49 - - [21/Oct/2025:15:23:40 +1100] "GET /?cat=4&paged=14 HTTP/1.1" 301 322 "-" "Mozilla/5.0 AppleWebKit/537.36 (KHTML, like Gecko; compatible; ClaudeBot/1.0; +claudebot@anthropic.com)"
216.73.216.49 - - [21/Oct/2025:15:23:40 +1100] "GET /p=category/auteurs/page/14 HTTP/1.1" 200 29975 "http://www.livremonami.nc/?cat=4&paged=14" "Mozilla/5.0 AppleWebKit/537.36 (KHTML, like Gecko; compatible; ClaudeBot/1.0; +claudebot@anthropic.com)"
185.191.171.18 - - [21/Oct/2025:15:23:57 +1100] "GET /p=category/accueil-laureat/page/2 HTTP/1.1" 200 29656 "-" "Mozilla/5.0 (compatible; SemrushBot/7~bl; +http://www.semrush.com/bot.html)"
212.227.149.251 - - [21/Oct/2025:15:24:01 +1100] "GET //xmlrpc.php HTTP/1.1" 405 222 "http://livremonami.com" "Mozilla/5.0 (Macintosh; Intel Mac OS X 10_15_7) AppleWebKit/537.36 (KHTML, like Gecko) Chrome/112.0.5615.138 Safari/537.36"
