34.11.181.107 - - [21/Oct/2025:12:48:00 +1100] "GET /?p=8272 HTTP/1.1" 301 246 "-" "Mozilla/5.0 (compatible; MSIE 10.0; Windows NT 6.2; Trident/6.0; MDDCJS)"
34.11.181.107 - - [21/Oct/2025:12:48:01 +1100] "GET /p=8272 HTTP/1.1" 200 28842 "http://www.livremonami.nc?p=8272" "Mozilla/5.0 (compatible; MSIE 10.0; Windows NT 6.2; Trident/6.0; MDDCJS)"
136.117.3.211 - - [21/Oct/2025:12:48:32 +1100] "GET /wp-content/uploads/2024/11/IMG_20241127_144535.jpeg HTTP/1.1" 200 404464 "-" "Mozilla/5.0 (Windows NT 10.0; Win64; x64) AppleWebKit/537.36 (KHTML, like Gecko) Chrome/114.0.0.0 Safari/537.36"
216.225.203.35 - - [21/Oct/2025:12:49:00 +1100] "GET /wp-login.php HTTP/1.1" 200 18375 "-" "Mozilla/5.0 (X11; Linux x86_64) AppleWebKit/537.36 (KHTML, like Gecko) Chrome/140.0.0.0 Safari/537.36"
216.225.203.35 - - [21/Oct/2025:12:49:01 +1100] "POST /wp-login.php HTTP/1.1" 503 20074 "http://livremonami.nc/wp-admin/" "Mozilla/5.0 (X11; Linux x86_64) AppleWebKit/537.36 (KHTML, like Gecko) Chrome/140.0.0.0 Safari/537.36"
51.68.247.205 - - [21/Oct/2025:12:49:27 +1100] "GET /feed?attachment_id=4725 HTTP/1.1" 200 987 "-" "Mozilla/5.0 (compatible; AhrefsBot/7.0; +http://ahrefs.com/robot/)"
18.136.62.21 - - [21/Oct/2025:12:49:58 +1100] "GET /wp-content/uploads/2021/05/lionslinkialogo.png HTTP/1.1" 200 14267 "-" "Mozilla/5.0 (compatible; crawler)"
202.22.159.247 - - [21/Oct/2025:12:50:49 +1100] "POST /wp-cron.php?doing_wp_cron=1761011449.3081281185150146484375 HTTP/1.1" 200 243 "-" "WordPress/6.7.4; http://www.livremonami.nc"
216.225.203.35 - - [21/Oct/2025:12:50:49 +1100] "GET /wp-login.php HTTP/1.1" 200 18375 "-" "Mozilla/5.0 (X11; Linux x86_64) AppleWebKit/537.36 (KHTML, like Gecko) Chrome/140.0.0.0 Safari/537.36"
216.225.203.35 - - [21/Oct/2025:12:50:49 +1100] "POST /wp-login.php HTTP/1.1" 503 20074 "http://livremonami.nc/wp-admin/" "Mozilla/5.0 (X11; Linux x86_64) AppleWebKit/537.36 (KHTML, like Gecko) Chrome/140.0.0.0 Safari/537.36"
202.22.159.247 - - [21/Oct/2025:12:51:37 +1100] "POST /wp-cron.php?doing_wp_cron=1761011497.0813510417938232421875 HTTP/1.1" 200 243 "-" "WordPress/6.7.4; http://www.livremonami.nc"
37.59.204.137 - - [21/Oct/2025:12:51:36 +1100] "GET /p=3648/038-2/feed HTTP/1.1" 200 956 "-" "Mozilla/5.0 (compatible; AhrefsBot/7.0; +http://ahrefs.com/robot/)"
136.117.3.211 - - [21/Oct/2025:12:51:46 +1100] "GET /?p=8272 HTTP/1.1" 301 246 "-" "Mozilla/5.0 (Macintosh; Intel Mac OS X 10_15_7) AppleWebKit/605.1.15 (KHTML, like Gecko) Version/17.3 Safari/605.1.15"
136.117.3.211 - - [21/Oct/2025:12:51:46 +1100] "GET /p=8272 HTTP/1.1" 200 28652 "http://www.livremonami.nc?p=8272" "Mozilla/5.0 (Macintosh; Intel Mac OS X 10_15_7) AppleWebKit/605.1.15 (KHTML, like Gecko) Version/17.3 Safari/605.1.15"
20.197.112.237 - - [21/Oct/2025:12:52:24 +1100] "GET /quiz-2020-capitaine-rosalie HTTP/1.1" 200 229755 "-" "Mozilla/5.0 (Windows NT 10.0; Win64; x64) AppleWebKit/537.36 (KHTML, like Gecko) Chrome/131.0.0.0 Safari/537.36 Edg/131.0.0.0"
216.225.203.35 - - [21/Oct/2025:12:52:38 +1100] "GET /wp-login.php HTTP/1.1" 200 18374 "-" "Mozilla/5.0 (X11; Linux x86_64) AppleWebKit/537.36 (KHTML, like Gecko) Chrome/140.0.0.0 Safari/537.36"
216.225.203.35 - - [21/Oct/2025:12:52:38 +1100] "POST /wp-login.php HTTP/1.1" 503 20074 "http://livremonami.nc/wp-admin/" "Mozilla/5.0 (X11; Linux x86_64) AppleWebKit/537.36 (KHTML, like Gecko) Chrome/140.0.0.0 Safari/537.36"
216.73.216.49 - - [21/Oct/2025:12:53:05 +1100] "GET /p=3139/img_0722 HTTP/1.1" 200 28695 "-" "Mozilla/5.0 AppleWebKit/537.36 (KHTML, like Gecko; compatible; ClaudeBot/1.0; +claudebot@anthropic.com)"
216.73.216.49 - - [21/Oct/2025:12:53:05 +1100] "GET /p=3139/img_0718 HTTP/1.1" 200 28674 "-" "Mozilla/5.0 AppleWebKit/537.36 (KHTML, like Gecko; compatible; ClaudeBot/1.0; +claudebot@anthropic.com)"
136.117.3.211 - - [21/Oct/2025:12:53:23 +1100] "GET /wp-content/uploads/2020/12/2020-12-10_Livre-mon-ami_Estelle-FAYE-033.jpeg HTTP/1.1" 200 203195 "-" "Mozilla/5.0 (Windows NT 10.0; Win64; x64) AppleWebKit/537.36 (KHTML, like Gecko) Chrome/119.0.0.0 Safari/537.36"
202.22.159.247 - - [21/Oct/2025:12:53:47 +1100] "POST /wp-cron.php?doing_wp_cron=1761011627.5228800773620605468750 HTTP/1.1" 200 243 "-" "WordPress/6.7.4; http://www.livremonami.nc"
92.222.104.192 - - [21/Oct/2025:12:53:47 +1100] "GET /feed?attachment_id=4759 HTTP/1.1" 200 970 "-" "Mozilla/5.0 (compatible; AhrefsBot/7.0; +http://ahrefs.com/robot/)"
85.208.96.204 - - [21/Oct/2025:12:53:57 +1100] "GET /robots.txt HTTP/1.1" 200 362 "-" "Mozilla/5.0 (compatible; SemrushBot/7~bl; +http://www.semrush.com/bot.html)"
85.208.96.193 - - [21/Oct/2025:12:53:58 +1100] "GET /p=category/non-classe/page/17 HTTP/1.1" 200 29706 "-" "Mozilla/5.0 (compatible; SemrushBot/7~bl; +http://www.semrush.com/bot.html)"
216.225.203.35 - - [21/Oct/2025:12:54:27 +1100] "GET /wp-login.php HTTP/1.1" 200 18376 "-" "Mozilla/5.0 (X11; Linux x86_64) AppleWebKit/537.36 (KHTML, like Gecko) Chrome/140.0.0.0 Safari/537.36"
216.225.203.35 - - [21/Oct/2025:12:54:28 +1100] "POST /wp-login.php HTTP/1.1" 503 20074 "http://livremonami.nc/wp-admin/" "Mozilla/5.0 (X11; Linux x86_64) AppleWebKit/537.36 (KHTML, like Gecko) Chrome/140.0.0.0 Safari/537.36"
202.22.159.247 - - [21/Oct/2025:12:54:58 +1100] "POST /wp-cron.php?doing_wp_cron=1761011698.6510140895843505859375 HTTP/1.1" 200 243 "-" "WordPress/6.7.4; http://www.livremonami.nc"
185.191.171.16 - - [21/Oct/2025:12:54:58 +1100] "GET /p=9990 HTTP/1.1" 200 30683 "-" "Mozilla/5.0 (compatible; SemrushBot/7~bl; +http://www.semrush.com/bot.html)"
202.22.159.247 - - [21/Oct/2025:12:56:10 +1100] "POST /wp-cron.php?doing_wp_cron=1761011770.4907629489898681640625 HTTP/1.1" 200 243 "-" "WordPress/6.7.4; http://www.livremonami.nc"
216.73.216.49 - - [21/Oct/2025:12:56:10 +1100] "GET /p=3139/img_0719 HTTP/1.1" 200 28699 "-" "Mozilla/5.0 AppleWebKit/537.36 (KHTML, like Gecko; compatible; ClaudeBot/1.0; +claudebot@anthropic.com)"
54.37.118.81 - - [21/Oct/2025:12:56:15 +1100] "GET /p=11683/img_20250305_141728/feed HTTP/1.1" 200 976 "-" "Mozilla/5.0 (compatible; AhrefsBot/7.0; +http://ahrefs.com/robot/)"
216.225.203.35 - - [21/Oct/2025:12:56:15 +1100] "GET /wp-login.php HTTP/1.1" 200 18375 "-" "Mozilla/5.0 (X11; Linux x86_64) AppleWebKit/537.36 (KHTML, like Gecko) Chrome/140.0.0.0 Safari/537.36"
216.225.203.35 - - [21/Oct/2025:12:56:16 +1100] "POST /wp-login.php HTTP/1.1" 503 20074 "http://livremonami.nc/wp-admin/" "Mozilla/5.0 (X11; Linux x86_64) AppleWebKit/537.36 (KHTML, like Gecko) Chrome/140.0.0.0 Safari/537.36"
202.22.159.247 - - [21/Oct/2025:12:58:04 +1100] "POST /wp-cron.php?doing_wp_cron=1761011884.1752638816833496093750 HTTP/1.1" 200 243 "-" "WordPress/6.7.4; http://www.livremonami.nc"
216.225.203.35 - - [21/Oct/2025:12:58:04 +1100] "GET /wp-login.php HTTP/1.1" 200 18375 "-" "Mozilla/5.0 (X11; Linux x86_64) AppleWebKit/537.36 (KHTML, like Gecko) Chrome/140.0.0.0 Safari/537.36"
216.225.203.35 - - [21/Oct/2025:12:58:04 +1100] "POST /wp-login.php HTTP/1.1" 503 20074 "http://livremonami.nc/wp-admin/" "Mozilla/5.0 (X11; Linux x86_64) AppleWebKit/537.36 (KHTML, like Gecko) Chrome/140.0.0.0 Safari/537.36"
216.73.216.49 - - [21/Oct/2025:12:58:08 +1100] "GET /p=3345/feed HTTP/1.1" 200 1241 "-" "Mozilla/5.0 AppleWebKit/537.36 (KHTML, like Gecko; compatible; ClaudeBot/1.0; +claudebot@anthropic.com)"
216.73.216.49 - - [21/Oct/2025:12:58:08 +1100] "GET /p=11683/capture_poeme-2/feed HTTP/1.1" 200 1022 "-" "Mozilla/5.0 AppleWebKit/537.36 (KHTML, like Gecko; compatible; ClaudeBot/1.0; +claudebot@anthropic.com)"
202.22.159.247 - - [21/Oct/2025:12:58:46 +1100] "POST /wp-cron.php?doing_wp_cron=1761011926.0992670059204101562500 HTTP/1.1" 200 243 "-" "WordPress/6.7.4; http://www.livremonami.nc"
51.68.247.206 - - [21/Oct/2025:12:58:45 +1100] "GET /feed?attachment_id=5467 HTTP/1.1" 200 974 "-" "Mozilla/5.0 (compatible; AhrefsBot/7.0; +http://ahrefs.com/robot/)"
85.208.96.200 - - [21/Oct/2025:12:59:06 +1100] "GET /p=6920 HTTP/1.1" 200 29888 "-" "Mozilla/5.0 (compatible; SemrushBot/7~bl; +http://www.semrush.com/bot.html)"
216.73.216.49 - - [21/Oct/2025:12:59:16 +1100] "GET /p=11683/capture_poeme HTTP/1.1" 200 28695 "-" "Mozilla/5.0 AppleWebKit/537.36 (KHTML, like Gecko; compatible; ClaudeBot/1.0; +claudebot@anthropic.com)"
216.244.66.242 - - [21/Oct/2025:12:59:46 +1100] "GET /page/10?matprin=calendrier HTTP/1.1" 200 127725 "-" "Mozilla/5.0 (compatible; DotBot/1.2; +https://opensiteexplorer.org/dotbot; help@moz.com)"
216.225.203.35 - - [21/Oct/2025:12:59:52 +1100] "GET /wp-login.php HTTP/1.1" 200 18374 "-" "Mozilla/5.0 (X11; Linux x86_64) AppleWebKit/537.36 (KHTML, like Gecko) Chrome/140.0.0.0 Safari/537.36"
216.225.203.35 - - [21/Oct/2025:12:59:53 +1100] "POST /wp-login.php HTTP/1.1" 503 20074 "http://livremonami.nc/wp-admin/" "Mozilla/5.0 (X11; Linux x86_64) AppleWebKit/537.36 (KHTML, like Gecko) Chrome/140.0.0.0 Safari/537.36"
85.208.96.201 - - [21/Oct/2025:13:00:00 +1100] "GET /p=11227 HTTP/1.1" 200 31509 "-" "Mozilla/5.0 (compatible; SemrushBot/7~bl; +http://www.semrush.com/bot.html)"
202.22.159.247 - - [21/Oct/2025:13:00:23 +1100] "POST /wp-cron.php?doing_wp_cron=1761012023.4434421062469482421875 HTTP/1.1" 200 243 "-" "WordPress/6.7.4; http://www.livremonami.nc"
216.244.66.242 - - [21/Oct/2025:13:00:23 +1100] "GET /page/47?matprin=calendrier HTTP/1.1" 200 124454 "-" "Mozilla/5.0 (compatible; DotBot/1.2; +https://opensiteexplorer.org/dotbot; help@moz.com)"
51.68.247.214 - - [21/Oct/2025:13:00:50 +1100] "GET /p=3356/comment-page-1 HTTP/1.1" 200 29322 "-" "Mozilla/5.0 (compatible; AhrefsBot/7.0; +http://ahrefs.com/robot/)"
202.22.159.247 - - [21/Oct/2025:13:01:09 +1100] "POST /wp-cron.php?doing_wp_cron=1761012069.2037379741668701171875 HTTP/1.1" 200 243 "-" "WordPress/6.7.4; http://www.livremonami.nc"
216.73.216.49 - - [21/Oct/2025:13:01:09 +1100] "GET /p=3345/20160831_154557_1 HTTP/1.1" 200 28668 "-" "Mozilla/5.0 AppleWebKit/537.36 (KHTML, like Gecko; compatible; ClaudeBot/1.0; +claudebot@anthropic.com)"
216.225.203.35 - - [21/Oct/2025:13:01:40 +1100] "GET /wp-login.php HTTP/1.1" 200 18373 "-" "Mozilla/5.0 (X11; Linux x86_64) AppleWebKit/537.36 (KHTML, like Gecko) Chrome/140.0.0.0 Safari/537.36"
216.73.216.49 - - [21/Oct/2025:13:01:42 +1100] "GET /?p=11731 HTTP/1.1" 301 412 "-" "Mozilla/5.0 AppleWebKit/537.36 (KHTML, like Gecko; compatible; ClaudeBot/1.0; +claudebot@anthropic.com)"
216.225.203.35 - - [21/Oct/2025:13:01:41 +1100] "POST /wp-login.php HTTP/1.1" 503 20074 "http://livremonami.nc/wp-admin/" "Mozilla/5.0 (X11; Linux x86_64) AppleWebKit/537.36 (KHTML, like Gecko) Chrome/140.0.0.0 Safari/537.36"
216.73.216.49 - - [21/Oct/2025:13:01:42 +1100] "GET /p=11683/capture_poeme-2 HTTP/1.1" 200 28684 "http://www.livremonami.nc/?p=11731" "Mozilla/5.0 AppleWebKit/537.36 (KHTML, like Gecko; compatible; ClaudeBot/1.0; +claudebot@anthropic.com)"
202.22.159.247 - - [21/Oct/2025:13:02:27 +1100] "POST /wp-cron.php?doing_wp_cron=1761012147.5059850215911865234375 HTTP/1.1" 200 243 "-" "WordPress/6.7.4; http://www.livremonami.nc"
216.73.216.49 - - [21/Oct/2025:13:02:27 +1100] "GET /p=3326 HTTP/1.1" 200 30034 "-" "Mozilla/5.0 AppleWebKit/537.36 (KHTML, like Gecko; compatible; ClaudeBot/1.0; +claudebot@anthropic.com)"
185.191.171.17 - - [21/Oct/2025:13:02:46 +1100] "GET /p=6715 HTTP/1.1" 200 30198 "-" "Mozilla/5.0 (compatible; SemrushBot/7~bl; +http://www.semrush.com/bot.html)"
94.23.188.210 - - [21/Oct/2025:13:02:59 +1100] "GET /p=11185 HTTP/1.1" 200 29226 "-" "Mozilla/5.0 (compatible; AhrefsBot/7.0; +http://ahrefs.com/robot/)"
216.225.203.35 - - [21/Oct/2025:13:03:29 +1100] "GET /wp-login.php HTTP/1.1" 200 18376 "-" "Mozilla/5.0 (X11; Linux x86_64) AppleWebKit/537.36 (KHTML, like Gecko) Chrome/140.0.0.0 Safari/537.36"
216.225.203.35 - - [21/Oct/2025:13:03:30 +1100] "POST /wp-login.php HTTP/1.1" 503 20074 "http://livremonami.nc/wp-admin/" "Mozilla/5.0 (X11; Linux x86_64) AppleWebKit/537.36 (KHTML, like Gecko) Chrome/140.0.0.0 Safari/537.36"
202.22.159.247 - - [21/Oct/2025:13:04:13 +1100] "POST /wp-cron.php?doing_wp_cron=1761012253.8640758991241455078125 HTTP/1.1" 200 243 "-" "WordPress/6.7.4; http://www.livremonami.nc"
136.117.252.27 - - [21/Oct/2025:13:04:13 +1100] "GET /p=552 HTTP/1.1" 200 29829 "-" "Mozilla/5.0 (Windows NT 10.0; Win64; x64; rv:125.0) Gecko/20100101 Firefox/125.0"
69.171.234.8 - - [21/Oct/2025:13:04:30 +1100] "GET /?p=10961 HTTP/1.1" 404 96653 "-" "facebookexternalhit/1.1 (+http://www.facebook.com/externalhit_uatext.php)"
216.73.216.49 - - [21/Oct/2025:13:04:37 +1100] "GET /p=11683/img_20250305_140041 HTTP/1.1" 200 28693 "-" "Mozilla/5.0 AppleWebKit/537.36 (KHTML, like Gecko; compatible; ClaudeBot/1.0; +claudebot@anthropic.com)"
216.73.216.49 - - [21/Oct/2025:13:05:13 +1100] "GET /p=3345/20160831_151910_1 HTTP/1.1" 200 28665 "-" "Mozilla/5.0 AppleWebKit/537.36 (KHTML, like Gecko; compatible; ClaudeBot/1.0; +claudebot@anthropic.com)"
216.225.203.35 - - [21/Oct/2025:13:05:19 +1100] "GET /wp-login.php HTTP/1.1" 200 18376 "-" "Mozilla/5.0 (X11; Linux x86_64) AppleWebKit/537.36 (KHTML, like Gecko) Chrome/140.0.0.0 Safari/537.36"
216.225.203.35 - - [21/Oct/2025:13:05:19 +1100] "POST /wp-login.php HTTP/1.1" 503 20074 "http://livremonami.nc/wp-admin/" "Mozilla/5.0 (X11; Linux x86_64) AppleWebKit/537.36 (KHTML, like Gecko) Chrome/140.0.0.0 Safari/537.36"
176.31.139.23 - - [21/Oct/2025:13:05:24 +1100] "GET /feed?attachment_id=5466 HTTP/1.1" 200 962 "-" "Mozilla/5.0 (compatible; AhrefsBot/7.0; +http://ahrefs.com/robot/)"
202.22.159.247 - - [21/Oct/2025:13:06:33 +1100] "POST /wp-cron.php?doing_wp_cron=1761012393.6150090694427490234375 HTTP/1.1" 200 243 "-" "WordPress/6.7.4; http://www.livremonami.nc"
202.22.238.6 - - [21/Oct/2025:13:06:33 +1100] "GET / HTTP/1.1" 200 32481 "https://www.qwant.com/" "Mozilla/5.0 (Windows NT 10.0; Win64; x64) AppleWebKit/537.36 (KHTML, like Gecko) Chrome/131.0.0.0 Safari/537.36"
202.22.238.6 - - [21/Oct/2025:13:06:33 +1100] "GET /wp-content/aafd9425158f8f03937d0df38997f6f2/dist/1369589066.js?ver=975c5defe73b4b2fde03afbaa384a541 HTTP/1.1" 200 11253 "http://www.livremonami.nc/" "Mozilla/5.0 (Windows NT 10.0; Win64; x64) AppleWebKit/537.36 (KHTML, like Gecko) Chrome/131.0.0.0 Safari/537.36"
202.22.238.6 - - [21/Oct/2025:13:06:33 +1100] "GET /wp-content/aafd9425158f8f03937d0df38997f6f2/dist/1745265449.js?ver=d36d84fb7cc16e772fa1f8b9196971f3 HTTP/1.1" 200 14249 "http://www.livremonami.nc/" "Mozilla/5.0 (Windows NT 10.0; Win64; x64) AppleWebKit/537.36 (KHTML, like Gecko) Chrome/131.0.0.0 Safari/537.36"
202.22.238.6 - - [21/Oct/2025:13:06:33 +1100] "GET /wp-content/plugins/real-cookie-banner/public/lib/animate.css/animate.min.css?ver=4.1.1 HTTP/1.1" 200 5592 "http://www.livremonami.nc/" "Mozilla/5.0 (Windows NT 10.0; Win64; x64) AppleWebKit/537.36 (KHTML, like Gecko) Chrome/131.0.0.0 Safari/537.36"
202.22.238.6 - - [21/Oct/2025:13:06:33 +1100] "GET /wp-content/plugins/advanced-quiz/css/wpAdvQuiz_front.min.css?ver=1.0.4 HTTP/1.1" 200 2755 "http://www.livremonami.nc/" "Mozilla/5.0 (Windows NT 10.0; Win64; x64) AppleWebKit/537.36 (KHTML, like Gecko) Chrome/131.0.0.0 Safari/537.36"
202.22.238.6 - - [21/Oct/2025:13:06:33 +1100] "GET /wp-content/themes/tempera/fonts/fontfaces.css?ver=1.8.3 HTTP/1.1" 200 1900 "http://www.livremonami.nc/" "Mozilla/5.0 (Windows NT 10.0; Win64; x64) AppleWebKit/537.36 (KHTML, like Gecko) Chrome/131.0.0.0 Safari/537.36"
202.22.238.6 - - [21/Oct/2025:13:06:33 +1100] "GET /wp-content/themes/tempera/styles/style-mobile.css?ver=1.8.3 HTTP/1.1" 200 2295 "http://www.livremonami.nc/" "Mozilla/5.0 (Windows NT 10.0; Win64; x64) AppleWebKit/537.36 (KHTML, like Gecko) Chrome/131.0.0.0 Safari/537.36"
202.22.238.6 - - [21/Oct/2025:13:06:33 +1100] "GET /wp-content/themes/tempera/style.css?ver=1.8.3 HTTP/1.1" 200 13132 "http://www.livremonami.nc/" "Mozilla/5.0 (Windows NT 10.0; Win64; x64) AppleWebKit/537.36 (KHTML, like Gecko) Chrome/131.0.0.0 Safari/537.36"
202.22.238.6 - - [21/Oct/2025:13:06:33 +1100] "GET /wp-content/plugins/tablepress/css/build/default.css?ver=3.1.3 HTTP/1.1" 200 1904 "http://www.livremonami.nc/" "Mozilla/5.0 (Windows NT 10.0; Win64; x64) AppleWebKit/537.36 (KHTML, like Gecko) Chrome/131.0.0.0 Safari/537.36"
202.22.238.6 - - [21/Oct/2025:13:06:33 +1100] "GET /wp-includes/css/dist/block-library/style.min.css?ver=6.7.4 HTTP/1.1" 200 15501 "http://www.livremonami.nc/" "Mozilla/5.0 (Windows NT 10.0; Win64; x64) AppleWebKit/537.36 (KHTML, like Gecko) Chrome/131.0.0.0 Safari/537.36"
202.22.238.6 - - [21/Oct/2025:13:06:33 +1100] "GET /wp-includes/js/jquery/jquery.min.js?ver=3.7.1 HTTP/1.1" 200 30705 "http://www.livremonami.nc/" "Mozilla/5.0 (Windows NT 10.0; Win64; x64) AppleWebKit/537.36 (KHTML, like Gecko) Chrome/131.0.0.0 Safari/537.36"
202.22.238.6 - - [21/Oct/2025:13:06:33 +1100] "GET /wp-includes/js/jquery/jquery-migrate.min.js?ver=3.4.1 HTTP/1.1" 200 5207 "http://www.livremonami.nc/" "Mozilla/5.0 (Windows NT 10.0; Win64; x64) AppleWebKit/537.36 (KHTML, like Gecko) Chrome/131.0.0.0 Safari/537.36"
202.22.238.6 - - [21/Oct/2025:13:06:33 +1100] "GET /wp-content/themes/tempera/images/socials/RSS.png HTTP/1.1" 200 1430 "http://www.livremonami.nc/" "Mozilla/5.0 (Windows NT 10.0; Win64; x64) AppleWebKit/537.36 (KHTML, like Gecko) Chrome/131.0.0.0 Safari/537.36"
202.22.238.6 - - [21/Oct/2025:13:06:33 +1100] "GET /wp-content/uploads/2018/02/nouveau_logo_LMA_detoure_1150x120b.png HTTP/1.1" 200 33849 "http://www.livremonami.nc/" "Mozilla/5.0 (Windows NT 10.0; Win64; x64) AppleWebKit/537.36 (KHTML, like Gecko) Chrome/131.0.0.0 Safari/537.36"
202.22.238.6 - - [21/Oct/2025:13:06:34 +1100] "GET /wp-content/uploads/2024/11/bandeau_gagnant_2024_tisseurs.jpg HTTP/1.1" 200 113101 "http://www.livremonami.nc/" "Mozilla/5.0 (Windows NT 10.0; Win64; x64) AppleWebKit/537.36 (KHTML, like Gecko) Chrome/131.0.0.0 Safari/537.36"
202.22.238.6 - - [21/Oct/2025:13:06:34 +1100] "GET /wp-content/uploads/2022/08/bandeau_nouveau_local.jpg HTTP/1.1" 200 128746 "http://www.livremonami.nc/" "Mozilla/5.0 (Windows NT 10.0; Win64; x64) AppleWebKit/537.36 (KHTML, like Gecko) Chrome/131.0.0.0 Safari/537.36"
202.22.238.6 - - [21/Oct/2025:13:06:34 +1100] "GET /wp-content/plugins/shortcodes-ultimate/vendor/magnific-popup/magnific-popup.css?ver=1.2.0 HTTP/1.1" 200 2145 "http://www.livremonami.nc/" "Mozilla/5.0 (Windows NT 10.0; Win64; x64) AppleWebKit/537.36 (KHTML, like Gecko) Chrome/131.0.0.0 Safari/537.36"
202.22.238.6 - - [21/Oct/2025:13:06:34 +1100] "GET /wp-content/plugins/shortcodes-ultimate/vendor/flickity/flickity.css?ver=2.2.1 HTTP/1.1" 200 973 "http://www.livremonami.nc/" "Mozilla/5.0 (Windows NT 10.0; Win64; x64) AppleWebKit/537.36 (KHTML, like Gecko) Chrome/131.0.0.0 Safari/537.36"
202.22.238.6 - - [21/Oct/2025:13:06:34 +1100] "GET /wp-content/plugins/shortcodes-ultimate/includes/css/shortcodes.css?ver=7.4.5 HTTP/1.1" 200 8094 "http://www.livremonami.nc/" "Mozilla/5.0 (Windows NT 10.0; Win64; x64) AppleWebKit/537.36 (KHTML, like Gecko) Chrome/131.0.0.0 Safari/537.36"
202.22.238.6 - - [21/Oct/2025:13:06:34 +1100] "GET /wp-content/themes/tempera/js/ajax.js?ver=1.8.3 HTTP/1.1" 200 1217 "http://www.livremonami.nc/" "Mozilla/5.0 (Windows NT 10.0; Win64; x64) AppleWebKit/537.36 (KHTML, like Gecko) Chrome/131.0.0.0 Safari/537.36"
202.22.238.6 - - [21/Oct/2025:13:06:34 +1100] "GET /wp-content/themes/tempera/js/frontend.js?ver=1.8.3 HTTP/1.1" 200 3198 "http://www.livremonami.nc/" "Mozilla/5.0 (Windows NT 10.0; Win64; x64) AppleWebKit/537.36 (KHTML, like Gecko) Chrome/131.0.0.0 Safari/537.36"
202.22.238.6 - - [21/Oct/2025:13:06:34 +1100] "GET /wp-content/themes/tempera/js/nivo.slider.min.js?ver=1.8.3 HTTP/1.1" 200 3409 "http://www.livremonami.nc/" "Mozilla/5.0 (Windows NT 10.0; Win64; x64) AppleWebKit/537.36 (KHTML, like Gecko) Chrome/131.0.0.0 Safari/537.36"
202.22.238.6 - - [21/Oct/2025:13:06:34 +1100] "GET /wp-content/plugins/shortcodes-ultimate/vendor/magnific-popup/magnific-popup.js?ver=1.2.0 HTTP/1.1" 200 7770 "http://www.livremonami.nc/" "Mozilla/5.0 (Windows NT 10.0; Win64; x64) AppleWebKit/537.36 (KHTML, like Gecko) Chrome/131.0.0.0 Safari/537.36"
202.22.238.6 - - [21/Oct/2025:13:06:34 +1100] "GET /wp-content/plugins/shortcodes-ultimate/includes/js/shortcodes/index.js?ver=7.4.5 HTTP/1.1" 200 4749 "http://www.livremonami.nc/" "Mozilla/5.0 (Windows NT 10.0; Win64; x64) AppleWebKit/537.36 (KHTML, like Gecko) Chrome/131.0.0.0 Safari/537.36"
202.22.238.6 - - [21/Oct/2025:13:06:34 +1100] "GET /wp-content/plugins/shortcodes-ultimate/vendor/flickity/flickity.js?ver=2.2.1 HTTP/1.1" 200 13971 "http://www.livremonami.nc/" "Mozilla/5.0 (Windows NT 10.0; Win64; x64) AppleWebKit/537.36 (KHTML, like Gecko) Chrome/131.0.0.0 Safari/537.36"
202.22.238.6 - - [21/Oct/2025:13:06:34 +1100] "GET /wp-content/uploads/2018/02/bandeau2_chorale.jpg HTTP/1.1" 200 119571 "http://www.livremonami.nc/" "Mozilla/5.0 (Windows NT 10.0; Win64; x64) AppleWebKit/537.36 (KHTML, like Gecko) Chrome/131.0.0.0 Safari/537.36"
202.22.238.6 - - [21/Oct/2025:13:06:34 +1100] "GET /wp-content/uploads/2017/02/DSCN1503_1150x300.jpg HTTP/1.1" 200 169080 "http://www.livremonami.nc/" "Mozilla/5.0 (Windows NT 10.0; Win64; x64) AppleWebKit/537.36 (KHTML, like Gecko) Chrome/131.0.0.0 Safari/537.36"
202.22.238.6 - - [21/Oct/2025:13:06:34 +1100] "GET /wp-content/uploads/2024/01/2024.05_Les_tisseurs_de_reves-Manel_205px.jpeg HTTP/1.1" 200 38559 "http://www.livremonami.nc/" "Mozilla/5.0 (Windows NT 10.0; Win64; x64) AppleWebKit/537.36 (KHTML, like Gecko) Chrome/131.0.0.0 Safari/537.36"
202.22.238.6 - - [21/Oct/2025:13:06:34 +1100] "GET /wp-content/uploads/2022/11/poules_renards_viperes_Albin.jpeg HTTP/1.1" 200 39934 "http://www.livremonami.nc/" "Mozilla/5.0 (Windows NT 10.0; Win64; x64) AppleWebKit/537.36 (KHTML, like Gecko) Chrome/131.0.0.0 Safari/537.36"
202.22.238.6 - - [21/Oct/2025:13:06:34 +1100] "GET /wp-content/uploads/2022/11/l-incroyable_histoire_du_mouton_qui_sauva_une_ecole.jpeg HTTP/1.1" 200 32954 "http://www.livremonami.nc/" "Mozilla/5.0 (Windows NT 10.0; Win64; x64) AppleWebKit/537.36 (KHTML, like Gecko) Chrome/131.0.0.0 Safari/537.36"
202.22.238.6 - - [21/Oct/2025:13:06:34 +1100] "GET /wp-content/themes/tempera/fonts/ubuntu-regular-webfont.woff HTTP/1.1" 200 37255 "http://www.livremonami.nc/wp-content/themes/tempera/fonts/fontfaces.css?ver=1.8.3" "Mozilla/5.0 (Windows NT 10.0; Win64; x64) AppleWebKit/537.36 (KHTML, like Gecko) Chrome/131.0.0.0 Safari/537.36"
202.22.238.6 - - [21/Oct/2025:13:06:34 +1100] "GET /wp-content/themes/tempera/fonts/yanonekaffeesatz-regular-webfont.woff HTTP/1.1" 200 31451 "http://www.livremonami.nc/wp-content/themes/tempera/fonts/fontfaces.css?ver=1.8.3" "Mozilla/5.0 (Windows NT 10.0; Win64; x64) AppleWebKit/537.36 (KHTML, like Gecko) Chrome/131.0.0.0 Safari/537.36"
202.22.238.6 - - [21/Oct/2025:13:06:34 +1100] "GET /wp-content/themes/tempera/fonts/DroidSans-webfont.woff HTTP/1.1" 200 25335 "http://www.livremonami.nc/wp-content/themes/tempera/fonts/fontfaces.css?ver=1.8.3" "Mozilla/5.0 (Windows NT 10.0; Win64; x64) AppleWebKit/537.36 (KHTML, like Gecko) Chrome/131.0.0.0 Safari/537.36"
202.22.238.6 - - [21/Oct/2025:13:06:34 +1100] "GET /wp-content/themes/tempera/fonts/elusive.woff HTTP/1.1" 200 15011 "http://www.livremonami.nc/wp-content/themes/tempera/fonts/fontfaces.css?ver=1.8.3" "Mozilla/5.0 (Windows NT 10.0; Win64; x64) AppleWebKit/537.36 (KHTML, like Gecko) Chrome/131.0.0.0 Safari/537.36"
202.22.238.6 - - [21/Oct/2025:13:06:34 +1100] "GET /wp-content/themes/tempera/fonts/OpenSans-Light-webfont.woff HTTP/1.1" 200 14243 "http://www.livremonami.nc/wp-content/themes/tempera/fonts/fontfaces.css?ver=1.8.3" "Mozilla/5.0 (Windows NT 10.0; Win64; x64) AppleWebKit/537.36 (KHTML, like Gecko) Chrome/131.0.0.0 Safari/537.36"
202.22.238.6 - - [21/Oct/2025:13:06:34 +1100] "GET /wp-content/uploads/2025/02/image_gauche_accueil_2025.jpg HTTP/1.1" 200 122737 "http://www.livremonami.nc/" "Mozilla/5.0 (Windows NT 10.0; Win64; x64) AppleWebKit/537.36 (KHTML, like Gecko) Chrome/131.0.0.0 Safari/537.36"
202.22.238.6 - - [21/Oct/2025:13:06:34 +1100] "GET /wp-content/themes/tempera/images/nivoslider/loading.gif HTTP/1.1" 200 2006 "http://www.livremonami.nc/wp-content/themes/tempera/style.css?ver=1.8.3" "Mozilla/5.0 (Windows NT 10.0; Win64; x64) AppleWebKit/537.36 (KHTML, like Gecko) Chrome/131.0.0.0 Safari/537.36"
202.22.238.6 - - [21/Oct/2025:13:06:34 +1100] "GET /wp-content/uploads/2025/02/bandeau_2025_animation_couvertures_V2.webp HTTP/1.1" 200 4132020 "http://www.livremonami.nc/" "Mozilla/5.0 (Windows NT 10.0; Win64; x64) AppleWebKit/537.36 (KHTML, like Gecko) Chrome/131.0.0.0 Safari/537.36"
202.22.238.6 - - [21/Oct/2025:13:06:34 +1100] "GET /wp-content/uploads/2022/11/peur_dans_la_neige.jpeg HTTP/1.1" 200 24792 "http://www.livremonami.nc/" "Mozilla/5.0 (Windows NT 10.0; Win64; x64) AppleWebKit/537.36 (KHTML, like Gecko) Chrome/131.0.0.0 Safari/537.36"
202.22.238.6 - - [21/Oct/2025:13:06:34 +1100] "GET /wp-content/uploads/2022/11/l-amie_en_bois_d-erable.jpeg HTTP/1.1" 200 35101 "http://www.livremonami.nc/" "Mozilla/5.0 (Windows NT 10.0; Win64; x64) AppleWebKit/537.36 (KHTML, like Gecko) Chrome/131.0.0.0 Safari/537.36"
202.22.238.6 - - [21/Oct/2025:13:06:34 +1100] "GET /wp-content/uploads/2022/11/enfin_la_6eme.jpeg HTTP/1.1" 200 37751 "http://www.livremonami.nc/" "Mozilla/5.0 (Windows NT 10.0; Win64; x64) AppleWebKit/537.36 (KHTML, like Gecko) Chrome/131.0.0.0 Safari/537.36"
202.22.238.6 - - [21/Oct/2025:13:06:34 +1100] "GET /wp-content/uploads/2022/11/c-etait_mieux_apres.jpeg HTTP/1.1" 200 39380 "http://www.livremonami.nc/" "Mozilla/5.0 (Windows NT 10.0; Win64; x64) AppleWebKit/537.36 (KHTML, like Gecko) Chrome/131.0.0.0 Safari/537.36"
202.22.238.6 - - [21/Oct/2025:13:06:34 +1100] "GET /wp-content/uploads/2022/11/7_rue_des_ecolos.jpeg HTTP/1.1" 200 45566 "http://www.livremonami.nc/" "Mozilla/5.0 (Windows NT 10.0; Win64; x64) AppleWebKit/537.36 (KHTML, like Gecko) Chrome/131.0.0.0 Safari/537.36"
202.22.238.6 - - [21/Oct/2025:13:06:34 +1100] "GET /wp-content/uploads/2025/02/vignette_accueil_affiche_2025_318x180.jpg HTTP/1.1" 200 18033 "http://www.livremonami.nc/" "Mozilla/5.0 (Windows NT 10.0; Win64; x64) AppleWebKit/537.36 (KHTML, like Gecko) Chrome/131.0.0.0 Safari/537.36"
202.22.238.6 - - [21/Oct/2025:13:06:34 +1100] "GET /wp-content/uploads/2017/02/LVH2017_318x180.jpg HTTP/1.1" 200 22096 "http://www.livremonami.nc/" "Mozilla/5.0 (Windows NT 10.0; Win64; x64) AppleWebKit/537.36 (KHTML, like Gecko) Chrome/131.0.0.0 Safari/537.36"
202.22.238.6 - - [21/Oct/2025:13:06:34 +1100] "GET /wp-content/uploads/2024/04/image-livre-coeur_318x180.jpg HTTP/1.1" 200 36570 "http://www.livremonami.nc/" "Mozilla/5.0 (Windows NT 10.0; Win64; x64) AppleWebKit/537.36 (KHTML, like Gecko) Chrome/131.0.0.0 Safari/537.36"
202.22.238.6 - - [21/Oct/2025:13:06:34 +1100] "GET /wp-content/uploads/2016/02/ill_partenaires_widget.jpeg HTTP/1.1" 200 23377 "http://www.livremonami.nc/" "Mozilla/5.0 (Windows NT 10.0; Win64; x64) AppleWebKit/537.36 (KHTML, like Gecko) Chrome/131.0.0.0 Safari/537.36"
202.22.238.6 - - [21/Oct/2025:13:06:34 +1100] "GET /wp-content/uploads/2021/04/logofacebook.png HTTP/1.1" 200 7796 "http://www.livremonami.nc/" "Mozilla/5.0 (Windows NT 10.0; Win64; x64) AppleWebKit/537.36 (KHTML, like Gecko) Chrome/131.0.0.0 Safari/537.36"
202.22.238.6 - - [21/Oct/2025:13:06:34 +1100] "GET /wp-content/uploads/2025/08/04-1-250x150.jpg HTTP/1.1" 200 8305 "http://www.livremonami.nc/" "Mozilla/5.0 (Windows NT 10.0; Win64; x64) AppleWebKit/537.36 (KHTML, like Gecko) Chrome/131.0.0.0 Safari/537.36"
202.22.238.6 - - [21/Oct/2025:13:06:34 +1100] "GET /wp-content/uploads/2025/08/IMG-20250807-WA0022-250x150.jpg HTTP/1.1" 200 10738 "http://www.livremonami.nc/" "Mozilla/5.0 (Windows NT 10.0; Win64; x64) AppleWebKit/537.36 (KHTML, like Gecko) Chrome/131.0.0.0 Safari/537.36"
202.22.238.6 - - [21/Oct/2025:13:06:34 +1100] "GET /wp-content/uploads/2025/08/000-250x150.jpg HTTP/1.1" 200 8936 "http://www.livremonami.nc/" "Mozilla/5.0 (Windows NT 10.0; Win64; x64) AppleWebKit/537.36 (KHTML, like Gecko) Chrome/131.0.0.0 Safari/537.36"
202.22.238.6 - - [21/Oct/2025:13:06:34 +1100] "GET /wp-content/uploads/2025/08/IMG_20250806_080441-250x150.jpeg HTTP/1.1" 200 27613 "http://www.livremonami.nc/" "Mozilla/5.0 (Windows NT 10.0; Win64; x64) AppleWebKit/537.36 (KHTML, like Gecko) Chrome/131.0.0.0 Safari/537.36"
202.22.238.6 - - [21/Oct/2025:13:06:34 +1100] "GET /wp-content/uploads/2025/08/IMG_0790-250x150.jpg HTTP/1.1" 200 78852 "http://www.livremonami.nc/" "Mozilla/5.0 (Windows NT 10.0; Win64; x64) AppleWebKit/537.36 (KHTML, like Gecko) Chrome/131.0.0.0 Safari/537.36"
202.22.238.6 - - [21/Oct/2025:13:06:34 +1100] "GET /wp-content/uploads/2025/08/05-250x150.jpg HTTP/1.1" 200 9440 "http://www.livremonami.nc/" "Mozilla/5.0 (Windows NT 10.0; Win64; x64) AppleWebKit/537.36 (KHTML, like Gecko) Chrome/131.0.0.0 Safari/537.36"
202.22.238.6 - - [21/Oct/2025:13:06:34 +1100] "GET /wp-content/themes/tempera/images/dashed-border.png HTTP/1.1" 200 422 "http://www.livremonami.nc/wp-content/themes/tempera/style.css?ver=1.8.3" "Mozilla/5.0 (Windows NT 10.0; Win64; x64) AppleWebKit/537.36 (KHTML, like Gecko) Chrome/131.0.0.0 Safari/537.36"
202.22.238.6 - - [21/Oct/2025:13:06:34 +1100] "GET /wp-content/aafd9425158f8f03937d0df38997f6f2/dist/403684040.js?ver=8df583989d8940fa HTTP/1.1" 200 8158 "http://www.livremonami.nc/" "Mozilla/5.0 (Windows NT 10.0; Win64; x64) AppleWebKit/537.36 (KHTML, like Gecko) Chrome/131.0.0.0 Safari/537.36"
202.22.238.6 - - [21/Oct/2025:13:06:34 +1100] "GET /wp-content/aafd9425158f8f03937d0df38997f6f2/dist/1129662835.js?ver=760a80a785db15de5ae062b79ff6b25e HTTP/1.1" 200 12559 "http://www.livremonami.nc/" "Mozilla/5.0 (Windows NT 10.0; Win64; x64) AppleWebKit/537.36 (KHTML, like Gecko) Chrome/131.0.0.0 Safari/537.36"
202.22.238.6 - - [21/Oct/2025:13:06:34 +1100] "GET /wp-content/aafd9425158f8f03937d0df38997f6f2/dist/1609299691.js?ver=1992c0fd421ab3fe HTTP/1.1" 200 4030 "http://www.livremonami.nc/" "Mozilla/5.0 (Windows NT 10.0; Win64; x64) AppleWebKit/537.36 (KHTML, like Gecko) Chrome/131.0.0.0 Safari/537.36"
202.22.238.6 - - [21/Oct/2025:13:06:34 +1100] "GET /wp-content/aafd9425158f8f03937d0df38997f6f2/dist/1641291308.js?ver=14ea71fb2f8a0d98 HTTP/1.1" 200 8801 "http://www.livremonami.nc/" "Mozilla/5.0 (Windows NT 10.0; Win64; x64) AppleWebKit/537.36 (KHTML, like Gecko) Chrome/131.0.0.0 Safari/537.36"
202.22.238.6 - - [21/Oct/2025:13:06:34 +1100] "GET /wp-content/aafd9425158f8f03937d0df38997f6f2/dist/16286160.js?ver=b7918037eae597a2 HTTP/1.1" 200 7688 "http://www.livremonami.nc/" "Mozilla/5.0 (Windows NT 10.0; Win64; x64) AppleWebKit/537.36 (KHTML, like Gecko) Chrome/131.0.0.0 Safari/537.36"
202.22.238.6 - - [21/Oct/2025:13:06:34 +1100] "GET /wp-includes/js/wp-emoji-release.min.js?ver=6.7.4 HTTP/1.1" 200 5397 "http://www.livremonami.nc/" "Mozilla/5.0 (Windows NT 10.0; Win64; x64) AppleWebKit/537.36 (KHTML, like Gecko) Chrome/131.0.0.0 Safari/537.36"
202.22.238.6 - - [21/Oct/2025:13:06:34 +1100] "GET /wp-content/themes/tempera/images/nivoslider/arrows.png HTTP/1.1" 200 1707 "http://www.livremonami.nc/wp-content/themes/tempera/style.css?ver=1.8.3" "Mozilla/5.0 (Windows NT 10.0; Win64; x64) AppleWebKit/537.36 (KHTML, like Gecko) Chrome/131.0.0.0 Safari/537.36"
202.22.238.6 - - [21/Oct/2025:13:06:35 +1100] "GET /wp-content/aafd9425158f8f03937d0df38997f6f2/dist/185216922.js?ver=7dc9e2eda0ff80e2 HTTP/1.1" 200 3330 "http://www.livremonami.nc/" "Mozilla/5.0 (Windows NT 10.0; Win64; x64) AppleWebKit/537.36 (KHTML, like Gecko) Chrome/131.0.0.0 Safari/537.36"
202.22.238.6 - - [21/Oct/2025:13:06:35 +1100] "GET /wp-content/uploads/2025/02/cropped-icone_site_2025-32x32.jpg HTTP/1.1" 200 1962 "http://www.livremonami.nc/" "Mozilla/5.0 (Windows NT 10.0; Win64; x64) AppleWebKit/537.36 (KHTML, like Gecko) Chrome/131.0.0.0 Safari/537.36"
202.22.238.6 - - [21/Oct/2025:13:06:35 +1100] "GET /wp-content/aafd9425158f8f03937d0df38997f6f2/dist/1662245168.js?ver=f86a4dd026a0508c HTTP/1.1" 200 11543 "http://www.livremonami.nc/" "Mozilla/5.0 (Windows NT 10.0; Win64; x64) AppleWebKit/537.36 (KHTML, like Gecko) Chrome/131.0.0.0 Safari/537.36"
202.22.238.6 - - [21/Oct/2025:13:06:35 +1100] "GET /wp-content/aafd9425158f8f03937d0df38997f6f2/dist/1506965844.js?ver=552c4de6aed98e50 HTTP/1.1" 200 11528 "http://www.livremonami.nc/" "Mozilla/5.0 (Windows NT 10.0; Win64; x64) AppleWebKit/537.36 (KHTML, like Gecko) Chrome/131.0.0.0 Safari/537.36"
185.56.150.12 - - [21/Oct/2025:13:06:48 +1100] "GET //xmlrpc.php HTTP/1.1" 405 222 "http://livremonami.com" "Mozilla/5.0 (Windows NT 10.0; Win64; x64) AppleWebKit/537.36 (KHTML, like Gecko) Chrome/112.0.5615.138 Safari/537.36"
216.225.203.35 - - [21/Oct/2025:13:07:09 +1100] "GET /wp-login.php HTTP/1.1" 200 18375 "-" "Mozilla/5.0 (X11; Linux x86_64) AppleWebKit/537.36 (KHTML, like Gecko) Chrome/140.0.0.0 Safari/537.36"
216.225.203.35 - - [21/Oct/2025:13:07:10 +1100] "POST /wp-login.php HTTP/1.1" 503 20074 "http://livremonami.nc/wp-admin/" "Mozilla/5.0 (X11; Linux x86_64) AppleWebKit/537.36 (KHTML, like Gecko) Chrome/140.0.0.0 Safari/537.36"
5.39.109.164 - - [21/Oct/2025:13:07:39 +1100] "GET /quiz-2025-enfin-la-6e HTTP/1.1" 200 33047 "-" "Mozilla/5.0 (compatible; AhrefsBot/7.0; +http://ahrefs.com/robot/)"
202.22.159.247 - - [21/Oct/2025:13:08:59 +1100] "POST /wp-cron.php?doing_wp_cron=1761012539.1308259963989257812500 HTTP/1.1" 200 243 "-" "WordPress/6.7.4; http://www.livremonami.nc"
216.225.203.35 - - [21/Oct/2025:13:08:59 +1100] "GET /wp-login.php HTTP/1.1" 200 18376 "-" "Mozilla/5.0 (X11; Linux x86_64) AppleWebKit/537.36 (KHTML, like Gecko) Chrome/140.0.0.0 Safari/537.36"
216.225.203.35 - - [21/Oct/2025:13:08:59 +1100] "POST /wp-login.php HTTP/1.1" 503 20074 "http://livremonami.nc/wp-admin/" "Mozilla/5.0 (X11; Linux x86_64) AppleWebKit/537.36 (KHTML, like Gecko) Chrome/140.0.0.0 Safari/537.36"
101.78.165.58 - - [21/Oct/2025:13:09:25 +1100] "POST /xmlrpc.php HTTP/1.1" 503 19982 "http://livremonami.nc" "Mozilla/5.0 (Windows NT 10.0; Win64; x64; rv:125.0.1) Gecko/20100101 Firefox/125.0.1"
202.22.159.247 - - [21/Oct/2025:13:09:52 +1100] "POST /wp-cron.php?doing_wp_cron=1761012592.2442569732666015625000 HTTP/1.1" 200 243 "-" "WordPress/6.7.4; http://www.livremonami.nc"
85.208.96.196 - - [21/Oct/2025:13:09:52 +1100] "GET /p=4026 HTTP/1.1" 200 36924 "-" "Mozilla/5.0 (compatible; SemrushBot/7~bl; +http://www.semrush.com/bot.html)"
51.75.236.129 - - [21/Oct/2025:13:10:06 +1100] "GET /p=4665/comment-page-1 HTTP/1.1" 200 30359 "-" "Mozilla/5.0 (compatible; AhrefsBot/7.0; +http://ahrefs.com/robot/)"
202.22.159.247 - - [21/Oct/2025:13:10:49 +1100] "POST /wp-cron.php?doing_wp_cron=1761012649.7046160697937011718750 HTTP/1.1" 200 243 "-" "WordPress/6.7.4; http://www.livremonami.nc"
216.225.203.35 - - [21/Oct/2025:13:10:49 +1100] "GET /wp-login.php HTTP/1.1" 200 18376 "-" "Mozilla/5.0 (X11; Linux x86_64) AppleWebKit/537.36 (KHTML, like Gecko) Chrome/140.0.0.0 Safari/537.36"
216.225.203.35 - - [21/Oct/2025:13:10:50 +1100] "POST /wp-login.php HTTP/1.1" 503 20074 "http://livremonami.nc/wp-admin/" "Mozilla/5.0 (X11; Linux x86_64) AppleWebKit/537.36 (KHTML, like Gecko) Chrome/140.0.0.0 Safari/537.36"
41.216.188.18 - - [21/Oct/2025:13:11:05 +1100] "GET /wp-login.php HTTP/1.1" 200 18376 "https://www.facebook.com/" "Mozilla/5.0 (Windows NT 10.0; Win64; x64) AppleWebKit/537.36 (KHTML, like Gecko) Chrome/122.0.6261.57 Safari/537.36"
41.216.188.18 - - [21/Oct/2025:13:11:06 +1100] "POST /wp-login.php HTTP/1.1" 503 20074 "http://livremonami.nc/wp-login.php" "Mozilla/5.0 (Macintosh; Intel Mac OS X 13_6_1) AppleWebKit/605.1.15 (KHTML, like Gecko) Version/17.1 Safari/605.1.15"
202.22.159.247 - - [21/Oct/2025:13:11:48 +1100] "POST /wp-cron.php?doing_wp_cron=1761012708.5195078849792480468750 HTTP/1.1" 200 243 "-" "WordPress/6.7.4; http://www.livremonami.nc"
92.222.104.195 - - [21/Oct/2025:13:11:48 +1100] "GET /feed?attachment_id=7105 HTTP/1.1" 200 970 "-" "Mozilla/5.0 (compatible; AhrefsBot/7.0; +http://ahrefs.com/robot/)"
92.205.167.152 - - [21/Oct/2025:13:12:34 +1100] "GET //xmlrpc.php HTTP/1.1" 405 222 "http://livremonami.com" "Mozilla/5.0 (Windows NT 10.0; Win64; x64) AppleWebKit/537.36 (KHTML, like Gecko) Chrome/113.0.5672.126 Safari/537.36 Edg/113.0.1774.50"
216.225.203.35 - - [21/Oct/2025:13:12:39 +1100] "GET /wp-login.php HTTP/1.1" 200 18375 "-" "Mozilla/5.0 (X11; Linux x86_64) AppleWebKit/537.36 (KHTML, like Gecko) Chrome/140.0.0.0 Safari/537.36"
216.225.203.35 - - [21/Oct/2025:13:12:39 +1100] "POST /wp-login.php HTTP/1.1" 503 20074 "http://livremonami.nc/wp-admin/" "Mozilla/5.0 (X11; Linux x86_64) AppleWebKit/537.36 (KHTML, like Gecko) Chrome/140.0.0.0 Safari/537.36"
85.208.96.200 - - [21/Oct/2025:13:12:45 +1100] "GET /p=category/auteurs/page/8 HTTP/1.1" 200 29720 "-" "Mozilla/5.0 (compatible; SemrushBot/7~bl; +http://www.semrush.com/bot.html)"
202.22.159.247 - - [21/Oct/2025:13:13:35 +1100] "POST /wp-cron.php?doing_wp_cron=1761012815.4370439052581787109375 HTTP/1.1" 200 243 "-" "WordPress/6.7.4; http://www.livremonami.nc"
92.222.108.108 - - [21/Oct/2025:13:13:35 +1100] "GET /p=5125/img_2551/feed HTTP/1.1" 200 964 "-" "Mozilla/5.0 (compatible; AhrefsBot/7.0; +http://ahrefs.com/robot/)"
216.244.66.242 - - [21/Oct/2025:13:13:56 +1100] "GET /robots.txt HTTP/1.1" 200 338 "-" "Mozilla/5.0 (compatible; DotBot/1.2; +https://opensiteexplorer.org/dotbot; help@moz.com)"
202.22.159.247 - - [21/Oct/2025:13:14:29 +1100] "POST /wp-cron.php?doing_wp_cron=1761012869.0825860500335693359375 HTTP/1.1" 200 243 "-" "WordPress/6.7.4; http://www.livremonami.nc"
216.225.203.35 - - [21/Oct/2025:13:14:28 +1100] "GET /wp-login.php HTTP/1.1" 200 18375 "-" "Mozilla/5.0 (X11; Linux x86_64) AppleWebKit/537.36 (KHTML, like Gecko) Chrome/140.0.0.0 Safari/537.36"
216.225.203.35 - - [21/Oct/2025:13:14:29 +1100] "POST /wp-login.php HTTP/1.1" 503 20074 "http://livremonami.nc/wp-admin/" "Mozilla/5.0 (X11; Linux x86_64) AppleWebKit/537.36 (KHTML, like Gecko) Chrome/140.0.0.0 Safari/537.36"
3.208.146.193 - - [21/Oct/2025:13:14:38 +1100] "GET /page/65?matprin=liste_livre_2 HTTP/1.1" 200 31342 "-" "Mozilla/5.0 AppleWebKit/537.36 (KHTML, like Gecko; compatible; Amazonbot/0.1; +https://developer.amazon.com/support/amazonbot) Chrome/119.0.6045.214 Safari/537.36"
52.200.142.199 - - [21/Oct/2025:13:14:41 +1100] "GET /page/24?fbclid=IwY2xjawGHsxpleHRuA2FlbQIxMAABHcMLebANZlXePDFAUw7LZyMJA2gE52nLHu--N3zNCPqJfMPONOtEgOAuLg_aem_-ht6bwHn3zJEn1mav1qlMA HTTP/1.1" 200 32839 "-" "Mozilla/5.0 AppleWebKit/537.36 (KHTML, like Gecko; compatible; Amazonbot/0.1; +https://developer.amazon.com/support/amazonbot) Chrome/119.0.6045.214 Safari/537.36"
34.197.28.78 - - [21/Oct/2025:13:14:44 +1100] "GET /p=822 HTTP/1.1" 200 28809 "-" "Mozilla/5.0 AppleWebKit/537.36 (KHTML, like Gecko; compatible; Amazonbot/0.1; +https://developer.amazon.com/support/amazonbot) Chrome/119.0.6045.214 Safari/537.36"
44.213.36.21 - - [21/Oct/2025:13:14:47 +1100] "GET /p=4961 HTTP/1.1" 200 28697 "-" "Mozilla/5.0 AppleWebKit/537.36 (KHTML, like Gecko; compatible; Amazonbot/0.1; +https://developer.amazon.com/support/amazonbot) Chrome/119.0.6045.214 Safari/537.36"
3.226.106.93 - - [21/Oct/2025:13:14:51 +1100] "GET /wp-content/uploads/2018/08/IW-18-19-passation-3-300x225.jpg HTTP/1.1" 200 38157 "-" "Mozilla/5.0 AppleWebKit/537.36 (KHTML, like Gecko; compatible; Amazonbot/0.1; +https://developer.amazon.com/support/amazonbot) Chrome/119.0.6045.214 Safari/537.36"
54.225.98.148 - - [21/Oct/2025:13:14:53 +1100] "GET /p=1250 HTTP/1.1" 200 28257 "-" "Mozilla/5.0 AppleWebKit/537.36 (KHTML, like Gecko; compatible; Amazonbot/0.1; +https://developer.amazon.com/support/amazonbot) Chrome/119.0.6045.214 Safari/537.36"
52.21.62.139 - - [21/Oct/2025:13:14:55 +1100] "GET /wp-content/uploads/2018/08/inner_wheel-300x218.png HTTP/1.1" 200 42348 "-" "Mozilla/5.0 AppleWebKit/537.36 (KHTML, like Gecko; compatible; Amazonbot/0.1; +https://developer.amazon.com/support/amazonbot) Chrome/119.0.6045.214 Safari/537.36"
98.83.177.42 - - [21/Oct/2025:13:14:57 +1100] "GET /p=9657 HTTP/1.1" 200 31637 "-" "Mozilla/5.0 AppleWebKit/537.36 (KHTML, like Gecko; compatible; Amazonbot/0.1; +https://developer.amazon.com/support/amazonbot) Chrome/119.0.6045.214 Safari/537.36"
202.22.159.247 - - [21/Oct/2025:13:15:01 +1100] "POST /wp-cron.php?doing_wp_cron=1761012901.7294509410858154296875 HTTP/1.1" 200 243 "-" "WordPress/6.7.4; http://www.livremonami.nc"
3.223.181.32 - - [21/Oct/2025:13:15:01 +1100] "GET /p=5162/img_2797 HTTP/1.1" 200 28696 "-" "Mozilla/5.0 AppleWebKit/537.36 (KHTML, like Gecko; compatible; Amazonbot/0.1; +https://developer.amazon.com/support/amazonbot) Chrome/119.0.6045.214 Safari/537.36"
18.207.79.144 - - [21/Oct/2025:13:15:03 +1100] "GET /p=5146/img_2683 HTTP/1.1" 200 28659 "-" "Mozilla/5.0 AppleWebKit/537.36 (KHTML, like Gecko; compatible; Amazonbot/0.1; +https://developer.amazon.com/support/amazonbot) Chrome/119.0.6045.214 Safari/537.36"
85.208.96.196 - - [21/Oct/2025:13:15:27 +1100] "GET /quiz-2019-ali-blabla HTTP/1.1" 200 33860 "-" "Mozilla/5.0 (compatible; SemrushBot/7~bl; +http://www.semrush.com/bot.html)"
94.23.188.194 - - [21/Oct/2025:13:15:44 +1100] "GET /p=10353 HTTP/1.1" 200 31274 "-" "Mozilla/5.0 (compatible; AhrefsBot/7.0; +http://ahrefs.com/robot/)"
216.225.203.35 - - [21/Oct/2025:13:16:17 +1100] "GET /wp-login.php HTTP/1.1" 200 18376 "-" "Mozilla/5.0 (X11; Linux x86_64) AppleWebKit/537.36 (KHTML, like Gecko) Chrome/140.0.0.0 Safari/537.36"
216.225.203.35 - - [21/Oct/2025:13:16:18 +1100] "POST /wp-login.php HTTP/1.1" 503 20074 "http://livremonami.nc/wp-admin/" "Mozilla/5.0 (X11; Linux x86_64) AppleWebKit/537.36 (KHTML, like Gecko) Chrome/140.0.0.0 Safari/537.36"
85.208.96.200 - - [21/Oct/2025:13:17:31 +1100] "GET /p=11330 HTTP/1.1" 200 37482 "-" "Mozilla/5.0 (compatible; SemrushBot/7~bl; +http://www.semrush.com/bot.html)"
202.22.159.247 - - [21/Oct/2025:13:17:31 +1100] "POST /wp-cron.php?doing_wp_cron=1761013051.8706760406494140625000 HTTP/1.1" 200 243 "-" "WordPress/6.7.4; http://www.livremonami.nc"
176.31.139.2 - - [21/Oct/2025:13:17:34 +1100] "GET /p=5125/img_2529/feed HTTP/1.1" 200 964 "-" "Mozilla/5.0 (compatible; AhrefsBot/7.0; +http://ahrefs.com/robot/)"
216.225.203.35 - - [21/Oct/2025:13:18:08 +1100] "GET /wp-login.php HTTP/1.1" 200 18376 "-" "Mozilla/5.0 (X11; Linux x86_64) AppleWebKit/537.36 (KHTML, like Gecko) Chrome/140.0.0.0 Safari/537.36"
216.225.203.35 - - [21/Oct/2025:13:18:08 +1100] "POST /wp-login.php HTTP/1.1" 503 20074 "http://livremonami.nc/wp-admin/" "Mozilla/5.0 (X11; Linux x86_64) AppleWebKit/537.36 (KHTML, like Gecko) Chrome/140.0.0.0 Safari/537.36"
202.22.159.247 - - [21/Oct/2025:13:18:47 +1100] "POST /wp-cron.php?doing_wp_cron=1761013127.2188770771026611328125 HTTP/1.1" 200 243 "-" "WordPress/6.7.4; http://www.livremonami.nc"
185.191.171.19 - - [21/Oct/2025:13:18:47 +1100] "GET /p=category/auteurs/page/21 HTTP/1.1" 200 29463 "-" "Mozilla/5.0 (compatible; SemrushBot/7~bl; +http://www.semrush.com/bot.html)"
92.222.108.127 - - [21/Oct/2025:13:19:22 +1100] "GET /p=5125/img_2522/feed HTTP/1.1" 200 963 "-" "Mozilla/5.0 (compatible; AhrefsBot/7.0; +http://ahrefs.com/robot/)"
216.225.203.35 - - [21/Oct/2025:13:19:56 +1100] "GET /wp-login.php HTTP/1.1" 200 18376 "-" "Mozilla/5.0 (X11; Linux x86_64) AppleWebKit/537.36 (KHTML, like Gecko) Chrome/140.0.0.0 Safari/537.36"
216.225.203.35 - - [21/Oct/2025:13:19:56 +1100] "POST /wp-login.php HTTP/1.1" 503 20074 "http://livremonami.nc/wp-admin/" "Mozilla/5.0 (X11; Linux x86_64) AppleWebKit/537.36 (KHTML, like Gecko) Chrome/140.0.0.0 Safari/537.36"
202.22.159.247 - - [21/Oct/2025:13:21:12 +1100] "POST /wp-cron.php?doing_wp_cron=1761013272.5709829330444335937500 HTTP/1.1" 200 243 "-" "WordPress/6.7.4; http://www.livremonami.nc"
5.39.1.227 - - [21/Oct/2025:13:21:12 +1100] "GET /p=5125/img_2518/feed HTTP/1.1" 200 964 "-" "Mozilla/5.0 (compatible; AhrefsBot/7.0; +http://ahrefs.com/robot/)"
216.73.216.49 - - [21/Oct/2025:13:21:35 +1100] "GET /robots.txt HTTP/1.1" 200 399 "-" "Mozilla/5.0 AppleWebKit/537.36 (KHTML, like Gecko; compatible; ClaudeBot/1.0; +claudebot@anthropic.com)"
216.73.216.49 - - [21/Oct/2025:13:21:35 +1100] "GET /?attachment_id=5289 HTTP/1.1" 301 314 "-" "Mozilla/5.0 AppleWebKit/537.36 (KHTML, like Gecko; compatible; ClaudeBot/1.0; +claudebot@anthropic.com)"
216.73.216.49 - - [21/Oct/2025:13:21:36 +1100] "GET /p=5285/43596074___n HTTP/1.1" 200 28719 "http://www.livremonami.nc/?attachment_id=5289" "Mozilla/5.0 AppleWebKit/537.36 (KHTML, like Gecko; compatible; ClaudeBot/1.0; +claudebot@anthropic.com)"
216.225.203.35 - - [21/Oct/2025:13:21:45 +1100] "GET /wp-login.php HTTP/1.1" 200 18375 "-" "Mozilla/5.0 (X11; Linux x86_64) AppleWebKit/537.36 (KHTML, like Gecko) Chrome/140.0.0.0 Safari/537.36"
216.225.203.35 - - [21/Oct/2025:13:21:45 +1100] "POST /wp-login.php HTTP/1.1" 503 20074 "http://livremonami.nc/wp-admin/" "Mozilla/5.0 (X11; Linux x86_64) AppleWebKit/537.36 (KHTML, like Gecko) Chrome/140.0.0.0 Safari/537.36"
185.185.147.136 - - [21/Oct/2025:13:22:18 +1100] "GET /wp-content/uploads/2024/01/Affiche_2024_PETIT-60x90.jpg HTTP/1.1" 200 3470 "-" "Mozilla/5.0 (Windows NT 10.0; Win64; x64; rv:123.0) Gecko/20100101 Firefox/123.0"
202.22.159.247 - - [21/Oct/2025:13:22:56 +1100] "POST /wp-cron.php?doing_wp_cron=1761013376.6486549377441406250000 HTTP/1.1" 200 243 "-" "WordPress/6.7.4; http://www.livremonami.nc"
176.31.139.23 - - [21/Oct/2025:13:22:56 +1100] "GET /p=5125/img_2515/feed HTTP/1.1" 200 963 "-" "Mozilla/5.0 (compatible; AhrefsBot/7.0; +http://ahrefs.com/robot/)"
85.208.96.211 - - [21/Oct/2025:13:23:04 +1100] "GET /p=category/lecture-a-voix-haute/page/3 HTTP/1.1" 200 29838 "-" "Mozilla/5.0 (compatible; SemrushBot/7~bl; +http://www.semrush.com/bot.html)"
185.191.171.11 - - [21/Oct/2025:13:23:14 +1100] "GET /p=category/temoignages/col-tem/page/2 HTTP/1.1" 200 28632 "-" "Mozilla/5.0 (compatible; SemrushBot/7~bl; +http://www.semrush.com/bot.html)"
216.225.203.35 - - [21/Oct/2025:13:23:34 +1100] "GET /wp-login.php HTTP/1.1" 200 18376 "-" "Mozilla/5.0 (X11; Linux x86_64) AppleWebKit/537.36 (KHTML, like Gecko) Chrome/140.0.0.0 Safari/537.36"
216.225.203.35 - - [21/Oct/2025:13:23:35 +1100] "POST /wp-login.php HTTP/1.1" 503 20074 "http://livremonami.nc/wp-admin/" "Mozilla/5.0 (X11; Linux x86_64) AppleWebKit/537.36 (KHTML, like Gecko) Chrome/140.0.0.0 Safari/537.36"
202.22.159.247 - - [21/Oct/2025:13:24:40 +1100] "POST /wp-cron.php?doing_wp_cron=1761013480.5972659587860107421875 HTTP/1.1" 200 243 "-" "WordPress/6.7.4; http://www.livremonami.nc"
92.222.108.127 - - [21/Oct/2025:13:24:40 +1100] "GET /p=5125/img_2488/feed HTTP/1.1" 200 963 "-" "Mozilla/5.0 (compatible; AhrefsBot/7.0; +http://ahrefs.com/robot/)"
216.225.203.35 - - [21/Oct/2025:13:25:24 +1100] "GET /wp-login.php HTTP/1.1" 200 18375 "-" "Mozilla/5.0 (X11; Linux x86_64) AppleWebKit/537.36 (KHTML, like Gecko) Chrome/140.0.0.0 Safari/537.36"
216.225.203.35 - - [21/Oct/2025:13:25:25 +1100] "POST /wp-login.php HTTP/1.1" 503 20074 "http://livremonami.nc/wp-admin/" "Mozilla/5.0 (X11; Linux x86_64) AppleWebKit/537.36 (KHTML, like Gecko) Chrome/140.0.0.0 Safari/537.36"
202.22.159.247 - - [21/Oct/2025:13:26:21 +1100] "POST /wp-cron.php?doing_wp_cron=1761013581.8567941188812255859375 HTTP/1.1" 200 243 "-" "WordPress/6.7.4; http://www.livremonami.nc"
37.59.204.130 - - [21/Oct/2025:13:26:21 +1100] "GET /feed?attachment_id=3882 HTTP/1.1" 200 964 "-" "Mozilla/5.0 (compatible; AhrefsBot/7.0; +http://ahrefs.com/robot/)"
216.225.203.35 - - [21/Oct/2025:13:27:10 +1100] "GET /wp-login.php HTTP/1.1" 200 18374 "-" "Mozilla/5.0 (X11; Linux x86_64) AppleWebKit/537.36 (KHTML, like Gecko) Chrome/140.0.0.0 Safari/537.36"
216.225.203.35 - - [21/Oct/2025:13:27:11 +1100] "POST /wp-login.php HTTP/1.1" 503 20074 "http://livremonami.nc/wp-admin/" "Mozilla/5.0 (X11; Linux x86_64) AppleWebKit/537.36 (KHTML, like Gecko) Chrome/140.0.0.0 Safari/537.36"
202.22.159.247 - - [21/Oct/2025:13:28:06 +1100] "POST /wp-cron.php?doing_wp_cron=1761013686.6671249866485595703125 HTTP/1.1" 200 243 "-" "WordPress/6.7.4; http://www.livremonami.nc"
5.39.109.169 - - [21/Oct/2025:13:28:06 +1100] "GET /p=3454/img_6009 HTTP/1.1" 200 28618 "-" "Mozilla/5.0 (compatible; AhrefsBot/7.0; +http://ahrefs.com/robot/)"
85.208.96.196 - - [21/Oct/2025:13:28:40 +1100] "GET /p=category/accueil-laureat/page/25 HTTP/1.1" 200 29387 "-" "Mozilla/5.0 (compatible; SemrushBot/7~bl; +http://www.semrush.com/bot.html)"
216.225.203.35 - - [21/Oct/2025:13:28:57 +1100] "GET /wp-login.php HTTP/1.1" 200 18375 "-" "Mozilla/5.0 (X11; Linux x86_64) AppleWebKit/537.36 (KHTML, like Gecko) Chrome/140.0.0.0 Safari/537.36"
216.225.203.35 - - [21/Oct/2025:13:28:57 +1100] "POST /wp-login.php HTTP/1.1" 503 20074 "http://livremonami.nc/wp-admin/" "Mozilla/5.0 (X11; Linux x86_64) AppleWebKit/537.36 (KHTML, like Gecko) Chrome/140.0.0.0 Safari/537.36"
202.22.159.247 - - [21/Oct/2025:13:29:50 +1100] "POST /wp-cron.php?doing_wp_cron=1761013790.6090080738067626953125 HTTP/1.1" 200 243 "-" "WordPress/6.7.4; http://www.livremonami.nc"
92.222.104.213 - - [21/Oct/2025:13:29:50 +1100] "GET /p=11330/img_20241127_152648/feed HTTP/1.1" 200 976 "-" "Mozilla/5.0 (compatible; AhrefsBot/7.0; +http://ahrefs.com/robot/)"
205.169.39.14 - - [21/Oct/2025:13:30:18 +1100] "GET /p=11330/img%5f20241127%5f152648/feed HTTP/1.1" 200 801 "-" "Mozilla/5.0 (Windows NT 10.0) AppleWebKit/537.36 (KHTML, like Gecko) Chrome/106.0.0.0 Safari/537.36"
216.225.203.35 - - [21/Oct/2025:13:30:45 +1100] "GET /wp-login.php HTTP/1.1" 200 18376 "-" "Mozilla/5.0 (X11; Linux x86_64) AppleWebKit/537.36 (KHTML, like Gecko) Chrome/140.0.0.0 Safari/537.36"
216.225.203.35 - - [21/Oct/2025:13:30:46 +1100] "POST /wp-login.php HTTP/1.1" 503 20074 "http://livremonami.nc/wp-admin/" "Mozilla/5.0 (X11; Linux x86_64) AppleWebKit/537.36 (KHTML, like Gecko) Chrome/140.0.0.0 Safari/537.36"
202.22.159.247 - - [21/Oct/2025:13:31:23 +1100] "POST /wp-cron.php?doing_wp_cron=1761013883.1350839138031005859375 HTTP/1.1" 200 243 "-" "WordPress/6.7.4; http://www.livremonami.nc"
