152.44.107.82 - - [21/Oct/2025:11:48:43 +1100] "GET / HTTP/1.1" 200 32419 "-" "Mozilla/5.0 (X11; Linux x86_64) AppleWebKit/537.36 (KHTML, like Gecko) Chrome/140.0.0.0 Safari/537.36"
202.22.159.247 - - [21/Oct/2025:11:49:36 +1100] "POST /wp-cron.php?doing_wp_cron=1761007776.3043189048767089843750 HTTP/1.1" 200 243 "-" "WordPress/6.7.4; http://www.livremonami.nc"
109.111.42.227 - - [21/Oct/2025:11:49:36 +1100] "GET /?cat=22 HTTP/1.1" 301 273 "-" "Mozilla/5.0 (Windows NT 10.0; Win64; x64) AppleWebKit/537.36 (KHTML, like Gecko) Chrome/131.0.0.0 Safari/537.36 Edg/131.0.0.0"
204.1.138.206 - - [21/Oct/2025:11:49:38 +1100] "GET /?cat=22 HTTP/1.1" 301 273 "-" "Mozilla/5.0 (Windows NT 10.0; Win64; x64) AppleWebKit/537.36 (KHTML, like Gecko) Chrome/131.0.0.0 Safari/537.36 Edg/131.0.0.0"
216.225.203.35 - - [21/Oct/2025:11:49:55 +1100] "GET /wp-login.php HTTP/1.1" 200 18376 "-" "Mozilla/5.0 (X11; Linux x86_64) AppleWebKit/537.36 (KHTML, like Gecko) Chrome/140.0.0.0 Safari/537.36"
216.225.203.35 - - [21/Oct/2025:11:49:56 +1100] "POST /wp-login.php HTTP/1.1" 503 20074 "http://livremonami.nc/wp-admin/" "Mozilla/5.0 (X11; Linux x86_64) AppleWebKit/537.36 (KHTML, like Gecko) Chrome/140.0.0.0 Safari/537.36"
202.22.159.247 - - [21/Oct/2025:11:50:43 +1100] "POST /wp-cron.php?doing_wp_cron=1761007843.9352478981018066406250 HTTP/1.1" 200 243 "-" "WordPress/6.7.4; http://www.livremonami.nc"
37.59.204.153 - - [21/Oct/2025:11:50:43 +1100] "GET /page/53?matprin=liste_livre_2 HTTP/1.1" 200 32020 "-" "Mozilla/5.0 (compatible; AhrefsBot/7.0; +http://ahrefs.com/robot/)"
202.22.159.247 - - [21/Oct/2025:11:51:06 +1100] "POST /wp-cron.php?doing_wp_cron=1761007866.6570899486541748046875 HTTP/1.1" 200 243 "-" "WordPress/6.7.4; http://www.livremonami.nc"
114.119.133.12 - - [21/Oct/2025:11:51:06 +1100] "GET /?matprin=archives&laureat=oui&paged=53 HTTP/1.1" 301 295 "http://www.livremonami.nc?matprin=archives&laureat=oui&paged=54" "Mozilla/5.0 (Linux; Android 7.0;) AppleWebKit/537.36 (KHTML, like Gecko) Mobile Safari/537.36 (compatible; PetalBot;+https://webmaster.petalsearch.com/site/petalbot)"
114.119.133.12 - - [21/Oct/2025:11:51:07 +1100] "GET /page/53?matprin=archives&laureat=oui HTTP/1.1" 200 32058 "http://www.livremonami.nc?matprin=archives&laureat=oui&paged=54" "Mozilla/5.0 (Linux; Android 7.0;) AppleWebKit/537.36 (KHTML, like Gecko) Mobile Safari/537.36 (compatible; PetalBot;+https://webmaster.petalsearch.com/site/petalbot)"
216.225.203.35 - - [21/Oct/2025:11:51:42 +1100] "GET /wp-login.php HTTP/1.1" 200 18374 "-" "Mozilla/5.0 (X11; Linux x86_64) AppleWebKit/537.36 (KHTML, like Gecko) Chrome/140.0.0.0 Safari/537.36"
216.225.203.35 - - [21/Oct/2025:11:51:43 +1100] "POST /wp-login.php HTTP/1.1" 503 20074 "http://livremonami.nc/wp-admin/" "Mozilla/5.0 (X11; Linux x86_64) AppleWebKit/537.36 (KHTML, like Gecko) Chrome/140.0.0.0 Safari/537.36"
114.250.49.13 - - [21/Oct/2025:11:51:44 +1100] "GET /p=category%2Fle-scrutin/page/3 HTTP/1.1" 404 2046 "-" "Mozilla/5.0 (Windows NT 10.0; Win64; x64) AppleWebKit/537.36 (KHTML, like Gecko) Chrome/121.0.0.0 Safari/537.36 Edg/121.0.0.0"
216.244.66.242 - - [21/Oct/2025:11:52:00 +1100] "GET /page/32?matprin=calendrier_2013 HTTP/1.1" 200 125813 "-" "Mozilla/5.0 (compatible; DotBot/1.2; +https://opensiteexplorer.org/dotbot; help@moz.com)"
185.191.171.17 - - [21/Oct/2025:11:52:17 +1100] "GET /robots.txt HTTP/1.1" 200 362 "-" "Mozilla/5.0 (compatible; SemrushBot/7~bl; +http://www.semrush.com/bot.html)"
202.22.159.247 - - [21/Oct/2025:11:52:18 +1100] "POST /wp-cron.php?doing_wp_cron=1761007938.2793660163879394531250 HTTP/1.1" 200 243 "-" "WordPress/6.7.4; http://www.livremonami.nc"
85.208.96.212 - - [21/Oct/2025:11:52:18 +1100] "GET /quizz HTTP/1.1" 200 28261 "-" "Mozilla/5.0 (compatible; SemrushBot/7~bl; +http://www.semrush.com/bot.html)"
114.250.49.141 - - [21/Oct/2025:11:52:24 +1100] "GET /p=category%2Faccueil-laureat/page/3 HTTP/1.1" 404 2046 "-" "Mozilla/5.0 (Linux; Android 10; K) AppleWebKit/537.36 (KHTML, like Gecko) Chrome/122.0.0.0 Mobile Safari/537.36"
220.181.90.135 - - [21/Oct/2025:11:52:44 +1100] "GET /p=12170 HTTP/1.1" 200 33143 "-" "Mozilla/5.0 (iPhone; CPU iPhone OS 17_0_3 like Mac OS X) AppleWebKit/605.1.15 (KHTML, like Gecko) Version/17.0 Mobile/15E148 Safari/604.1 OPX/2.2.0"
51.68.247.199 - - [21/Oct/2025:11:52:44 +1100] "GET /p=1362/comment-page-1 HTTP/1.1" 200 30362 "-" "Mozilla/5.0 (compatible; AhrefsBot/7.0; +http://ahrefs.com/robot/)"
114.250.44.52 - - [21/Oct/2025:11:52:56 +1100] "GET /p=11948 HTTP/1.1" 200 33229 "-" "Mozilla/5.0 (Macintosh; Intel Mac OS X 13_6) AppleWebKit/605.1.15 (KHTML, like Gecko) Version/17.0 Safari/605.1.15"
216.225.203.35 - - [21/Oct/2025:11:53:28 +1100] "GET /wp-login.php HTTP/1.1" 200 18375 "-" "Mozilla/5.0 (X11; Linux x86_64) AppleWebKit/537.36 (KHTML, like Gecko) Chrome/140.0.0.0 Safari/537.36"
216.225.203.35 - - [21/Oct/2025:11:53:29 +1100] "POST /wp-login.php HTTP/1.1" 503 20074 "http://livremonami.nc/wp-admin/" "Mozilla/5.0 (X11; Linux x86_64) AppleWebKit/537.36 (KHTML, like Gecko) Chrome/140.0.0.0 Safari/537.36"
202.22.159.247 - - [21/Oct/2025:11:55:09 +1100] "POST /wp-cron.php?doing_wp_cron=1761008109.6969530582427978515625 HTTP/1.1" 200 243 "-" "WordPress/6.7.4; http://www.livremonami.nc"
37.59.204.132 - - [21/Oct/2025:11:55:09 +1100] "GET /p=4416/attachment/7115/feed HTTP/1.1" 200 961 "-" "Mozilla/5.0 (compatible; AhrefsBot/7.0; +http://ahrefs.com/robot/)"
216.225.203.35 - - [21/Oct/2025:11:55:16 +1100] "GET /wp-login.php HTTP/1.1" 200 18375 "-" "Mozilla/5.0 (X11; Linux x86_64) AppleWebKit/537.36 (KHTML, like Gecko) Chrome/140.0.0.0 Safari/537.36"
216.225.203.35 - - [21/Oct/2025:11:55:16 +1100] "POST /wp-login.php HTTP/1.1" 503 20074 "http://livremonami.nc/wp-admin/" "Mozilla/5.0 (X11; Linux x86_64) AppleWebKit/537.36 (KHTML, like Gecko) Chrome/140.0.0.0 Safari/537.36"
202.22.159.247 - - [21/Oct/2025:11:57:03 +1100] "POST /wp-cron.php?doing_wp_cron=1761008223.3497309684753417968750 HTTP/1.1" 200 243 "-" "WordPress/6.7.4; http://www.livremonami.nc"
216.225.203.35 - - [21/Oct/2025:11:57:03 +1100] "GET /wp-login.php HTTP/1.1" 200 18374 "-" "Mozilla/5.0 (X11; Linux x86_64) AppleWebKit/537.36 (KHTML, like Gecko) Chrome/140.0.0.0 Safari/537.36"
216.225.203.35 - - [21/Oct/2025:11:57:04 +1100] "POST /wp-login.php HTTP/1.1" 503 20074 "http://livremonami.nc/wp-admin/" "Mozilla/5.0 (X11; Linux x86_64) AppleWebKit/537.36 (KHTML, like Gecko) Chrome/140.0.0.0 Safari/537.36"
37.59.204.146 - - [21/Oct/2025:11:57:27 +1100] "GET /p=3446/dscf4538/feed HTTP/1.1" 200 957 "-" "Mozilla/5.0 (compatible; AhrefsBot/7.0; +http://ahrefs.com/robot/)"
136.117.252.27 - - [21/Oct/2025:11:57:31 +1100] "GET /p=10206 HTTP/1.1" 200 30082 "-" "Mozilla/5.0 (Macintosh; Intel Mac OS X 10_15_7) AppleWebKit/605.1.15 (KHTML, like Gecko) Version/17.3.1 Safari/605.1.15"
202.22.159.247 - - [21/Oct/2025:11:58:51 +1100] "POST /wp-cron.php?doing_wp_cron=1761008331.7075769901275634765625 HTTP/1.1" 200 243 "-" "WordPress/6.7.4; http://www.livremonami.nc"
216.225.203.35 - - [21/Oct/2025:11:58:51 +1100] "GET /wp-login.php HTTP/1.1" 200 18376 "-" "Mozilla/5.0 (X11; Linux x86_64) AppleWebKit/537.36 (KHTML, like Gecko) Chrome/140.0.0.0 Safari/537.36"
216.225.203.35 - - [21/Oct/2025:11:58:52 +1100] "POST /wp-login.php HTTP/1.1" 503 20074 "http://livremonami.nc/wp-admin/" "Mozilla/5.0 (X11; Linux x86_64) AppleWebKit/537.36 (KHTML, like Gecko) Chrome/140.0.0.0 Safari/537.36"
182.44.2.148 - - [21/Oct/2025:11:59:02 +1100] "GET / HTTP/1.1" 301 259 "-" "Mozilla/5.0 (iPhone; CPU iPhone OS 13_2_3 like Mac OS X) AppleWebKit/605.1.15 (KHTML, like Gecko) Version/13.0.3 Mobile/15E148 Safari/604.1"
182.44.2.148 - - [21/Oct/2025:11:59:06 +1100] "GET / HTTP/1.1" 200 32452 "http://livremonami.nc" "Mozilla/5.0 (iPhone; CPU iPhone OS 13_2_3 like Mac OS X) AppleWebKit/605.1.15 (KHTML, like Gecko) Version/13.0.3 Mobile/15E148 Safari/604.1"
202.22.159.247 - - [21/Oct/2025:11:59:45 +1100] "POST /wp-cron.php?doing_wp_cron=1761008385.7384760379791259765625 HTTP/1.1" 200 243 "-" "WordPress/6.7.4; http://www.livremonami.nc"
51.75.236.133 - - [21/Oct/2025:11:59:45 +1100] "GET /p=11330/img_20241127_143545/feed HTTP/1.1" 200 976 "-" "Mozilla/5.0 (compatible; AhrefsBot/7.0; +http://ahrefs.com/robot/)"
85.208.96.198 - - [21/Oct/2025:12:00:13 +1100] "GET /p=category/selection/page/16 HTTP/1.1" 200 29241 "-" "Mozilla/5.0 (compatible; SemrushBot/7~bl; +http://www.semrush.com/bot.html)"
136.117.252.27 - - [21/Oct/2025:12:00:33 +1100] "GET /wp-content/uploads/2022/10/IMG-2900.jpeg HTTP/1.1" 200 298758 "-" "Mozilla/5.0 (Macintosh; Intel Mac OS X 10_15_7) AppleWebKit/605.1.15 (KHTML, like Gecko) Version/17.4 Safari/605.1.15"
216.225.203.35 - - [21/Oct/2025:12:00:38 +1100] "GET /wp-login.php HTTP/1.1" 200 18375 "-" "Mozilla/5.0 (X11; Linux x86_64) AppleWebKit/537.36 (KHTML, like Gecko) Chrome/140.0.0.0 Safari/537.36"
216.225.203.35 - - [21/Oct/2025:12:00:39 +1100] "POST /wp-login.php HTTP/1.1" 503 20074 "http://livremonami.nc/wp-admin/" "Mozilla/5.0 (X11; Linux x86_64) AppleWebKit/537.36 (KHTML, like Gecko) Chrome/140.0.0.0 Safari/537.36"
114.119.133.12 - - [21/Oct/2025:12:01:05 +1100] "GET /p=category%2Fvideos/page/6 HTTP/1.1" 404 2046 "http://www.livremonami.nc/?cat=16" "Mozilla/5.0 (Linux; Android 7.0;) AppleWebKit/537.36 (KHTML, like Gecko) Mobile Safari/537.36 (compatible; PetalBot;+https://webmaster.petalsearch.com/site/petalbot)"
202.22.159.247 - - [21/Oct/2025:12:02:01 +1100] "POST /wp-cron.php?doing_wp_cron=1761008521.9299609661102294921875 HTTP/1.1" 200 243 "-" "WordPress/6.7.4; http://www.livremonami.nc"
5.39.1.229 - - [21/Oct/2025:12:02:01 +1100] "GET /p=4649/banderole3/feed HTTP/1.1" 200 959 "-" "Mozilla/5.0 (compatible; AhrefsBot/7.0; +http://ahrefs.com/robot/)"
114.119.136.184 - - [21/Oct/2025:12:02:26 +1100] "GET /blog/page/55 HTTP/1.1" 200 29446 "http://www.livremonami.nc/blog/page/53" "Mozilla/5.0 (Linux; Android 7.0;) AppleWebKit/537.36 (KHTML, like Gecko) Mobile Safari/537.36 (compatible; PetalBot;+https://webmaster.petalsearch.com/site/petalbot)"
216.225.203.35 - - [21/Oct/2025:12:02:26 +1100] "GET /wp-login.php HTTP/1.1" 200 18375 "-" "Mozilla/5.0 (X11; Linux x86_64) AppleWebKit/537.36 (KHTML, like Gecko) Chrome/140.0.0.0 Safari/537.36"
216.225.203.35 - - [21/Oct/2025:12:02:27 +1100] "POST /wp-login.php HTTP/1.1" 503 20074 "http://livremonami.nc/wp-admin/" "Mozilla/5.0 (X11; Linux x86_64) AppleWebKit/537.36 (KHTML, like Gecko) Chrome/140.0.0.0 Safari/537.36"
202.22.159.247 - - [21/Oct/2025:12:03:49 +1100] "POST /wp-cron.php?doing_wp_cron=1761008629.5822999477386474609375 HTTP/1.1" 200 243 "-" "WordPress/6.7.4; http://www.livremonami.nc"
114.119.136.184 - - [21/Oct/2025:12:03:49 +1100] "GET /?page_id=2978 HTTP/1.1" 301 292 "http://www.livremonami.nc/?page_id=2651" "Mozilla/5.0 (Linux; Android 7.0;) AppleWebKit/537.36 (KHTML, like Gecko) Mobile Safari/537.36 (compatible; PetalBot;+https://webmaster.petalsearch.com/site/petalbot)"
114.119.136.184 - - [21/Oct/2025:12:03:49 +1100] "GET /quiz-2016-a-plume-poil-paillettes HTTP/1.1" 200 34151 "http://www.livremonami.nc/?page_id=2651" "Mozilla/5.0 (Linux; Android 7.0;) AppleWebKit/537.36 (KHTML, like Gecko) Mobile Safari/537.36 (compatible; PetalBot;+https://webmaster.petalsearch.com/site/petalbot)"
136.117.252.27 - - [21/Oct/2025:12:04:00 +1100] "GET /wp-content/uploads/2020/12/2020-12-10_Livre-mon-ami_Estelle-FAYE-025.jpeg HTTP/1.1" 200 145826 "-" "Mozilla/5.0 (Windows NT 10.0; Win64; x64) AppleWebKit/537.36 (KHTML, like Gecko) Chrome/118.0.0.0 Safari/537.36"
216.225.203.35 - - [21/Oct/2025:12:04:14 +1100] "GET /wp-login.php HTTP/1.1" 200 18376 "-" "Mozilla/5.0 (X11; Linux x86_64) AppleWebKit/537.36 (KHTML, like Gecko) Chrome/140.0.0.0 Safari/537.36"
216.225.203.35 - - [21/Oct/2025:12:04:15 +1100] "POST /wp-login.php HTTP/1.1" 503 20074 "http://livremonami.nc/wp-admin/" "Mozilla/5.0 (X11; Linux x86_64) AppleWebKit/537.36 (KHTML, like Gecko) Chrome/140.0.0.0 Safari/537.36"
92.222.108.116 - - [21/Oct/2025:12:04:33 +1100] "GET /p=2753/dscn0430_1/feed HTTP/1.1" 200 965 "-" "Mozilla/5.0 (compatible; AhrefsBot/7.0; +http://ahrefs.com/robot/)"
202.22.159.247 - - [21/Oct/2025:12:05:13 +1100] "POST /wp-cron.php?doing_wp_cron=1761008713.5020649433135986328125 HTTP/1.1" 200 243 "-" "WordPress/6.7.4; http://www.livremonami.nc"
114.119.136.184 - - [21/Oct/2025:12:05:13 +1100] "GET /?matprin=calendrier_2012&paged=53 HTTP/1.1" 301 290 "http://www.livremonami.nc?matprin=calendrier_2012&paged=55" "Mozilla/5.0 (Linux; Android 7.0;) AppleWebKit/537.36 (KHTML, like Gecko) Mobile Safari/537.36 (compatible; PetalBot;+https://webmaster.petalsearch.com/site/petalbot)"
114.119.136.184 - - [21/Oct/2025:12:05:13 +1100] "GET /page/53?matprin=calendrier_2012 HTTP/1.1" 200 32046 "http://www.livremonami.nc?matprin=calendrier_2012&paged=55" "Mozilla/5.0 (Linux; Android 7.0;) AppleWebKit/537.36 (KHTML, like Gecko) Mobile Safari/537.36 (compatible; PetalBot;+https://webmaster.petalsearch.com/site/petalbot)"
216.73.216.49 - - [21/Oct/2025:12:06:01 +1100] "GET /p=2210 HTTP/1.1" 200 30551 "-" "Mozilla/5.0 AppleWebKit/537.36 (KHTML, like Gecko; compatible; ClaudeBot/1.0; +claudebot@anthropic.com)"
216.73.216.49 - - [21/Oct/2025:12:06:01 +1100] "GET /?p=3318 HTTP/1.1" 301 302 "-" "Mozilla/5.0 AppleWebKit/537.36 (KHTML, like Gecko; compatible; ClaudeBot/1.0; +claudebot@anthropic.com)"
216.73.216.49 - - [21/Oct/2025:12:06:02 +1100] "GET /p=3318 HTTP/1.1" 200 29114 "http://www.livremonami.nc/?p=3318" "Mozilla/5.0 AppleWebKit/537.36 (KHTML, like Gecko; compatible; ClaudeBot/1.0; +claudebot@anthropic.com)"
216.225.203.35 - - [21/Oct/2025:12:06:02 +1100] "GET /wp-login.php HTTP/1.1" 200 18375 "-" "Mozilla/5.0 (X11; Linux x86_64) AppleWebKit/537.36 (KHTML, like Gecko) Chrome/140.0.0.0 Safari/537.36"
216.225.203.35 - - [21/Oct/2025:12:06:03 +1100] "POST /wp-login.php HTTP/1.1" 503 20074 "http://livremonami.nc/wp-admin/" "Mozilla/5.0 (X11; Linux x86_64) AppleWebKit/537.36 (KHTML, like Gecko) Chrome/140.0.0.0 Safari/537.36"
176.31.139.15 - - [21/Oct/2025:12:06:32 +1100] "GET /wp-content/uploads/2024/01/Affiche_2024_PETIT-60x90.jpg HTTP/1.1" 200 3414 "-" "Mozilla/5.0 (compatible; AhrefsBot/7.0; +http://ahrefs.com/robot/)"
202.22.159.247 - - [21/Oct/2025:12:06:41 +1100] "POST /wp-cron.php?doing_wp_cron=1761008801.1422519683837890625000 HTTP/1.1" 200 243 "-" "WordPress/6.7.4; http://www.livremonami.nc"
114.119.146.185 - - [21/Oct/2025:12:06:41 +1100] "GET /?cat=6&paged=4 HTTP/1.1" 301 287 "http://www.livremonami.nc/?cat=6&paged=6" "Mozilla/5.0 (Linux; Android 7.0;) AppleWebKit/537.36 (KHTML, like Gecko) Mobile Safari/537.36 (compatible; PetalBot;+https://webmaster.petalsearch.com/site/petalbot)"
114.119.146.185 - - [21/Oct/2025:12:06:41 +1100] "GET /p=category/le-scrutin/page/4 HTTP/1.1" 200 29218 "http://www.livremonami.nc/?cat=6&paged=6" "Mozilla/5.0 (Linux; Android 7.0;) AppleWebKit/537.36 (KHTML, like Gecko) Mobile Safari/537.36 (compatible; PetalBot;+https://webmaster.petalsearch.com/site/petalbot)"
54.235.172.108 - - [21/Oct/2025:12:07:04 +1100] "GET /dscn3560 HTTP/1.1" 200 28571 "-" "Mozilla/5.0 AppleWebKit/537.36 (KHTML, like Gecko; compatible; Amazonbot/0.1; +https://developer.amazon.com/support/amazonbot) Chrome/119.0.6045.214 Safari/537.36"
51.68.247.206 - - [21/Oct/2025:12:07:07 +1100] "GET /p=2740/img_3829/feed HTTP/1.1" 200 964 "-" "Mozilla/5.0 (compatible; AhrefsBot/7.0; +http://ahrefs.com/robot/)"
54.157.84.74 - - [21/Oct/2025:12:07:09 +1100] "GET /dscn3571 HTTP/1.1" 200 28568 "-" "Mozilla/5.0 AppleWebKit/537.36 (KHTML, like Gecko; compatible; Amazonbot/0.1; +https://developer.amazon.com/support/amazonbot) Chrome/119.0.6045.214 Safari/537.36"
34.194.233.48 - - [21/Oct/2025:12:07:15 +1100] "GET /img_20210421_154315 HTTP/1.1" 200 28603 "-" "Mozilla/5.0 AppleWebKit/537.36 (KHTML, like Gecko; compatible; Amazonbot/0.1; +https://developer.amazon.com/support/amazonbot) Chrome/119.0.6045.214 Safari/537.36"
3.221.244.28 - - [21/Oct/2025:12:07:18 +1100] "GET /p=4751 HTTP/1.1" 200 29140 "-" "Mozilla/5.0 AppleWebKit/537.36 (KHTML, like Gecko; compatible; Amazonbot/0.1; +https://developer.amazon.com/support/amazonbot) Chrome/119.0.6045.214 Safari/537.36"
54.147.80.137 - - [21/Oct/2025:12:07:20 +1100] "GET /p=5125/img_2518 HTTP/1.1" 200 28638 "-" "Mozilla/5.0 AppleWebKit/537.36 (KHTML, like Gecko; compatible; Amazonbot/0.1; +https://developer.amazon.com/support/amazonbot) Chrome/119.0.6045.214 Safari/537.36"
50.16.72.185 - - [21/Oct/2025:12:07:21 +1100] "GET /wp-content/uploads/2018/02/AfficheLMA2018_big-200x300.jpg HTTP/1.1" 200 42556 "-" "Mozilla/5.0 AppleWebKit/537.36 (KHTML, like Gecko; compatible; Amazonbot/0.1; +https://developer.amazon.com/support/amazonbot) Chrome/119.0.6045.214 Safari/537.36"
98.83.178.66 - - [21/Oct/2025:12:07:26 +1100] "GET /wp-content/uploads/2018/02/papou_-225x300.jpg HTTP/1.1" 200 36324 "-" "Mozilla/5.0 AppleWebKit/537.36 (KHTML, like Gecko; compatible; Amazonbot/0.1; +https://developer.amazon.com/support/amazonbot) Chrome/119.0.6045.214 Safari/537.36"
216.225.203.35 - - [21/Oct/2025:12:07:50 +1100] "GET /wp-login.php HTTP/1.1" 200 18374 "-" "Mozilla/5.0 (X11; Linux x86_64) AppleWebKit/537.36 (KHTML, like Gecko) Chrome/140.0.0.0 Safari/537.36"
216.225.203.35 - - [21/Oct/2025:12:07:51 +1100] "POST /wp-login.php HTTP/1.1" 503 20074 "http://livremonami.nc/wp-admin/" "Mozilla/5.0 (X11; Linux x86_64) AppleWebKit/537.36 (KHTML, like Gecko) Chrome/140.0.0.0 Safari/537.36"
136.117.3.211 - - [21/Oct/2025:12:07:58 +1100] "GET /wp-content/uploads/2023/11/IMG_20231115_140351_HDR.jpeg HTTP/1.1" 200 196927 "-" "Mozilla/5.0 (Windows NT 10.0; Win64; x64) AppleWebKit/537.36 (KHTML, like Gecko) Chrome/121.0.0.0 Safari/537.36"
114.119.157.237 - - [21/Oct/2025:12:07:59 +1100] "GET /?cat=17&paged=8 HTTP/1.1" 301 283 "http://www.livremonami.nc?cat=17&paged=10" "Mozilla/5.0 (Linux; Android 7.0;) AppleWebKit/537.36 (KHTML, like Gecko) Mobile Safari/537.36 (compatible; PetalBot;+https://webmaster.petalsearch.com/site/petalbot)"
114.119.157.237 - - [21/Oct/2025:12:08:00 +1100] "GET /p=category/photos/page/8 HTTP/1.1" 200 29768 "http://www.livremonami.nc?cat=17&paged=10" "Mozilla/5.0 (Linux; Android 7.0;) AppleWebKit/537.36 (KHTML, like Gecko) Mobile Safari/537.36 (compatible; PetalBot;+https://webmaster.petalsearch.com/site/petalbot)"
85.208.96.210 - - [21/Oct/2025:12:08:12 +1100] "GET /photo3-2 HTTP/1.1" 200 28567 "-" "Mozilla/5.0 (compatible; SemrushBot/7~bl; +http://www.semrush.com/bot.html)"
202.22.159.247 - - [21/Oct/2025:12:09:38 +1100] "POST /wp-cron.php?doing_wp_cron=1761008978.8199501037597656250000 HTTP/1.1" 200 243 "-" "WordPress/6.7.4; http://www.livremonami.nc"
216.225.203.35 - - [21/Oct/2025:12:09:38 +1100] "GET /wp-login.php HTTP/1.1" 200 18374 "-" "Mozilla/5.0 (X11; Linux x86_64) AppleWebKit/537.36 (KHTML, like Gecko) Chrome/140.0.0.0 Safari/537.36"
216.225.203.35 - - [21/Oct/2025:12:09:39 +1100] "POST /wp-login.php HTTP/1.1" 503 20074 "http://livremonami.nc/wp-admin/" "Mozilla/5.0 (X11; Linux x86_64) AppleWebKit/537.36 (KHTML, like Gecko) Chrome/140.0.0.0 Safari/537.36"
216.73.216.49 - - [21/Oct/2025:12:09:47 +1100] "GET /p=2156 HTTP/1.1" 200 28255 "-" "Mozilla/5.0 AppleWebKit/537.36 (KHTML, like Gecko; compatible; ClaudeBot/1.0; +claudebot@anthropic.com)"
216.73.216.49 - - [21/Oct/2025:12:09:48 +1100] "GET /page/48 HTTP/1.1" 200 32190 "-" "Mozilla/5.0 AppleWebKit/537.36 (KHTML, like Gecko; compatible; ClaudeBot/1.0; +claudebot@anthropic.com)"
5.39.109.173 - - [21/Oct/2025:12:10:07 +1100] "GET /p=4628/2017_11_20_img_1878/feed HTTP/1.1" 200 976 "-" "Mozilla/5.0 (compatible; AhrefsBot/7.0; +http://ahrefs.com/robot/)"
216.73.216.49 - - [21/Oct/2025:12:11:15 +1100] "GET /robots.txt HTTP/1.1" 200 399 "-" "Mozilla/5.0 AppleWebKit/537.36 (KHTML, like Gecko; compatible; ClaudeBot/1.0; +claudebot@anthropic.com)"
202.22.159.247 - - [21/Oct/2025:12:11:15 +1100] "POST /wp-cron.php?doing_wp_cron=1761009075.8444609642028808593750 HTTP/1.1" 200 243 "-" "WordPress/6.7.4; http://www.livremonami.nc"
216.73.216.49 - - [21/Oct/2025:12:11:15 +1100] "GET /p=2064 HTTP/1.1" 200 28568 "-" "Mozilla/5.0 AppleWebKit/537.36 (KHTML, like Gecko; compatible; ClaudeBot/1.0; +claudebot@anthropic.com)"
216.73.216.49 - - [21/Oct/2025:12:11:16 +1100] "GET /page/49 HTTP/1.1" 200 31938 "-" "Mozilla/5.0 AppleWebKit/537.36 (KHTML, like Gecko; compatible; ClaudeBot/1.0; +claudebot@anthropic.com)"
216.225.203.35 - - [21/Oct/2025:12:11:26 +1100] "GET /wp-login.php HTTP/1.1" 200 18376 "-" "Mozilla/5.0 (X11; Linux x86_64) AppleWebKit/537.36 (KHTML, like Gecko) Chrome/140.0.0.0 Safari/537.36"
216.225.203.35 - - [21/Oct/2025:12:11:27 +1100] "POST /wp-login.php HTTP/1.1" 503 20074 "http://livremonami.nc/wp-admin/" "Mozilla/5.0 (X11; Linux x86_64) AppleWebKit/537.36 (KHTML, like Gecko) Chrome/140.0.0.0 Safari/537.36"
136.117.3.211 - - [21/Oct/2025:12:11:30 +1100] "GET /page/61?matprin=calendrier_2013 HTTP/1.1" 200 32040 "-" "Mozilla/5.0 (Windows NT 10.0; Win64; x64) AppleWebKit/537.36 (KHTML, like Gecko) Chrome/120.0.0.0 Safari/537.36"
202.22.159.247 - - [21/Oct/2025:12:12:35 +1100] "POST /wp-cron.php?doing_wp_cron=1761009155.8859128952026367187500 HTTP/1.1" 200 243 "-" "WordPress/6.7.4; http://www.livremonami.nc"
204.1.138.206 - - [21/Oct/2025:12:12:35 +1100] "GET /quiz-2018 HTTP/1.1" 200 103114 "-" "Mozilla/5.0 (Windows NT 10.0; Win64; x64) AppleWebKit/537.36 (KHTML, like Gecko) Chrome/131.0.0.0 Safari/537.36 Edg/131.0.0.0"
204.1.138.13 - - [21/Oct/2025:12:12:47 +1100] "GET /quiz-2018 HTTP/1.1" 200 102925 "-" "Mozilla/5.0 (Windows NT 10.0; Win64; x64) AppleWebKit/537.36 (KHTML, like Gecko) Chrome/131.0.0.0 Safari/537.36 Edg/131.0.0.0"
51.68.247.219 - - [21/Oct/2025:12:12:53 +1100] "GET /p=2753/dscn0424_1/feed HTTP/1.1" 200 965 "-" "Mozilla/5.0 (compatible; AhrefsBot/7.0; +http://ahrefs.com/robot/)"
216.225.203.35 - - [21/Oct/2025:12:13:13 +1100] "GET /wp-login.php HTTP/1.1" 200 18376 "-" "Mozilla/5.0 (X11; Linux x86_64) AppleWebKit/537.36 (KHTML, like Gecko) Chrome/140.0.0.0 Safari/537.36"
17.246.19.191 - - [21/Oct/2025:12:13:14 +1100] "GET /?p=2630 HTTP/1.1" 301 246 "-" "Mozilla/5.0 (Macintosh; Intel Mac OS X 10_15_7) AppleWebKit/605.1.15 (KHTML, like Gecko) Version/17.4 Safari/605.1.15 (Applebot/0.1; +http://www.apple.com/go/applebot)"
17.246.19.191 - - [21/Oct/2025:12:13:15 +1100] "GET /p=2630 HTTP/1.1" 200 28376 "-" "Mozilla/5.0 (Macintosh; Intel Mac OS X 10_15_7) AppleWebKit/605.1.15 (KHTML, like Gecko) Version/17.4 Safari/605.1.15 (Applebot/0.1; +http://www.apple.com/go/applebot)"
216.225.203.35 - - [21/Oct/2025:12:13:14 +1100] "POST /wp-login.php HTTP/1.1" 503 20074 "http://livremonami.nc/wp-admin/" "Mozilla/5.0 (X11; Linux x86_64) AppleWebKit/537.36 (KHTML, like Gecko) Chrome/140.0.0.0 Safari/537.36"
34.11.181.107 - - [21/Oct/2025:12:13:21 +1100] "GET /p=3349 HTTP/1.1" 200 29679 "-" "Mozilla/5.0 (Windows NT 10.0; Win64; x64) AppleWebKit/537.36 (KHTML, like Gecko) Chrome/121.0.0.0 Safari/537.36"
216.73.216.49 - - [21/Oct/2025:12:13:27 +1100] "GET /p=2200 HTTP/1.1" 200 28608 "-" "Mozilla/5.0 AppleWebKit/537.36 (KHTML, like Gecko; compatible; ClaudeBot/1.0; +claudebot@anthropic.com)"
202.22.159.247 - - [21/Oct/2025:12:13:59 +1100] "POST /wp-cron.php?doing_wp_cron=1761009239.6364200115203857421875 HTTP/1.1" 200 243 "-" "WordPress/6.7.4; http://www.livremonami.nc"
216.73.216.49 - - [21/Oct/2025:12:13:59 +1100] "GET /p=2192 HTTP/1.1" 200 28371 "-" "Mozilla/5.0 AppleWebKit/537.36 (KHTML, like Gecko; compatible; ClaudeBot/1.0; +claudebot@anthropic.com)"
216.73.216.49 - - [21/Oct/2025:12:14:53 +1100] "GET /p=2108 HTTP/1.1" 200 28395 "-" "Mozilla/5.0 AppleWebKit/537.36 (KHTML, like Gecko; compatible; ClaudeBot/1.0; +claudebot@anthropic.com)"
216.225.203.35 - - [21/Oct/2025:12:14:55 +1100] "GET /wp-login.php HTTP/1.1" 200 18375 "-" "Mozilla/5.0 (X11; Linux x86_64) AppleWebKit/537.36 (KHTML, like Gecko) Chrome/140.0.0.0 Safari/537.36"
216.225.203.35 - - [21/Oct/2025:12:14:55 +1100] "POST /wp-login.php HTTP/1.1" 503 20074 "http://livremonami.nc/wp-admin/" "Mozilla/5.0 (X11; Linux x86_64) AppleWebKit/537.36 (KHTML, like Gecko) Chrome/140.0.0.0 Safari/537.36"
91.84.114.150 - - [21/Oct/2025:12:15:13 +1100] "GET /p=11775 HTTP/1.0" 200 107553 "http://www.livremonami.nc/p=11775" "Mozilla/5.0 (Windows NT 10.0; Win64; x64) AppleWebKit/537.36 (KHTML, like Gecko) Chrome/131.0.0.0 Safari/537.36"
91.84.114.150 - - [21/Oct/2025:12:15:16 +1100] "GET /comment-recevoir-lauteur-ou-lautrice-du-livre-laureat HTTP/1.0" 200 124616 "http://www.livremonami.nc/comment-recevoir-lauteur-ou-lautrice-du-livre-laureat" "Mozilla/5.0 (Windows NT 10.0; Win64; x64) AppleWebKit/537.36 (KHTML, like Gecko) Chrome/131.0.0.0 Safari/537.36"
85.208.96.200 - - [21/Oct/2025:12:15:30 +1100] "GET /p=1485 HTTP/1.1" 200 28745 "-" "Mozilla/5.0 (compatible; SemrushBot/7~bl; +http://www.semrush.com/bot.html)"
202.22.159.247 - - [21/Oct/2025:12:15:30 +1100] "POST /wp-cron.php?doing_wp_cron=1761009330.1629040241241455078125 HTTP/1.1" 200 243 "-" "WordPress/6.7.4; http://www.livremonami.nc"
92.222.108.100 - - [21/Oct/2025:12:15:35 +1100] "GET /p=4649/fullsizerenderb/feed HTTP/1.1" 200 970 "-" "Mozilla/5.0 (compatible; AhrefsBot/7.0; +http://ahrefs.com/robot/)"
185.191.171.14 - - [21/Oct/2025:12:16:28 +1100] "GET /p=4961 HTTP/1.1" 200 28685 "-" "Mozilla/5.0 (compatible; SemrushBot/7~bl; +http://www.semrush.com/bot.html)"
216.225.203.35 - - [21/Oct/2025:12:16:33 +1100] "GET /wp-login.php HTTP/1.1" 200 18375 "-" "Mozilla/5.0 (X11; Linux x86_64) AppleWebKit/537.36 (KHTML, like Gecko) Chrome/140.0.0.0 Safari/537.36"
216.225.203.35 - - [21/Oct/2025:12:16:34 +1100] "POST /wp-login.php HTTP/1.1" 503 20074 "http://livremonami.nc/wp-admin/" "Mozilla/5.0 (X11; Linux x86_64) AppleWebKit/537.36 (KHTML, like Gecko) Chrome/140.0.0.0 Safari/537.36"
202.22.159.247 - - [21/Oct/2025:12:17:08 +1100] "POST /wp-cron.php?doing_wp_cron=1761009428.4523589611053466796875 HTTP/1.1" 200 243 "-" "WordPress/6.7.4; http://www.livremonami.nc"
136.117.252.27 - - [21/Oct/2025:12:17:08 +1100] "GET /p=3599/dsc_0441 HTTP/1.1" 200 28650 "-" "Mozilla/5.0 (Windows NT 10.0; Win64; x64) AppleWebKit/537.36 (KHTML, like Gecko) Chrome/51.0.2704.79 Safari/537.36 Edge/14.14393"
114.119.146.185 - - [21/Oct/2025:12:17:48 +1100] "GET /?matprin=liste_jeu&paged=53 HTTP/1.1" 301 284 "http://www.livremonami.nc?matprin=liste_jeu&paged=54" "Mozilla/5.0 (Linux; Android 7.0;) AppleWebKit/537.36 (KHTML, like Gecko) Mobile Safari/537.36 (compatible; PetalBot;+https://webmaster.petalsearch.com/site/petalbot)"
114.119.146.185 - - [21/Oct/2025:12:17:48 +1100] "GET /page/53?matprin=liste_jeu HTTP/1.1" 200 32044 "http://www.livremonami.nc?matprin=liste_jeu&paged=54" "Mozilla/5.0 (Linux; Android 7.0;) AppleWebKit/537.36 (KHTML, like Gecko) Mobile Safari/537.36 (compatible; PetalBot;+https://webmaster.petalsearch.com/site/petalbot)"
114.119.155.54 - - [21/Oct/2025:12:18:04 +1100] "GET /p=3490/img_2345 HTTP/1.1" 200 28650 "http://www.livremonami.nc/?attachment_id=3504" "Mozilla/5.0 (Linux; Android 7.0;) AppleWebKit/537.36 (KHTML, like Gecko) Mobile Safari/537.36 (compatible; PetalBot;+https://webmaster.petalsearch.com/site/petalbot)"
176.31.139.2 - - [21/Oct/2025:12:18:12 +1100] "GET /p=2686/e3ab/feed HTTP/1.1" 200 956 "-" "Mozilla/5.0 (compatible; AhrefsBot/7.0; +http://ahrefs.com/robot/)"
216.225.203.35 - - [21/Oct/2025:12:18:21 +1100] "GET /wp-login.php HTTP/1.1" 200 18376 "-" "Mozilla/5.0 (X11; Linux x86_64) AppleWebKit/537.36 (KHTML, like Gecko) Chrome/140.0.0.0 Safari/537.36"
216.225.203.35 - - [21/Oct/2025:12:18:22 +1100] "POST /wp-login.php HTTP/1.1" 503 20074 "http://livremonami.nc/wp-admin/" "Mozilla/5.0 (X11; Linux x86_64) AppleWebKit/537.36 (KHTML, like Gecko) Chrome/140.0.0.0 Safari/537.36"
202.22.159.247 - - [21/Oct/2025:12:19:28 +1100] "POST /wp-cron.php?doing_wp_cron=1761009568.3232829570770263671875 HTTP/1.1" 200 243 "-" "WordPress/6.7.4; http://www.livremonami.nc"
114.119.167.51 - - [21/Oct/2025:12:19:28 +1100] "GET /blog/page/21?cat=18 HTTP/1.1" 200 29872 "http://www.livremonami.nc/blog/page/21?cat=18" "Mozilla/5.0 (Linux; Android 7.0;) AppleWebKit/537.36 (KHTML, like Gecko) Mobile Safari/537.36 (compatible; PetalBot;+https://webmaster.petalsearch.com/site/petalbot)"
216.225.203.35 - - [21/Oct/2025:12:20:09 +1100] "GET /wp-login.php HTTP/1.1" 200 18376 "-" "Mozilla/5.0 (X11; Linux x86_64) AppleWebKit/537.36 (KHTML, like Gecko) Chrome/140.0.0.0 Safari/537.36"
216.225.203.35 - - [21/Oct/2025:12:20:10 +1100] "POST /wp-login.php HTTP/1.1" 503 20074 "http://livremonami.nc/wp-admin/" "Mozilla/5.0 (X11; Linux x86_64) AppleWebKit/537.36 (KHTML, like Gecko) Chrome/140.0.0.0 Safari/537.36"
202.22.159.247 - - [21/Oct/2025:12:20:42 +1100] "POST /wp-cron.php?doing_wp_cron=1761009642.1489450931549072265625 HTTP/1.1" 200 243 "-" "WordPress/6.7.4; http://www.livremonami.nc"
94.23.188.214 - - [21/Oct/2025:12:20:42 +1100] "GET /p=2686/20151026_222259/feed HTTP/1.1" 200 963 "-" "Mozilla/5.0 (compatible; AhrefsBot/7.0; +http://ahrefs.com/robot/)"
114.119.133.12 - - [21/Oct/2025:12:20:51 +1100] "GET /?attachment_id=7151 HTTP/1.1" 301 277 "http://www.livremonami.nc/?attachment_id=7157" "Mozilla/5.0 (Linux; Android 7.0;) AppleWebKit/537.36 (KHTML, like Gecko) Mobile Safari/537.36 (compatible; PetalBot;+https://webmaster.petalsearch.com/site/petalbot)"
114.119.133.12 - - [21/Oct/2025:12:20:52 +1100] "GET /affiche_2021_petit HTTP/1.1" 200 28564 "http://www.livremonami.nc/?attachment_id=7157" "Mozilla/5.0 (Linux; Android 7.0;) AppleWebKit/537.36 (KHTML, like Gecko) Mobile Safari/537.36 (compatible; PetalBot;+https://webmaster.petalsearch.com/site/petalbot)"
185.191.171.15 - - [21/Oct/2025:12:20:56 +1100] "GET /p=1862 HTTP/1.1" 200 29204 "-" "Mozilla/5.0 (compatible; SemrushBot/7~bl; +http://www.semrush.com/bot.html)"
185.191.171.6 - - [21/Oct/2025:12:21:38 +1100] "GET /quiz-2017-dix-jours-sans-ecrans HTTP/1.1" 200 34628 "-" "Mozilla/5.0 (compatible; SemrushBot/7~bl; +http://www.semrush.com/bot.html)"
216.225.203.35 - - [21/Oct/2025:12:21:57 +1100] "GET /wp-login.php HTTP/1.1" 200 18375 "-" "Mozilla/5.0 (X11; Linux x86_64) AppleWebKit/537.36 (KHTML, like Gecko) Chrome/140.0.0.0 Safari/537.36"
216.225.203.35 - - [21/Oct/2025:12:21:58 +1100] "POST /wp-login.php HTTP/1.1" 503 20074 "http://livremonami.nc/wp-admin/" "Mozilla/5.0 (X11; Linux x86_64) AppleWebKit/537.36 (KHTML, like Gecko) Chrome/140.0.0.0 Safari/537.36"
202.22.159.247 - - [21/Oct/2025:12:23:16 +1100] "POST /wp-cron.php?doing_wp_cron=1761009796.5954840183258056640625 HTTP/1.1" 200 243 "-" "WordPress/6.7.4; http://www.livremonami.nc"
45.94.31.28 - - [21/Oct/2025:12:23:16 +1100] "HEAD / HTTP/1.1" 200 268 "-" "python-requests/2.32.4"
51.68.247.195 - - [21/Oct/2025:12:23:16 +1100] "GET /p=3454/comment-page-1 HTTP/1.1" 200 30862 "-" "Mozilla/5.0 (compatible; AhrefsBot/7.0; +http://ahrefs.com/robot/)"
45.94.31.28 - - [21/Oct/2025:12:23:17 +1100] "GET /wp-admin/ HTTP/1.1" 302 426 "-" "Mozilla/5.0 (Linux; Android 13; Pixel 7) AppleWebKit/537.36 (KHTML, like Gecko) Chrome/119.0.0.0 Mobile Safari/537.36"
45.94.31.28 - - [21/Oct/2025:12:23:17 +1100] "GET /wp-login.php?redirect_to=http%3A%2F%2Fwww.livremonami.nc%2Fwp-admin%2F&reauth=1 HTTP/1.1" 200 20413 "-" "Mozilla/5.0 (Linux; Android 13; Pixel 7) AppleWebKit/537.36 (KHTML, like Gecko) Chrome/119.0.0.0 Mobile Safari/537.36"
45.94.31.28 - - [21/Oct/2025:12:23:19 +1100] "GET /xmlrpc.php HTTP/1.1" 405 278 "-" "Mozilla/5.0 (iPhone; CPU iPhone OS 17_1 like Mac OS X) AppleWebKit/605.1.15 (KHTML, like Gecko) Version/17.1 Mobile/15E148 Safari/604.1"
45.94.31.28 - - [21/Oct/2025:12:23:19 +1100] "GET /?rest_route=/wp/v2/users HTTP/1.1" 401 678 "-" "Mozilla/5.0 (Macintosh; Intel Mac OS X 14_2_1) AppleWebKit/537.36 (KHTML, like Gecko) Chrome/120.0.0.0 Safari/537.36"
45.94.31.28 - - [21/Oct/2025:12:23:20 +1100] "GET /?author=1 HTTP/1.1" 404 96633 "-" "Mozilla/5.0 (Windows NT 10.0; Win64; x64) AppleWebKit/537.36 (KHTML, like Gecko) Edge/119.0.2151.97"
216.225.203.35 - - [21/Oct/2025:12:23:45 +1100] "GET /wp-login.php HTTP/1.1" 200 18375 "-" "Mozilla/5.0 (X11; Linux x86_64) AppleWebKit/537.36 (KHTML, like Gecko) Chrome/140.0.0.0 Safari/537.36"
216.225.203.35 - - [21/Oct/2025:12:23:45 +1100] "POST /wp-login.php HTTP/1.1" 503 20074 "http://livremonami.nc/wp-admin/" "Mozilla/5.0 (X11; Linux x86_64) AppleWebKit/537.36 (KHTML, like Gecko) Chrome/140.0.0.0 Safari/537.36"
202.22.159.247 - - [21/Oct/2025:12:25:13 +1100] "POST /wp-cron.php?doing_wp_cron=1761009913.2232410907745361328125 HTTP/1.1" 200 243 "-" "WordPress/6.7.4; http://www.livremonami.nc"
185.191.171.19 - - [21/Oct/2025:12:25:13 +1100] "GET /quiz-2025-enfin-la-6e HTTP/1.1" 200 33084 "-" "Mozilla/5.0 (compatible; SemrushBot/7~bl; +http://www.semrush.com/bot.html)"
216.225.203.35 - - [21/Oct/2025:12:25:28 +1100] "GET /wp-login.php HTTP/1.1" 200 18376 "-" "Mozilla/5.0 (X11; Linux x86_64) AppleWebKit/537.36 (KHTML, like Gecko) Chrome/140.0.0.0 Safari/537.36"
216.225.203.35 - - [21/Oct/2025:12:25:28 +1100] "POST /wp-login.php HTTP/1.1" 503 20074 "http://livremonami.nc/wp-admin/" "Mozilla/5.0 (X11; Linux x86_64) AppleWebKit/537.36 (KHTML, like Gecko) Chrome/140.0.0.0 Safari/537.36"
37.59.204.143 - - [21/Oct/2025:12:25:36 +1100] "GET /feed?attachment_id=4726 HTTP/1.1" 200 980 "-" "Mozilla/5.0 (compatible; AhrefsBot/7.0; +http://ahrefs.com/robot/)"
202.22.159.247 - - [21/Oct/2025:12:26:03 +1100] "POST /wp-cron.php?doing_wp_cron=1761009963.5896430015563964843750 HTTP/1.1" 200 243 "-" "WordPress/6.7.4; http://www.livremonami.nc"
216.244.66.242 - - [21/Oct/2025:12:26:03 +1100] "GET /robots.txt HTTP/1.1" 200 338 "-" "Mozilla/5.0 (compatible; DotBot/1.2; +https://opensiteexplorer.org/dotbot; help@moz.com)"
85.208.96.199 - - [21/Oct/2025:12:26:03 +1100] "GET /p=3398 HTTP/1.1" 200 29447 "-" "Mozilla/5.0 (compatible; SemrushBot/7~bl; +http://www.semrush.com/bot.html)"
136.117.3.211 - - [21/Oct/2025:12:26:51 +1100] "GET /wp-content/uploads/2022/10/image_67202049.jpeg HTTP/1.1" 200 157118 "-" "Mozilla/5.0 (Macintosh; Intel Mac OS X 10.15; rv:124.0) Gecko/20100101 Firefox/124.0"
185.191.171.16 - - [21/Oct/2025:12:26:52 +1100] "GET /p=1756 HTTP/1.1" 200 28406 "-" "Mozilla/5.0 (compatible; SemrushBot/7~bl; +http://www.semrush.com/bot.html)"
216.225.203.35 - - [21/Oct/2025:12:27:15 +1100] "GET /wp-login.php HTTP/1.1" 200 18373 "-" "Mozilla/5.0 (X11; Linux x86_64) AppleWebKit/537.36 (KHTML, like Gecko) Chrome/140.0.0.0 Safari/537.36"
216.225.203.35 - - [21/Oct/2025:12:27:16 +1100] "POST /wp-login.php HTTP/1.1" 503 20074 "http://livremonami.nc/wp-admin/" "Mozilla/5.0 (X11; Linux x86_64) AppleWebKit/537.36 (KHTML, like Gecko) Chrome/140.0.0.0 Safari/537.36"
5.39.1.225 - - [21/Oct/2025:12:27:39 +1100] "GET /?s=agn%C3%A8s+laroche HTTP/1.1" 200 29319 "-" "Mozilla/5.0 (compatible; AhrefsBot/7.0; +http://ahrefs.com/robot/)"
202.22.159.247 - - [21/Oct/2025:12:27:50 +1100] "POST /wp-cron.php?doing_wp_cron=1761010070.9112861156463623046875 HTTP/1.1" 200 243 "-" "WordPress/6.7.4; http://www.livremonami.nc"
85.208.96.200 - - [21/Oct/2025:12:27:50 +1100] "GET /quiz-2018-et-si-on-redessinait-le-monde HTTP/1.1" 200 34150 "-" "Mozilla/5.0 (compatible; SemrushBot/7~bl; +http://www.semrush.com/bot.html)"
34.11.181.107 - - [21/Oct/2025:12:28:35 +1100] "GET /wp-content/uploads/2022/10/LNC_26102022.pdf HTTP/1.1" 200 165888 "-" "Mozilla/5.0 (Macintosh; Intel Mac OS X 10_15_7) AppleWebKit/605.1.15 (KHTML, like Gecko) Version/16.3 Safari/605.1.15"
216.225.203.35 - - [21/Oct/2025:12:29:04 +1100] "GET /wp-login.php HTTP/1.1" 200 18376 "-" "Mozilla/5.0 (X11; Linux x86_64) AppleWebKit/537.36 (KHTML, like Gecko) Chrome/140.0.0.0 Safari/537.36"
216.225.203.35 - - [21/Oct/2025:12:29:05 +1100] "POST /wp-login.php HTTP/1.1" 503 20074 "http://livremonami.nc/wp-admin/" "Mozilla/5.0 (X11; Linux x86_64) AppleWebKit/537.36 (KHTML, like Gecko) Chrome/140.0.0.0 Safari/537.36"
85.208.96.206 - - [21/Oct/2025:12:29:28 +1100] "GET /p=8285 HTTP/1.1" 200 31107 "-" "Mozilla/5.0 (compatible; SemrushBot/7~bl; +http://www.semrush.com/bot.html)"
136.117.252.27 - - [21/Oct/2025:12:29:38 +1100] "GET /wp-content/uploads/2023/11/20231107_100928_resultat.jpg HTTP/1.1" 200 247549 "-" "Mozilla/5.0 (Macintosh; Intel Mac OS X 10.15; rv:125.0) Gecko/20100101 Firefox/125.0"
202.22.159.247 - - [21/Oct/2025:12:29:54 +1100] "POST /wp-cron.php?doing_wp_cron=1761010194.6784989833831787109375 HTTP/1.1" 200 243 "-" "WordPress/6.7.4; http://www.livremonami.nc"
94.23.188.203 - - [21/Oct/2025:12:29:54 +1100] "GET /feed?attachment_id=6004 HTTP/1.1" 200 972 "-" "Mozilla/5.0 (compatible; AhrefsBot/7.0; +http://ahrefs.com/robot/)"
216.225.203.35 - - [21/Oct/2025:12:30:53 +1100] "GET /wp-login.php HTTP/1.1" 200 18375 "-" "Mozilla/5.0 (X11; Linux x86_64) AppleWebKit/537.36 (KHTML, like Gecko) Chrome/140.0.0.0 Safari/537.36"
216.225.203.35 - - [21/Oct/2025:12:30:54 +1100] "POST /wp-login.php HTTP/1.1" 503 20074 "http://livremonami.nc/wp-admin/" "Mozilla/5.0 (X11; Linux x86_64) AppleWebKit/537.36 (KHTML, like Gecko) Chrome/140.0.0.0 Safari/537.36"
136.117.3.211 - - [21/Oct/2025:12:31:58 +1100] "GET /wp-content/uploads/2021/01/wakoupa.jpg HTTP/1.1" 200 15790 "-" "Mozilla/5.0 (Macintosh; Intel Mac OS X 10_15_7) AppleWebKit/605.1.15 (KHTML, like Gecko) Version/17.2 Safari/605.1.15"
202.22.159.247 - - [21/Oct/2025:12:32:08 +1100] "POST /wp-cron.php?doing_wp_cron=1761010328.0484609603881835937500 HTTP/1.1" 200 243 "-" "WordPress/6.7.4; http://www.livremonami.nc"
37.59.204.151 - - [21/Oct/2025:12:32:07 +1100] "GET /feed?attachment_id=9288 HTTP/1.1" 200 978 "-" "Mozilla/5.0 (compatible; AhrefsBot/7.0; +http://ahrefs.com/robot/)"
34.11.181.107 - - [21/Oct/2025:12:32:39 +1100] "GET /blog/wp-content/uploads/2012/03/LMA-tableau_lecture_2012_vierge_4xA4.odt HTTP/1.1" 404 96737 "-" "Mozilla/5.0 (Windows NT 10.0; Win64; x64) AppleWebKit/537.36 (KHTML, like Gecko) Chrome/89.0.4389.114 Safari/537.36"
216.225.203.35 - - [21/Oct/2025:12:32:41 +1100] "GET /wp-login.php HTTP/1.1" 200 18375 "-" "Mozilla/5.0 (X11; Linux x86_64) AppleWebKit/537.36 (KHTML, like Gecko) Chrome/140.0.0.0 Safari/537.36"
216.225.203.35 - - [21/Oct/2025:12:32:42 +1100] "POST /wp-login.php HTTP/1.1" 503 20074 "http://livremonami.nc/wp-admin/" "Mozilla/5.0 (X11; Linux x86_64) AppleWebKit/537.36 (KHTML, like Gecko) Chrome/140.0.0.0 Safari/537.36"
85.208.96.196 - - [21/Oct/2025:12:33:12 +1100] "GET /p=4965 HTTP/1.1" 200 28945 "-" "Mozilla/5.0 (compatible; SemrushBot/7~bl; +http://www.semrush.com/bot.html)"
85.208.96.212 - - [21/Oct/2025:12:33:32 +1100] "GET /p=6166 HTTP/1.1" 200 29034 "-" "Mozilla/5.0 (compatible; SemrushBot/7~bl; +http://www.semrush.com/bot.html)"
202.22.159.247 - - [21/Oct/2025:12:33:33 +1100] "POST /wp-cron.php?doing_wp_cron=1761010413.0100839138031005859375 HTTP/1.1" 200 243 "-" "WordPress/6.7.4; http://www.livremonami.nc"
196.251.114.48 - - [21/Oct/2025:12:33:44 +1100] "POST /wp-login.php HTTP/1.1" 503 20074 "-" "Mozilla/5.0"
202.22.159.247 - - [21/Oct/2025:12:34:15 +1100] "POST /wp-cron.php?doing_wp_cron=1761010455.6189970970153808593750 HTTP/1.1" 200 243 "-" "WordPress/6.7.4; http://www.livremonami.nc"
5.39.109.180 - - [21/Oct/2025:12:34:15 +1100] "GET /p=11683/img_20250305_143145/feed HTTP/1.1" 200 976 "-" "Mozilla/5.0 (compatible; AhrefsBot/7.0; +http://ahrefs.com/robot/)"
216.225.203.35 - - [21/Oct/2025:12:34:30 +1100] "GET /wp-login.php HTTP/1.1" 200 18374 "-" "Mozilla/5.0 (X11; Linux x86_64) AppleWebKit/537.36 (KHTML, like Gecko) Chrome/140.0.0.0 Safari/537.36"
216.225.203.35 - - [21/Oct/2025:12:34:31 +1100] "POST /wp-login.php HTTP/1.1" 503 20074 "http://livremonami.nc/wp-admin/" "Mozilla/5.0 (X11; Linux x86_64) AppleWebKit/537.36 (KHTML, like Gecko) Chrome/140.0.0.0 Safari/537.36"
202.22.159.247 - - [21/Oct/2025:12:36:01 +1100] "POST /wp-cron.php?doing_wp_cron=1761010561.6007249355316162109375 HTTP/1.1" 200 243 "-" "WordPress/6.7.4; http://www.livremonami.nc"
216.244.66.242 - - [21/Oct/2025:12:36:01 +1100] "GET /page/49?matprin=calendrier_2014 HTTP/1.1" 200 125238 "-" "Mozilla/5.0 (compatible; DotBot/1.2; +https://opensiteexplorer.org/dotbot; help@moz.com)"
176.31.139.13 - - [21/Oct/2025:12:36:19 +1100] "GET /p=5059/bernheim04/feed HTTP/1.1" 200 959 "-" "Mozilla/5.0 (compatible; AhrefsBot/7.0; +http://ahrefs.com/robot/)"
216.225.203.35 - - [21/Oct/2025:12:36:20 +1100] "GET /wp-login.php HTTP/1.1" 200 18376 "-" "Mozilla/5.0 (X11; Linux x86_64) AppleWebKit/537.36 (KHTML, like Gecko) Chrome/140.0.0.0 Safari/537.36"
216.225.203.35 - - [21/Oct/2025:12:36:20 +1100] "POST /wp-login.php HTTP/1.1" 503 20074 "http://livremonami.nc/wp-admin/" "Mozilla/5.0 (X11; Linux x86_64) AppleWebKit/537.36 (KHTML, like Gecko) Chrome/140.0.0.0 Safari/537.36"
216.73.216.49 - - [21/Oct/2025:12:37:09 +1100] "GET /p=11330/img_20241127_155356 HTTP/1.1" 200 28691 "-" "Mozilla/5.0 AppleWebKit/537.36 (KHTML, like Gecko; compatible; ClaudeBot/1.0; +claudebot@anthropic.com)"
216.73.216.49 - - [21/Oct/2025:12:37:09 +1100] "GET /p=11330/img_20241127_140216 HTTP/1.1" 200 28707 "-" "Mozilla/5.0 AppleWebKit/537.36 (KHTML, like Gecko; compatible; ClaudeBot/1.0; +claudebot@anthropic.com)"
202.22.159.247 - - [21/Oct/2025:12:37:09 +1100] "POST /wp-cron.php?doing_wp_cron=1761010629.8070640563964843750000 HTTP/1.1" 200 243 "-" "WordPress/6.7.4; http://www.livremonami.nc"
216.225.203.35 - - [21/Oct/2025:12:38:08 +1100] "GET /wp-login.php HTTP/1.1" 200 18375 "-" "Mozilla/5.0 (X11; Linux x86_64) AppleWebKit/537.36 (KHTML, like Gecko) Chrome/140.0.0.0 Safari/537.36"
216.225.203.35 - - [21/Oct/2025:12:38:09 +1100] "POST /wp-login.php HTTP/1.1" 503 20074 "http://livremonami.nc/wp-admin/" "Mozilla/5.0 (X11; Linux x86_64) AppleWebKit/537.36 (KHTML, like Gecko) Chrome/140.0.0.0 Safari/537.36"
92.222.108.103 - - [21/Oct/2025:12:38:26 +1100] "GET /p=4606/comment-page-1 HTTP/1.1" 200 30396 "-" "Mozilla/5.0 (compatible; AhrefsBot/7.0; +http://ahrefs.com/robot/)"
202.22.159.247 - - [21/Oct/2025:12:39:58 +1100] "POST /wp-cron.php?doing_wp_cron=1761010798.2382969856262207031250 HTTP/1.1" 200 243 "-" "WordPress/6.7.4; http://www.livremonami.nc"
216.225.203.35 - - [21/Oct/2025:12:39:58 +1100] "GET /wp-login.php HTTP/1.1" 200 18376 "-" "Mozilla/5.0 (X11; Linux x86_64) AppleWebKit/537.36 (KHTML, like Gecko) Chrome/140.0.0.0 Safari/537.36"
216.225.203.35 - - [21/Oct/2025:12:39:58 +1100] "POST /wp-login.php HTTP/1.1" 503 20074 "http://livremonami.nc/wp-admin/" "Mozilla/5.0 (X11; Linux x86_64) AppleWebKit/537.36 (KHTML, like Gecko) Chrome/140.0.0.0 Safari/537.36"
216.244.66.242 - - [21/Oct/2025:12:40:29 +1100] "GET /wp-content/uploads/2025/08/IMG-20250807-WA0013.jpg HTTP/1.1" 200 219976 "-" "Mozilla/5.0 (compatible; DotBot/1.2; +https://opensiteexplorer.org/dotbot; help@moz.com)"
202.22.159.247 - - [21/Oct/2025:12:40:34 +1100] "POST /wp-cron.php?doing_wp_cron=1761010834.5911960601806640625000 HTTP/1.1" 200 243 "-" "WordPress/6.7.4; http://www.livremonami.nc"
34.11.181.107 - - [21/Oct/2025:12:40:34 +1100] "GET /blog/wp-content/uploads/2010/09/portrait-eric-sanvoisin-1.bmp HTTP/1.1" 404 96707 "-" "Mozilla/5.0 (Windows NT 10.0; Win64; x64) AppleWebKit/537.36 (KHTML, like Gecko) Chrome/117.0.0.0 Safari/537.36"
85.208.96.203 - - [21/Oct/2025:12:41:08 +1100] "GET /p=226 HTTP/1.1" 200 28783 "-" "Mozilla/5.0 (compatible; SemrushBot/7~bl; +http://www.semrush.com/bot.html)"
51.75.236.129 - - [21/Oct/2025:12:41:12 +1100] "GET /p=5059/bernheim03/feed HTTP/1.1" 200 959 "-" "Mozilla/5.0 (compatible; AhrefsBot/7.0; +http://ahrefs.com/robot/)"
34.239.85.139 - - [21/Oct/2025:12:41:38 +1100] "GET /wp-content/uploads/2018/09/Annexe2_remise_du_prix_2018.doc HTTP/1.1" 200 558326 "-" "Mozilla/5.0 AppleWebKit/537.36 (KHTML, like Gecko; compatible; Amazonbot/0.1; +https://developer.amazon.com/support/amazonbot) Chrome/119.0.6045.214 Safari/537.36"
34.231.45.47 - - [21/Oct/2025:12:41:40 +1100] "GET /p=5019 HTTP/1.1" 200 28679 "-" "Mozilla/5.0 AppleWebKit/537.36 (KHTML, like Gecko; compatible; Amazonbot/0.1; +https://developer.amazon.com/support/amazonbot) Chrome/119.0.6045.214 Safari/537.36"
18.207.89.138 - - [21/Oct/2025:12:41:44 +1100] "GET /p=5182/img-8965 HTTP/1.1" 200 28693 "-" "Mozilla/5.0 AppleWebKit/537.36 (KHTML, like Gecko; compatible; Amazonbot/0.1; +https://developer.amazon.com/support/amazonbot) Chrome/119.0.6045.214 Safari/537.36"
216.225.203.35 - - [21/Oct/2025:12:41:47 +1100] "GET /wp-login.php HTTP/1.1" 200 18377 "-" "Mozilla/5.0 (X11; Linux x86_64) AppleWebKit/537.36 (KHTML, like Gecko) Chrome/140.0.0.0 Safari/537.36"
216.225.203.35 - - [21/Oct/2025:12:41:48 +1100] "POST /wp-login.php HTTP/1.1" 503 20074 "http://livremonami.nc/wp-admin/" "Mozilla/5.0 (X11; Linux x86_64) AppleWebKit/537.36 (KHTML, like Gecko) Chrome/140.0.0.0 Safari/537.36"
202.22.159.247 - - [21/Oct/2025:12:42:47 +1100] "POST /wp-cron.php?doing_wp_cron=1761010967.5921580791473388671875 HTTP/1.1" 200 243 "-" "WordPress/6.7.4; http://www.livremonami.nc"
216.73.216.49 - - [21/Oct/2025:12:42:47 +1100] "GET /?p=11396 HTTP/1.1" 301 416 "-" "Mozilla/5.0 AppleWebKit/537.36 (KHTML, like Gecko; compatible; ClaudeBot/1.0; +claudebot@anthropic.com)"
216.73.216.49 - - [21/Oct/2025:12:42:47 +1100] "GET /p=11330/img_20241127_155356 HTTP/1.1" 200 28514 "http://www.livremonami.nc/?p=11396" "Mozilla/5.0 AppleWebKit/537.36 (KHTML, like Gecko; compatible; ClaudeBot/1.0; +claudebot@anthropic.com)"
51.68.247.209 - - [21/Oct/2025:12:42:52 +1100] "GET /p=11683/img_20250305_143934/feed HTTP/1.1" 200 976 "-" "Mozilla/5.0 (compatible; AhrefsBot/7.0; +http://ahrefs.com/robot/)"
202.22.159.247 - - [21/Oct/2025:12:43:36 +1100] "POST /wp-cron.php?doing_wp_cron=1761011016.5611898899078369140625 HTTP/1.1" 200 243 "-" "WordPress/6.7.4; http://www.livremonami.nc"
216.225.203.35 - - [21/Oct/2025:12:43:36 +1100] "GET /wp-login.php HTTP/1.1" 200 18376 "-" "Mozilla/5.0 (X11; Linux x86_64) AppleWebKit/537.36 (KHTML, like Gecko) Chrome/140.0.0.0 Safari/537.36"
216.225.203.35 - - [21/Oct/2025:12:43:37 +1100] "POST /wp-login.php HTTP/1.1" 503 20074 "http://livremonami.nc/wp-admin/" "Mozilla/5.0 (X11; Linux x86_64) AppleWebKit/537.36 (KHTML, like Gecko) Chrome/140.0.0.0 Safari/537.36"
202.22.159.247 - - [21/Oct/2025:12:44:31 +1100] "POST /wp-cron.php?doing_wp_cron=1761011071.0866439342498779296875 HTTP/1.1" 200 243 "-" "WordPress/6.7.4; http://www.livremonami.nc"
204.1.138.1 - - [21/Oct/2025:12:44:30 +1100] "GET /avh HTTP/1.1" 200 108843 "-" "Mozilla/5.0 (Windows NT 10.0; Win64; x64) AppleWebKit/537.36 (KHTML, like Gecko) Chrome/131.0.0.0 Safari/537.36 Edg/131.0.0.0"
204.1.138.1 - - [21/Oct/2025:12:44:38 +1100] "GET /avh HTTP/1.1" 200 108606 "-" "Mozilla/5.0 (Windows NT 10.0; Win64; x64) AppleWebKit/537.36 (KHTML, like Gecko) Chrome/131.0.0.0 Safari/537.36 Edg/131.0.0.0"
202.22.159.247 - - [21/Oct/2025:12:44:47 +1100] "POST /wp-cron.php?doing_wp_cron=1761011087.6562108993530273437500 HTTP/1.1" 200 243 "-" "WordPress/6.7.4; http://www.livremonami.nc"
216.73.216.49 - - [21/Oct/2025:12:44:47 +1100] "GET /p=11330/img_20241127_155356/feed HTTP/1.1" 200 1032 "-" "Mozilla/5.0 AppleWebKit/537.36 (KHTML, like Gecko; compatible; ClaudeBot/1.0; +claudebot@anthropic.com)"
92.222.104.211 - - [21/Oct/2025:12:45:04 +1100] "GET /p=4965/img_0229/feed HTTP/1.1" 200 963 "-" "Mozilla/5.0 (compatible; AhrefsBot/7.0; +http://ahrefs.com/robot/)"
216.73.216.49 - - [21/Oct/2025:12:45:07 +1100] "GET /p=11330/img_20241127_153618 HTTP/1.1" 200 28735 "-" "Mozilla/5.0 AppleWebKit/537.36 (KHTML, like Gecko; compatible; ClaudeBot/1.0; +claudebot@anthropic.com)"
216.225.203.35 - - [21/Oct/2025:12:45:23 +1100] "GET /wp-login.php HTTP/1.1" 200 18375 "-" "Mozilla/5.0 (X11; Linux x86_64) AppleWebKit/537.36 (KHTML, like Gecko) Chrome/140.0.0.0 Safari/537.36"
216.225.203.35 - - [21/Oct/2025:12:45:24 +1100] "POST /wp-login.php HTTP/1.1" 503 20074 "http://livremonami.nc/wp-admin/" "Mozilla/5.0 (X11; Linux x86_64) AppleWebKit/537.36 (KHTML, like Gecko) Chrome/140.0.0.0 Safari/537.36"
185.191.171.13 - - [21/Oct/2025:12:45:53 +1100] "GET /quiz-2017-cours-et-ne-te-retourne-pas HTTP/1.1" 200 34203 "-" "Mozilla/5.0 (compatible; SemrushBot/7~bl; +http://www.semrush.com/bot.html)"
202.22.159.247 - - [21/Oct/2025:12:46:05 +1100] "POST /wp-cron.php?doing_wp_cron=1761011165.0435490608215332031250 HTTP/1.1" 200 243 "-" "WordPress/6.7.4; http://www.livremonami.nc"
185.191.171.6 - - [21/Oct/2025:12:46:04 +1100] "GET /quiz-2019-le-mystere-vandam-pishar HTTP/1.1" 200 33935 "-" "Mozilla/5.0 (compatible; SemrushBot/7~bl; +http://www.semrush.com/bot.html)"
136.117.252.27 - - [21/Oct/2025:12:46:30 +1100] "GET /wp-content/uploads/2024/11/IMG_20241127_144535.jpeg HTTP/1.1" 200 404464 "-" "Mozilla/5.0 (Macintosh; Intel Mac OS X 10_15_7) AppleWebKit/537.36 (KHTML, like Gecko) Chrome/123.0.0.0 Safari/537.36 Edg/123.0.0.0"
216.244.66.242 - - [21/Oct/2025:12:46:41 +1100] "GET /livreanniv_bandeau_1150x300 HTTP/1.1" 200 99804 "-" "Mozilla/5.0 (compatible; DotBot/1.2; +https://opensiteexplorer.org/dotbot; help@moz.com)"
216.244.66.242 - - [21/Oct/2025:12:46:46 +1100] "GET /page/37?matprin=calendrier_2012 HTTP/1.1" 200 126794 "-" "Mozilla/5.0 (compatible; DotBot/1.2; +https://opensiteexplorer.org/dotbot; help@moz.com)"
5.39.1.230 - - [21/Oct/2025:12:47:10 +1100] "GET /p=2686/img_3761/feed HTTP/1.1" 200 964 "-" "Mozilla/5.0 (compatible; AhrefsBot/7.0; +http://ahrefs.com/robot/)"
216.225.203.35 - - [21/Oct/2025:12:47:11 +1100] "GET /wp-login.php HTTP/1.1" 200 18376 "-" "Mozilla/5.0 (X11; Linux x86_64) AppleWebKit/537.36 (KHTML, like Gecko) Chrome/140.0.0.0 Safari/537.36"
216.225.203.35 - - [21/Oct/2025:12:47:12 +1100] "POST /wp-login.php HTTP/1.1" 503 20074 "http://livremonami.nc/wp-admin/" "Mozilla/5.0 (X11; Linux x86_64) AppleWebKit/537.36 (KHTML, like Gecko) Chrome/140.0.0.0 Safari/537.36"
216.244.66.242 - - [21/Oct/2025:12:47:31 +1100] "GET /page/39?matprin=calendrier_2015 HTTP/1.1" 200 126066 "-" "Mozilla/5.0 (compatible; DotBot/1.2; +https://opensiteexplorer.org/dotbot; help@moz.com)"
202.22.159.247 - - [21/Oct/2025:12:48:01 +1100] "POST /wp-cron.php?doing_wp_cron=1761011281.0207719802856445312500 HTTP/1.1" 200 243 "-" "WordPress/6.7.4; http://www.livremonami.nc"
