216.225.203.35 - - [21/Oct/2025:10:05:59 +1100] "GET /wp-login.php HTTP/1.1" 200 18372 "-" "Mozilla/5.0 (X11; Linux x86_64) AppleWebKit/537.36 (KHTML, like Gecko) Chrome/140.0.0.0 Safari/537.36"
216.225.203.35 - - [21/Oct/2025:10:06:00 +1100] "POST /wp-login.php HTTP/1.1" 503 20076 "http://livremonami.nc/wp-admin/" "Mozilla/5.0 (X11; Linux x86_64) AppleWebKit/537.36 (KHTML, like Gecko) Chrome/140.0.0.0 Safari/537.36"
94.23.188.208 - - [21/Oct/2025:10:06:07 +1100] "GET /p=3023/comment-page-1 HTTP/1.1" 200 29947 "-" "Mozilla/5.0 (compatible; AhrefsBot/7.0; +http://ahrefs.com/robot/)"
216.73.216.49 - - [21/Oct/2025:10:06:13 +1100] "GET /robots.txt HTTP/1.1" 200 399 "-" "Mozilla/5.0 AppleWebKit/537.36 (KHTML, like Gecko; compatible; ClaudeBot/1.0; +claudebot@anthropic.com)"
216.73.216.49 - - [21/Oct/2025:10:06:13 +1100] "GET /sitemap.xml HTTP/1.1" 200 736 "-" "Mozilla/5.0 AppleWebKit/537.36 (KHTML, like Gecko; compatible; ClaudeBot/1.0; +claudebot@anthropic.com)"
202.22.159.247 - - [21/Oct/2025:10:07:43 +1100] "POST /wp-cron.php?doing_wp_cron=1761001663.5824959278106689453125 HTTP/1.1" 200 243 "-" "WordPress/6.7.4; http://www.livremonami.nc"
216.225.203.35 - - [21/Oct/2025:10:07:43 +1100] "GET /wp-login.php HTTP/1.1" 200 18370 "-" "Mozilla/5.0 (X11; Linux x86_64) AppleWebKit/537.36 (KHTML, like Gecko) Chrome/140.0.0.0 Safari/537.36"
216.225.203.35 - - [21/Oct/2025:10:07:44 +1100] "POST /wp-login.php HTTP/1.1" 503 20076 "http://livremonami.nc/wp-admin/" "Mozilla/5.0 (X11; Linux x86_64) AppleWebKit/537.36 (KHTML, like Gecko) Chrome/140.0.0.0 Safari/537.36"
5.39.109.176 - - [21/Oct/2025:10:08:00 +1100] "GET /p=8369/comment-page-1 HTTP/1.1" 200 30356 "-" "Mozilla/5.0 (compatible; AhrefsBot/7.0; +http://ahrefs.com/robot/)"
35.174.141.243 - - [21/Oct/2025:10:08:37 +1100] "GET /robots.txt HTTP/1.1" 200 362 "-" "Mozilla/5.0 AppleWebKit/537.36 (KHTML, like Gecko; compatible; Amazonbot/0.1; +https://developer.amazon.com/support/amazonbot) Chrome/119.0.6045.214 Safari/537.36"
202.22.159.247 - - [21/Oct/2025:10:08:40 +1100] "POST /wp-cron.php?doing_wp_cron=1761001720.2752621173858642578125 HTTP/1.1" 200 243 "-" "WordPress/6.7.4; http://www.livremonami.nc"
98.82.66.172 - - [21/Oct/2025:10:08:40 +1100] "GET /p=9423 HTTP/1.1" 200 28388 "-" "Mozilla/5.0 AppleWebKit/537.36 (KHTML, like Gecko; compatible; Amazonbot/0.1; +https://developer.amazon.com/support/amazonbot) Chrome/119.0.6045.214 Safari/537.36"
3.212.205.90 - - [21/Oct/2025:10:08:43 +1100] "GET /img_4221 HTTP/1.1" 200 28576 "-" "Mozilla/5.0 AppleWebKit/537.36 (KHTML, like Gecko; compatible; Amazonbot/0.1; +https://developer.amazon.com/support/amazonbot) Chrome/119.0.6045.214 Safari/537.36"
54.88.84.219 - - [21/Oct/2025:10:08:47 +1100] "GET /p=5125/img_2515 HTTP/1.1" 200 28636 "-" "Mozilla/5.0 AppleWebKit/537.36 (KHTML, like Gecko; compatible; Amazonbot/0.1; +https://developer.amazon.com/support/amazonbot) Chrome/119.0.6045.214 Safari/537.36"
98.82.39.241 - - [21/Oct/2025:10:08:50 +1100] "GET /wp-content/uploads/2018/10/IMG_2515.jpg HTTP/1.1" 200 134516 "-" "Mozilla/5.0 AppleWebKit/537.36 (KHTML, like Gecko; compatible; Amazonbot/0.1; +https://developer.amazon.com/support/amazonbot) Chrome/119.0.6045.214 Safari/537.36"
100.27.153.9 - - [21/Oct/2025:10:08:52 +1100] "GET /p=3139/img_0721 HTTP/1.1" 200 28659 "-" "Mozilla/5.0 AppleWebKit/537.36 (KHTML, like Gecko; compatible; Amazonbot/0.1; +https://developer.amazon.com/support/amazonbot) Chrome/119.0.6045.214 Safari/537.36"
216.225.203.35 - - [21/Oct/2025:10:09:26 +1100] "GET /wp-login.php HTTP/1.1" 200 18373 "-" "Mozilla/5.0 (X11; Linux x86_64) AppleWebKit/537.36 (KHTML, like Gecko) Chrome/140.0.0.0 Safari/537.36"
216.225.203.35 - - [21/Oct/2025:10:09:27 +1100] "POST /wp-login.php HTTP/1.1" 503 20076 "http://livremonami.nc/wp-admin/" "Mozilla/5.0 (X11; Linux x86_64) AppleWebKit/537.36 (KHTML, like Gecko) Chrome/140.0.0.0 Safari/537.36"
176.31.139.16 - - [21/Oct/2025:10:09:40 +1100] "GET /feed?attachment_id=11269 HTTP/1.1" 200 982 "-" "Mozilla/5.0 (compatible; AhrefsBot/7.0; +http://ahrefs.com/robot/)"
216.225.203.35 - - [21/Oct/2025:10:11:10 +1100] "GET /wp-login.php HTTP/1.1" 200 18372 "-" "Mozilla/5.0 (X11; Linux x86_64) AppleWebKit/537.36 (KHTML, like Gecko) Chrome/140.0.0.0 Safari/537.36"
202.22.159.247 - - [21/Oct/2025:10:11:11 +1100] "POST /wp-cron.php?doing_wp_cron=1761001871.0834379196166992187500 HTTP/1.1" 200 243 "-" "WordPress/6.7.4; http://www.livremonami.nc"
216.225.203.35 - - [21/Oct/2025:10:11:12 +1100] "POST /wp-login.php HTTP/1.1" 503 20076 "http://livremonami.nc/wp-admin/" "Mozilla/5.0 (X11; Linux x86_64) AppleWebKit/537.36 (KHTML, like Gecko) Chrome/140.0.0.0 Safari/537.36"
176.31.139.22 - - [21/Oct/2025:10:11:39 +1100] "GET /feed?attachment_id=6003 HTTP/1.1" 200 971 "-" "Mozilla/5.0 (compatible; AhrefsBot/7.0; +http://ahrefs.com/robot/)"
216.225.203.35 - - [21/Oct/2025:10:12:56 +1100] "GET /wp-login.php HTTP/1.1" 200 18373 "-" "Mozilla/5.0 (X11; Linux x86_64) AppleWebKit/537.36 (KHTML, like Gecko) Chrome/140.0.0.0 Safari/537.36"
216.225.203.35 - - [21/Oct/2025:10:12:57 +1100] "POST /wp-login.php HTTP/1.1" 503 20076 "http://livremonami.nc/wp-admin/" "Mozilla/5.0 (X11; Linux x86_64) AppleWebKit/537.36 (KHTML, like Gecko) Chrome/140.0.0.0 Safari/537.36"
202.22.159.247 - - [21/Oct/2025:10:13:57 +1100] "POST /wp-cron.php?doing_wp_cron=1761002036.9974329471588134765625 HTTP/1.1" 200 243 "-" "WordPress/6.7.4; http://www.livremonami.nc"
5.39.1.232 - - [21/Oct/2025:10:13:56 +1100] "GET /p=6811/comment-page-1 HTTP/1.1" 200 29763 "-" "Mozilla/5.0 (compatible; AhrefsBot/7.0; +http://ahrefs.com/robot/)"
216.225.203.35 - - [21/Oct/2025:10:14:42 +1100] "GET /wp-login.php HTTP/1.1" 200 18371 "-" "Mozilla/5.0 (X11; Linux x86_64) AppleWebKit/537.36 (KHTML, like Gecko) Chrome/140.0.0.0 Safari/537.36"
216.225.203.35 - - [21/Oct/2025:10:14:43 +1100] "POST /wp-login.php HTTP/1.1" 503 20076 "http://livremonami.nc/wp-admin/" "Mozilla/5.0 (X11; Linux x86_64) AppleWebKit/537.36 (KHTML, like Gecko) Chrome/140.0.0.0 Safari/537.36"
202.22.159.247 - - [21/Oct/2025:10:15:22 +1100] "POST /wp-cron.php?doing_wp_cron=1761002122.8319880962371826171875 HTTP/1.1" 200 243 "-" "WordPress/6.7.4; http://www.livremonami.nc"
92.222.104.199 - - [21/Oct/2025:10:15:22 +1100] "GET /feed?attachment_id=11260 HTTP/1.1" 200 981 "-" "Mozilla/5.0 (compatible; AhrefsBot/7.0; +http://ahrefs.com/robot/)"
202.22.159.247 - - [21/Oct/2025:10:16:28 +1100] "POST /wp-cron.php?doing_wp_cron=1761002188.0322370529174804687500 HTTP/1.1" 200 243 "-" "WordPress/6.7.4; http://www.livremonami.nc"
216.225.203.35 - - [21/Oct/2025:10:16:27 +1100] "GET /wp-login.php HTTP/1.1" 200 18371 "-" "Mozilla/5.0 (X11; Linux x86_64) AppleWebKit/537.36 (KHTML, like Gecko) Chrome/140.0.0.0 Safari/537.36"
216.225.203.35 - - [21/Oct/2025:10:16:28 +1100] "POST /wp-login.php HTTP/1.1" 503 20076 "http://livremonami.nc/wp-admin/" "Mozilla/5.0 (X11; Linux x86_64) AppleWebKit/537.36 (KHTML, like Gecko) Chrome/140.0.0.0 Safari/537.36"
202.22.159.247 - - [21/Oct/2025:10:17:08 +1100] "POST /wp-cron.php?doing_wp_cron=1761002228.9268739223480224609375 HTTP/1.1" 200 243 "-" "WordPress/6.7.4; http://www.livremonami.nc"
5.39.1.244 - - [21/Oct/2025:10:17:08 +1100] "GET /feed?attachment_id=4712 HTTP/1.1" 200 983 "-" "Mozilla/5.0 (compatible; AhrefsBot/7.0; +http://ahrefs.com/robot/)"
216.225.203.35 - - [21/Oct/2025:10:18:11 +1100] "GET /wp-login.php HTTP/1.1" 200 18373 "-" "Mozilla/5.0 (X11; Linux x86_64) AppleWebKit/537.36 (KHTML, like Gecko) Chrome/140.0.0.0 Safari/537.36"
216.225.203.35 - - [21/Oct/2025:10:18:12 +1100] "POST /wp-login.php HTTP/1.1" 503 20076 "http://livremonami.nc/wp-admin/" "Mozilla/5.0 (X11; Linux x86_64) AppleWebKit/537.36 (KHTML, like Gecko) Chrome/140.0.0.0 Safari/537.36"
114.119.146.185 - - [21/Oct/2025:10:18:37 +1100] "GET /p=3530/dscn1566_1 HTTP/1.1" 200 28683 "http://www.livremonami.nc?attachment_id=3563" "Mozilla/5.0 (Linux; Android 7.0;) AppleWebKit/537.36 (KHTML, like Gecko) Mobile Safari/537.36 (compatible; PetalBot;+https://webmaster.petalsearch.com/site/petalbot)"
202.22.159.247 - - [21/Oct/2025:10:19:03 +1100] "POST /wp-cron.php?doing_wp_cron=1761002343.4472548961639404296875 HTTP/1.1" 200 243 "-" "WordPress/6.7.4; http://www.livremonami.nc"
5.39.1.230 - - [21/Oct/2025:10:19:03 +1100] "GET /blog HTTP/1.1" 200 29660 "-" "Mozilla/5.0 (compatible; AhrefsBot/7.0; +http://ahrefs.com/robot/)"
216.225.203.35 - - [21/Oct/2025:10:19:52 +1100] "GET /wp-login.php HTTP/1.1" 200 18372 "-" "Mozilla/5.0 (X11; Linux x86_64) AppleWebKit/537.36 (KHTML, like Gecko) Chrome/140.0.0.0 Safari/537.36"
216.225.203.35 - - [21/Oct/2025:10:19:53 +1100] "POST /wp-login.php HTTP/1.1" 503 20076 "http://livremonami.nc/wp-admin/" "Mozilla/5.0 (X11; Linux x86_64) AppleWebKit/537.36 (KHTML, like Gecko) Chrome/140.0.0.0 Safari/537.36"
114.119.133.108 - - [21/Oct/2025:10:20:01 +1100] "GET /?attachment_id=6649 HTTP/1.1" 301 274 "http://www.livremonami.nc/?p=6646" "Mozilla/5.0 (Linux; Android 7.0;) AppleWebKit/537.36 (KHTML, like Gecko) Mobile Safari/537.36 (compatible; PetalBot;+https://webmaster.petalsearch.com/site/petalbot)"
114.119.133.108 - - [21/Oct/2025:10:20:02 +1100] "GET /p=6646/image19b HTTP/1.1" 200 28621 "http://www.livremonami.nc/?p=6646" "Mozilla/5.0 (Linux; Android 7.0;) AppleWebKit/537.36 (KHTML, like Gecko) Mobile Safari/537.36 (compatible; PetalBot;+https://webmaster.petalsearch.com/site/petalbot)"
202.22.159.247 - - [21/Oct/2025:10:20:50 +1100] "POST /wp-cron.php?doing_wp_cron=1761002450.6258699893951416015625 HTTP/1.1" 200 243 "-" "WordPress/6.7.4; http://www.livremonami.nc"
5.39.1.255 - - [21/Oct/2025:10:20:50 +1100] "GET /feed?attachment_id=4290 HTTP/1.1" 200 985 "-" "Mozilla/5.0 (compatible; AhrefsBot/7.0; +http://ahrefs.com/robot/)"
216.225.203.35 - - [21/Oct/2025:10:21:33 +1100] "GET /wp-login.php HTTP/1.1" 200 18374 "-" "Mozilla/5.0 (X11; Linux x86_64) AppleWebKit/537.36 (KHTML, like Gecko) Chrome/140.0.0.0 Safari/537.36"
216.225.203.35 - - [21/Oct/2025:10:21:34 +1100] "POST /wp-login.php HTTP/1.1" 503 20076 "http://livremonami.nc/wp-admin/" "Mozilla/5.0 (X11; Linux x86_64) AppleWebKit/537.36 (KHTML, like Gecko) Chrome/140.0.0.0 Safari/537.36"
202.22.159.247 - - [21/Oct/2025:10:22:40 +1100] "POST /wp-cron.php?doing_wp_cron=1761002560.0960359573364257812500 HTTP/1.1" 200 243 "-" "WordPress/6.7.4; http://www.livremonami.nc"
37.59.204.142 - - [21/Oct/2025:10:22:39 +1100] "GET /p=3454/img_6009/feed HTTP/1.1" 200 959 "-" "Mozilla/5.0 (compatible; AhrefsBot/7.0; +http://ahrefs.com/robot/)"
196.251.114.48 - - [21/Oct/2025:10:22:48 +1100] "POST /wp-login.php HTTP/1.1" 503 20076 "-" "Mozilla/5.0"
202.22.159.247 - - [21/Oct/2025:10:23:19 +1100] "POST /wp-cron.php?doing_wp_cron=1761002599.0693690776824951171875 HTTP/1.1" 200 243 "-" "WordPress/6.7.4; http://www.livremonami.nc"
216.225.203.35 - - [21/Oct/2025:10:23:18 +1100] "GET /wp-login.php HTTP/1.1" 200 18374 "-" "Mozilla/5.0 (X11; Linux x86_64) AppleWebKit/537.36 (KHTML, like Gecko) Chrome/140.0.0.0 Safari/537.36"
216.225.203.35 - - [21/Oct/2025:10:23:19 +1100] "POST /wp-login.php HTTP/1.1" 503 20076 "http://livremonami.nc/wp-admin/" "Mozilla/5.0 (X11; Linux x86_64) AppleWebKit/537.36 (KHTML, like Gecko) Chrome/140.0.0.0 Safari/537.36"
202.22.159.247 - - [21/Oct/2025:10:24:56 +1100] "POST /wp-cron.php?doing_wp_cron=1761002696.8330769538879394531250 HTTP/1.1" 200 243 "-" "WordPress/6.7.4; http://www.livremonami.nc"
5.39.1.227 - - [21/Oct/2025:10:24:56 +1100] "GET /feed?attachment_id=5372 HTTP/1.1" 200 963 "-" "Mozilla/5.0 (compatible; AhrefsBot/7.0; +http://ahrefs.com/robot/)"
216.225.203.35 - - [21/Oct/2025:10:25:03 +1100] "GET /wp-login.php HTTP/1.1" 200 18373 "-" "Mozilla/5.0 (X11; Linux x86_64) AppleWebKit/537.36 (KHTML, like Gecko) Chrome/140.0.0.0 Safari/537.36"
216.225.203.35 - - [21/Oct/2025:10:25:03 +1100] "POST /wp-login.php HTTP/1.1" 503 20076 "http://livremonami.nc/wp-admin/" "Mozilla/5.0 (X11; Linux x86_64) AppleWebKit/537.36 (KHTML, like Gecko) Chrome/140.0.0.0 Safari/537.36"
216.73.216.49 - - [21/Oct/2025:10:25:40 +1100] "GET /sitemap.xml HTTP/1.1" 200 737 "-" "Mozilla/5.0 AppleWebKit/537.36 (KHTML, like Gecko; compatible; ClaudeBot/1.0; +claudebot@anthropic.com)"
202.22.159.247 - - [21/Oct/2025:10:26:48 +1100] "POST /wp-cron.php?doing_wp_cron=1761002808.8166239261627197265625 HTTP/1.1" 200 243 "-" "WordPress/6.7.4; http://www.livremonami.nc"
216.225.203.35 - - [21/Oct/2025:10:26:48 +1100] "GET /wp-login.php HTTP/1.1" 200 18374 "-" "Mozilla/5.0 (X11; Linux x86_64) AppleWebKit/537.36 (KHTML, like Gecko) Chrome/140.0.0.0 Safari/537.36"
216.225.203.35 - - [21/Oct/2025:10:26:49 +1100] "POST /wp-login.php HTTP/1.1" 503 20076 "http://livremonami.nc/wp-admin/" "Mozilla/5.0 (X11; Linux x86_64) AppleWebKit/537.36 (KHTML, like Gecko) Chrome/140.0.0.0 Safari/537.36"
202.22.159.247 - - [21/Oct/2025:10:27:23 +1100] "POST /wp-cron.php?doing_wp_cron=1761002843.5323059558868408203125 HTTP/1.1" 200 243 "-" "WordPress/6.7.4; http://www.livremonami.nc"
54.37.118.91 - - [21/Oct/2025:10:27:23 +1100] "GET /p=2740/img_3817/feed HTTP/1.1" 200 964 "-" "Mozilla/5.0 (compatible; AhrefsBot/7.0; +http://ahrefs.com/robot/)"
205.169.39.26 - - [21/Oct/2025:10:27:35 +1100] "GET /p=2740/img%5f3817/feed HTTP/1.1" 200 792 "-" "Mozilla/5.0 (Windows NT 10.0) AppleWebKit/537.36 (KHTML, like Gecko) Chrome/106.0.0.0 Safari/537.36"
216.225.203.35 - - [21/Oct/2025:10:28:34 +1100] "GET /wp-login.php HTTP/1.1" 200 18372 "-" "Mozilla/5.0 (X11; Linux x86_64) AppleWebKit/537.36 (KHTML, like Gecko) Chrome/140.0.0.0 Safari/537.36"
216.225.203.35 - - [21/Oct/2025:10:28:35 +1100] "POST /wp-login.php HTTP/1.1" 503 20076 "http://livremonami.nc/wp-admin/" "Mozilla/5.0 (X11; Linux x86_64) AppleWebKit/537.36 (KHTML, like Gecko) Chrome/140.0.0.0 Safari/537.36"
52.71.46.142 - - [21/Oct/2025:10:29:52 +1100] "GET /blog/wp-content/uploads/2011/04/IP28-Livre-Mon-Ami5.doc HTTP/1.1" 404 96717 "-" "Mozilla/5.0 AppleWebKit/537.36 (KHTML, like Gecko; compatible; Amazonbot/0.1; +https://developer.amazon.com/support/amazonbot) Chrome/119.0.6045.214 Safari/537.36"
202.22.159.247 - - [21/Oct/2025:10:29:53 +1100] "POST /wp-cron.php?doing_wp_cron=1761002993.0553948879241943359375 HTTP/1.1" 200 243 "-" "WordPress/6.7.4; http://www.livremonami.nc"
52.204.71.8 - - [21/Oct/2025:10:29:56 +1100] "GET /p=5162/img_2791 HTTP/1.1" 200 28670 "-" "Mozilla/5.0 AppleWebKit/537.36 (KHTML, like Gecko; compatible; Amazonbot/0.1; +https://developer.amazon.com/support/amazonbot) Chrome/119.0.6045.214 Safari/537.36"
98.80.130.239 - - [21/Oct/2025:10:30:02 +1100] "GET /40790547_287288328542612_402186359709630464_n HTTP/1.1" 200 28752 "-" "Mozilla/5.0 AppleWebKit/537.36 (KHTML, like Gecko; compatible; Amazonbot/0.1; +https://developer.amazon.com/support/amazonbot) Chrome/119.0.6045.214 Safari/537.36"
94.23.188.200 - - [21/Oct/2025:10:30:03 +1100] "GET /page/20 HTTP/1.1" 200 32784 "-" "Mozilla/5.0 (compatible; AhrefsBot/7.0; +http://ahrefs.com/robot/)"
54.147.80.137 - - [21/Oct/2025:10:30:05 +1100] "GET /wp-content/uploads/2018/09/40790547_287288328542612_402186359709630464_n.jpg HTTP/1.1" 200 284234 "-" "Mozilla/5.0 AppleWebKit/537.36 (KHTML, like Gecko; compatible; Amazonbot/0.1; +https://developer.amazon.com/support/amazonbot) Chrome/119.0.6045.214 Safari/537.36"
216.225.203.35 - - [21/Oct/2025:10:30:20 +1100] "GET /wp-login.php HTTP/1.1" 200 18374 "-" "Mozilla/5.0 (X11; Linux x86_64) AppleWebKit/537.36 (KHTML, like Gecko) Chrome/140.0.0.0 Safari/537.36"
216.225.203.35 - - [21/Oct/2025:10:30:21 +1100] "POST /wp-login.php HTTP/1.1" 503 20076 "http://livremonami.nc/wp-admin/" "Mozilla/5.0 (X11; Linux x86_64) AppleWebKit/537.36 (KHTML, like Gecko) Chrome/140.0.0.0 Safari/537.36"
202.22.159.247 - - [21/Oct/2025:10:32:00 +1100] "POST /wp-cron.php?doing_wp_cron=1761003120.0502960681915283203125 HTTP/1.1" 200 243 "-" "WordPress/6.7.4; http://www.livremonami.nc"
51.75.236.154 - - [21/Oct/2025:10:31:59 +1100] "GET /p=2740/img_3885/feed HTTP/1.1" 200 964 "-" "Mozilla/5.0 (compatible; AhrefsBot/7.0; +http://ahrefs.com/robot/)"
216.225.203.35 - - [21/Oct/2025:10:32:05 +1100] "GET /wp-login.php HTTP/1.1" 200 18373 "-" "Mozilla/5.0 (X11; Linux x86_64) AppleWebKit/537.36 (KHTML, like Gecko) Chrome/140.0.0.0 Safari/537.36"
216.225.203.35 - - [21/Oct/2025:10:32:06 +1100] "POST /wp-login.php HTTP/1.1" 503 20076 "http://livremonami.nc/wp-admin/" "Mozilla/5.0 (X11; Linux x86_64) AppleWebKit/537.36 (KHTML, like Gecko) Chrome/140.0.0.0 Safari/537.36"
54.37.118.65 - - [21/Oct/2025:10:32:35 +1100] "GET /wp-content/uploads/2017/11/B8EB.jpg HTTP/1.1" 200 64261 "-" "Mozilla/5.0 (compatible; AhrefsBot/7.0; +http://ahrefs.com/robot/)"
202.22.159.247 - - [21/Oct/2025:10:33:51 +1100] "POST /wp-cron.php?doing_wp_cron=1761003231.2717149257659912109375 HTTP/1.1" 200 243 "-" "WordPress/6.7.4; http://www.livremonami.nc"
216.225.203.35 - - [21/Oct/2025:10:33:51 +1100] "GET /wp-login.php HTTP/1.1" 200 18373 "-" "Mozilla/5.0 (X11; Linux x86_64) AppleWebKit/537.36 (KHTML, like Gecko) Chrome/140.0.0.0 Safari/537.36"
216.225.203.35 - - [21/Oct/2025:10:33:51 +1100] "POST /wp-login.php HTTP/1.1" 503 20076 "http://livremonami.nc/wp-admin/" "Mozilla/5.0 (X11; Linux x86_64) AppleWebKit/537.36 (KHTML, like Gecko) Chrome/140.0.0.0 Safari/537.36"
54.37.118.80 - - [21/Oct/2025:10:34:21 +1100] "GET /p=2740/img_3836/feed HTTP/1.1" 200 963 "-" "Mozilla/5.0 (compatible; AhrefsBot/7.0; +http://ahrefs.com/robot/)"
202.22.159.247 - - [21/Oct/2025:10:34:35 +1100] "POST /wp-cron.php?doing_wp_cron=1761003275.3509709835052490234375 HTTP/1.1" 200 243 "-" "WordPress/6.7.4; http://www.livremonami.nc"
114.119.133.12 - - [21/Oct/2025:10:34:35 +1100] "GET /page/3?matprin=archives&laureat=oui HTTP/1.1" 200 32535 "http://www.livremonami.nc/?matprin=archives&laureat=oui&paged=2" "Mozilla/5.0 (Linux; Android 7.0;) AppleWebKit/537.36 (KHTML, like Gecko) Mobile Safari/537.36 (compatible; PetalBot;+https://webmaster.petalsearch.com/site/petalbot)"
216.225.203.35 - - [21/Oct/2025:10:35:35 +1100] "GET /wp-login.php HTTP/1.1" 200 18371 "-" "Mozilla/5.0 (X11; Linux x86_64) AppleWebKit/537.36 (KHTML, like Gecko) Chrome/140.0.0.0 Safari/537.36"
216.225.203.35 - - [21/Oct/2025:10:35:36 +1100] "POST /wp-login.php HTTP/1.1" 503 20076 "http://livremonami.nc/wp-admin/" "Mozilla/5.0 (X11; Linux x86_64) AppleWebKit/537.36 (KHTML, like Gecko) Chrome/140.0.0.0 Safari/537.36"
114.119.155.54 - - [21/Oct/2025:10:35:59 +1100] "GET /page/24?matprin=liste_jeu HTTP/1.1" 200 32719 "http://www.livremonami.nc?matprin=liste_jeu&paged=26" "Mozilla/5.0 (Linux; Android 7.0;) AppleWebKit/537.36 (KHTML, like Gecko) Mobile Safari/537.36 (compatible; PetalBot;+https://webmaster.petalsearch.com/site/petalbot)"
202.22.159.247 - - [21/Oct/2025:10:36:32 +1100] "POST /wp-cron.php?doing_wp_cron=1761003392.8039209842681884765625 HTTP/1.1" 200 243 "-" "WordPress/6.7.4; http://www.livremonami.nc"
94.23.188.222 - - [21/Oct/2025:10:36:32 +1100] "GET /p=2740/img_3827/feed HTTP/1.1" 200 964 "-" "Mozilla/5.0 (compatible; AhrefsBot/7.0; +http://ahrefs.com/robot/)"
202.22.159.247 - - [21/Oct/2025:10:37:19 +1100] "POST /wp-cron.php?doing_wp_cron=1761003439.9262740612030029296875 HTTP/1.1" 200 243 "-" "WordPress/6.7.4; http://www.livremonami.nc"
216.225.203.35 - - [21/Oct/2025:10:37:19 +1100] "GET /wp-login.php HTTP/1.1" 200 18373 "-" "Mozilla/5.0 (X11; Linux x86_64) AppleWebKit/537.36 (KHTML, like Gecko) Chrome/140.0.0.0 Safari/537.36"
216.225.203.35 - - [21/Oct/2025:10:37:20 +1100] "POST /wp-login.php HTTP/1.1" 503 20076 "http://livremonami.nc/wp-admin/" "Mozilla/5.0 (X11; Linux x86_64) AppleWebKit/537.36 (KHTML, like Gecko) Chrome/140.0.0.0 Safari/537.36"
114.119.155.54 - - [21/Oct/2025:10:37:22 +1100] "GET /p=category/auteurs/page/8 HTTP/1.1" 200 29721 "http://www.livremonami.nc/?cat=4&paged=8" "Mozilla/5.0 (Linux; Android 7.0;) AppleWebKit/537.36 (KHTML, like Gecko) Mobile Safari/537.36 (compatible; PetalBot;+https://webmaster.petalsearch.com/site/petalbot)"
202.22.159.247 - - [21/Oct/2025:10:38:44 +1100] "POST /wp-cron.php?doing_wp_cron=1761003524.8808739185333251953125 HTTP/1.1" 200 243 "-" "WordPress/6.7.4; http://www.livremonami.nc"
5.39.109.173 - - [21/Oct/2025:10:38:44 +1100] "GET /p=4628/2017_11_20_img_1880/feed HTTP/1.1" 200 975 "-" "Mozilla/5.0 (compatible; AhrefsBot/7.0; +http://ahrefs.com/robot/)"
114.119.155.235 - - [21/Oct/2025:10:38:45 +1100] "GET /p=11683/img_20250305_143353 HTTP/1.1" 200 28694 "http://www.livremonami.nc/p=11683/img_20250305_143353" "Mozilla/5.0 (Linux; Android 7.0;) AppleWebKit/537.36 (KHTML, like Gecko) Mobile Safari/537.36 (compatible; PetalBot;+https://webmaster.petalsearch.com/site/petalbot)"
216.225.203.35 - - [21/Oct/2025:10:39:05 +1100] "GET /wp-login.php HTTP/1.1" 200 18373 "-" "Mozilla/5.0 (X11; Linux x86_64) AppleWebKit/537.36 (KHTML, like Gecko) Chrome/140.0.0.0 Safari/537.36"
216.225.203.35 - - [21/Oct/2025:10:39:05 +1100] "POST /wp-login.php HTTP/1.1" 503 20076 "http://livremonami.nc/wp-admin/" "Mozilla/5.0 (X11; Linux x86_64) AppleWebKit/537.36 (KHTML, like Gecko) Chrome/140.0.0.0 Safari/537.36"
202.22.159.247 - - [21/Oct/2025:10:40:11 +1100] "POST /wp-cron.php?doing_wp_cron=1761003611.3823258876800537109375 HTTP/1.1" 200 243 "-" "WordPress/6.7.4; http://www.livremonami.nc"
114.119.133.12 - - [21/Oct/2025:10:40:11 +1100] "GET /?attachment_id=6267 HTTP/1.1" 301 286 "http://www.livremonami.nc/?attachment_id=6226" "Mozilla/5.0 (Linux; Android 7.0;) AppleWebKit/537.36 (KHTML, like Gecko) Mobile Safari/537.36 (compatible; PetalBot;+https://webmaster.petalsearch.com/site/petalbot)"
114.119.133.12 - - [21/Oct/2025:10:40:11 +1100] "GET /fondaccueilsite2020v2-redim HTTP/1.1" 200 28600 "http://www.livremonami.nc/?attachment_id=6226" "Mozilla/5.0 (Linux; Android 7.0;) AppleWebKit/537.36 (KHTML, like Gecko) Mobile Safari/537.36 (compatible; PetalBot;+https://webmaster.petalsearch.com/site/petalbot)"
216.225.203.35 - - [21/Oct/2025:10:40:50 +1100] "GET /wp-login.php HTTP/1.1" 200 18373 "-" "Mozilla/5.0 (X11; Linux x86_64) AppleWebKit/537.36 (KHTML, like Gecko) Chrome/140.0.0.0 Safari/537.36"
216.225.203.35 - - [21/Oct/2025:10:40:50 +1100] "POST /wp-login.php HTTP/1.1" 503 20076 "http://livremonami.nc/wp-admin/" "Mozilla/5.0 (X11; Linux x86_64) AppleWebKit/537.36 (KHTML, like Gecko) Chrome/140.0.0.0 Safari/537.36"
92.222.104.192 - - [21/Oct/2025:10:40:54 +1100] "GET /page/44 HTTP/1.1" 200 32411 "-" "Mozilla/5.0 (compatible; AhrefsBot/7.0; +http://ahrefs.com/robot/)"
202.22.159.247 - - [21/Oct/2025:10:42:35 +1100] "POST /wp-cron.php?doing_wp_cron=1761003755.8517749309539794921875 HTTP/1.1" 200 243 "-" "WordPress/6.7.4; http://www.livremonami.nc"
216.225.203.35 - - [21/Oct/2025:10:42:35 +1100] "GET /wp-login.php HTTP/1.1" 200 18373 "-" "Mozilla/5.0 (X11; Linux x86_64) AppleWebKit/537.36 (KHTML, like Gecko) Chrome/140.0.0.0 Safari/537.36"
216.225.203.35 - - [21/Oct/2025:10:42:36 +1100] "POST /wp-login.php HTTP/1.1" 503 20076 "http://livremonami.nc/wp-admin/" "Mozilla/5.0 (X11; Linux x86_64) AppleWebKit/537.36 (KHTML, like Gecko) Chrome/140.0.0.0 Safari/537.36"
51.75.236.138 - - [21/Oct/2025:10:42:47 +1100] "GET /feed?attachment_id=4709 HTTP/1.1" 200 977 "-" "Mozilla/5.0 (compatible; AhrefsBot/7.0; +http://ahrefs.com/robot/)"
202.22.159.247 - - [21/Oct/2025:10:44:22 +1100] "POST /wp-cron.php?doing_wp_cron=1761003862.0126709938049316406250 HTTP/1.1" 200 243 "-" "WordPress/6.7.4; http://www.livremonami.nc"
216.225.203.35 - - [21/Oct/2025:10:44:21 +1100] "GET /wp-login.php HTTP/1.1" 200 18373 "-" "Mozilla/5.0 (X11; Linux x86_64) AppleWebKit/537.36 (KHTML, like Gecko) Chrome/140.0.0.0 Safari/537.36"
216.225.203.35 - - [21/Oct/2025:10:44:22 +1100] "POST /wp-login.php HTTP/1.1" 503 20076 "http://livremonami.nc/wp-admin/" "Mozilla/5.0 (X11; Linux x86_64) AppleWebKit/537.36 (KHTML, like Gecko) Chrome/140.0.0.0 Safari/537.36"
202.22.159.247 - - [21/Oct/2025:10:44:47 +1100] "POST /wp-cron.php?doing_wp_cron=1761003887.4766440391540527343750 HTTP/1.1" 200 243 "-" "WordPress/6.7.4; http://www.livremonami.nc"
176.31.139.19 - - [21/Oct/2025:10:44:47 +1100] "GET /p=1508/comment-page-1 HTTP/1.1" 200 30512 "-" "Mozilla/5.0 (compatible; AhrefsBot/7.0; +http://ahrefs.com/robot/)"
202.22.159.247 - - [21/Oct/2025:10:46:07 +1100] "POST /wp-cron.php?doing_wp_cron=1761003967.5456829071044921875000 HTTP/1.1" 200 243 "-" "WordPress/6.7.4; http://www.livremonami.nc"
216.225.203.35 - - [21/Oct/2025:10:46:07 +1100] "GET /wp-login.php HTTP/1.1" 200 18372 "-" "Mozilla/5.0 (X11; Linux x86_64) AppleWebKit/537.36 (KHTML, like Gecko) Chrome/140.0.0.0 Safari/537.36"
216.225.203.35 - - [21/Oct/2025:10:46:08 +1100] "POST /wp-login.php HTTP/1.1" 503 20076 "http://livremonami.nc/wp-admin/" "Mozilla/5.0 (X11; Linux x86_64) AppleWebKit/537.36 (KHTML, like Gecko) Chrome/140.0.0.0 Safari/537.36"
202.22.159.247 - - [21/Oct/2025:10:46:47 +1100] "POST /wp-cron.php?doing_wp_cron=1761004007.0734469890594482421875 HTTP/1.1" 200 243 "-" "WordPress/6.7.4; http://www.livremonami.nc"
5.39.1.244 - - [21/Oct/2025:10:46:46 +1100] "GET /p=4649/img_2396/feed HTTP/1.1" 200 964 "-" "Mozilla/5.0 (compatible; AhrefsBot/7.0; +http://ahrefs.com/robot/)"
69.171.231.9 - - [21/Oct/2025:10:47:28 +1100] "GET /robots.txt HTTP/1.1" 206 439 "-" "facebookexternalhit/1.1 (+http://www.facebook.com/externalhit_uatext.php)"
173.252.83.1 - - [21/Oct/2025:10:47:29 +1100] "GET /robots.txt HTTP/1.1" 206 439 "-" "facebookexternalhit/1.1 (+http://www.facebook.com/externalhit_uatext.php)"
202.22.159.247 - - [21/Oct/2025:10:47:31 +1100] "POST /wp-cron.php?doing_wp_cron=1761004051.3451440334320068359375 HTTP/1.1" 200 243 "-" "WordPress/6.7.4; http://www.livremonami.nc"
57.141.2.5 - - [21/Oct/2025:10:47:31 +1100] "GET /p=11227 HTTP/1.1" 200 117529 "-" "meta-externalagent/1.1 (+https://developers.facebook.com/docs/sharing/webmasters/crawler)"
48.210.227.143 - - [21/Oct/2025:10:47:46 +1100] "HEAD / HTTP/1.1" 301 277 "-" "python-requests/2.32.4"
48.210.227.143 - - [21/Oct/2025:10:47:48 +1100] "HEAD / HTTP/1.1" 200 268 "-" "python-requests/2.32.4"
48.210.227.143 - - [21/Oct/2025:10:47:49 +1100] "GET /wp-admin/ HTTP/1.1" 302 422 "-" "Mozilla/5.0 (iPhone; CPU iPhone OS 17_2 like Mac OS X) AppleWebKit/605.1.15 (KHTML, like Gecko) Version/17.2 Mobile/15E148 Safari/604.1"
48.210.227.143 - - [21/Oct/2025:10:47:50 +1100] "GET /wp-login.php?redirect_to=http%3A%2F%2Flivremonami.nc%2Fwp-admin%2F&reauth=1 HTTP/1.1" 200 20412 "-" "Mozilla/5.0 (iPhone; CPU iPhone OS 17_2 like Mac OS X) AppleWebKit/605.1.15 (KHTML, like Gecko) Version/17.2 Mobile/15E148 Safari/604.1"
48.210.227.143 - - [21/Oct/2025:10:47:51 +1100] "GET /xmlrpc.php HTTP/1.1" 405 278 "-" "Mozilla/5.0 (Macintosh; Intel Mac OS X 14_2_1) AppleWebKit/537.36 (KHTML, like Gecko) Chrome/120.0.0.0 Safari/537.36"
48.210.227.143 - - [21/Oct/2025:10:47:52 +1100] "GET /?rest_route=/wp/v2/users HTTP/1.1" 401 678 "-" "Mozilla/5.0 (Windows NT 10.0; Win64; x64; rv:120.0) Gecko/20100101 Firefox/120.0"
48.210.227.143 - - [21/Oct/2025:10:47:52 +1100] "GET /?author=1 HTTP/1.1" 404 96670 "-" "Mozilla/5.0 (X11; Ubuntu; Linux x86_64; rv:121.0) Gecko/20100101 Firefox/121.0"
216.225.203.35 - - [21/Oct/2025:10:47:54 +1100] "GET /wp-login.php HTTP/1.1" 200 18372 "-" "Mozilla/5.0 (X11; Linux x86_64) AppleWebKit/537.36 (KHTML, like Gecko) Chrome/140.0.0.0 Safari/537.36"
216.225.203.35 - - [21/Oct/2025:10:47:54 +1100] "POST /wp-login.php HTTP/1.1" 503 20076 "http://livremonami.nc/wp-admin/" "Mozilla/5.0 (X11; Linux x86_64) AppleWebKit/537.36 (KHTML, like Gecko) Chrome/140.0.0.0 Safari/537.36"
202.22.159.247 - - [21/Oct/2025:10:48:49 +1100] "POST /wp-cron.php?doing_wp_cron=1761004129.5798110961914062500000 HTTP/1.1" 200 243 "-" "WordPress/6.7.4; http://www.livremonami.nc"
37.59.204.153 - - [21/Oct/2025:10:48:49 +1100] "GET /page/43 HTTP/1.1" 200 32143 "-" "Mozilla/5.0 (compatible; AhrefsBot/7.0; +http://ahrefs.com/robot/)"
216.244.66.242 - - [21/Oct/2025:10:48:58 +1100] "GET /robots.txt HTTP/1.1" 200 338 "-" "Mozilla/5.0 (compatible; DotBot/1.2; +https://opensiteexplorer.org/dotbot; help@moz.com)"
216.225.203.35 - - [21/Oct/2025:10:49:38 +1100] "GET /wp-login.php HTTP/1.1" 200 18372 "-" "Mozilla/5.0 (X11; Linux x86_64) AppleWebKit/537.36 (KHTML, like Gecko) Chrome/140.0.0.0 Safari/537.36"
216.225.203.35 - - [21/Oct/2025:10:49:39 +1100] "POST /wp-login.php HTTP/1.1" 503 20076 "http://livremonami.nc/wp-admin/" "Mozilla/5.0 (X11; Linux x86_64) AppleWebKit/537.36 (KHTML, like Gecko) Chrome/140.0.0.0 Safari/537.36"
202.22.159.247 - - [21/Oct/2025:10:50:33 +1100] "POST /wp-cron.php?doing_wp_cron=1761004233.2485830783843994140625 HTTP/1.1" 200 243 "-" "WordPress/6.7.4; http://www.livremonami.nc"
51.68.247.194 - - [21/Oct/2025:10:50:33 +1100] "GET /p=4628/2017_11_20_img_1882/feed HTTP/1.1" 200 975 "-" "Mozilla/5.0 (compatible; AhrefsBot/7.0; +http://ahrefs.com/robot/)"
216.225.203.35 - - [21/Oct/2025:10:51:23 +1100] "GET /wp-login.php HTTP/1.1" 200 18371 "-" "Mozilla/5.0 (X11; Linux x86_64) AppleWebKit/537.36 (KHTML, like Gecko) Chrome/140.0.0.0 Safari/537.36"
216.225.203.35 - - [21/Oct/2025:10:51:24 +1100] "POST /wp-login.php HTTP/1.1" 503 20076 "http://livremonami.nc/wp-admin/" "Mozilla/5.0 (X11; Linux x86_64) AppleWebKit/537.36 (KHTML, like Gecko) Chrome/140.0.0.0 Safari/537.36"
202.22.159.247 - - [21/Oct/2025:10:52:41 +1100] "POST /wp-cron.php?doing_wp_cron=1761004361.4097940921783447265625 HTTP/1.1" 200 243 "-" "WordPress/6.7.4; http://www.livremonami.nc"
92.222.108.115 - - [21/Oct/2025:10:52:41 +1100] "GET /page/12?matprin=liste_livre_2 HTTP/1.1" 200 31871 "-" "Mozilla/5.0 (compatible; AhrefsBot/7.0; +http://ahrefs.com/robot/)"
216.225.203.35 - - [21/Oct/2025:10:53:08 +1100] "GET /wp-login.php HTTP/1.1" 200 18373 "-" "Mozilla/5.0 (X11; Linux x86_64) AppleWebKit/537.36 (KHTML, like Gecko) Chrome/140.0.0.0 Safari/537.36"
216.225.203.35 - - [21/Oct/2025:10:53:09 +1100] "POST /wp-login.php HTTP/1.1" 503 20076 "http://livremonami.nc/wp-admin/" "Mozilla/5.0 (X11; Linux x86_64) AppleWebKit/537.36 (KHTML, like Gecko) Chrome/140.0.0.0 Safari/537.36"
202.22.159.247 - - [21/Oct/2025:10:54:42 +1100] "POST /wp-cron.php?doing_wp_cron=1761004482.0250320434570312500000 HTTP/1.1" 200 243 "-" "WordPress/6.7.4; http://www.livremonami.nc"
92.222.104.220 - - [21/Oct/2025:10:54:41 +1100] "GET /p=5059/bernheim02/feed HTTP/1.1" 200 959 "-" "Mozilla/5.0 (compatible; AhrefsBot/7.0; +http://ahrefs.com/robot/)"
216.225.203.35 - - [21/Oct/2025:10:54:54 +1100] "GET /wp-login.php HTTP/1.1" 200 18373 "-" "Mozilla/5.0 (X11; Linux x86_64) AppleWebKit/537.36 (KHTML, like Gecko) Chrome/140.0.0.0 Safari/537.36"
216.225.203.35 - - [21/Oct/2025:10:54:55 +1100] "POST /wp-login.php HTTP/1.1" 503 20076 "http://livremonami.nc/wp-admin/" "Mozilla/5.0 (X11; Linux x86_64) AppleWebKit/537.36 (KHTML, like Gecko) Chrome/140.0.0.0 Safari/537.36"
202.22.159.247 - - [21/Oct/2025:10:56:30 +1100] "POST /wp-cron.php?doing_wp_cron=1761004590.0616838932037353515625 HTTP/1.1" 200 243 "-" "WordPress/6.7.4; http://www.livremonami.nc"
51.75.236.155 - - [21/Oct/2025:10:56:29 +1100] "GET /p=2717/145e/feed HTTP/1.1" 200 953 "-" "Mozilla/5.0 (compatible; AhrefsBot/7.0; +http://ahrefs.com/robot/)"
216.73.216.49 - - [21/Oct/2025:10:56:32 +1100] "GET /p=3345 HTTP/1.1" 200 28978 "-" "Mozilla/5.0 AppleWebKit/537.36 (KHTML, like Gecko; compatible; ClaudeBot/1.0; +claudebot@anthropic.com)"
124.221.190.23 - - [21/Oct/2025:10:56:36 +1100] "GET / HTTP/1.1" 200 32451 "-" "Mozilla/5.0 (Linux; Android 10; LIO-AN00 Build/HUAWEILIO-AN00; wv) MicroMessenger Weixin QQ AppleWebKit/537.36 (KHTML, like Gecko) Version/4.0 Chrome/78.0.3904.62 XWEB/2692 MMWEBSDK/200901 Mobile Safari/537.36"
216.225.203.35 - - [21/Oct/2025:10:56:39 +1100] "GET /wp-login.php HTTP/1.1" 200 18374 "-" "Mozilla/5.0 (X11; Linux x86_64) AppleWebKit/537.36 (KHTML, like Gecko) Chrome/140.0.0.0 Safari/537.36"
216.225.203.35 - - [21/Oct/2025:10:56:40 +1100] "POST /wp-login.php HTTP/1.1" 503 20076 "http://livremonami.nc/wp-admin/" "Mozilla/5.0 (X11; Linux x86_64) AppleWebKit/537.36 (KHTML, like Gecko) Chrome/140.0.0.0 Safari/537.36"
202.22.159.247 - - [21/Oct/2025:10:58:24 +1100] "POST /wp-cron.php?doing_wp_cron=1761004704.3694961071014404296875 HTTP/1.1" 200 243 "-" "WordPress/6.7.4; http://www.livremonami.nc"
216.225.203.35 - - [21/Oct/2025:10:58:24 +1100] "GET /wp-login.php HTTP/1.1" 200 18372 "-" "Mozilla/5.0 (X11; Linux x86_64) AppleWebKit/537.36 (KHTML, like Gecko) Chrome/140.0.0.0 Safari/537.36"
216.225.203.35 - - [21/Oct/2025:10:58:25 +1100] "POST /wp-login.php HTTP/1.1" 503 20076 "http://livremonami.nc/wp-admin/" "Mozilla/5.0 (X11; Linux x86_64) AppleWebKit/537.36 (KHTML, like Gecko) Chrome/140.0.0.0 Safari/537.36"
92.222.108.126 - - [21/Oct/2025:10:58:28 +1100] "GET /p=4665/img_0625/feed HTTP/1.1" 200 963 "-" "Mozilla/5.0 (compatible; AhrefsBot/7.0; +http://ahrefs.com/robot/)"
118.179.224.99 - - [21/Oct/2025:10:58:52 +1100] "GET / HTTP/1.1" 200 32481 "-" "Mozilla/5.0 (Windows NT 10.0; Win64; x64) AppleWebKit/537.36 (KHTML, like Gecko) Chrome/141.0.0.0 Safari/537.36 Edg/141.0.0.0"
118.179.224.99 - - [21/Oct/2025:10:58:52 +1100] "GET /wp-content/aafd9425158f8f03937d0df38997f6f2/dist/1369589066.js?ver=975c5defe73b4b2fde03afbaa384a541 HTTP/1.1" 200 11253 "http://www.livremonami.nc/" "Mozilla/5.0 (Windows NT 10.0; Win64; x64) AppleWebKit/537.36 (KHTML, like Gecko) Chrome/141.0.0.0 Safari/537.36 Edg/141.0.0.0"
118.179.224.99 - - [21/Oct/2025:10:58:52 +1100] "GET /wp-content/aafd9425158f8f03937d0df38997f6f2/dist/1745265449.js?ver=d36d84fb7cc16e772fa1f8b9196971f3 HTTP/1.1" 200 14248 "http://www.livremonami.nc/" "Mozilla/5.0 (Windows NT 10.0; Win64; x64) AppleWebKit/537.36 (KHTML, like Gecko) Chrome/141.0.0.0 Safari/537.36 Edg/141.0.0.0"
118.179.224.99 - - [21/Oct/2025:10:58:52 +1100] "GET /wp-content/plugins/real-cookie-banner/public/lib/animate.css/animate.min.css?ver=4.1.1 HTTP/1.1" 200 5593 "http://www.livremonami.nc/" "Mozilla/5.0 (Windows NT 10.0; Win64; x64) AppleWebKit/537.36 (KHTML, like Gecko) Chrome/141.0.0.0 Safari/537.36 Edg/141.0.0.0"
118.179.224.99 - - [21/Oct/2025:10:58:52 +1100] "GET /wp-content/plugins/shortcodes-ultimate/vendor/magnific-popup/magnific-popup.css?ver=1.2.0 HTTP/1.1" 200 2145 "http://www.livremonami.nc/" "Mozilla/5.0 (Windows NT 10.0; Win64; x64) AppleWebKit/537.36 (KHTML, like Gecko) Chrome/141.0.0.0 Safari/537.36 Edg/141.0.0.0"
118.179.224.99 - - [21/Oct/2025:10:58:52 +1100] "GET /wp-content/plugins/shortcodes-ultimate/vendor/flickity/flickity.css?ver=2.2.1 HTTP/1.1" 200 973 "http://www.livremonami.nc/" "Mozilla/5.0 (Windows NT 10.0; Win64; x64) AppleWebKit/537.36 (KHTML, like Gecko) Chrome/141.0.0.0 Safari/537.36 Edg/141.0.0.0"
118.179.224.99 - - [21/Oct/2025:10:58:52 +1100] "GET /wp-content/plugins/shortcodes-ultimate/includes/css/shortcodes.css?ver=7.4.5 HTTP/1.1" 200 8094 "http://www.livremonami.nc/" "Mozilla/5.0 (Windows NT 10.0; Win64; x64) AppleWebKit/537.36 (KHTML, like Gecko) Chrome/141.0.0.0 Safari/537.36 Edg/141.0.0.0"
118.179.224.99 - - [21/Oct/2025:10:58:52 +1100] "GET /wp-content/plugins/shortcodes-ultimate/vendor/magnific-popup/magnific-popup.js?ver=1.2.0 HTTP/1.1" 200 7770 "http://www.livremonami.nc/" "Mozilla/5.0 (Windows NT 10.0; Win64; x64) AppleWebKit/537.36 (KHTML, like Gecko) Chrome/141.0.0.0 Safari/537.36 Edg/141.0.0.0"
118.179.224.99 - - [21/Oct/2025:10:58:52 +1100] "GET /wp-content/plugins/shortcodes-ultimate/includes/js/shortcodes/index.js?ver=7.4.5 HTTP/1.1" 200 4749 "http://www.livremonami.nc/" "Mozilla/5.0 (Windows NT 10.0; Win64; x64) AppleWebKit/537.36 (KHTML, like Gecko) Chrome/141.0.0.0 Safari/537.36 Edg/141.0.0.0"
118.179.224.99 - - [21/Oct/2025:10:58:52 +1100] "GET /wp-content/plugins/shortcodes-ultimate/vendor/flickity/flickity.js?ver=2.2.1 HTTP/1.1" 200 13972 "http://www.livremonami.nc/" "Mozilla/5.0 (Windows NT 10.0; Win64; x64) AppleWebKit/537.36 (KHTML, like Gecko) Chrome/141.0.0.0 Safari/537.36 Edg/141.0.0.0"
118.179.224.99 - - [21/Oct/2025:10:58:52 +1100] "GET /wp-content/uploads/2025/08/04-1-250x150.jpg HTTP/1.1" 304 233 "http://www.livremonami.nc/" "Mozilla/5.0 (Windows NT 10.0; Win64; x64) AppleWebKit/537.36 (KHTML, like Gecko) Chrome/141.0.0.0 Safari/537.36 Edg/141.0.0.0"
118.179.224.99 - - [21/Oct/2025:10:58:52 +1100] "GET /wp-content/uploads/2025/08/IMG-20250807-WA0022-250x150.jpg HTTP/1.1" 304 233 "http://www.livremonami.nc/" "Mozilla/5.0 (Windows NT 10.0; Win64; x64) AppleWebKit/537.36 (KHTML, like Gecko) Chrome/141.0.0.0 Safari/537.36 Edg/141.0.0.0"
118.179.224.99 - - [21/Oct/2025:10:58:52 +1100] "GET /wp-content/uploads/2025/08/000-250x150.jpg HTTP/1.1" 304 233 "http://www.livremonami.nc/" "Mozilla/5.0 (Windows NT 10.0; Win64; x64) AppleWebKit/537.36 (KHTML, like Gecko) Chrome/141.0.0.0 Safari/537.36 Edg/141.0.0.0"
118.179.224.99 - - [21/Oct/2025:10:58:52 +1100] "GET /wp-content/uploads/2025/08/IMG_20250806_080441-250x150.jpeg HTTP/1.1" 304 233 "http://www.livremonami.nc/" "Mozilla/5.0 (Windows NT 10.0; Win64; x64) AppleWebKit/537.36 (KHTML, like Gecko) Chrome/141.0.0.0 Safari/537.36 Edg/141.0.0.0"
118.179.224.99 - - [21/Oct/2025:10:58:52 +1100] "GET /wp-content/uploads/2025/08/IMG_0790-250x150.jpg HTTP/1.1" 304 234 "http://www.livremonami.nc/" "Mozilla/5.0 (Windows NT 10.0; Win64; x64) AppleWebKit/537.36 (KHTML, like Gecko) Chrome/141.0.0.0 Safari/537.36 Edg/141.0.0.0"
118.179.224.99 - - [21/Oct/2025:10:58:52 +1100] "GET /wp-content/uploads/2025/08/05-250x150.jpg HTTP/1.1" 304 233 "http://www.livremonami.nc/" "Mozilla/5.0 (Windows NT 10.0; Win64; x64) AppleWebKit/537.36 (KHTML, like Gecko) Chrome/141.0.0.0 Safari/537.36 Edg/141.0.0.0"
118.179.224.99 - - [21/Oct/2025:10:58:52 +1100] "GET /wp-content/aafd9425158f8f03937d0df38997f6f2/dist/1129662835.js?ver=760a80a785db15de5ae062b79ff6b25e HTTP/1.1" 200 12560 "http://www.livremonami.nc/" "Mozilla/5.0 (Windows NT 10.0; Win64; x64) AppleWebKit/537.36 (KHTML, like Gecko) Chrome/141.0.0.0 Safari/537.36 Edg/141.0.0.0"
118.179.224.99 - - [21/Oct/2025:10:58:53 +1100] "GET /wp-content/aafd9425158f8f03937d0df38997f6f2/dist/185216922.js?ver=7dc9e2eda0ff80e2 HTTP/1.1" 200 3330 "http://www.livremonami.nc/" "Mozilla/5.0 (Windows NT 10.0; Win64; x64) AppleWebKit/537.36 (KHTML, like Gecko) Chrome/141.0.0.0 Safari/537.36 Edg/141.0.0.0"
118.179.224.99 - - [21/Oct/2025:10:58:53 +1100] "GET /wp-content/aafd9425158f8f03937d0df38997f6f2/dist/1641291308.js?ver=14ea71fb2f8a0d98 HTTP/1.1" 200 8801 "http://www.livremonami.nc/" "Mozilla/5.0 (Windows NT 10.0; Win64; x64) AppleWebKit/537.36 (KHTML, like Gecko) Chrome/141.0.0.0 Safari/537.36 Edg/141.0.0.0"
118.179.224.99 - - [21/Oct/2025:10:58:53 +1100] "GET /wp-content/aafd9425158f8f03937d0df38997f6f2/dist/1609299691.js?ver=1992c0fd421ab3fe HTTP/1.1" 200 4030 "http://www.livremonami.nc/" "Mozilla/5.0 (Windows NT 10.0; Win64; x64) AppleWebKit/537.36 (KHTML, like Gecko) Chrome/141.0.0.0 Safari/537.36 Edg/141.0.0.0"
118.179.224.99 - - [21/Oct/2025:10:58:53 +1100] "GET /wp-content/aafd9425158f8f03937d0df38997f6f2/dist/1506965844.js?ver=552c4de6aed98e50 HTTP/1.1" 200 11528 "http://www.livremonami.nc/" "Mozilla/5.0 (Windows NT 10.0; Win64; x64) AppleWebKit/537.36 (KHTML, like Gecko) Chrome/141.0.0.0 Safari/537.36 Edg/141.0.0.0"
118.179.224.99 - - [21/Oct/2025:10:58:53 +1100] "GET /wp-content/aafd9425158f8f03937d0df38997f6f2/dist/1662245168.js?ver=f86a4dd026a0508c HTTP/1.1" 200 11544 "http://www.livremonami.nc/" "Mozilla/5.0 (Windows NT 10.0; Win64; x64) AppleWebKit/537.36 (KHTML, like Gecko) Chrome/141.0.0.0 Safari/537.36 Edg/141.0.0.0"
118.179.224.99 - - [21/Oct/2025:10:58:53 +1100] "GET /wp-content/aafd9425158f8f03937d0df38997f6f2/dist/403684040.js?ver=8df583989d8940fa HTTP/1.1" 200 8158 "http://www.livremonami.nc/" "Mozilla/5.0 (Windows NT 10.0; Win64; x64) AppleWebKit/537.36 (KHTML, like Gecko) Chrome/141.0.0.0 Safari/537.36 Edg/141.0.0.0"
118.179.224.99 - - [21/Oct/2025:10:58:53 +1100] "GET /wp-content/aafd9425158f8f03937d0df38997f6f2/dist/16286160.js?ver=b7918037eae597a2 HTTP/1.1" 200 7688 "http://www.livremonami.nc/" "Mozilla/5.0 (Windows NT 10.0; Win64; x64) AppleWebKit/537.36 (KHTML, like Gecko) Chrome/141.0.0.0 Safari/537.36 Edg/141.0.0.0"
202.22.159.247 - - [21/Oct/2025:10:58:56 +1100] "POST /wp-cron.php?doing_wp_cron=1761004736.4104089736938476562500 HTTP/1.1" 200 243 "-" "WordPress/6.7.4; http://www.livremonami.nc"
118.179.224.99 - - [21/Oct/2025:10:58:56 +1100] "GET /archives HTTP/1.1" 200 98871 "http://www.livremonami.nc/" "Mozilla/5.0 (Windows NT 10.0; Win64; x64) AppleWebKit/537.36 (KHTML, like Gecko) Chrome/141.0.0.0 Safari/537.36 Edg/141.0.0.0"
118.179.224.99 - - [21/Oct/2025:10:58:56 +1100] "GET //wp-content/uploads/2024/02/08.jpg HTTP/1.1" 200 36202 "http://www.livremonami.nc/archives" "Mozilla/5.0 (Windows NT 10.0; Win64; x64) AppleWebKit/537.36 (KHTML, like Gecko) Chrome/141.0.0.0 Safari/537.36 Edg/141.0.0.0"
118.179.224.99 - - [21/Oct/2025:10:59:20 +1100] "GET /?s=estelel+faye HTTP/1.1" 200 27139 "http://www.livremonami.nc/archives" "Mozilla/5.0 (Windows NT 10.0; Win64; x64) AppleWebKit/537.36 (KHTML, like Gecko) Chrome/141.0.0.0 Safari/537.36 Edg/141.0.0.0"
118.179.224.99 - - [21/Oct/2025:10:59:20 +1100] "GET //wp-content/uploads/2024/02/14.jpg HTTP/1.1" 200 28579 "http://www.livremonami.nc/?s=estelel+faye" "Mozilla/5.0 (Windows NT 10.0; Win64; x64) AppleWebKit/537.36 (KHTML, like Gecko) Chrome/141.0.0.0 Safari/537.36 Edg/141.0.0.0"
114.119.136.184 - - [21/Oct/2025:10:59:23 +1100] "GET /?attachment_id=2689 HTTP/1.1" 301 276 "http://www.livremonami.nc?attachment_id=2690" "Mozilla/5.0 (Linux; Android 7.0;) AppleWebKit/537.36 (KHTML, like Gecko) Mobile Safari/537.36 (compatible; PetalBot;+https://webmaster.petalsearch.com/site/petalbot)"
114.119.136.184 - - [21/Oct/2025:10:59:23 +1100] "GET /p=2686/dscn0388_1 HTTP/1.1" 200 28669 "http://www.livremonami.nc?attachment_id=2690" "Mozilla/5.0 (Linux; Android 7.0;) AppleWebKit/537.36 (KHTML, like Gecko) Mobile Safari/537.36 (compatible; PetalBot;+https://webmaster.petalsearch.com/site/petalbot)"
118.179.224.99 - - [21/Oct/2025:10:59:27 +1100] "GET /?s=estelle+faye HTTP/1.1" 200 29505 "http://www.livremonami.nc/?s=estelel+faye" "Mozilla/5.0 (Windows NT 10.0; Win64; x64) AppleWebKit/537.36 (KHTML, like Gecko) Chrome/141.0.0.0 Safari/537.36 Edg/141.0.0.0"
118.179.224.99 - - [21/Oct/2025:10:59:27 +1100] "GET /wp-content/uploads/2020/12/capture_visio_bernheim-250x142.jpg HTTP/1.1" 200 16725 "http://www.livremonami.nc/?s=estelle+faye" "Mozilla/5.0 (Windows NT 10.0; Win64; x64) AppleWebKit/537.36 (KHTML, like Gecko) Chrome/141.0.0.0 Safari/537.36 Edg/141.0.0.0"
118.179.224.99 - - [21/Oct/2025:10:59:27 +1100] "GET /wp-content/uploads/2020/12/2020-12-10_Livre-mon-ami_Estelle-FAYE-001-226x150.jpeg HTTP/1.1" 200 18252 "http://www.livremonami.nc/?s=estelle+faye" "Mozilla/5.0 (Windows NT 10.0; Win64; x64) AppleWebKit/537.36 (KHTML, like Gecko) Chrome/141.0.0.0 Safari/537.36 Edg/141.0.0.0"
118.179.224.99 - - [21/Oct/2025:10:59:27 +1100] "GET /wp-content/uploads/2020/09/estelle_faye-100x150.jpg HTTP/1.1" 200 7068 "http://www.livremonami.nc/?s=estelle+faye" "Mozilla/5.0 (Windows NT 10.0; Win64; x64) AppleWebKit/537.36 (KHTML, like Gecko) Chrome/141.0.0.0 Safari/537.36 Edg/141.0.0.0"
118.179.224.99 - - [21/Oct/2025:10:59:27 +1100] "GET //wp-content/uploads/2024/02/20.jpg HTTP/1.1" 200 18743 "http://www.livremonami.nc/?s=estelle+faye" "Mozilla/5.0 (Windows NT 10.0; Win64; x64) AppleWebKit/537.36 (KHTML, like Gecko) Chrome/141.0.0.0 Safari/537.36 Edg/141.0.0.0"
118.179.224.99 - - [21/Oct/2025:10:59:27 +1100] "GET /wp-content/uploads/2020/09/chateau-100x150.jpg HTTP/1.1" 200 9708 "http://www.livremonami.nc/?s=estelle+faye" "Mozilla/5.0 (Windows NT 10.0; Win64; x64) AppleWebKit/537.36 (KHTML, like Gecko) Chrome/141.0.0.0 Safari/537.36 Edg/141.0.0.0"
118.179.224.99 - - [21/Oct/2025:10:59:30 +1100] "GET /p=7042 HTTP/1.1" 200 29584 "http://www.livremonami.nc/?s=estelle+faye" "Mozilla/5.0 (Windows NT 10.0; Win64; x64) AppleWebKit/537.36 (KHTML, like Gecko) Chrome/141.0.0.0 Safari/537.36 Edg/141.0.0.0"
216.225.203.35 - - [21/Oct/2025:11:00:11 +1100] "GET /wp-login.php HTTP/1.1" 200 18375 "-" "Mozilla/5.0 (X11; Linux x86_64) AppleWebKit/537.36 (KHTML, like Gecko) Chrome/140.0.0.0 Safari/537.36"
216.225.203.35 - - [21/Oct/2025:11:00:12 +1100] "POST /wp-login.php HTTP/1.1" 503 20074 "http://livremonami.nc/wp-admin/" "Mozilla/5.0 (X11; Linux x86_64) AppleWebKit/537.36 (KHTML, like Gecko) Chrome/140.0.0.0 Safari/537.36"
92.222.108.99 - - [21/Oct/2025:11:00:32 +1100] "GET /p=4026 HTTP/1.1" 200 36910 "-" "Mozilla/5.0 (compatible; AhrefsBot/7.0; +http://ahrefs.com/robot/)"
202.22.159.247 - - [21/Oct/2025:11:01:33 +1100] "POST /wp-cron.php?doing_wp_cron=1761004893.9390859603881835937500 HTTP/1.1" 200 243 "-" "WordPress/6.7.4; http://www.livremonami.nc"
216.244.66.242 - - [21/Oct/2025:11:01:33 +1100] "GET /page/24?matprin=calendrier_2013 HTTP/1.1" 200 128321 "-" "Mozilla/5.0 (compatible; DotBot/1.2; +https://opensiteexplorer.org/dotbot; help@moz.com)"
216.73.216.49 - - [21/Oct/2025:11:01:49 +1100] "GET /?p=246 HTTP/1.1" 301 301 "-" "Mozilla/5.0 AppleWebKit/537.36 (KHTML, like Gecko; compatible; ClaudeBot/1.0; +claudebot@anthropic.com)"
216.73.216.49 - - [21/Oct/2025:11:01:49 +1100] "GET /p=246 HTTP/1.1" 200 30371 "http://www.livremonami.nc/?p=246" "Mozilla/5.0 AppleWebKit/537.36 (KHTML, like Gecko; compatible; ClaudeBot/1.0; +claudebot@anthropic.com)"
216.225.203.35 - - [21/Oct/2025:11:01:59 +1100] "GET /wp-login.php HTTP/1.1" 200 18376 "-" "Mozilla/5.0 (X11; Linux x86_64) AppleWebKit/537.36 (KHTML, like Gecko) Chrome/140.0.0.0 Safari/537.36"
216.225.203.35 - - [21/Oct/2025:11:02:00 +1100] "POST /wp-login.php HTTP/1.1" 503 20074 "http://livremonami.nc/wp-admin/" "Mozilla/5.0 (X11; Linux x86_64) AppleWebKit/537.36 (KHTML, like Gecko) Chrome/140.0.0.0 Safari/537.36"
216.73.216.49 - - [21/Oct/2025:11:02:14 +1100] "GET /p=3356 HTTP/1.1" 200 29369 "-" "Mozilla/5.0 AppleWebKit/537.36 (KHTML, like Gecko; compatible; ClaudeBot/1.0; +claudebot@anthropic.com)"
216.73.216.49 - - [21/Oct/2025:11:02:15 +1100] "GET /blog/page/56 HTTP/1.1" 200 29335 "-" "Mozilla/5.0 AppleWebKit/537.36 (KHTML, like Gecko; compatible; ClaudeBot/1.0; +claudebot@anthropic.com)"
216.73.216.49 - - [21/Oct/2025:11:02:15 +1100] "GET /blog/page/12 HTTP/1.1" 200 29145 "-" "Mozilla/5.0 AppleWebKit/537.36 (KHTML, like Gecko; compatible; ClaudeBot/1.0; +claudebot@anthropic.com)"
176.31.139.8 - - [21/Oct/2025:11:02:22 +1100] "GET /p=11683/img_20250305_141614/feed HTTP/1.1" 200 976 "-" "Mozilla/5.0 (compatible; AhrefsBot/7.0; +http://ahrefs.com/robot/)"
202.22.159.247 - - [21/Oct/2025:11:02:54 +1100] "POST /wp-cron.php?doing_wp_cron=1761004974.0744059085845947265625 HTTP/1.1" 200 243 "-" "WordPress/6.7.4; http://www.livremonami.nc"
216.73.216.49 - - [21/Oct/2025:11:02:53 +1100] "GET /p=3326 HTTP/1.1" 200 29987 "-" "Mozilla/5.0 AppleWebKit/537.36 (KHTML, like Gecko; compatible; ClaudeBot/1.0; +claudebot@anthropic.com)"
100.28.118.16 - - [21/Oct/2025:11:03:07 +1100] "GET /wp-content/uploads/2023/08/Annexe2_remise_du_prix_2023.pdf HTTP/1.1" 200 113089 "-" "Mozilla/5.0 AppleWebKit/537.36 (KHTML, like Gecko; compatible; Amazonbot/0.1; +https://developer.amazon.com/support/amazonbot) Chrome/119.0.6045.214 Safari/537.36"
184.73.167.217 - - [21/Oct/2025:11:03:10 +1100] "GET /page/53?fbclid=IwY2xjawG98eJleHRuA2FlbQIxMAABHb4B0TKQKAR0h0ki-l4kgrYk4OC6Db68ika9uiAzbQ4TrZbcKly_3fHuyg_aem_ZcT9TG7IHczvSq8_pY7uBw HTTP/1.1" 200 32160 "-" "Mozilla/5.0 AppleWebKit/537.36 (KHTML, like Gecko; compatible; Amazonbot/0.1; +https://developer.amazon.com/support/amazonbot) Chrome/119.0.6045.214 Safari/537.36"
18.232.36.1 - - [21/Oct/2025:11:03:12 +1100] "GET /p=9173 HTTP/1.1" 200 31182 "-" "Mozilla/5.0 AppleWebKit/537.36 (KHTML, like Gecko; compatible; Amazonbot/0.1; +https://developer.amazon.com/support/amazonbot) Chrome/119.0.6045.214 Safari/537.36"
44.206.93.215 - - [21/Oct/2025:11:03:16 +1100] "GET /p=3139/img_0723 HTTP/1.1" 200 28641 "-" "Mozilla/5.0 AppleWebKit/537.36 (KHTML, like Gecko; compatible; Amazonbot/0.1; +https://developer.amazon.com/support/amazonbot) Chrome/119.0.6045.214 Safari/537.36"
54.209.100.30 - - [21/Oct/2025:11:03:18 +1100] "GET /wp-content/uploads/2015/10/IMG_3757-300x225.jpg HTTP/1.1" 200 21722 "-" "Mozilla/5.0 AppleWebKit/537.36 (KHTML, like Gecko; compatible; Amazonbot/0.1; +https://developer.amazon.com/support/amazonbot) Chrome/119.0.6045.214 Safari/537.36"
52.205.113.104 - - [21/Oct/2025:11:03:20 +1100] "GET /dscn3570 HTTP/1.1" 200 28567 "-" "Mozilla/5.0 AppleWebKit/537.36 (KHTML, like Gecko; compatible; Amazonbot/0.1; +https://developer.amazon.com/support/amazonbot) Chrome/119.0.6045.214 Safari/537.36"
3.235.215.92 - - [21/Oct/2025:11:03:23 +1100] "GET /wp-content/uploads/2023/02/Agnes-au-college-de-Bourail-scaled.jpg HTTP/1.1" 200 1064880 "-" "Mozilla/5.0 AppleWebKit/537.36 (KHTML, like Gecko; compatible; Amazonbot/0.1; +https://developer.amazon.com/support/amazonbot) Chrome/119.0.6045.214 Safari/537.36"
18.232.11.247 - - [21/Oct/2025:11:03:24 +1100] "GET /p=5182/img-8949 HTTP/1.1" 200 28674 "-" "Mozilla/5.0 AppleWebKit/537.36 (KHTML, like Gecko; compatible; Amazonbot/0.1; +https://developer.amazon.com/support/amazonbot) Chrome/119.0.6045.214 Safari/537.36"
50.19.221.48 - - [21/Oct/2025:11:03:25 +1100] "GET /wp-content/uploads/2023/02/MOT-AGNES20230211-140x100.jpg HTTP/1.1" 200 5129 "-" "Mozilla/5.0 AppleWebKit/537.36 (KHTML, like Gecko; compatible; Amazonbot/0.1; +https://developer.amazon.com/support/amazonbot) Chrome/119.0.6045.214 Safari/537.36"
3.221.50.71 - - [21/Oct/2025:11:03:29 +1100] "GET /wp-content/uploads/2015/10/142B-300x224.jpg HTTP/1.1" 200 24107 "-" "Mozilla/5.0 AppleWebKit/537.36 (KHTML, like Gecko; compatible; Amazonbot/0.1; +https://developer.amazon.com/support/amazonbot) Chrome/119.0.6045.214 Safari/537.36"
100.29.107.38 - - [21/Oct/2025:11:03:33 +1100] "GET /wp-content/uploads/2016/02/DSCN0430_1-300x169.jpg HTTP/1.1" 200 49136 "-" "Mozilla/5.0 AppleWebKit/537.36 (KHTML, like Gecko; compatible; Amazonbot/0.1; +https://developer.amazon.com/support/amazonbot) Chrome/119.0.6045.214 Safari/537.36"
