114.119.155.235 - - [21/Oct/2025:18:40:25 +1100] "GET /p=3530/dscn1572_1 HTTP/1.1" 200 28681 "http://www.livremonami.nc?attachment_id=3557" "Mozilla/5.0 (Linux; Android 7.0;) AppleWebKit/537.36 (KHTML, like Gecko) Mobile Safari/537.36 (compatible; PetalBot;+https://webmaster.petalsearch.com/site/petalbot)"
185.191.171.13 - - [21/Oct/2025:18:40:57 +1100] "GET /p=4751 HTTP/1.1" 200 29138 "-" "Mozilla/5.0 (compatible; SemrushBot/7~bl; +http://www.semrush.com/bot.html)"
216.73.216.49 - - [21/Oct/2025:18:42:45 +1100] "GET /?p=4521 HTTP/1.1" 301 404 "-" "Mozilla/5.0 AppleWebKit/537.36 (KHTML, like Gecko; compatible; ClaudeBot/1.0; +claudebot@anthropic.com)"
216.73.216.49 - - [21/Oct/2025:18:42:46 +1100] "GET /p=4512/dsc_0307 HTTP/1.1" 200 28720 "http://www.livremonami.nc/?p=4521" "Mozilla/5.0 AppleWebKit/537.36 (KHTML, like Gecko; compatible; ClaudeBot/1.0; +claudebot@anthropic.com)"
85.208.96.211 - - [21/Oct/2025:18:43:15 +1100] "GET /quiz-2019-le-ciel-dhomere HTTP/1.1" 200 34629 "-" "Mozilla/5.0 (compatible; SemrushBot/7~bl; +http://www.semrush.com/bot.html)"
185.191.171.8 - - [21/Oct/2025:18:47:27 +1100] "GET /p=3642 HTTP/1.1" 200 28513 "-" "Mozilla/5.0 (compatible; SemrushBot/7~bl; +http://www.semrush.com/bot.html)"
202.22.159.247 - - [21/Oct/2025:18:47:27 +1100] "POST /wp-cron.php?doing_wp_cron=1761032847.8169729709625244140625 HTTP/1.1" 200 243 "-" "WordPress/6.7.4; http://www.livremonami.nc"
202.22.159.247 - - [21/Oct/2025:18:49:20 +1100] "POST /wp-cron.php?doing_wp_cron=1761032960.0842449665069580078125 HTTP/1.1" 200 243 "-" "WordPress/6.7.4; http://www.livremonami.nc"
185.191.171.16 - - [21/Oct/2025:18:49:19 +1100] "GET /p=1868 HTTP/1.1" 200 28985 "-" "Mozilla/5.0 (compatible; SemrushBot/7~bl; +http://www.semrush.com/bot.html)"
185.191.171.16 - - [21/Oct/2025:18:49:48 +1100] "GET /quiz-2020-megumi-et-le-fantome HTTP/1.1" 200 35234 "-" "Mozilla/5.0 (compatible; SemrushBot/7~bl; +http://www.semrush.com/bot.html)"
92.222.108.126 - - [21/Oct/2025:18:50:25 +1100] "GET /p=11330/img_20241127_144535/feed HTTP/1.1" 200 976 "-" "Mozilla/5.0 (compatible; AhrefsBot/7.0; +http://ahrefs.com/robot/)"
85.208.96.202 - - [21/Oct/2025:18:52:13 +1100] "GET /p=7704 HTTP/1.1" 200 28540 "-" "Mozilla/5.0 (compatible; SemrushBot/7~bl; +http://www.semrush.com/bot.html)"
47.128.121.87 - - [21/Oct/2025:18:52:33 +1100] "GET /?p=8369 HTTP/1.1" 301 302 "-" "Mozilla/5.0 (Linux; Android 5.0) AppleWebKit/537.36 (KHTML, like Gecko) Mobile Safari/537.36 (compatible; TikTokSpider; ttspider-feedback@tiktok.com)"
47.128.121.87 - - [21/Oct/2025:18:52:33 +1100] "GET /p=8369 HTTP/1.1" 200 30403 "-" "Mozilla/5.0 (Linux; Android 5.0) AppleWebKit/537.36 (KHTML, like Gecko) Mobile Safari/537.36 (compatible; TikTokSpider; ttspider-feedback@tiktok.com)"
47.128.121.87 - - [21/Oct/2025:18:52:33 +1100] "GET /wp-content/plugins/advanced-quiz/css/wpAdvQuiz_front.min.css?ver=1.0.4 HTTP/1.1" 200 2754 "http://www.livremonami.nc/p=8369" "Mozilla/5.0 (Linux; Android 5.0) AppleWebKit/537.36 (KHTML, like Gecko) Mobile Safari/537.36 (compatible; TikTokSpider; ttspider-feedback@tiktok.com)"
47.128.121.87 - - [21/Oct/2025:18:52:33 +1100] "GET /wp-content/plugins/real-cookie-banner/public/lib/animate.css/animate.min.css?ver=4.1.1 HTTP/1.1" 200 5593 "http://www.livremonami.nc/p=8369" "Mozilla/5.0 (Linux; Android 5.0) AppleWebKit/537.36 (KHTML, like Gecko) Mobile Safari/537.36 (compatible; TikTokSpider; ttspider-feedback@tiktok.com)"
47.128.121.87 - - [21/Oct/2025:18:52:33 +1100] "GET /wp-includes/css/dist/block-library/style.min.css?ver=6.7.4 HTTP/1.1" 200 15501 "http://www.livremonami.nc/p=8369" "Mozilla/5.0 (Linux; Android 5.0) AppleWebKit/537.36 (KHTML, like Gecko) Mobile Safari/537.36 (compatible; TikTokSpider; ttspider-feedback@tiktok.com)"
47.128.121.87 - - [21/Oct/2025:18:52:33 +1100] "GET /wp-content/plugins/tablepress/css/build/default.css?ver=3.1.3 HTTP/1.1" 200 1904 "http://www.livremonami.nc/p=8369" "Mozilla/5.0 (Linux; Android 5.0) AppleWebKit/537.36 (KHTML, like Gecko) Mobile Safari/537.36 (compatible; TikTokSpider; ttspider-feedback@tiktok.com)"
47.128.121.87 - - [21/Oct/2025:18:52:33 +1100] "GET /wp-content/themes/tempera/fonts/fontfaces.css?ver=1.8.3 HTTP/1.1" 200 1900 "http://www.livremonami.nc/p=8369" "Mozilla/5.0 (Linux; Android 5.0) AppleWebKit/537.36 (KHTML, like Gecko) Mobile Safari/537.36 (compatible; TikTokSpider; ttspider-feedback@tiktok.com)"
47.128.121.87 - - [21/Oct/2025:18:52:33 +1100] "GET /wp-content/themes/tempera/style.css?ver=1.8.3 HTTP/1.1" 200 13132 "http://www.livremonami.nc/p=8369" "Mozilla/5.0 (Linux; Android 5.0) AppleWebKit/537.36 (KHTML, like Gecko) Mobile Safari/537.36 (compatible; TikTokSpider; ttspider-feedback@tiktok.com)"
47.128.121.87 - - [21/Oct/2025:18:52:33 +1100] "GET /wp-content/themes/tempera/styles/style-mobile.css?ver=1.8.3 HTTP/1.1" 200 2296 "http://www.livremonami.nc/p=8369" "Mozilla/5.0 (Linux; Android 5.0) AppleWebKit/537.36 (KHTML, like Gecko) Mobile Safari/537.36 (compatible; TikTokSpider; ttspider-feedback@tiktok.com)"
47.128.121.87 - - [21/Oct/2025:18:52:34 +1100] "GET /wp-content/plugins/shortcodes-ultimate/includes/css/shortcodes.css?ver=7.4.5 HTTP/1.1" 200 8094 "http://www.livremonami.nc/p=8369" "Mozilla/5.0 (Linux; Android 5.0) AppleWebKit/537.36 (KHTML, like Gecko) Mobile Safari/537.36 (compatible; TikTokSpider; ttspider-feedback@tiktok.com)"
47.128.121.87 - - [21/Oct/2025:18:52:34 +1100] "GET /wp-content/plugins/shortcodes-ultimate/includes/css/icons.css?ver=1.1.5 HTTP/1.1" 200 9144 "http://www.livremonami.nc/p=8369" "Mozilla/5.0 (Linux; Android 5.0) AppleWebKit/537.36 (KHTML, like Gecko) Mobile Safari/537.36 (compatible; TikTokSpider; ttspider-feedback@tiktok.com)"
47.128.121.87 - - [21/Oct/2025:18:52:34 +1100] "GET /wp-content/uploads/2018/02/nouveau_logo_LMA_detoure_1150x120b.png HTTP/1.1" 206 816 "http://www.livremonami.nc/p=8369" "Mozilla/5.0 (Linux; Android 5.0) AppleWebKit/537.36 (KHTML, like Gecko) Mobile Safari/537.36 (compatible; TikTokSpider; ttspider-feedback@tiktok.com)"
47.128.121.87 - - [21/Oct/2025:18:52:34 +1100] "GET /wp-content/themes/tempera/images/socials/RSS.png HTTP/1.1" 206 814 "http://www.livremonami.nc/p=8369" "Mozilla/5.0 (Linux; Android 5.0) AppleWebKit/537.36 (KHTML, like Gecko) Mobile Safari/537.36 (compatible; TikTokSpider; ttspider-feedback@tiktok.com)"
47.128.121.87 - - [21/Oct/2025:18:52:34 +1100] "GET /a18px.png HTTP/1.1" 206 813 "http://www.livremonami.nc/p=8369" "Mozilla/5.0 (Linux; Android 5.0) AppleWebKit/537.36 (KHTML, like Gecko) Mobile Safari/537.36 (compatible; TikTokSpider; ttspider-feedback@tiktok.com)"
47.128.121.87 - - [21/Oct/2025:18:52:34 +1100] "GET /wp-content/uploads/2025/02/image_gauche_accueil_2025.jpg HTTP/1.1" 206 819 "http://www.livremonami.nc/p=8369" "Mozilla/5.0 (Linux; Android 5.0) AppleWebKit/537.36 (KHTML, like Gecko) Mobile Safari/537.36 (compatible; TikTokSpider; ttspider-feedback@tiktok.com)"
47.128.121.87 - - [21/Oct/2025:18:52:34 +1100] "GET //wp-content/uploads/2024/02/11.jpg HTTP/1.1" 206 817 "http://www.livremonami.nc/p=8369" "Mozilla/5.0 (Linux; Android 5.0) AppleWebKit/537.36 (KHTML, like Gecko) Mobile Safari/537.36 (compatible; TikTokSpider; ttspider-feedback@tiktok.com)"
47.128.121.87 - - [21/Oct/2025:18:52:34 +1100] "GET /wp-content/themes/tempera/images/dashed-border.png HTTP/1.1" 206 467 "http://www.livremonami.nc/wp-content/themes/tempera/style.css?ver=1.8.3" "Mozilla/5.0 (Linux; Android 5.0) AppleWebKit/537.36 (KHTML, like Gecko) Mobile Safari/537.36 (compatible; TikTokSpider; ttspider-feedback@tiktok.com)"
91.84.114.150 - - [21/Oct/2025:18:53:16 +1100] "GET /p=11775 HTTP/1.0" 200 107585 "http://www.livremonami.nc/p=11775" "Mozilla/5.0 (Windows NT 10.0; Win64; x64) AppleWebKit/537.36 (KHTML, like Gecko) Chrome/131.0.0.0 Safari/537.36"
91.84.114.150 - - [21/Oct/2025:18:53:18 +1100] "GET /comment-recevoir-lauteur-ou-lautrice-du-livre-laureat HTTP/1.0" 200 124621 "http://www.livremonami.nc/comment-recevoir-lauteur-ou-lautrice-du-livre-laureat" "Mozilla/5.0 (Windows NT 10.0; Win64; x64) AppleWebKit/537.36 (KHTML, like Gecko) Chrome/131.0.0.0 Safari/537.36"
185.191.171.11 - - [21/Oct/2025:18:55:49 +1100] "GET /p=2562 HTTP/1.1" 200 28931 "-" "Mozilla/5.0 (compatible; SemrushBot/7~bl; +http://www.semrush.com/bot.html)"
47.128.110.84 - - [21/Oct/2025:18:56:37 +1100] "GET /robots.txt HTTP/1.1" 200 394 "-" "-"
173.252.87.113 - - [21/Oct/2025:18:57:32 +1100] "GET /wp-content/uploads/2025/02/brut_affiche_2025.jpg HTTP/1.1" 200 927514 "-" "facebookexternalhit/1.1 (+http://www.facebook.com/externalhit_uatext.php)"
216.244.66.242 - - [21/Oct/2025:18:57:43 +1100] "GET /robots.txt HTTP/1.1" 200 338 "-" "Mozilla/5.0 (compatible; DotBot/1.2; +https://opensiteexplorer.org/dotbot; help@moz.com)"
114.119.133.12 - - [21/Oct/2025:18:59:54 +1100] "GET /page/61?matprin=archives&laureat=oui HTTP/1.1" 200 32075 "http://www.livremonami.nc?matprin=archives&laureat=oui&paged=59" "Mozilla/5.0 (Linux; Android 7.0;) AppleWebKit/537.36 (KHTML, like Gecko) Mobile Safari/537.36 (compatible; PetalBot;+https://webmaster.petalsearch.com/site/petalbot)"
202.22.159.247 - - [21/Oct/2025:18:59:54 +1100] "POST /wp-cron.php?doing_wp_cron=1761033594.3495481014251708984375 HTTP/1.1" 200 243 "-" "WordPress/6.7.4; http://www.livremonami.nc"
114.119.133.108 - - [21/Oct/2025:19:01:10 +1100] "GET /p=6913 HTTP/1.1" 200 29065 "http://www.livremonami.nc/?cat=4&paged=11" "Mozilla/5.0 (Linux; Android 7.0;) AppleWebKit/537.36 (KHTML, like Gecko) Mobile Safari/537.36 (compatible; PetalBot;+https://webmaster.petalsearch.com/site/petalbot)"
216.244.66.242 - - [21/Oct/2025:19:01:44 +1100] "GET /p=11832/feed HTTP/1.1" 200 1301 "-" "Mozilla/5.0 (compatible; DotBot/1.2; +https://opensiteexplorer.org/dotbot; help@moz.com)"
216.73.216.49 - - [21/Oct/2025:19:02:25 +1100] "GET /?cat=8&paged=19 HTTP/1.1" 301 330 "-" "Mozilla/5.0 AppleWebKit/537.36 (KHTML, like Gecko; compatible; ClaudeBot/1.0; +claudebot@anthropic.com)"
185.191.171.11 - - [21/Oct/2025:19:02:25 +1100] "GET /p=5282 HTTP/1.1" 200 28230 "-" "Mozilla/5.0 (compatible; SemrushBot/7~bl; +http://www.semrush.com/bot.html)"
216.73.216.49 - - [21/Oct/2025:19:02:25 +1100] "GET /p=category/accueil-laureat/page/19 HTTP/1.1" 200 29560 "http://www.livremonami.nc/?cat=8&paged=19" "Mozilla/5.0 AppleWebKit/537.36 (KHTML, like Gecko; compatible; ClaudeBot/1.0; +claudebot@anthropic.com)"
114.119.157.237 - - [21/Oct/2025:19:02:33 +1100] "GET /p=2717/146e HTTP/1.1" 200 28651 "http://www.livremonami.nc/?p=2717" "Mozilla/5.0 (Linux; Android 7.0;) AppleWebKit/537.36 (KHTML, like Gecko) Mobile Safari/537.36 (compatible; PetalBot;+https://webmaster.petalsearch.com/site/petalbot)"
114.119.136.184 - - [21/Oct/2025:19:04:00 +1100] "GET /blog/page/3 HTTP/1.1" 200 29739 "http://www.livremonami.nc/?page_id=6285" "Mozilla/5.0 (Linux; Android 7.0;) AppleWebKit/537.36 (KHTML, like Gecko) Mobile Safari/537.36 (compatible; PetalBot;+https://webmaster.petalsearch.com/site/petalbot)"
114.119.157.237 - - [21/Oct/2025:19:05:20 +1100] "GET /?author=0&paged=56 HTTP/1.1" 301 275 "http://www.livremonami.nc/?author=0&paged=58" "Mozilla/5.0 (Linux; Android 7.0;) AppleWebKit/537.36 (KHTML, like Gecko) Mobile Safari/537.36 (compatible; PetalBot;+https://webmaster.petalsearch.com/site/petalbot)"
114.119.157.237 - - [21/Oct/2025:19:05:20 +1100] "GET /page/56?author=0 HTTP/1.1" 200 32117 "http://www.livremonami.nc/?author=0&paged=58" "Mozilla/5.0 (Linux; Android 7.0;) AppleWebKit/537.36 (KHTML, like Gecko) Mobile Safari/537.36 (compatible; PetalBot;+https://webmaster.petalsearch.com/site/petalbot)"
118.179.243.14 - - [21/Oct/2025:19:05:58 +1100] "GET / HTTP/1.1" 200 32481 "-" "Mozilla/5.0 (X11; Linux x86_64; rv:128.0) Gecko/20100101 Firefox/128.0"
118.179.243.14 - - [21/Oct/2025:19:05:58 +1100] "GET /wp-content/aafd9425158f8f03937d0df38997f6f2/dist/1369589066.js?ver=975c5defe73b4b2fde03afbaa384a541 HTTP/1.1" 200 11253 "http://www.livremonami.nc/" "Mozilla/5.0 (X11; Linux x86_64; rv:128.0) Gecko/20100101 Firefox/128.0"
118.179.243.14 - - [21/Oct/2025:19:05:58 +1100] "GET /wp-content/uploads/2022/11/l-amie_en_bois_d-erable.jpeg HTTP/1.1" 200 35102 "http://www.livremonami.nc/" "Mozilla/5.0 (X11; Linux x86_64; rv:128.0) Gecko/20100101 Firefox/128.0"
118.179.243.14 - - [21/Oct/2025:19:05:58 +1100] "GET /wp-content/uploads/2022/11/peur_dans_la_neige.jpeg HTTP/1.1" 200 24793 "http://www.livremonami.nc/" "Mozilla/5.0 (X11; Linux x86_64; rv:128.0) Gecko/20100101 Firefox/128.0"
118.179.243.14 - - [21/Oct/2025:19:05:58 +1100] "GET /wp-content/uploads/2022/11/c-etait_mieux_apres.jpeg HTTP/1.1" 200 39381 "http://www.livremonami.nc/" "Mozilla/5.0 (X11; Linux x86_64; rv:128.0) Gecko/20100101 Firefox/128.0"
118.179.243.14 - - [21/Oct/2025:19:05:58 +1100] "GET /wp-content/uploads/2022/11/l-incroyable_histoire_du_mouton_qui_sauva_une_ecole.jpeg HTTP/1.1" 200 32955 "http://www.livremonami.nc/" "Mozilla/5.0 (X11; Linux x86_64; rv:128.0) Gecko/20100101 Firefox/128.0"
118.179.243.14 - - [21/Oct/2025:19:05:58 +1100] "GET /wp-content/uploads/2022/11/7_rue_des_ecolos.jpeg HTTP/1.1" 200 45567 "http://www.livremonami.nc/" "Mozilla/5.0 (X11; Linux x86_64; rv:128.0) Gecko/20100101 Firefox/128.0"
118.179.243.14 - - [21/Oct/2025:19:05:58 +1100] "GET /wp-content/uploads/2022/11/enfin_la_6eme.jpeg HTTP/1.1" 200 37752 "http://www.livremonami.nc/" "Mozilla/5.0 (X11; Linux x86_64; rv:128.0) Gecko/20100101 Firefox/128.0"
118.179.243.14 - - [21/Oct/2025:19:05:58 +1100] "GET /wp-content/uploads/2021/04/logofacebook.png HTTP/1.1" 200 7797 "http://www.livremonami.nc/" "Mozilla/5.0 (X11; Linux x86_64; rv:128.0) Gecko/20100101 Firefox/128.0"
118.179.243.14 - - [21/Oct/2025:19:05:58 +1100] "GET /wp-content/uploads/2016/02/ill_partenaires_widget.jpeg HTTP/1.1" 200 23378 "http://www.livremonami.nc/" "Mozilla/5.0 (X11; Linux x86_64; rv:128.0) Gecko/20100101 Firefox/128.0"
118.179.243.14 - - [21/Oct/2025:19:05:58 +1100] "GET /wp-content/plugins/shortcodes-ultimate/includes/css/shortcodes.css?ver=7.4.5 HTTP/1.1" 200 8094 "http://www.livremonami.nc/" "Mozilla/5.0 (X11; Linux x86_64; rv:128.0) Gecko/20100101 Firefox/128.0"
118.179.243.14 - - [21/Oct/2025:19:05:58 +1100] "GET /wp-content/uploads/2025/08/04-1-250x150.jpg HTTP/1.1" 200 8306 "http://www.livremonami.nc/" "Mozilla/5.0 (X11; Linux x86_64; rv:128.0) Gecko/20100101 Firefox/128.0"
118.179.243.14 - - [21/Oct/2025:19:05:58 +1100] "GET /wp-content/uploads/2025/02/vignette_accueil_affiche_2025_318x180.jpg HTTP/1.1" 200 18034 "http://www.livremonami.nc/" "Mozilla/5.0 (X11; Linux x86_64; rv:128.0) Gecko/20100101 Firefox/128.0"
118.179.243.14 - - [21/Oct/2025:19:05:58 +1100] "GET /wp-content/uploads/2024/04/image-livre-coeur_318x180.jpg HTTP/1.1" 200 36571 "http://www.livremonami.nc/" "Mozilla/5.0 (X11; Linux x86_64; rv:128.0) Gecko/20100101 Firefox/128.0"
118.179.243.14 - - [21/Oct/2025:19:05:58 +1100] "GET /wp-content/uploads/2017/02/LVH2017_318x180.jpg HTTP/1.1" 200 22097 "http://www.livremonami.nc/" "Mozilla/5.0 (X11; Linux x86_64; rv:128.0) Gecko/20100101 Firefox/128.0"
118.179.243.14 - - [21/Oct/2025:19:05:58 +1100] "GET /wp-content/themes/tempera/js/ajax.js?ver=1.8.3 HTTP/1.1" 200 1217 "http://www.livremonami.nc/" "Mozilla/5.0 (X11; Linux x86_64; rv:128.0) Gecko/20100101 Firefox/128.0"
46.8.57.126 - - [21/Oct/2025:19:05:59 +1100] "GET /?p=3352 HTTP/1.0" 301 302 "-" "Mozilla/5.0 (Windows NT 10.0; Win64; x64) AppleWebKit/537.36 (KHTML, like Gecko) Chrome/118.0.0.0 Safari/537.36"
46.8.57.126 - - [21/Oct/2025:19:06:01 +1100] "GET /p=3352 HTTP/1.0" 200 104700 "-" "Mozilla/5.0 (Windows NT 10.0; Win64; x64) AppleWebKit/537.36 (KHTML, like Gecko) Chrome/118.0.0.0 Safari/537.36"
205.169.39.8 - - [21/Oct/2025:19:06:14 +1100] "GET / HTTP/1.1" 200 32399 "-" "Mozilla/5.0 (Windows NT 10.0) AppleWebKit/537.36 (KHTML, like Gecko) Chrome/106.0.0.0 Safari/537.36"
114.119.136.184 - - [21/Oct/2025:19:06:43 +1100] "GET /page/58?matprin=archives HTTP/1.1" 200 32292 "http://www.livremonami.nc/?matprin=archives&paged=58" "Mozilla/5.0 (Linux; Android 7.0;) AppleWebKit/537.36 (KHTML, like Gecko) Mobile Safari/537.36 (compatible; PetalBot;+https://webmaster.petalsearch.com/site/petalbot)"
114.119.133.12 - - [21/Oct/2025:19:07:08 +1100] "GET /?matprin=liste_jeu&paged=47 HTTP/1.1" 301 284 "http://www.livremonami.nc?matprin=liste_jeu&paged=49" "Mozilla/5.0 (Linux; Android 7.0;) AppleWebKit/537.36 (KHTML, like Gecko) Mobile Safari/537.36 (compatible; PetalBot;+https://webmaster.petalsearch.com/site/petalbot)"
114.119.133.12 - - [21/Oct/2025:19:07:09 +1100] "GET /page/47?matprin=liste_jeu HTTP/1.1" 200 31964 "http://www.livremonami.nc?matprin=liste_jeu&paged=49" "Mozilla/5.0 (Linux; Android 7.0;) AppleWebKit/537.36 (KHTML, like Gecko) Mobile Safari/537.36 (compatible; PetalBot;+https://webmaster.petalsearch.com/site/petalbot)"
85.208.96.211 - - [21/Oct/2025:19:07:10 +1100] "GET /p=7143 HTTP/1.1" 200 31562 "-" "Mozilla/5.0 (compatible; SemrushBot/7~bl; +http://www.semrush.com/bot.html)"
114.119.155.235 - - [21/Oct/2025:19:08:30 +1100] "GET /?attachment_id=3458 HTTP/1.1" 301 276 "http://www.livremonami.nc?p=3454" "Mozilla/5.0 (Linux; Android 7.0;) AppleWebKit/537.36 (KHTML, like Gecko) Mobile Safari/537.36 (compatible; PetalBot;+https://webmaster.petalsearch.com/site/petalbot)"
114.119.155.235 - - [21/Oct/2025:19:08:30 +1100] "GET /p=3454/unnamed4-2 HTTP/1.1" 200 28645 "http://www.livremonami.nc?p=3454" "Mozilla/5.0 (Linux; Android 7.0;) AppleWebKit/537.36 (KHTML, like Gecko) Mobile Safari/537.36 (compatible; PetalBot;+https://webmaster.petalsearch.com/site/petalbot)"
114.119.136.184 - - [21/Oct/2025:19:09:33 +1100] "GET /?attachment_id=2765 HTTP/1.1" 301 276 "http://www.livremonami.nc?p=2753" "Mozilla/5.0 (Linux; Android 7.0;) AppleWebKit/537.36 (KHTML, like Gecko) Mobile Safari/537.36 (compatible; PetalBot;+https://webmaster.petalsearch.com/site/petalbot)"
114.119.136.184 - - [21/Oct/2025:19:09:33 +1100] "GET /p=2753/dscn0440_1 HTTP/1.1" 200 28686 "http://www.livremonami.nc?p=2753" "Mozilla/5.0 (Linux; Android 7.0;) AppleWebKit/537.36 (KHTML, like Gecko) Mobile Safari/537.36 (compatible; PetalBot;+https://webmaster.petalsearch.com/site/petalbot)"
202.22.159.247 - - [21/Oct/2025:19:10:43 +1100] "POST /wp-cron.php?doing_wp_cron=1761034243.7070760726928710937500 HTTP/1.1" 200 243 "-" "WordPress/6.7.4; http://www.livremonami.nc"
196.251.114.48 - - [21/Oct/2025:19:10:43 +1100] "POST /wp-login.php HTTP/1.1" 503 20074 "-" "Mozilla/5.0"
202.22.159.247 - - [21/Oct/2025:19:11:55 +1100] "POST /wp-cron.php?doing_wp_cron=1761034315.9228899478912353515625 HTTP/1.1" 200 243 "-" "WordPress/6.7.4; http://www.livremonami.nc"
54.235.172.96 - - [21/Oct/2025:19:11:55 +1100] "GET /page/52 HTTP/1.1" 200 31903 "-" "Mozilla/5.0 AppleWebKit/537.36 (KHTML, like Gecko; compatible; Amazonbot/0.1; +https://developer.amazon.com/support/amazonbot) Chrome/119.0.6045.214 Safari/537.36"
44.194.134.53 - - [21/Oct/2025:19:12:00 +1100] "GET /p=4569 HTTP/1.1" 200 30091 "-" "Mozilla/5.0 AppleWebKit/537.36 (KHTML, like Gecko; compatible; Amazonbot/0.1; +https://developer.amazon.com/support/amazonbot) Chrome/119.0.6045.214 Safari/537.36"
35.173.18.61 - - [21/Oct/2025:19:12:04 +1100] "GET /p=4474 HTTP/1.1" 200 30812 "-" "Mozilla/5.0 AppleWebKit/537.36 (KHTML, like Gecko; compatible; Amazonbot/0.1; +https://developer.amazon.com/support/amazonbot) Chrome/119.0.6045.214 Safari/537.36"
114.119.133.12 - - [21/Oct/2025:19:12:07 +1100] "GET /?m=2016&paged=6 HTTP/1.1" 301 265 "http://www.livremonami.nc?m=2016&paged=7" "Mozilla/5.0 (Linux; Android 7.0;) AppleWebKit/537.36 (KHTML, like Gecko) Mobile Safari/537.36 (compatible; PetalBot;+https://webmaster.petalsearch.com/site/petalbot)"
114.119.133.12 - - [21/Oct/2025:19:12:08 +1100] "GET /page/6 HTTP/1.1" 200 32104 "http://www.livremonami.nc?m=2016&paged=7" "Mozilla/5.0 (Linux; Android 7.0;) AppleWebKit/537.36 (KHTML, like Gecko) Mobile Safari/537.36 (compatible; PetalBot;+https://webmaster.petalsearch.com/site/petalbot)"
85.208.96.198 - - [21/Oct/2025:19:12:46 +1100] "GET /p=5463 HTTP/1.1" 200 28339 "-" "Mozilla/5.0 (compatible; SemrushBot/7~bl; +http://www.semrush.com/bot.html)"
185.191.171.16 - - [21/Oct/2025:19:13:53 +1100] "GET /p=1587 HTTP/1.1" 200 28474 "-" "Mozilla/5.0 (compatible; SemrushBot/7~bl; +http://www.semrush.com/bot.html)"
216.73.216.49 - - [21/Oct/2025:19:15:11 +1100] "GET /p=3326/feed HTTP/1.1" 200 1278 "-" "Mozilla/5.0 AppleWebKit/537.36 (KHTML, like Gecko; compatible; ClaudeBot/1.0; +claudebot@anthropic.com)"
85.208.96.206 - - [21/Oct/2025:19:16:37 +1100] "GET /p=10024 HTTP/1.1" 200 29327 "-" "Mozilla/5.0 (compatible; SemrushBot/7~bl; +http://www.semrush.com/bot.html)"
185.191.171.14 - - [21/Oct/2025:19:16:47 +1100] "GET /p=11775 HTTP/1.1" 200 29584 "-" "Mozilla/5.0 (compatible; SemrushBot/7~bl; +http://www.semrush.com/bot.html)"
216.73.216.49 - - [21/Oct/2025:19:18:31 +1100] "GET /p=11683/img_20250305_141001 HTTP/1.1" 200 28715 "-" "Mozilla/5.0 AppleWebKit/537.36 (KHTML, like Gecko; compatible; ClaudeBot/1.0; +claudebot@anthropic.com)"
114.119.167.51 - - [21/Oct/2025:19:18:51 +1100] "GET /comment-recevoir-lauteur-ou-lautrice-du-livre-laureat HTTP/1.1" 200 32209 "http://www.livremonami.nc/?p=7731" "Mozilla/5.0 (Linux; Android 7.0;) AppleWebKit/537.36 (KHTML, like Gecko) Mobile Safari/537.36 (compatible; PetalBot;+https://webmaster.petalsearch.com/site/petalbot)"
216.73.216.49 - - [21/Oct/2025:19:19:39 +1100] "GET /p=11683/img_20250305_140041/feed HTTP/1.1" 200 1032 "-" "Mozilla/5.0 AppleWebKit/537.36 (KHTML, like Gecko; compatible; ClaudeBot/1.0; +claudebot@anthropic.com)"
114.119.155.235 - - [21/Oct/2025:19:20:15 +1100] "GET /?attachment_id=763 HTTP/1.1" 301 319 "http://www.livremonami.nc/?attachment_id=764" "Mozilla/5.0 (Linux; Android 7.0;) AppleWebKit/537.36 (KHTML, like Gecko) Mobile Safari/537.36 (compatible; PetalBot;+https://webmaster.petalsearch.com/site/petalbot)"
114.119.155.235 - - [21/Oct/2025:19:20:16 +1100] "GET /007gal_017 HTTP/1.1" 200 28654 "http://www.livremonami.nc/?attachment_id=764" "Mozilla/5.0 (Linux; Android 7.0;) AppleWebKit/537.36 (KHTML, like Gecko) Mobile Safari/537.36 (compatible; PetalBot;+https://webmaster.petalsearch.com/site/petalbot)"
114.119.167.51 - - [21/Oct/2025:19:21:25 +1100] "GET /?p=5993 HTTP/1.1" 301 265 "http://www.livremonami.nc/?p=5988" "Mozilla/5.0 (Linux; Android 7.0;) AppleWebKit/537.36 (KHTML, like Gecko) Mobile Safari/537.36 (compatible; PetalBot;+https://webmaster.petalsearch.com/site/petalbot)"
114.119.167.51 - - [21/Oct/2025:19:21:26 +1100] "GET /p=5993 HTTP/1.1" 200 30678 "http://www.livremonami.nc/?p=5988" "Mozilla/5.0 (Linux; Android 7.0;) AppleWebKit/537.36 (KHTML, like Gecko) Mobile Safari/537.36 (compatible; PetalBot;+https://webmaster.petalsearch.com/site/petalbot)"
114.119.146.185 - - [21/Oct/2025:19:21:38 +1100] "GET /?attachment_id=5234 HTTP/1.1" 301 274 "http://www.livremonami.nc/?p=5220" "Mozilla/5.0 (Linux; Android 7.0;) AppleWebKit/537.36 (KHTML, like Gecko) Mobile Safari/537.36 (compatible; PetalBot;+https://webmaster.petalsearch.com/site/petalbot)"
114.119.146.185 - - [21/Oct/2025:19:21:39 +1100] "GET /p=5220/dscn3583 HTTP/1.1" 200 28671 "http://www.livremonami.nc/?p=5220" "Mozilla/5.0 (Linux; Android 7.0;) AppleWebKit/537.36 (KHTML, like Gecko) Mobile Safari/537.36 (compatible; PetalBot;+https://webmaster.petalsearch.com/site/petalbot)"
202.22.159.247 - - [21/Oct/2025:19:23:29 +1100] "POST /wp-cron.php?doing_wp_cron=1761035009.1698930263519287109375 HTTP/1.1" 200 243 "-" "WordPress/6.7.4; http://www.livremonami.nc"
216.73.216.49 - - [21/Oct/2025:19:23:29 +1100] "GET /?p=11687 HTTP/1.1" 301 416 "-" "Mozilla/5.0 AppleWebKit/537.36 (KHTML, like Gecko; compatible; ClaudeBot/1.0; +claudebot@anthropic.com)"
216.73.216.49 - - [21/Oct/2025:19:23:29 +1100] "GET /p=11683/img_20250305_140041 HTTP/1.1" 200 28690 "http://www.livremonami.nc/?p=11687" "Mozilla/5.0 AppleWebKit/537.36 (KHTML, like Gecko; compatible; ClaudeBot/1.0; +claudebot@anthropic.com)"
170.106.161.78 - - [21/Oct/2025:19:24:15 +1100] "GET / HTTP/1.1" 200 32451 "http://www.livremonami.com" "Mozilla/5.0 (iPhone; CPU iPhone OS 13_2_3 like Mac OS X) AppleWebKit/605.1.15 (KHTML, like Gecko) Version/13.0.3 Mobile/15E148 Safari/604.1"
213.180.203.132 - - [21/Oct/2025:19:25:39 +1100] "GET /wp-content/uploads/2025/02/cropped-icone_site_2025-180x180.jpg HTTP/1.1" 200 14232 "-" "Mozilla/5.0 (compatible; YandexFavicons/1.0; +http://yandex.com/bots)"
85.208.96.201 - - [21/Oct/2025:19:26:48 +1100] "GET /robots.txt HTTP/1.1" 200 362 "-" "Mozilla/5.0 (compatible; SemrushBot/7~bl; +http://www.semrush.com/bot.html)"
85.208.96.211 - - [21/Oct/2025:19:26:48 +1100] "GET /p=category/accueil-laureat/page/3 HTTP/1.1" 200 29768 "-" "Mozilla/5.0 (compatible; SemrushBot/7~bl; +http://www.semrush.com/bot.html)"
202.22.159.247 - - [21/Oct/2025:19:29:41 +1100] "POST /wp-cron.php?doing_wp_cron=1761035381.4136679172515869140625 HTTP/1.1" 200 243 "-" "WordPress/6.7.4; http://www.livremonami.nc"
216.73.216.49 - - [21/Oct/2025:19:29:41 +1100] "GET /p=3356/feed HTTP/1.1" 200 1255 "-" "Mozilla/5.0 AppleWebKit/537.36 (KHTML, like Gecko; compatible; ClaudeBot/1.0; +claudebot@anthropic.com)"
85.208.96.194 - - [21/Oct/2025:19:30:38 +1100] "GET /p=8561 HTTP/1.1" 200 28495 "-" "Mozilla/5.0 (compatible; SemrushBot/7~bl; +http://www.semrush.com/bot.html)"
85.208.96.211 - - [21/Oct/2025:19:30:58 +1100] "GET /p=category/le-scrutin/page/4 HTTP/1.1" 200 29215 "-" "Mozilla/5.0 (compatible; SemrushBot/7~bl; +http://www.semrush.com/bot.html)"
216.73.216.49 - - [21/Oct/2025:19:31:14 +1100] "GET /blog/page/54 HTTP/1.1" 200 29556 "-" "Mozilla/5.0 AppleWebKit/537.36 (KHTML, like Gecko; compatible; ClaudeBot/1.0; +claudebot@anthropic.com)"
216.73.216.49 - - [21/Oct/2025:19:34:48 +1100] "GET /robots.txt HTTP/1.1" 200 399 "-" "Mozilla/5.0 AppleWebKit/537.36 (KHTML, like Gecko; compatible; ClaudeBot/1.0; +claudebot@anthropic.com)"
202.22.159.247 - - [21/Oct/2025:19:34:48 +1100] "POST /wp-cron.php?doing_wp_cron=1761035688.8104739189147949218750 HTTP/1.1" 200 243 "-" "WordPress/6.7.4; http://www.livremonami.nc"
216.73.216.49 - - [21/Oct/2025:19:34:48 +1100] "GET /p=3370 HTTP/1.1" 200 29279 "-" "Mozilla/5.0 AppleWebKit/537.36 (KHTML, like Gecko; compatible; ClaudeBot/1.0; +claudebot@anthropic.com)"
216.73.216.49 - - [21/Oct/2025:19:34:49 +1100] "GET /blog/page/53 HTTP/1.1" 200 29256 "-" "Mozilla/5.0 AppleWebKit/537.36 (KHTML, like Gecko; compatible; ClaudeBot/1.0; +claudebot@anthropic.com)"
124.156.179.141 - - [21/Oct/2025:19:37:05 +1100] "GET / HTTP/1.1" 200 32425 "-" "Mozilla/5.0 (iPhone; CPU iPhone OS 13_2_3 like Mac OS X) AppleWebKit/605.1.15 (KHTML, like Gecko) Version/13.0.3 Mobile/15E148 Safari/604.1"
89.110.67.233 - - [21/Oct/2025:19:38:11 +1100] "GET /p=11775 HTTP/1.0" 200 107551 "http://www.livremonami.nc/p=11775" "Mozilla/5.0 (Windows NT 10.0; Win64; x64) AppleWebKit/537.36 (KHTML, like Gecko) Chrome/131.0.0.0 Safari/537.36 Avast/131.0.0.0"
89.110.67.233 - - [21/Oct/2025:19:38:13 +1100] "GET /comment-recevoir-lauteur-ou-lautrice-du-livre-laureat HTTP/1.0" 200 124616 "http://www.livremonami.nc/comment-recevoir-lauteur-ou-lautrice-du-livre-laureat" "Mozilla/5.0 (Windows NT 10.0; Win64; x64) AppleWebKit/537.36 (KHTML, like Gecko) Chrome/131.0.0.0 Safari/537.36 Avast/131.0.0.0"
216.73.216.49 - - [21/Oct/2025:19:38:14 +1100] "GET /blog/page/14 HTTP/1.1" 200 29829 "-" "Mozilla/5.0 AppleWebKit/537.36 (KHTML, like Gecko; compatible; ClaudeBot/1.0; +claudebot@anthropic.com)"
202.22.159.247 - - [21/Oct/2025:19:40:18 +1100] "POST /wp-cron.php?doing_wp_cron=1761036018.3277020454406738281250 HTTP/1.1" 200 243 "-" "WordPress/6.7.4; http://www.livremonami.nc"
185.191.171.16 - - [21/Oct/2025:19:40:18 +1100] "GET /p=category/photos/page/12 HTTP/1.1" 200 29769 "-" "Mozilla/5.0 (compatible; SemrushBot/7~bl; +http://www.semrush.com/bot.html)"
216.73.216.49 - - [21/Oct/2025:19:41:14 +1100] "GET /p=9506 HTTP/1.1" 200 28711 "-" "Mozilla/5.0 AppleWebKit/537.36 (KHTML, like Gecko; compatible; ClaudeBot/1.0; +claudebot@anthropic.com)"
114.119.167.51 - - [21/Oct/2025:19:41:36 +1100] "GET /?p=6563 HTTP/1.1" 301 265 "http://www.livremonami.nc?matprin=jeux&id_jeu=jeux%2F2011%2Fquizz_008&paged=7" "Mozilla/5.0 (Linux; Android 7.0;) AppleWebKit/537.36 (KHTML, like Gecko) Mobile Safari/537.36 (compatible; PetalBot;+https://webmaster.petalsearch.com/site/petalbot)"
114.119.167.51 - - [21/Oct/2025:19:41:37 +1100] "GET /p=6563 HTTP/1.1" 200 30305 "http://www.livremonami.nc?matprin=jeux&id_jeu=jeux%2F2011%2Fquizz_008&paged=7" "Mozilla/5.0 (Linux; Android 7.0;) AppleWebKit/537.36 (KHTML, like Gecko) Mobile Safari/537.36 (compatible; PetalBot;+https://webmaster.petalsearch.com/site/petalbot)"
85.208.96.199 - - [21/Oct/2025:19:43:57 +1100] "GET /p=4141 HTTP/1.1" 200 28269 "-" "Mozilla/5.0 (compatible; SemrushBot/7~bl; +http://www.semrush.com/bot.html)"
202.22.159.247 - - [21/Oct/2025:19:45:50 +1100] "POST /wp-cron.php?doing_wp_cron=1761036350.8793420791625976562500 HTTP/1.1" 200 243 "-" "WordPress/6.7.4; http://www.livremonami.nc"
216.24.213.69 - - [21/Oct/2025:19:45:50 +1100] "GET /wp-login.php HTTP/1.1" 200 18312 "-" "Mozilla/5.0 (Windows NT 10.0; Win64; x64) AppleWebKit/537.36 (KHTML, like Gecko) Chrome/91.0.4472.124 Safari/537.36"
216.24.213.69 - - [21/Oct/2025:19:45:53 +1100] "POST /xmlrpc.php HTTP/1.1" 503 19982 "-" "curl/7.30.0"
85.208.96.209 - - [21/Oct/2025:19:45:55 +1100] "GET /p=1032 HTTP/1.1" 200 28650 "-" "Mozilla/5.0 (compatible; SemrushBot/7~bl; +http://www.semrush.com/bot.html)"
85.208.96.203 - - [21/Oct/2025:19:46:11 +1100] "GET /p=category/temoignages/col-tem HTTP/1.1" 200 29448 "-" "Mozilla/5.0 (compatible; SemrushBot/7~bl; +http://www.semrush.com/bot.html)"
202.22.159.247 - - [21/Oct/2025:19:46:44 +1100] "POST /wp-cron.php?doing_wp_cron=1761036404.7594139575958251953125 HTTP/1.1" 200 243 "-" "WordPress/6.7.4; http://www.livremonami.nc"
185.191.171.12 - - [21/Oct/2025:19:46:44 +1100] "GET /p=category/partenariat/page/7 HTTP/1.1" 200 29652 "-" "Mozilla/5.0 (compatible; SemrushBot/7~bl; +http://www.semrush.com/bot.html)"
216.244.66.242 - - [21/Oct/2025:19:47:33 +1100] "GET /robots.txt HTTP/1.1" 200 338 "-" "Mozilla/5.0 (compatible; DotBot/1.2; +https://opensiteexplorer.org/dotbot; help@moz.com)"
85.208.96.197 - - [21/Oct/2025:19:47:48 +1100] "GET /p=3934 HTTP/1.1" 200 29121 "-" "Mozilla/5.0 (compatible; SemrushBot/7~bl; +http://www.semrush.com/bot.html)"
49.51.195.195 - - [21/Oct/2025:19:47:58 +1100] "GET / HTTP/1.1" 200 32425 "-" "Mozilla/5.0 (iPhone; CPU iPhone OS 13_2_3 like Mac OS X) AppleWebKit/605.1.15 (KHTML, like Gecko) Version/13.0.3 Mobile/15E148 Safari/604.1"
51.68.247.222 - - [21/Oct/2025:19:48:07 +1100] "GET /page/65?matprin=calendrier_2014 HTTP/1.1" 200 31322 "-" "Mozilla/5.0 (compatible; AhrefsBot/7.0; +http://ahrefs.com/robot/)"
114.119.133.12 - - [21/Oct/2025:19:50:03 +1100] "GET /p=668/sanvoisin-20 HTTP/1.1" 200 28646 "http://www.livremonami.nc/p=668/sanvoisin-21" "Mozilla/5.0 (Linux; Android 7.0;) AppleWebKit/537.36 (KHTML, like Gecko) Mobile Safari/537.36 (compatible; PetalBot;+https://webmaster.petalsearch.com/site/petalbot)"
176.31.139.24 - - [21/Oct/2025:19:51:00 +1100] "GET /politique-de-confidentialite-et-mentions-legales HTTP/1.1" 200 28861 "-" "Mozilla/5.0 (compatible; AhrefsBot/7.0; +http://ahrefs.com/robot/)"
114.119.133.108 - - [21/Oct/2025:19:51:27 +1100] "GET /p=5182/img-8993 HTTP/1.1" 200 28695 "http://www.livremonami.nc/p=5182/img-8994" "Mozilla/5.0 (Linux; Android 7.0;) AppleWebKit/537.36 (KHTML, like Gecko) Mobile Safari/537.36 (compatible; PetalBot;+https://webmaster.petalsearch.com/site/petalbot)"
185.191.171.2 - - [21/Oct/2025:19:51:50 +1100] "GET /p=category/medias/page/2 HTTP/1.1" 200 29910 "-" "Mozilla/5.0 (compatible; SemrushBot/7~bl; +http://www.semrush.com/bot.html)"
85.208.96.194 - - [21/Oct/2025:19:52:33 +1100] "GET /quiz-2023-7-rue-des-ecolos-on-nest-pas-nes-pour-obeir HTTP/1.1" 200 32882 "-" "Mozilla/5.0 (compatible; SemrushBot/7~bl; +http://www.semrush.com/bot.html)"
114.119.146.185 - - [21/Oct/2025:19:52:50 +1100] "GET /?cat=24&paged=3 HTTP/1.1" 301 297 "http://www.livremonami.nc/?cat=24&paged=2" "Mozilla/5.0 (Linux; Android 7.0;) AppleWebKit/537.36 (KHTML, like Gecko) Mobile Safari/537.36 (compatible; PetalBot;+https://webmaster.petalsearch.com/site/petalbot)"
114.119.146.185 - - [21/Oct/2025:19:52:51 +1100] "GET /p=category/lecture-a-voix-haute/page/3 HTTP/1.1" 200 29889 "http://www.livremonami.nc/?cat=24&paged=2" "Mozilla/5.0 (Linux; Android 7.0;) AppleWebKit/537.36 (KHTML, like Gecko) Mobile Safari/537.36 (compatible; PetalBot;+https://webmaster.petalsearch.com/site/petalbot)"
3.93.211.16 - - [21/Oct/2025:19:53:40 +1100] "GET /page/61?matprin=calendrier_2011 HTTP/1.1" 200 32061 "-" "Mozilla/5.0 AppleWebKit/537.36 (KHTML, like Gecko; compatible; Amazonbot/0.1; +https://developer.amazon.com/support/amazonbot) Chrome/119.0.6045.214 Safari/537.36"
92.222.108.105 - - [21/Oct/2025:19:53:43 +1100] "GET /p=11330/img_20241127_142134/feed HTTP/1.1" 200 976 "-" "Mozilla/5.0 (compatible; AhrefsBot/7.0; +http://ahrefs.com/robot/)"
114.119.146.185 - - [21/Oct/2025:19:54:13 +1100] "GET /p=3530/dscn1577_1 HTTP/1.1" 200 28681 "http://www.livremonami.nc?attachment_id=3555" "Mozilla/5.0 (Linux; Android 7.0;) AppleWebKit/537.36 (KHTML, like Gecko) Mobile Safari/537.36 (compatible; PetalBot;+https://webmaster.petalsearch.com/site/petalbot)"
85.208.96.199 - - [21/Oct/2025:19:55:34 +1100] "GET /p=11758 HTTP/1.1" 200 30410 "-" "Mozilla/5.0 (compatible; SemrushBot/7~bl; +http://www.semrush.com/bot.html)"
114.119.136.184 - - [21/Oct/2025:19:55:37 +1100] "GET /?attachment_id=6227 HTTP/1.1" 301 295 "http://www.livremonami.nc/?attachment_id=6228" "Mozilla/5.0 (Linux; Android 7.0;) AppleWebKit/537.36 (KHTML, like Gecko) Mobile Safari/537.36 (compatible; PetalBot;+https://webmaster.petalsearch.com/site/petalbot)"
114.119.136.184 - - [21/Oct/2025:19:55:38 +1100] "GET /p=6455/la_classe_de_mer_de_m_ganeche HTTP/1.1" 200 28680 "http://www.livremonami.nc/?attachment_id=6228" "Mozilla/5.0 (Linux; Android 7.0;) AppleWebKit/537.36 (KHTML, like Gecko) Mobile Safari/537.36 (compatible; PetalBot;+https://webmaster.petalsearch.com/site/petalbot)"
89.187.162.177 - - [21/Oct/2025:19:55:42 +1100] "GET / HTTP/1.1" 200 32482 "-" "Mozilla/5.0 (Windows; U; Windows NT 6.1; en-US; rv:1.9.1.5) Gecko/20091102 Firefox/3.5.5 (.NET CLR 3.5.30729)"
216.244.66.242 - - [21/Oct/2025:19:55:53 +1100] "GET /page/26?matprin=calendrier_2012 HTTP/1.1" 200 128906 "-" "Mozilla/5.0 (compatible; DotBot/1.2; +https://opensiteexplorer.org/dotbot; help@moz.com)"
202.22.159.247 - - [21/Oct/2025:19:55:53 +1100] "POST /wp-cron.php?doing_wp_cron=1761036953.2884221076965332031250 HTTP/1.1" 200 243 "-" "WordPress/6.7.4; http://www.livremonami.nc"
114.119.136.184 - - [21/Oct/2025:19:56:02 +1100] "GET /?attachment_id=4290 HTTP/1.1" 301 298 "http://www.livremonami.nc?attachment_id=4291" "Mozilla/5.0 (Linux; Android 7.0;) AppleWebKit/537.36 (KHTML, like Gecko) Mobile Safari/537.36 (compatible; PetalBot;+https://webmaster.petalsearch.com/site/petalbot)"
114.119.136.184 - - [21/Oct/2025:19:56:02 +1100] "GET /montage_gagnant_2017_dixjours_1500x1000 HTTP/1.1" 200 28627 "http://www.livremonami.nc?attachment_id=4291" "Mozilla/5.0 (Linux; Android 7.0;) AppleWebKit/537.36 (KHTML, like Gecko) Mobile Safari/537.36 (compatible; PetalBot;+https://webmaster.petalsearch.com/site/petalbot)"
85.208.96.198 - - [21/Oct/2025:19:56:30 +1100] "GET /p=11116 HTTP/1.1" 200 32513 "-" "Mozilla/5.0 (compatible; SemrushBot/7~bl; +http://www.semrush.com/bot.html)"
216.244.66.242 - - [21/Oct/2025:19:56:33 +1100] "GET /page/35?matprin=calendrier_2015 HTTP/1.1" 200 125856 "-" "Mozilla/5.0 (compatible; DotBot/1.2; +https://opensiteexplorer.org/dotbot; help@moz.com)"
85.208.96.206 - - [21/Oct/2025:19:56:55 +1100] "GET /p=category/ressources-enseignants HTTP/1.1" 200 29505 "-" "Mozilla/5.0 (compatible; SemrushBot/7~bl; +http://www.semrush.com/bot.html)"
92.222.104.215 - - [21/Oct/2025:19:57:07 +1100] "GET /p=11330/img_20241127_144155/feed HTTP/1.1" 200 976 "-" "Mozilla/5.0 (compatible; AhrefsBot/7.0; +http://ahrefs.com/robot/)"
185.191.171.9 - - [21/Oct/2025:19:58:29 +1100] "GET /p=1881 HTTP/1.1" 200 28736 "-" "Mozilla/5.0 (compatible; SemrushBot/7~bl; +http://www.semrush.com/bot.html)"
176.31.139.23 - - [21/Oct/2025:19:59:28 +1100] "GET /p=11330/img_20241127_150007/feed HTTP/1.1" 200 975 "-" "Mozilla/5.0 (compatible; AhrefsBot/7.0; +http://ahrefs.com/robot/)"
85.208.96.204 - - [21/Oct/2025:20:00:13 +1100] "GET /p=3416 HTTP/1.1" 200 29500 "-" "Mozilla/5.0 (compatible; SemrushBot/7~bl; +http://www.semrush.com/bot.html)"
5.39.109.169 - - [21/Oct/2025:20:01:53 +1100] "GET /page/13?matprin=liste_livre_2 HTTP/1.1" 200 32679 "-" "Mozilla/5.0 (compatible; AhrefsBot/7.0; +http://ahrefs.com/robot/)"
85.208.96.198 - - [21/Oct/2025:20:02:01 +1100] "GET /p=1362 HTTP/1.1" 200 30358 "-" "Mozilla/5.0 (compatible; SemrushBot/7~bl; +http://www.semrush.com/bot.html)"
5.39.1.247 - - [21/Oct/2025:20:04:48 +1100] "GET /p=3345/20160831_154557_1 HTTP/1.1" 200 28610 "-" "Mozilla/5.0 (compatible; AhrefsBot/7.0; +http://ahrefs.com/robot/)"
54.37.118.78 - - [21/Oct/2025:20:07:57 +1100] "GET /p=category/photos HTTP/1.1" 200 29577 "-" "Mozilla/5.0 (compatible; AhrefsBot/7.0; +http://ahrefs.com/robot/)"
202.22.159.247 - - [21/Oct/2025:20:07:57 +1100] "POST /wp-cron.php?doing_wp_cron=1761037677.8894090652465820312500 HTTP/1.1" 200 243 "-" "WordPress/6.7.4; http://www.livremonami.nc"
114.119.155.235 - - [21/Oct/2025:20:08:08 +1100] "GET /?attachment_id=4584 HTTP/1.1" 301 274 "http://www.livremonami.nc?p=4569" "Mozilla/5.0 (Linux; Android 7.0;) AppleWebKit/537.36 (KHTML, like Gecko) Mobile Safari/537.36 (compatible; PetalBot;+https://webmaster.petalsearch.com/site/petalbot)"
114.119.155.235 - - [21/Oct/2025:20:08:09 +1100] "GET /p=4569/img_2116 HTTP/1.1" 200 28690 "http://www.livremonami.nc?p=4569" "Mozilla/5.0 (Linux; Android 7.0;) AppleWebKit/537.36 (KHTML, like Gecko) Mobile Safari/537.36 (compatible; PetalBot;+https://webmaster.petalsearch.com/site/petalbot)"
167.253.67.14 - - [21/Oct/2025:20:09:32 +1100] "GET /?p=3352 HTTP/1.0" 301 302 "-" "Mozilla/5.0 (Windows NT 10.0; Win64; x64) AppleWebKit/537.36 (KHTML, like Gecko) Chrome/118.0.0.0 Safari/537.36"
167.253.67.14 - - [21/Oct/2025:20:09:33 +1100] "GET /p=3352 HTTP/1.0" 200 104697 "-" "Mozilla/5.0 (Windows NT 10.0; Win64; x64) AppleWebKit/537.36 (KHTML, like Gecko) Chrome/118.0.0.0 Safari/537.36"
85.208.96.212 - - [21/Oct/2025:20:10:02 +1100] "GET /p=5428 HTTP/1.1" 200 28201 "-" "Mozilla/5.0 (compatible; SemrushBot/7~bl; +http://www.semrush.com/bot.html)"
51.68.247.200 - - [21/Oct/2025:20:10:41 +1100] "GET /page/65?matprin=liste_livre_2 HTTP/1.1" 200 31321 "-" "Mozilla/5.0 (compatible; AhrefsBot/7.0; +http://ahrefs.com/robot/)"
185.191.171.14 - - [21/Oct/2025:20:12:26 +1100] "GET /p=10073 HTTP/1.1" 200 29987 "-" "Mozilla/5.0 (compatible; SemrushBot/7~bl; +http://www.semrush.com/bot.html)"
51.68.247.217 - - [21/Oct/2025:20:13:22 +1100] "GET /nos-partenaires HTTP/1.1" 200 28787 "-" "Mozilla/5.0 (compatible; AhrefsBot/7.0; +http://ahrefs.com/robot/)"
118.179.243.14 - - [21/Oct/2025:20:14:48 +1100] "GET / HTTP/1.1" 200 32457 "-" "Mozilla/5.0 (X11; Linux x86_64; rv:128.0) Gecko/20100101 Firefox/128.0"
118.179.243.14 - - [21/Oct/2025:20:14:48 +1100] "GET /wp-content/uploads/2016/02/ill_partenaires_widget.jpeg HTTP/1.1" 200 23377 "http://www.livremonami.nc/" "Mozilla/5.0 (X11; Linux x86_64; rv:128.0) Gecko/20100101 Firefox/128.0"
118.179.243.14 - - [21/Oct/2025:20:14:48 +1100] "GET /wp-content/aafd9425158f8f03937d0df38997f6f2/dist/185216922.js?ver=7dc9e2eda0ff80e2 HTTP/1.1" 200 3331 "http://www.livremonami.nc/" "Mozilla/5.0 (X11; Linux x86_64; rv:128.0) Gecko/20100101 Firefox/128.0"
118.179.243.14 - - [21/Oct/2025:20:14:53 +1100] "GET /lecture-a-voix-haute HTTP/1.1" 200 35595 "http://www.livremonami.nc/" "Mozilla/5.0 (X11; Linux x86_64; rv:128.0) Gecko/20100101 Firefox/128.0"
118.179.243.14 - - [21/Oct/2025:20:14:54 +1100] "GET /wp-content/uploads/2025/02/affiche_2025_elem_livre-1024x368.jpg HTTP/1.1" 200 117536 "http://www.livremonami.nc/lecture-a-voix-haute" "Mozilla/5.0 (X11; Linux x86_64; rv:128.0) Gecko/20100101 Firefox/128.0"
118.179.243.14 - - [21/Oct/2025:20:14:54 +1100] "GET /wp-content/plugins/shortcodes-ultimate/includes/css/icons.css?ver=1.1.5 HTTP/1.1" 200 9145 "http://www.livremonami.nc/lecture-a-voix-haute" "Mozilla/5.0 (X11; Linux x86_64; rv:128.0) Gecko/20100101 Firefox/128.0"
118.179.243.14 - - [21/Oct/2025:20:14:54 +1100] "GET /wp-includes/js/dist/script-modules/block-library/image/view.min.js?ver=acfec7b3c0be4a859b31 HTTP/1.1" 200 2090 "http://www.livremonami.nc/lecture-a-voix-haute" "Mozilla/5.0 (X11; Linux x86_64; rv:128.0) Gecko/20100101 Firefox/128.0"
118.179.243.14 - - [21/Oct/2025:20:14:54 +1100] "GET //wp-content/uploads/2024/02/16.jpg HTTP/1.1" 200 23254 "http://www.livremonami.nc/lecture-a-voix-haute" "Mozilla/5.0 (X11; Linux x86_64; rv:128.0) Gecko/20100101 Firefox/128.0"
118.179.243.14 - - [21/Oct/2025:20:14:54 +1100] "GET /wp-content/uploads/2023/10/juryCLVH2023_01-300x169.jpeg HTTP/1.1" 200 15600 "http://www.livremonami.nc/lecture-a-voix-haute" "Mozilla/5.0 (X11; Linux x86_64; rv:128.0) Gecko/20100101 Firefox/128.0"
118.179.243.14 - - [21/Oct/2025:20:14:54 +1100] "GET /wp-includes/js/dist/script-modules/interactivity/index.min.js?ver=907ea3b2f317a78b7b9b HTTP/1.1" 200 14006 "http://www.livremonami.nc/lecture-a-voix-haute" "Mozilla/5.0 (X11; Linux x86_64; rv:128.0) Gecko/20100101 Firefox/128.0"
118.179.243.14 - - [21/Oct/2025:20:14:54 +1100] "GET /wp-content/uploads/2025/02/capt_CLVH_2025-1024x502.jpg HTTP/1.1" 200 69464 "http://www.livremonami.nc/lecture-a-voix-haute" "Mozilla/5.0 (X11; Linux x86_64; rv:128.0) Gecko/20100101 Firefox/128.0"
118.179.243.14 - - [21/Oct/2025:20:14:54 +1100] "GET /wp-content/plugins/shortcodes-ultimate/vendor/fork-awesome/fonts/forkawesome-webfont.woff2?v=1.2.0 HTTP/1.1" 200 110190 "http://www.livremonami.nc/wp-content/plugins/shortcodes-ultimate/includes/css/icons.css?ver=1.1.5" "Mozilla/5.0 (X11; Linux x86_64; rv:128.0) Gecko/20100101 Firefox/128.0"
118.179.243.14 - - [21/Oct/2025:20:14:54 +1100] "GET /wp-content/uploads/2023/10/juryCLVH2023_02-300x169.jpeg HTTP/1.1" 200 14473 "http://www.livremonami.nc/lecture-a-voix-haute" "Mozilla/5.0 (X11; Linux x86_64; rv:128.0) Gecko/20100101 Firefox/128.0"
18.204.89.56 - - [21/Oct/2025:20:14:56 +1100] "GET /p=3768/attachment/5 HTTP/1.1" 200 28604 "-" "Mozilla/5.0 AppleWebKit/537.36 (KHTML, like Gecko; compatible; Amazonbot/0.1; +https://developer.amazon.com/support/amazonbot) Chrome/119.0.6045.214 Safari/537.36"
118.179.243.14 - - [21/Oct/2025:20:14:59 +1100] "GET /lecture-a-voix-haute HTTP/1.1" 200 35403 "http://www.livremonami.nc/lecture-a-voix-haute" "Mozilla/5.0 (X11; Linux x86_64; rv:128.0) Gecko/20100101 Firefox/128.0"
118.179.243.14 - - [21/Oct/2025:20:15:01 +1100] "GET /foire-aux-questions HTTP/1.1" 200 33274 "http://www.livremonami.nc/lecture-a-voix-haute" "Mozilla/5.0 (X11; Linux x86_64; rv:128.0) Gecko/20100101 Firefox/128.0"
118.179.243.14 - - [21/Oct/2025:20:15:01 +1100] "GET //wp-content/uploads/2024/02/09.jpg HTTP/1.1" 200 26892 "http://www.livremonami.nc/foire-aux-questions" "Mozilla/5.0 (X11; Linux x86_64; rv:128.0) Gecko/20100101 Firefox/128.0"
118.179.243.14 - - [21/Oct/2025:20:15:02 +1100] "GET /wp-content/plugins/akismet/_inc/akismet-frontend.js?ver=1752636776 HTTP/1.1" 200 3629 "http://www.livremonami.nc/foire-aux-questions" "Mozilla/5.0 (X11; Linux x86_64; rv:128.0) Gecko/20100101 Firefox/128.0"
118.179.243.14 - - [21/Oct/2025:20:15:04 +1100] "GET /comite-de-lecture HTTP/1.1" 200 33076 "http://www.livremonami.nc/foire-aux-questions" "Mozilla/5.0 (X11; Linux x86_64; rv:128.0) Gecko/20100101 Firefox/128.0"
118.179.243.14 - - [21/Oct/2025:20:15:04 +1100] "GET //wp-content/uploads/2024/02/27.jpg HTTP/1.1" 200 13920 "http://www.livremonami.nc/comite-de-lecture" "Mozilla/5.0 (X11; Linux x86_64; rv:128.0) Gecko/20100101 Firefox/128.0"
118.179.243.14 - - [21/Oct/2025:20:15:04 +1100] "GET /wp-content/plugins/tablepress/js/jquery.datatables.min.js?ver=3.1.3 HTTP/1.1" 200 33323 "http://www.livremonami.nc/comite-de-lecture" "Mozilla/5.0 (X11; Linux x86_64; rv:128.0) Gecko/20100101 Firefox/128.0"
118.179.243.14 - - [21/Oct/2025:20:15:04 +1100] "GET /wp-content/uploads/2022/07/comite_de_lecture_2022-1024x551.jpg HTTP/1.1" 200 139460 "http://www.livremonami.nc/comite-de-lecture" "Mozilla/5.0 (X11; Linux x86_64; rv:128.0) Gecko/20100101 Firefox/128.0"
118.179.243.14 - - [21/Oct/2025:20:15:13 +1100] "GET / HTTP/1.1" 200 32457 "http://www.livremonami.nc/comite-de-lecture" "Mozilla/5.0 (X11; Linux x86_64; rv:128.0) Gecko/20100101 Firefox/128.0"
5.39.1.244 - - [21/Oct/2025:20:16:21 +1100] "GET /quiz-2025-lamie-en-bois-derable HTTP/1.1" 200 32864 "-" "Mozilla/5.0 (compatible; AhrefsBot/7.0; +http://ahrefs.com/robot/)"
196.251.114.48 - - [21/Oct/2025:20:16:33 +1100] "POST /wp-login.php HTTP/1.1" 503 20074 "-" "Mozilla/5.0"
85.208.96.194 - - [21/Oct/2025:20:16:54 +1100] "GET /p=3446 HTTP/1.1" 200 28954 "-" "Mozilla/5.0 (compatible; SemrushBot/7~bl; +http://www.semrush.com/bot.html)"
202.22.159.247 - - [21/Oct/2025:20:18:14 +1100] "POST /wp-cron.php?doing_wp_cron=1761038294.4529900550842285156250 HTTP/1.1" 200 243 "-" "WordPress/6.7.4; http://www.livremonami.nc"
193.142.147.5 - - [21/Oct/2025:20:18:14 +1100] "GET /wp-login.php HTTP/1.1" 200 56126 "-" "Mozilla/5.0 (compatible; MSIE 9.0; Windows NT 6.1; Trident/5.0)"
193.142.147.5 - - [21/Oct/2025:20:18:17 +1100] "GET /?author=1 HTTP/1.1" 404 96558 "-" "Mozilla/5.0 (Windows NT 6.1; WOW64) AppleWebKit/537.36 (KHTML, like Gecko) Chrome/56.0.2924.90 Safari/537.36 2345Explorer/9.3.2.17331"
193.142.147.5 - - [21/Oct/2025:20:18:19 +1100] "GET /?author=2 HTTP/1.1" 404 96557 "-" "Mozilla/5.0 (Windows NT 6.1; WOW64) AppleWebKit/537.36 (KHTML, like Gecko) Chrome/56.0.2924.90 Safari/537.36 2345Explorer/9.3.2.17331"
193.142.147.5 - - [21/Oct/2025:20:18:21 +1100] "GET /?author=3 HTTP/1.1" 404 96556 "-" "Mozilla/5.0 (Windows NT 6.1; WOW64) AppleWebKit/537.36 (KHTML, like Gecko) Chrome/56.0.2924.90 Safari/537.36 2345Explorer/9.3.2.17331"
193.142.147.5 - - [21/Oct/2025:20:18:22 +1100] "GET /?author=4 HTTP/1.1" 404 96558 "-" "Mozilla/5.0 (Windows NT 6.1; WOW64) AppleWebKit/537.36 (KHTML, like Gecko) Chrome/56.0.2924.90 Safari/537.36 2345Explorer/9.3.2.17331"
193.142.147.5 - - [21/Oct/2025:20:18:24 +1100] "GET /?author=5 HTTP/1.1" 404 96562 "-" "Mozilla/5.0 (Windows NT 6.1; WOW64) AppleWebKit/537.36 (KHTML, like Gecko) Chrome/56.0.2924.90 Safari/537.36 2345Explorer/9.3.2.17331"
193.142.147.5 - - [21/Oct/2025:20:18:26 +1100] "POST /wp-login.php HTTP/1.1" 503 20074 "http://www.livremonami.nc/wp-login.php" "Mozilla/5.0 (Windows NT 6.1; WOW64) AppleWebKit/537.36 (KHTML, like Gecko) Chrome/56.0.2924.90 Safari/537.36 2345Explorer/9.3.2.17331"
193.142.147.5 - - [21/Oct/2025:20:18:29 +1100] "POST /xmlrpc.php HTTP/1.1" 503 19982 "-" "Mozilla/5.0 (Windows NT 6.1; WOW64) AppleWebKit/537.36 (KHTML, like Gecko) Chrome/56.0.2924.90 Safari/537.36 2345Explorer/9.3.2.17331"
193.142.147.5 - - [21/Oct/2025:20:18:31 +1100] "POST /wp-login.php HTTP/1.1" 503 20074 "http://www.livremonami.nc/wp-login.php" "Mozilla/5.0 (Windows NT 6.1; WOW64) AppleWebKit/537.36 (KHTML, like Gecko) Chrome/56.0.2924.90 Safari/537.36 2345Explorer/9.3.2.17331"
193.142.147.5 - - [21/Oct/2025:20:18:33 +1100] "POST /xmlrpc.php HTTP/1.1" 503 19982 "-" "Mozilla/5.0 (Windows NT 6.1; WOW64) AppleWebKit/537.36 (KHTML, like Gecko) Chrome/56.0.2924.90 Safari/537.36 2345Explorer/9.3.2.17331"
193.142.147.5 - - [21/Oct/2025:20:18:34 +1100] "POST /wp-login.php HTTP/1.1" 503 20074 "http://www.livremonami.nc/wp-login.php" "Mozilla/5.0 (Windows NT 6.1; WOW64) AppleWebKit/537.36 (KHTML, like Gecko) Chrome/56.0.2924.90 Safari/537.36 2345Explorer/9.3.2.17331"
193.142.147.5 - - [21/Oct/2025:20:18:43 +1100] "POST /wp-login.php HTTP/1.1" 503 20074 "http://www.livremonami.nc/wp-login.php" "Mozilla/5.0 (Windows NT 6.1; WOW64) AppleWebKit/537.36 (KHTML, like Gecko) Chrome/56.0.2924.90 Safari/537.36 2345Explorer/9.3.2.17331"
119.249.100.45 - - [21/Oct/2025:20:18:48 +1100] "GET /?paged=56 HTTP/1.1" 301 266 "-" "Mozilla/5.0 (Windows NT 10.0; WOW64) AppleWebKit/537.36 (KHTML, like Gecko) Chrome/48.0.2564.116 Safari/537.36"
119.249.100.244 - - [21/Oct/2025:20:18:49 +1100] "GET /page/56 HTTP/1.1" 200 32109 "-" "Mozilla/5.0 (Windows NT 10.0; WOW64) AppleWebKit/537.36 (KHTML, like Gecko) Chrome/48.0.2564.116 Safari/537.36"
116.179.33.20 - - [21/Oct/2025:20:18:52 +1100] "GET /wp-includes/js/jquery/jquery-migrate.min.js?ver=3.4.1 HTTP/1.1" 200 5171 "http://www.livremonami.nc/page/56" "Mozilla/5.0 (Windows NT 10.0; Win64; x64) AppleWebKit/537.36 (KHTML, like Gecko) Chrome/99.0.4844.51 Safari/537.36"
116.179.33.17 - - [21/Oct/2025:20:18:52 +1100] "GET /wp-content/plugins/shortcodes-ultimate/vendor/flickity/flickity.css?ver=2.2.1 HTTP/1.1" 200 937 "http://www.livremonami.nc/page/56" "Mozilla/5.0 (Windows NT 10.0; Win64; x64) AppleWebKit/537.36 (KHTML, like Gecko) Chrome/99.0.4844.51 Safari/537.36"
116.179.33.81 - - [21/Oct/2025:20:18:53 +1100] "GET /wp-content/themes/tempera/js/frontend.js?ver=1.8.3 HTTP/1.1" 200 3162 "http://www.livremonami.nc/page/56" "Mozilla/5.0 (Windows NT 10.0; Win64; x64) AppleWebKit/537.36 (KHTML, like Gecko) Chrome/99.0.4844.51 Safari/537.36"
116.179.33.80 - - [21/Oct/2025:20:18:53 +1100] "GET /wp-content/plugins/shortcodes-ultimate/vendor/magnific-popup/magnific-popup.css?ver=1.2.0 HTTP/1.1" 200 2109 "http://www.livremonami.nc/page/56" "Mozilla/5.0 (Windows NT 10.0; Win64; x64) AppleWebKit/537.36 (KHTML, like Gecko) Chrome/99.0.4844.51 Safari/537.36"
116.179.33.147 - - [21/Oct/2025:20:18:53 +1100] "GET /wp-includes/js/jquery/jquery.min.js?ver=3.7.1 HTTP/1.1" 200 30669 "http://www.livremonami.nc/page/56" "Mozilla/5.0 (Windows NT 10.0; Win64; x64) AppleWebKit/537.36 (KHTML, like Gecko) Chrome/99.0.4844.51 Safari/537.36"
