114.119.136.184 - - [21/Oct/2025:04:49:44 +1100] "GET /?p=9657 HTTP/1.1" 301 265 "http://www.livremonami.nc/?p=9685" "Mozilla/5.0 (Linux; Android 7.0;) AppleWebKit/537.36 (KHTML, like Gecko) Mobile Safari/537.36 (compatible; PetalBot;+https://webmaster.petalsearch.com/site/petalbot)"
114.119.136.184 - - [21/Oct/2025:04:49:45 +1100] "GET /p=9657 HTTP/1.1" 200 31629 "http://www.livremonami.nc/?p=9685" "Mozilla/5.0 (Linux; Android 7.0;) AppleWebKit/537.36 (KHTML, like Gecko) Mobile Safari/537.36 (compatible; PetalBot;+https://webmaster.petalsearch.com/site/petalbot)"
114.119.167.51 - - [21/Oct/2025:04:51:09 +1100] "GET /?p=7017 HTTP/1.1" 301 265 "http://www.livremonami.nc/?p=6995" "Mozilla/5.0 (Linux; Android 7.0;) AppleWebKit/537.36 (KHTML, like Gecko) Mobile Safari/537.36 (compatible; PetalBot;+https://webmaster.petalsearch.com/site/petalbot)"
114.119.167.51 - - [21/Oct/2025:04:51:10 +1100] "GET /p=7017 HTTP/1.1" 200 29100 "http://www.livremonami.nc/?p=6995" "Mozilla/5.0 (Linux; Android 7.0;) AppleWebKit/537.36 (KHTML, like Gecko) Mobile Safari/537.36 (compatible; PetalBot;+https://webmaster.petalsearch.com/site/petalbot)"
51.195.183.112 - - [21/Oct/2025:04:51:16 +1100] "GET /p=4569/img_2018/feed HTTP/1.1" 200 964 "-" "Mozilla/5.0 (compatible; AhrefsBot/7.0; +http://ahrefs.com/robot/)"
114.119.155.54 - - [21/Oct/2025:04:52:31 +1100] "GET /p=5888/antoine-deprez HTTP/1.1" 200 28647 "http://www.livremonami.nc?attachment_id=5889" "Mozilla/5.0 (Linux; Android 7.0;) AppleWebKit/537.36 (KHTML, like Gecko) Mobile Safari/537.36 (compatible; PetalBot;+https://webmaster.petalsearch.com/site/petalbot)"
51.195.183.80 - - [21/Oct/2025:04:53:05 +1100] "GET /p=4569/img_2077/feed HTTP/1.1" 200 964 "-" "Mozilla/5.0 (compatible; AhrefsBot/7.0; +http://ahrefs.com/robot/)"
205.169.39.17 - - [21/Oct/2025:04:53:14 +1100] "GET /p=4569/img%5f2077/feed HTTP/1.1" 200 793 "-" "Mozilla/5.0 (Windows NT 10.0) AppleWebKit/537.36 (KHTML, like Gecko) Chrome/106.0.0.0 Safari/537.36"
216.244.66.242 - - [21/Oct/2025:04:53:20 +1100] "GET /page/17?matprin=calendrier_2013 HTTP/1.1" 200 126423 "-" "Mozilla/5.0 (compatible; DotBot/1.2; +https://opensiteexplorer.org/dotbot; help@moz.com)"
84.246.85.11 - - [21/Oct/2025:04:53:45 +1100] "GET / HTTP/1.1" 301 259 "-" "2ip bot/1.1 (+https://2ip.io)"
84.246.85.11 - - [21/Oct/2025:04:53:45 +1100] "GET / HTTP/1.1" 200 32445 "http://livremonami.com" "2ip bot/1.1 (+https://2ip.io)"
84.246.85.11 - - [21/Oct/2025:04:53:47 +1100] "GET / HTTP/1.1" 200 32419 "http://livremonami.nc" "2ip bot/1.1 (+https://2ip.io)"
84.246.85.11 - - [21/Oct/2025:04:53:48 +1100] "GET / HTTP/1.1" 200 32419 "http://livremonami.com" "2ip bot/1.1 (+https://2ip.io)"
84.246.85.11 - - [21/Oct/2025:04:53:49 +1100] "GET / HTTP/1.1" 301 259 "-" "2ip bot/1.1 (+https://2ip.io)"
84.246.85.11 - - [21/Oct/2025:04:53:50 +1100] "GET / HTTP/1.1" 200 32419 "http://livremonami.com" "2ip bot/1.1 (+https://2ip.io)"
84.246.85.11 - - [21/Oct/2025:04:53:50 +1100] "GET / HTTP/1.1" 200 32419 "http://livremonami.nc" "2ip bot/1.1 (+https://2ip.io)"
84.246.85.11 - - [21/Oct/2025:04:53:52 +1100] "GET / HTTP/1.1" 301 259 "-" "2ip bot/1.1 (+https://2ip.io)"
84.246.85.11 - - [21/Oct/2025:04:53:53 +1100] "GET / HTTP/1.1" 200 32419 "http://livremonami.nc" "2ip bot/1.1 (+https://2ip.io)"
114.119.167.51 - - [21/Oct/2025:04:53:55 +1100] "GET /?p=3139 HTTP/1.1" 301 265 "http://www.livremonami.nc?matprin=jeux&id_jeu=jeux/2009/quizz_002&paged=50" "Mozilla/5.0 (Linux; Android 7.0;) AppleWebKit/537.36 (KHTML, like Gecko) Mobile Safari/537.36 (compatible; PetalBot;+https://webmaster.petalsearch.com/site/petalbot)"
114.119.167.51 - - [21/Oct/2025:04:53:55 +1100] "GET /p=3139 HTTP/1.1" 200 29904 "http://www.livremonami.nc?matprin=jeux&id_jeu=jeux/2009/quizz_002&paged=50" "Mozilla/5.0 (Linux; Android 7.0;) AppleWebKit/537.36 (KHTML, like Gecko) Mobile Safari/537.36 (compatible; PetalBot;+https://webmaster.petalsearch.com/site/petalbot)"
51.89.129.32 - - [21/Oct/2025:04:54:40 +1100] "GET /p=5146/img_2778/feed HTTP/1.1" 200 964 "-" "Mozilla/5.0 (compatible; AhrefsBot/7.0; +http://ahrefs.com/robot/)"
114.119.155.235 - - [21/Oct/2025:04:55:25 +1100] "GET /?cat=18&paged=4 HTTP/1.1" 301 289 "http://www.livremonami.nc/?cat=18&paged=2" "Mozilla/5.0 (Linux; Android 7.0;) AppleWebKit/537.36 (KHTML, like Gecko) Mobile Safari/537.36 (compatible; PetalBot;+https://webmaster.petalsearch.com/site/petalbot)"
114.119.155.235 - - [21/Oct/2025:04:55:25 +1100] "GET /p=category/inscriptions/page/4 HTTP/1.1" 200 29861 "http://www.livremonami.nc/?cat=18&paged=2" "Mozilla/5.0 (Linux; Android 7.0;) AppleWebKit/537.36 (KHTML, like Gecko) Mobile Safari/537.36 (compatible; PetalBot;+https://webmaster.petalsearch.com/site/petalbot)"
198.244.168.89 - - [21/Oct/2025:04:55:57 +1100] "GET /wp-content/uploads/2015/09/bureau-PDF-5_1-120x90.jpg HTTP/1.1" 200 4059 "-" "Mozilla/5.0 (compatible; AhrefsBot/7.0; +http://ahrefs.com/robot/)"
198.244.168.37 - - [21/Oct/2025:04:55:58 +1100] "GET /wp-content/uploads/2015/09/bureau-PDF-4_1-67x90.jpg HTTP/1.1" 200 4066 "-" "Mozilla/5.0 (compatible; AhrefsBot/7.0; +http://ahrefs.com/robot/)"
198.244.240.207 - - [21/Oct/2025:04:55:59 +1100] "GET /wp-content/uploads/2015/09/bureau-PDF-2_1-120x90.jpg HTTP/1.1" 200 5953 "-" "Mozilla/5.0 (compatible; AhrefsBot/7.0; +http://ahrefs.com/robot/)"
51.195.244.30 - - [21/Oct/2025:04:56:00 +1100] "GET /wp-content/uploads/2015/09/bureau-PDF-3_1-120x90.jpg HTTP/1.1" 200 5366 "-" "Mozilla/5.0 (compatible; AhrefsBot/7.0; +http://ahrefs.com/robot/)"
51.195.183.126 - - [21/Oct/2025:04:56:01 +1100] "GET /wp-content/uploads/2015/09/bureau-PDF-1_1-120x90.jpg HTTP/1.1" 200 6516 "-" "Mozilla/5.0 (compatible; AhrefsBot/7.0; +http://ahrefs.com/robot/)"
196.251.114.48 - - [21/Oct/2025:04:56:20 +1100] "POST /wp-login.php HTTP/1.1" 503 20076 "-" "Mozilla/5.0"
114.119.167.51 - - [21/Oct/2025:04:56:25 +1100] "GET /?matprin=calendrier_2014&paged=33 HTTP/1.1" 301 290 "http://www.livremonami.nc?matprin=calendrier_2014&paged=31" "Mozilla/5.0 (Linux; Android 7.0;) AppleWebKit/537.36 (KHTML, like Gecko) Mobile Safari/537.36 (compatible; PetalBot;+https://webmaster.petalsearch.com/site/petalbot)"
51.195.183.9 - - [21/Oct/2025:04:56:25 +1100] "GET /p=4569/img_2051/feed HTTP/1.1" 200 964 "-" "Mozilla/5.0 (compatible; AhrefsBot/7.0; +http://ahrefs.com/robot/)"
114.119.167.51 - - [21/Oct/2025:04:56:26 +1100] "GET /page/33?matprin=calendrier_2014 HTTP/1.1" 200 32215 "http://www.livremonami.nc?matprin=calendrier_2014&paged=31" "Mozilla/5.0 (Linux; Android 7.0;) AppleWebKit/537.36 (KHTML, like Gecko) Mobile Safari/537.36 (compatible; PetalBot;+https://webmaster.petalsearch.com/site/petalbot)"
202.22.159.247 - - [21/Oct/2025:04:56:53 +1100] "POST /wp-cron.php?doing_wp_cron=1760983013.4369690418243408203125 HTTP/1.1" 200 243 "-" "WordPress/6.7.4; http://www.livremonami.nc"
114.119.155.235 - - [21/Oct/2025:04:56:53 +1100] "GET /?attachment_id=2694 HTTP/1.1" 301 270 "http://www.livremonami.nc?attachment_id=2695" "Mozilla/5.0 (Linux; Android 7.0;) AppleWebKit/537.36 (KHTML, like Gecko) Mobile Safari/537.36 (compatible; PetalBot;+https://webmaster.petalsearch.com/site/petalbot)"
114.119.155.235 - - [21/Oct/2025:04:56:54 +1100] "GET /p=2686/e3ab HTTP/1.1" 200 28650 "http://www.livremonami.nc?attachment_id=2695" "Mozilla/5.0 (Linux; Android 7.0;) AppleWebKit/537.36 (KHTML, like Gecko) Mobile Safari/537.36 (compatible; PetalBot;+https://webmaster.petalsearch.com/site/petalbot)"
114.119.136.184 - - [21/Oct/2025:04:57:51 +1100] "GET /?matprin=calendrier_2014&paged=33 HTTP/1.1" 301 290 "http://www.livremonami.nc?matprin=calendrier_2014&paged=31" "Mozilla/5.0 (Linux; Android 7.0;) AppleWebKit/537.36 (KHTML, like Gecko) Mobile Safari/537.36 (compatible; PetalBot;+https://webmaster.petalsearch.com/site/petalbot)"
114.119.136.184 - - [21/Oct/2025:04:57:51 +1100] "GET /page/33?matprin=calendrier_2014 HTTP/1.1" 200 32215 "http://www.livremonami.nc?matprin=calendrier_2014&paged=31" "Mozilla/5.0 (Linux; Android 7.0;) AppleWebKit/537.36 (KHTML, like Gecko) Mobile Safari/537.36 (compatible; PetalBot;+https://webmaster.petalsearch.com/site/petalbot)"
114.119.146.185 - - [21/Oct/2025:04:58:06 +1100] "GET /007gal_018 HTTP/1.1" 200 28568 "http://www.livremonami.nc/?attachment_id=764" "Mozilla/5.0 (Linux; Android 7.0;) AppleWebKit/537.36 (KHTML, like Gecko) Mobile Safari/537.36 (compatible; PetalBot;+https://webmaster.petalsearch.com/site/petalbot)"
51.195.244.240 - - [21/Oct/2025:04:58:12 +1100] "GET /p=3416/img_1938/feed HTTP/1.1" 200 959 "-" "Mozilla/5.0 (compatible; AhrefsBot/7.0; +http://ahrefs.com/robot/)"
202.22.159.247 - - [21/Oct/2025:04:58:35 +1100] "POST /wp-cron.php?doing_wp_cron=1760983115.7190160751342773437500 HTTP/1.1" 200 243 "-" "WordPress/6.7.4; http://www.livremonami.nc"
43.155.162.41 - - [21/Oct/2025:04:58:35 +1100] "GET /rallye-lecture-2021-2022 HTTP/1.1" 200 54096 "-" "Mozilla/5.0 (iPhone; CPU iPhone OS 13_2_3 like Mac OS X) AppleWebKit/605.1.15 (KHTML, like Gecko) Version/13.0.3 Mobile/15E148 Safari/604.1"
161.77.39.98 - - [21/Oct/2025:04:58:54 +1100] "GET /blog/wp-content/uploads/2011/07/une_sophie.jpg HTTP/1.1" 404 96741 "-" "Mozilla/5.0 (Macintosh; Intel Mac OS X 14_3_1) AppleWebKit/605.1.15 (KHTML, like Gecko) Version/17.2 Safari/605.1.15"
160.20.4.122 - - [21/Oct/2025:04:58:58 +1100] "GET /blog/wp-content/uploads/2011/07/une_sophie.jpg HTTP/1.1" 404 96746 "-" "Mozilla/5.0 (Macintosh; Intel Mac OS X 14_3_1) AppleWebKit/605.1.15 (KHTML, like Gecko) Version/17.2 Safari/605.1.15"
193.9.57.78 - - [21/Oct/2025:04:59:04 +1100] "GET /blog/wp-content/uploads/2011/07/une_sophie.jpg HTTP/1.1" 404 96737 "-" "Mozilla/5.0 (Windows NT 10.0; Win64; x64; rv:123.0) Gecko/20100101 Firefox/123.0"
114.119.157.237 - - [21/Oct/2025:04:59:30 +1100] "GET /?attachment_id=6229 HTTP/1.1" 301 280 "http://www.livremonami.nc?attachment_id=6230" "Mozilla/5.0 (Linux; Android 7.0;) AppleWebKit/537.36 (KHTML, like Gecko) Mobile Safari/537.36 (compatible; PetalBot;+https://webmaster.petalsearch.com/site/petalbot)"
114.119.157.237 - - [21/Oct/2025:04:59:31 +1100] "GET /p=6455/le_grand_fauve HTTP/1.1" 200 28659 "http://www.livremonami.nc?attachment_id=6230" "Mozilla/5.0 (Linux; Android 7.0;) AppleWebKit/537.36 (KHTML, like Gecko) Mobile Safari/537.36 (compatible; PetalBot;+https://webmaster.petalsearch.com/site/petalbot)"
51.195.183.44 - - [21/Oct/2025:04:59:49 +1100] "GET /p=5146/img_2776/feed HTTP/1.1" 200 963 "-" "Mozilla/5.0 (compatible; AhrefsBot/7.0; +http://ahrefs.com/robot/)"
216.244.66.242 - - [21/Oct/2025:05:00:08 +1100] "GET /?p=10243 HTTP/1.1" 301 247 "-" "Mozilla/5.0 (compatible; DotBot/1.2; +https://opensiteexplorer.org/dotbot; help@moz.com)"
216.244.66.242 - - [21/Oct/2025:05:00:24 +1100] "GET /page/34?matprin=calendrier_2015 HTTP/1.1" 200 124903 "-" "Mozilla/5.0 (compatible; DotBot/1.2; +https://opensiteexplorer.org/dotbot; help@moz.com)"
198.244.168.107 - - [21/Oct/2025:05:01:47 +1100] "GET /p=4569/img_2043/feed HTTP/1.1" 200 964 "-" "Mozilla/5.0 (compatible; AhrefsBot/7.0; +http://ahrefs.com/robot/)"
114.119.167.51 - - [21/Oct/2025:05:02:58 +1100] "GET /?matprin=calendrier_2011&paged=56 HTTP/1.1" 301 290 "http://www.livremonami.nc?matprin=calendrier_2011&paged=55" "Mozilla/5.0 (Linux; Android 7.0;) AppleWebKit/537.36 (KHTML, like Gecko) Mobile Safari/537.36 (compatible; PetalBot;+https://webmaster.petalsearch.com/site/petalbot)"
114.119.167.51 - - [21/Oct/2025:05:02:59 +1100] "GET /page/56?matprin=calendrier_2011 HTTP/1.1" 200 32126 "http://www.livremonami.nc?matprin=calendrier_2011&paged=55" "Mozilla/5.0 (Linux; Android 7.0;) AppleWebKit/537.36 (KHTML, like Gecko) Mobile Safari/537.36 (compatible; PetalBot;+https://webmaster.petalsearch.com/site/petalbot)"
51.195.244.196 - - [21/Oct/2025:05:03:37 +1100] "GET /p=5146/img_2775/feed HTTP/1.1" 200 964 "-" "Mozilla/5.0 (compatible; AhrefsBot/7.0; +http://ahrefs.com/robot/)"
216.73.216.49 - - [21/Oct/2025:05:03:42 +1100] "GET /robots.txt HTTP/1.1" 200 399 "-" "Mozilla/5.0 AppleWebKit/537.36 (KHTML, like Gecko; compatible; ClaudeBot/1.0; +claudebot@anthropic.com)"
216.73.216.49 - - [21/Oct/2025:05:03:42 +1100] "GET /blog/page/8 HTTP/1.1" 200 29754 "-" "Mozilla/5.0 AppleWebKit/537.36 (KHTML, like Gecko; compatible; ClaudeBot/1.0; +claudebot@anthropic.com)"
216.73.216.49 - - [21/Oct/2025:05:04:58 +1100] "GET /blog/page/60 HTTP/1.1" 200 29325 "-" "Mozilla/5.0 AppleWebKit/537.36 (KHTML, like Gecko; compatible; ClaudeBot/1.0; +claudebot@anthropic.com)"
198.244.242.234 - - [21/Oct/2025:05:05:34 +1100] "GET /p=4394/yate-3/feed HTTP/1.1" 200 960 "-" "Mozilla/5.0 (compatible; AhrefsBot/7.0; +http://ahrefs.com/robot/)"
114.119.167.51 - - [21/Oct/2025:05:05:40 +1100] "GET /?p=935 HTTP/1.1" 301 264 "http://www.livremonami.nc/?cat=3&paged=4" "Mozilla/5.0 (Linux; Android 7.0;) AppleWebKit/537.36 (KHTML, like Gecko) Mobile Safari/537.36 (compatible; PetalBot;+https://webmaster.petalsearch.com/site/petalbot)"
114.119.167.51 - - [21/Oct/2025:05:05:41 +1100] "GET /p=935 HTTP/1.1" 200 28803 "http://www.livremonami.nc/?cat=3&paged=4" "Mozilla/5.0 (Linux; Android 7.0;) AppleWebKit/537.36 (KHTML, like Gecko) Mobile Safari/537.36 (compatible; PetalBot;+https://webmaster.petalsearch.com/site/petalbot)"
114.119.136.184 - - [21/Oct/2025:05:06:45 +1100] "GET /?p=1309 HTTP/1.1" 301 265 "http://www.livremonami.nc?matprin=liste_jeu&paged=58" "Mozilla/5.0 (Linux; Android 7.0;) AppleWebKit/537.36 (KHTML, like Gecko) Mobile Safari/537.36 (compatible; PetalBot;+https://webmaster.petalsearch.com/site/petalbot)"
114.119.136.184 - - [21/Oct/2025:05:06:46 +1100] "GET /p=1309 HTTP/1.1" 200 28973 "http://www.livremonami.nc?matprin=liste_jeu&paged=58" "Mozilla/5.0 (Linux; Android 7.0;) AppleWebKit/537.36 (KHTML, like Gecko) Mobile Safari/537.36 (compatible; PetalBot;+https://webmaster.petalsearch.com/site/petalbot)"
114.119.155.54 - - [21/Oct/2025:05:06:50 +1100] "GET /?attachment_id=4504 HTTP/1.1" 301 270 "http://www.livremonami.nc?attachment_id=4503" "Mozilla/5.0 (Linux; Android 7.0;) AppleWebKit/537.36 (KHTML, like Gecko) Mobile Safari/537.36 (compatible; PetalBot;+https://webmaster.petalsearch.com/site/petalbot)"
114.119.155.54 - - [21/Oct/2025:05:06:50 +1100] "GET /p=4493/b8eb HTTP/1.1" 200 29234 "http://www.livremonami.nc?attachment_id=4503" "Mozilla/5.0 (Linux; Android 7.0;) AppleWebKit/537.36 (KHTML, like Gecko) Mobile Safari/537.36 (compatible; PetalBot;+https://webmaster.petalsearch.com/site/petalbot)"
198.244.240.94 - - [21/Oct/2025:05:07:28 +1100] "GET /p=4569/img_2111/feed HTTP/1.1" 200 964 "-" "Mozilla/5.0 (compatible; AhrefsBot/7.0; +http://ahrefs.com/robot/)"
43.130.15.147 - - [21/Oct/2025:05:08:40 +1100] "GET /20-ans-le-mot-du-vice-recteur-et-de-mme-la-directrice-de-lenseignement-de-nouvelle-caledonie HTTP/1.1" 200 30511 "-" "Mozilla/5.0 (iPhone; CPU iPhone OS 13_2_3 like Mac OS X) AppleWebKit/605.1.15 (KHTML, like Gecko) Version/13.0.3 Mobile/15E148 Safari/604.1"
202.22.159.247 - - [21/Oct/2025:05:08:40 +1100] "POST /wp-cron.php?doing_wp_cron=1760983720.2564330101013183593750 HTTP/1.1" 200 243 "-" "WordPress/6.7.4; http://www.livremonami.nc"
54.38.147.193 - - [21/Oct/2025:05:09:11 +1100] "GET /feed?attachment_id=5358 HTTP/1.1" 200 978 "-" "Mozilla/5.0 (compatible; AhrefsBot/7.0; +http://ahrefs.com/robot/)"
40.69.66.178 - - [21/Oct/2025:05:09:30 +1100] "GET /wp-content/plugins/hellopress/wp_filemanager.php HTTP/1.1" 301 381 "-" "-"
40.69.66.178 - - [21/Oct/2025:05:09:31 +1100] "GET /wp-content/plugins/hellopress/wp_filemanager.php HTTP/1.1" 404 96782 "-" "-"
40.69.66.178 - - [21/Oct/2025:05:09:32 +1100] "GET /wsad.php HTTP/1.1" 301 341 "-" "-"
40.69.66.178 - - [21/Oct/2025:05:09:32 +1100] "GET /wsad.php HTTP/1.1" 404 96601 "-" "-"
40.69.66.178 - - [21/Oct/2025:05:09:33 +1100] "GET /np.php HTTP/1.1" 301 339 "-" "-"
40.69.66.178 - - [21/Oct/2025:05:09:33 +1100] "GET /np.php HTTP/1.1" 404 96508 "-" "-"
40.69.66.178 - - [21/Oct/2025:05:09:34 +1100] "GET /pop.php HTTP/1.1" 301 340 "-" "-"
40.69.66.178 - - [21/Oct/2025:05:09:34 +1100] "GET /pop.php HTTP/1.1" 404 96612 "-" "-"
40.69.66.178 - - [21/Oct/2025:05:09:35 +1100] "GET /file17.php HTTP/1.1" 301 343 "-" "-"
40.69.66.178 - - [21/Oct/2025:05:09:35 +1100] "GET /file17.php HTTP/1.1" 404 96611 "-" "-"
40.69.66.178 - - [21/Oct/2025:05:09:36 +1100] "GET /xpw.php HTTP/1.1" 301 340 "-" "-"
40.69.66.178 - - [21/Oct/2025:05:09:37 +1100] "GET /xpw.php HTTP/1.1" 404 96510 "-" "-"
40.69.66.178 - - [21/Oct/2025:05:09:37 +1100] "GET /k.php HTTP/1.1" 301 338 "-" "-"
40.69.66.178 - - [21/Oct/2025:05:09:38 +1100] "GET /k.php HTTP/1.1" 404 96595 "-" "-"
40.69.66.178 - - [21/Oct/2025:05:09:38 +1100] "GET /dlex.php HTTP/1.1" 301 341 "-" "-"
40.69.66.178 - - [21/Oct/2025:05:09:39 +1100] "GET /dlex.php HTTP/1.1" 404 96601 "-" "-"
40.69.66.178 - - [21/Oct/2025:05:09:39 +1100] "GET /kwm4.php HTTP/1.1" 301 341 "-" "-"
40.69.66.178 - - [21/Oct/2025:05:09:40 +1100] "GET /kwm4.php HTTP/1.1" 404 96600 "-" "-"
40.69.66.178 - - [21/Oct/2025:05:09:41 +1100] "GET /z.php HTTP/1.1" 301 338 "-" "-"
40.69.66.178 - - [21/Oct/2025:05:09:41 +1100] "GET /z.php HTTP/1.1" 404 96601 "-" "-"
40.69.66.178 - - [21/Oct/2025:05:09:42 +1100] "GET /litanies.php HTTP/1.1" 301 345 "-" "-"
40.69.66.178 - - [21/Oct/2025:05:09:42 +1100] "GET /litanies.php HTTP/1.1" 404 96622 "-" "-"
40.69.66.178 - - [21/Oct/2025:05:09:43 +1100] "GET /good.php HTTP/1.1" 301 341 "-" "-"
40.69.66.178 - - [21/Oct/2025:05:09:43 +1100] "GET /good.php HTTP/1.1" 404 96702 "-" "-"
40.69.66.178 - - [21/Oct/2025:05:09:44 +1100] "GET /orm.php HTTP/1.1" 301 340 "-" "-"
40.69.66.178 - - [21/Oct/2025:05:09:44 +1100] "GET /orm.php HTTP/1.1" 404 96599 "-" "-"
40.69.66.178 - - [21/Oct/2025:05:09:45 +1100] "GET /g.php HTTP/1.1" 301 338 "-" "-"
40.69.66.178 - - [21/Oct/2025:05:09:45 +1100] "GET /g.php HTTP/1.1" 404 96592 "-" "-"
40.69.66.178 - - [21/Oct/2025:05:09:46 +1100] "GET /cwsd.php HTTP/1.1" 301 341 "-" "-"
40.69.66.178 - - [21/Oct/2025:05:09:47 +1100] "GET /cwsd.php HTTP/1.1" 404 96601 "-" "-"
40.69.66.178 - - [21/Oct/2025:05:09:47 +1100] "GET /s.php HTTP/1.1" 301 338 "-" "-"
40.69.66.178 - - [21/Oct/2025:05:09:48 +1100] "GET /s.php HTTP/1.1" 404 96591 "-" "-"
40.69.66.178 - - [21/Oct/2025:05:09:48 +1100] "GET /nc4.php HTTP/1.1" 301 340 "-" "-"
40.69.66.178 - - [21/Oct/2025:05:09:49 +1100] "GET /nc4.php HTTP/1.1" 404 96599 "-" "-"
40.69.66.178 - - [21/Oct/2025:05:09:50 +1100] "GET /geger.php HTTP/1.1" 301 342 "-" "-"
40.69.66.178 - - [21/Oct/2025:05:09:50 +1100] "GET /geger.php HTTP/1.1" 404 96600 "-" "-"
40.69.66.178 - - [21/Oct/2025:05:09:51 +1100] "GET /nx.php HTTP/1.1" 301 339 "-" "-"
40.69.66.178 - - [21/Oct/2025:05:09:51 +1100] "GET /nx.php HTTP/1.1" 404 96637 "-" "-"
40.69.66.178 - - [21/Oct/2025:05:09:52 +1100] "GET /nx9.php HTTP/1.1" 301 340 "-" "-"
40.69.66.178 - - [21/Oct/2025:05:09:52 +1100] "GET /nx9.php HTTP/1.1" 404 96607 "-" "-"
40.69.66.178 - - [21/Oct/2025:05:09:53 +1100] "GET /CLA.php HTTP/1.1" 301 340 "-" "-"
40.69.66.178 - - [21/Oct/2025:05:09:53 +1100] "GET /CLA.php HTTP/1.1" 404 96510 "-" "-"
40.69.66.178 - - [21/Oct/2025:05:09:54 +1100] "GET /yca.php HTTP/1.1" 301 340 "-" "-"
40.69.66.178 - - [21/Oct/2025:05:09:55 +1100] "GET /yca.php HTTP/1.1" 404 96604 "-" "-"
40.69.66.178 - - [21/Oct/2025:05:09:55 +1100] "GET /readme.php HTTP/1.1" 301 343 "-" "-"
40.69.66.178 - - [21/Oct/2025:05:09:56 +1100] "GET /readme.php HTTP/1.1" 404 96610 "-" "-"
40.69.66.178 - - [21/Oct/2025:05:09:56 +1100] "GET /test.php HTTP/1.1" 301 341 "-" "-"
40.69.66.178 - - [21/Oct/2025:05:09:57 +1100] "GET /test.php HTTP/1.1" 404 96614 "-" "-"
40.69.66.178 - - [21/Oct/2025:05:09:58 +1100] "GET /ea3f.php HTTP/1.1" 301 341 "-" "-"
40.69.66.178 - - [21/Oct/2025:05:09:58 +1100] "GET /ea3f.php HTTP/1.1" 404 96609 "-" "-"
40.69.66.178 - - [21/Oct/2025:05:09:59 +1100] "GET /a.php HTTP/1.1" 301 338 "-" "-"
40.69.66.178 - - [21/Oct/2025:05:09:59 +1100] "GET /a.php HTTP/1.1" 404 96603 "-" "-"
40.69.66.178 - - [21/Oct/2025:05:10:00 +1100] "GET /ad.php HTTP/1.1" 301 339 "-" "-"
40.69.66.178 - - [21/Oct/2025:05:10:00 +1100] "GET /ad.php HTTP/1.1" 404 96597 "-" "-"
216.244.66.242 - - [21/Oct/2025:05:10:00 +1100] "GET /page/18?matprin=calendrier_2011 HTTP/1.1" 200 127014 "-" "Mozilla/5.0 (compatible; DotBot/1.2; +https://opensiteexplorer.org/dotbot; help@moz.com)"
40.69.66.178 - - [21/Oct/2025:05:10:01 +1100] "GET /let.php HTTP/1.1" 301 340 "-" "-"
40.69.66.178 - - [21/Oct/2025:05:10:01 +1100] "GET /let.php HTTP/1.1" 404 96605 "-" "-"
40.69.66.178 - - [21/Oct/2025:05:10:02 +1100] "GET /law.php HTTP/1.1" 301 340 "-" "-"
40.69.66.178 - - [21/Oct/2025:05:10:03 +1100] "GET /law.php HTTP/1.1" 404 96604 "-" "-"
40.69.66.178 - - [21/Oct/2025:05:10:03 +1100] "GET /zwso.php HTTP/1.1" 301 341 "-" "-"
40.69.66.178 - - [21/Oct/2025:05:10:04 +1100] "GET /zwso.php HTTP/1.1" 404 96601 "-" "-"
40.69.66.178 - - [21/Oct/2025:05:10:04 +1100] "GET /asasx.php HTTP/1.1" 301 342 "-" "-"
40.69.66.178 - - [21/Oct/2025:05:10:05 +1100] "GET /asasx.php HTTP/1.1" 404 96601 "-" "-"
40.69.66.178 - - [21/Oct/2025:05:10:06 +1100] "GET /j.php HTTP/1.1" 301 338 "-" "-"
40.69.66.178 - - [21/Oct/2025:05:10:06 +1100] "GET /j.php HTTP/1.1" 404 96600 "-" "-"
40.69.66.178 - - [21/Oct/2025:05:10:07 +1100] "GET /pepe.php HTTP/1.1" 301 341 "-" "-"
40.69.66.178 - - [21/Oct/2025:05:10:07 +1100] "GET /pepe.php HTTP/1.1" 404 96601 "-" "-"
40.69.66.178 - - [21/Oct/2025:05:10:08 +1100] "GET /about.php HTTP/1.1" 301 342 "-" "-"
40.69.66.178 - - [21/Oct/2025:05:10:08 +1100] "GET /about.php HTTP/1.1" 404 96606 "-" "-"
40.69.66.178 - - [21/Oct/2025:05:10:09 +1100] "GET /just2.php HTTP/1.1" 301 342 "-" "-"
40.69.66.178 - - [21/Oct/2025:05:10:09 +1100] "GET /just2.php HTTP/1.1" 404 96599 "-" "-"
40.69.66.178 - - [21/Oct/2025:05:10:10 +1100] "GET /gfile.php HTTP/1.1" 301 342 "-" "-"
40.69.66.178 - - [21/Oct/2025:05:10:11 +1100] "GET /gfile.php HTTP/1.1" 404 96602 "-" "-"
40.69.66.178 - - [21/Oct/2025:05:10:11 +1100] "GET /sec.php HTTP/1.1" 301 340 "-" "-"
40.69.66.178 - - [21/Oct/2025:05:10:12 +1100] "GET /sec.php HTTP/1.1" 404 96510 "-" "-"
40.69.66.178 - - [21/Oct/2025:05:10:13 +1100] "GET /classwithtostring.php HTTP/1.1" 301 354 "-" "-"
40.69.66.178 - - [21/Oct/2025:05:10:13 +1100] "GET /classwithtostring.php HTTP/1.1" 404 96630 "-" "-"
40.69.66.178 - - [21/Oct/2025:05:10:14 +1100] "GET /natural.php HTTP/1.1" 301 344 "-" "-"
40.69.66.178 - - [21/Oct/2025:05:10:14 +1100] "GET /natural.php HTTP/1.1" 404 96605 "-" "-"
40.69.66.178 - - [21/Oct/2025:05:10:15 +1100] "GET /gmo.php HTTP/1.1" 301 340 "-" "-"
40.69.66.178 - - [21/Oct/2025:05:10:15 +1100] "GET /gmo.php HTTP/1.1" 404 96700 "-" "-"
40.69.66.178 - - [21/Oct/2025:05:10:16 +1100] "GET /amphicyon.php HTTP/1.1" 301 346 "-" "-"
40.69.66.178 - - [21/Oct/2025:05:10:16 +1100] "GET /amphicyon.php HTTP/1.1" 404 96607 "-" "-"
40.69.66.178 - - [21/Oct/2025:05:10:17 +1100] "GET /sx21_1.php HTTP/1.1" 301 343 "-" "-"
40.69.66.178 - - [21/Oct/2025:05:10:17 +1100] "GET /sx21_1.php HTTP/1.1" 404 96618 "-" "-"
40.69.66.178 - - [21/Oct/2025:05:10:18 +1100] "GET /1aa.php HTTP/1.1" 301 340 "-" "-"
40.69.66.178 - - [21/Oct/2025:05:10:19 +1100] "GET /1aa.php HTTP/1.1" 404 96606 "-" "-"
40.69.66.178 - - [21/Oct/2025:05:10:19 +1100] "GET /0x.php HTTP/1.1" 301 339 "-" "-"
40.69.66.178 - - [21/Oct/2025:05:10:20 +1100] "GET /0x.php HTTP/1.1" 404 96605 "-" "-"
40.69.66.178 - - [21/Oct/2025:05:10:20 +1100] "GET /elp.php HTTP/1.1" 301 340 "-" "-"
40.69.66.178 - - [21/Oct/2025:05:10:21 +1100] "GET /elp.php HTTP/1.1" 404 96612 "-" "-"
40.69.66.178 - - [21/Oct/2025:05:10:22 +1100] "GET /aa.php HTTP/1.1" 301 339 "-" "-"
40.69.66.178 - - [21/Oct/2025:05:10:22 +1100] "GET /aa.php HTTP/1.1" 404 96698 "-" "-"
40.69.66.178 - - [21/Oct/2025:05:10:23 +1100] "GET /aw.php HTTP/1.1" 301 339 "-" "-"
40.69.66.178 - - [21/Oct/2025:05:10:23 +1100] "GET /aw.php HTTP/1.1" 404 96594 "-" "-"
40.69.66.178 - - [21/Oct/2025:05:10:24 +1100] "GET /wp-admin/index.php HTTP/1.1" 302 375 "-" "-"
40.69.66.178 - - [21/Oct/2025:05:10:24 +1100] "GET /wp-login.php?redirect_to=http%3A%2F%2Flivremonami.nc%2Fwp-admin%2Findex.php&reauth=1 HTTP/1.1" 200 58237 "-" "-"
40.69.66.178 - - [21/Oct/2025:05:10:25 +1100] "GET /buy.php HTTP/1.1" 301 340 "-" "-"
40.69.66.178 - - [21/Oct/2025:05:10:25 +1100] "GET /buy.php HTTP/1.1" 404 96607 "-" "-"
40.69.66.178 - - [21/Oct/2025:05:10:26 +1100] "GET /php.php HTTP/1.1" 301 340 "-" "-"
40.69.66.178 - - [21/Oct/2025:05:10:26 +1100] "GET /php.php HTTP/1.1" 404 96606 "-" "-"
40.69.66.178 - - [21/Oct/2025:05:10:27 +1100] "GET /file.php HTTP/1.1" 301 341 "-" "-"
40.69.66.178 - - [21/Oct/2025:05:10:27 +1100] "GET /file.php HTTP/1.1" 404 96606 "-" "-"
40.69.66.178 - - [21/Oct/2025:05:10:28 +1100] "GET /bluejackets.php HTTP/1.1" 301 348 "-" "-"
40.69.66.178 - - [21/Oct/2025:05:10:28 +1100] "GET /bluejackets.php HTTP/1.1" 404 96619 "-" "-"
40.69.66.178 - - [21/Oct/2025:05:10:29 +1100] "GET /ay.php HTTP/1.1" 301 339 "-" "-"
40.69.66.178 - - [21/Oct/2025:05:10:30 +1100] "GET /ay.php HTTP/1.1" 404 96605 "-" "-"
40.69.66.178 - - [21/Oct/2025:05:10:30 +1100] "GET /wsa.php HTTP/1.1" 301 340 "-" "-"
40.69.66.178 - - [21/Oct/2025:05:10:31 +1100] "GET /wsa.php HTTP/1.1" 404 96618 "-" "-"
40.69.66.178 - - [21/Oct/2025:05:10:31 +1100] "GET /wsd.php HTTP/1.1" 301 340 "-" "-"
40.69.66.178 - - [21/Oct/2025:05:10:32 +1100] "GET /wsd.php HTTP/1.1" 404 96510 "-" "-"
40.69.66.178 - - [21/Oct/2025:05:10:32 +1100] "GET /a2.php HTTP/1.1" 301 339 "-" "-"
40.69.66.178 - - [21/Oct/2025:05:10:33 +1100] "GET /a2.php HTTP/1.1" 404 96597 "-" "-"
40.69.66.178 - - [21/Oct/2025:05:10:34 +1100] "GET /ex.php HTTP/1.1" 301 339 "-" "-"
40.69.66.178 - - [21/Oct/2025:05:10:34 +1100] "GET /ex.php HTTP/1.1" 404 96605 "-" "-"
40.69.66.178 - - [21/Oct/2025:05:10:35 +1100] "GET /bolt.php HTTP/1.1" 301 341 "-" "-"
40.69.66.178 - - [21/Oct/2025:05:10:35 +1100] "GET /bolt.php HTTP/1.1" 404 96614 "-" "-"
40.69.66.178 - - [21/Oct/2025:05:10:36 +1100] "GET /akcc.php HTTP/1.1" 301 341 "-" "-"
40.69.66.178 - - [21/Oct/2025:05:10:36 +1100] "GET /akcc.php HTTP/1.1" 404 96605 "-" "-"
40.69.66.178 - - [21/Oct/2025:05:10:37 +1100] "GET /ot.php HTTP/1.1" 301 339 "-" "-"
40.69.66.178 - - [21/Oct/2025:05:10:37 +1100] "GET /ot.php HTTP/1.1" 404 96597 "-" "-"
40.69.66.178 - - [21/Oct/2025:05:10:38 +1100] "GET /akp.php HTTP/1.1" 301 340 "-" "-"
40.69.66.178 - - [21/Oct/2025:05:10:38 +1100] "GET /akp.php HTTP/1.1" 404 96618 "-" "-"
40.69.66.178 - - [21/Oct/2025:05:10:39 +1100] "GET /mek.php HTTP/1.1" 301 340 "-" "-"
40.69.66.178 - - [21/Oct/2025:05:10:39 +1100] "GET /mek.php HTTP/1.1" 404 96607 "-" "-"
40.69.66.178 - - [21/Oct/2025:05:10:40 +1100] "GET /403.php HTTP/1.1" 301 340 "-" "-"
40.69.66.178 - - [21/Oct/2025:05:10:41 +1100] "GET /403.php HTTP/1.1" 404 96639 "-" "-"
40.69.66.178 - - [21/Oct/2025:05:10:41 +1100] "GET /1.php HTTP/1.1" 301 338 "-" "-"
40.69.66.178 - - [21/Oct/2025:05:10:42 +1100] "GET /1.php HTTP/1.1" 404 96672 "-" "-"
40.69.66.178 - - [21/Oct/2025:05:10:42 +1100] "GET /css/index.php HTTP/1.1" 301 337 "-" "-"
40.69.66.178 - - [21/Oct/2025:05:10:43 +1100] "GET /css/ HTTP/1.1" 404 96606 "-" "-"
40.69.66.178 - - [21/Oct/2025:05:10:44 +1100] "GET /xp.php HTTP/1.1" 301 339 "-" "-"
40.69.66.178 - - [21/Oct/2025:05:10:44 +1100] "GET /xp.php HTTP/1.1" 404 96594 "-" "-"
40.69.66.178 - - [21/Oct/2025:05:10:45 +1100] "GET /ext.php HTTP/1.1" 301 340 "-" "-"
40.69.66.178 - - [21/Oct/2025:05:10:45 +1100] "GET /ext.php HTTP/1.1" 404 96598 "-" "-"
40.69.66.178 - - [21/Oct/2025:05:10:46 +1100] "GET /alfa.php HTTP/1.1" 301 341 "-" "-"
40.69.66.178 - - [21/Oct/2025:05:10:46 +1100] "GET /alfa.php HTTP/1.1" 404 96600 "-" "-"
40.69.66.178 - - [21/Oct/2025:05:10:47 +1100] "GET /acp.php HTTP/1.1" 301 340 "-" "-"
40.69.66.178 - - [21/Oct/2025:05:10:47 +1100] "GET /acp.php HTTP/1.1" 404 96607 "-" "-"
40.69.66.178 - - [21/Oct/2025:05:10:48 +1100] "GET /themes.php HTTP/1.1" 301 343 "-" "-"
40.69.66.178 - - [21/Oct/2025:05:10:48 +1100] "GET /themes.php HTTP/1.1" 404 96609 "-" "-"
40.69.66.178 - - [21/Oct/2025:05:10:49 +1100] "GET /wp-includes/fonts/themes.php HTTP/1.1" 301 361 "-" "-"
40.69.66.178 - - [21/Oct/2025:05:10:50 +1100] "GET /wp-includes/fonts/themes.php HTTP/1.1" 404 96647 "-" "-"
40.69.66.178 - - [21/Oct/2025:05:10:50 +1100] "GET /zse.php HTTP/1.1" 301 340 "-" "-"
40.69.66.178 - - [21/Oct/2025:05:10:51 +1100] "GET /zse.php HTTP/1.1" 404 96510 "-" "-"
198.244.183.106 - - [21/Oct/2025:05:10:56 +1100] "GET /p=4453/img_0555/feed HTTP/1.1" 200 963 "-" "Mozilla/5.0 (compatible; AhrefsBot/7.0; +http://ahrefs.com/robot/)"
85.208.96.202 - - [21/Oct/2025:05:11:50 +1100] "GET /robots.txt HTTP/1.1" 200 362 "-" "Mozilla/5.0 (compatible; SemrushBot/7~bl; +http://www.semrush.com/bot.html)"
185.191.171.1 - - [21/Oct/2025:05:11:52 +1100] "GET /page/28?matprin=calendrier_2011 HTTP/1.1" 200 32302 "-" "Mozilla/5.0 (compatible; SemrushBot/7~bl; +http://www.semrush.com/bot.html)"
54.38.147.201 - - [21/Oct/2025:05:12:55 +1100] "GET /p=3530/dscn1626_1/feed HTTP/1.1" 200 959 "-" "Mozilla/5.0 (compatible; AhrefsBot/7.0; +http://ahrefs.com/robot/)"
54.38.147.138 - - [21/Oct/2025:05:14:38 +1100] "GET /p=4453/96c7/feed HTTP/1.1" 200 956 "-" "Mozilla/5.0 (compatible; AhrefsBot/7.0; +http://ahrefs.com/robot/)"
198.244.168.10 - - [21/Oct/2025:05:16:46 +1100] "GET /p=3648/attachment/045/feed HTTP/1.1" 200 961 "-" "Mozilla/5.0 (compatible; AhrefsBot/7.0; +http://ahrefs.com/robot/)"
170.106.72.93 - - [21/Oct/2025:05:17:45 +1100] "GET /?page_id=11546 HTTP/1.1" 301 280 "-" "Mozilla/5.0 (iPhone; CPU iPhone OS 13_2_3 like Mac OS X) AppleWebKit/605.1.15 (KHTML, like Gecko) Version/13.0.3 Mobile/15E148 Safari/604.1"
170.106.72.93 - - [21/Oct/2025:05:17:49 +1100] "GET /quiz-2025-enfin-la-6e HTTP/1.1" 200 33088 "http://www.livremonami.nc/?page_id=11546" "Mozilla/5.0 (iPhone; CPU iPhone OS 13_2_3 like Mac OS X) AppleWebKit/605.1.15 (KHTML, like Gecko) Version/13.0.3 Mobile/15E148 Safari/604.1"
51.195.215.37 - - [21/Oct/2025:05:18:52 +1100] "GET /p=5089/dscn3535/feed HTTP/1.1" 200 962 "-" "Mozilla/5.0 (compatible; AhrefsBot/7.0; +http://ahrefs.com/robot/)"
202.22.159.247 - - [21/Oct/2025:05:18:53 +1100] "POST /wp-cron.php?doing_wp_cron=1760984333.6959691047668457031250 HTTP/1.1" 200 243 "-" "WordPress/6.7.4; http://www.livremonami.nc"
51.89.129.164 - - [21/Oct/2025:05:21:00 +1100] "GET /p=4598/img_2254/feed HTTP/1.1" 200 964 "-" "Mozilla/5.0 (compatible; AhrefsBot/7.0; +http://ahrefs.com/robot/)"
198.244.240.215 - - [21/Oct/2025:05:22:50 +1100] "GET /feed?attachment_id=6141 HTTP/1.1" 200 964 "-" "Mozilla/5.0 (compatible; AhrefsBot/7.0; +http://ahrefs.com/robot/)"
216.244.66.242 - - [21/Oct/2025:05:24:09 +1100] "GET /robots.txt HTTP/1.1" 200 338 "-" "Mozilla/5.0 (compatible; DotBot/1.2; +https://opensiteexplorer.org/dotbot; help@moz.com)"
205.169.39.58 - - [21/Oct/2025:05:24:30 +1100] "GET /robots.txt HTTP/1.1" 200 343 "-" "Mozilla/5.0 (Windows NT 10.0) AppleWebKit/537.36 (KHTML, like Gecko) Chrome/106.0.0.0 Safari/537.36"
198.244.240.250 - - [21/Oct/2025:05:24:40 +1100] "GET /p=3710/dscn1656_1 HTTP/1.1" 200 28612 "-" "Mozilla/5.0 (compatible; AhrefsBot/7.0; +http://ahrefs.com/robot/)"
216.73.216.49 - - [21/Oct/2025:05:25:06 +1100] "GET /blog/page/59 HTTP/1.1" 200 29418 "-" "Mozilla/5.0 AppleWebKit/537.36 (KHTML, like Gecko; compatible; ClaudeBot/1.0; +claudebot@anthropic.com)"
114.119.136.184 - - [21/Oct/2025:05:26:08 +1100] "GET /?attachment_id=7092 HTTP/1.1" 301 333 "http://www.livremonami.nc?attachment_id=7091" "Mozilla/5.0 (Linux; Android 7.0;) AppleWebKit/537.36 (KHTML, like Gecko) Mobile Safari/537.36 (compatible; PetalBot;+https://webmaster.petalsearch.com/site/petalbot)"
114.119.136.184 - - [21/Oct/2025:05:26:08 +1100] "GET /quiz-2021-masca-manuel-de-survie-en-cas-dapocalypse/masca_manuel_de_survie HTTP/1.1" 200 28635 "http://www.livremonami.nc?attachment_id=7091" "Mozilla/5.0 (Linux; Android 7.0;) AppleWebKit/537.36 (KHTML, like Gecko) Mobile Safari/537.36 (compatible; PetalBot;+https://webmaster.petalsearch.com/site/petalbot)"
51.89.129.123 - - [21/Oct/2025:05:26:42 +1100] "GET /p=5125/img_2517/feed HTTP/1.1" 200 964 "-" "Mozilla/5.0 (compatible; AhrefsBot/7.0; +http://ahrefs.com/robot/)"
114.119.136.184 - - [21/Oct/2025:05:27:31 +1100] "GET /?p=5988 HTTP/1.1" 301 265 "http://www.livremonami.nc/?p=5988" "Mozilla/5.0 (Linux; Android 7.0;) AppleWebKit/537.36 (KHTML, like Gecko) Mobile Safari/537.36 (compatible; PetalBot;+https://webmaster.petalsearch.com/site/petalbot)"
114.119.136.184 - - [21/Oct/2025:05:27:31 +1100] "GET /p=5988 HTTP/1.1" 200 29377 "http://www.livremonami.nc/?p=5988" "Mozilla/5.0 (Linux; Android 7.0;) AppleWebKit/537.36 (KHTML, like Gecko) Mobile Safari/537.36 (compatible; PetalBot;+https://webmaster.petalsearch.com/site/petalbot)"
85.208.96.201 - - [21/Oct/2025:05:27:49 +1100] "GET /img-20241108-wa0001 HTTP/1.1" 200 28592 "-" "Mozilla/5.0 (compatible; SemrushBot/7~bl; +http://www.semrush.com/bot.html)"
51.89.129.249 - - [21/Oct/2025:05:28:41 +1100] "GET /p=5125/img_2505/feed HTTP/1.1" 200 964 "-" "Mozilla/5.0 (compatible; AhrefsBot/7.0; +http://ahrefs.com/robot/)"
170.106.147.63 - - [21/Oct/2025:05:28:51 +1100] "GET /p=category/selection HTTP/1.1" 200 29823 "-" "Mozilla/5.0 (iPhone; CPU iPhone OS 13_2_3 like Mac OS X) AppleWebKit/605.1.15 (KHTML, like Gecko) Version/13.0.3 Mobile/15E148 Safari/604.1"
202.22.159.247 - - [21/Oct/2025:05:29:23 +1100] "POST /wp-cron.php?doing_wp_cron=1760984963.9731841087341308593750 HTTP/1.1" 200 243 "-" "WordPress/6.7.4; http://www.livremonami.nc"
216.73.216.49 - - [21/Oct/2025:05:29:23 +1100] "GET /blog/page/9 HTTP/1.1" 200 29622 "-" "Mozilla/5.0 AppleWebKit/537.36 (KHTML, like Gecko; compatible; ClaudeBot/1.0; +claudebot@anthropic.com)"
198.244.240.62 - - [21/Oct/2025:05:30:45 +1100] "GET /p=5220/43456471_2190067371231991_n/feed HTTP/1.1" 200 976 "-" "Mozilla/5.0 (compatible; AhrefsBot/7.0; +http://ahrefs.com/robot/)"
216.244.66.242 - - [21/Oct/2025:05:31:25 +1100] "GET /page/37?fbclid=IwY2xjawGLvMhleHRuA2FlbQIxMAABHTJjQ4Jk8MOFRQcKmO7SM26Wg9auJCoRITNG63PrlwExJRCUy4fQQZUKnA_aem_RTNTDHulbRGAWHaS7lNH8w HTTP/1.1" 200 127685 "-" "Mozilla/5.0 (compatible; DotBot/1.2; +https://opensiteexplorer.org/dotbot; help@moz.com)"
51.195.183.111 - - [21/Oct/2025:05:32:38 +1100] "GET /p=3649/img_2452_1/feed HTTP/1.1" 200 960 "-" "Mozilla/5.0 (compatible; AhrefsBot/7.0; +http://ahrefs.com/robot/)"
216.244.66.242 - - [21/Oct/2025:05:33:43 +1100] "GET /page/39?fbclid=IwY2xjawGLvMhleHRuA2FlbQIxMAABHTJjQ4Jk8MOFRQcKmO7SM26Wg9auJCoRITNG63PrlwExJRCUy4fQQZUKnA_aem_RTNTDHulbRGAWHaS7lNH8w HTTP/1.1" 200 126957 "-" "Mozilla/5.0 (compatible; DotBot/1.2; +https://opensiteexplorer.org/dotbot; help@moz.com)"
216.244.66.242 - - [21/Oct/2025:05:34:27 +1100] "GET /page/42?matprin=liste_livre_2 HTTP/1.1" 200 125549 "-" "Mozilla/5.0 (compatible; DotBot/1.2; +https://opensiteexplorer.org/dotbot; help@moz.com)"
51.195.244.21 - - [21/Oct/2025:05:34:47 +1100] "GET /p=5125/img_2497/feed HTTP/1.1" 200 964 "-" "Mozilla/5.0 (compatible; AhrefsBot/7.0; +http://ahrefs.com/robot/)"
43.157.170.13 - - [21/Oct/2025:05:36:13 +1100] "GET /avh HTTP/1.1" 200 30972 "-" "Mozilla/5.0 (iPhone; CPU iPhone OS 13_2_3 like Mac OS X) AppleWebKit/605.1.15 (KHTML, like Gecko) Version/13.0.3 Mobile/15E148 Safari/604.1"
114.119.155.235 - - [21/Oct/2025:05:36:58 +1100] "GET /page/47?matprin=jeux HTTP/1.1" 200 31954 "http://www.livremonami.nc/page/48?matprin=jeux" "Mozilla/5.0 (Linux; Android 7.0;) AppleWebKit/537.36 (KHTML, like Gecko) Mobile Safari/537.36 (compatible; PetalBot;+https://webmaster.petalsearch.com/site/petalbot)"
198.244.242.40 - - [21/Oct/2025:05:37:01 +1100] "GET / HTTP/1.1" 200 32426 "-" "Mozilla/5.0 (compatible; AhrefsBot/7.0; +http://ahrefs.com/robot/)"
114.119.136.184 - - [21/Oct/2025:05:38:22 +1100] "GET /page/12?matprin=calendrier_2013 HTTP/1.1" 200 31899 "http://www.livremonami.nc/page/13?matprin=calendrier_2013" "Mozilla/5.0 (Linux; Android 7.0;) AppleWebKit/537.36 (KHTML, like Gecko) Mobile Safari/537.36 (compatible; PetalBot;+https://webmaster.petalsearch.com/site/petalbot)"
216.244.66.242 - - [21/Oct/2025:05:38:22 +1100] "GET /business-people-overlapping-hands-to-show-unity HTTP/1.1" 200 100029 "-" "Mozilla/5.0 (compatible; DotBot/1.2; +https://opensiteexplorer.org/dotbot; help@moz.com)"
202.22.159.247 - - [21/Oct/2025:05:38:58 +1100] "POST /wp-cron.php?doing_wp_cron=1760985538.8655190467834472656250 HTTP/1.1" 200 243 "-" "WordPress/6.7.4; http://www.livremonami.nc"
216.244.66.242 - - [21/Oct/2025:05:38:58 +1100] "GET /ill_affiche_widget HTTP/1.1" 200 99548 "-" "Mozilla/5.0 (compatible; DotBot/1.2; +https://opensiteexplorer.org/dotbot; help@moz.com)"
202.22.159.247 - - [21/Oct/2025:05:39:29 +1100] "POST /wp-cron.php?doing_wp_cron=1760985569.2637290954589843750000 HTTP/1.1" 200 243 "-" "WordPress/6.7.4; http://www.livremonami.nc"
216.244.66.242 - - [21/Oct/2025:05:39:29 +1100] "GET /p=5198/img_1461 HTTP/1.1" 200 99908 "-" "Mozilla/5.0 (compatible; DotBot/1.2; +https://opensiteexplorer.org/dotbot; help@moz.com)"
114.119.133.108 - - [21/Oct/2025:05:39:45 +1100] "GET /p=8936 HTTP/1.1" 200 28894 "http://www.livremonami.nc/?paged=13" "Mozilla/5.0 (Linux; Android 7.0;) AppleWebKit/537.36 (KHTML, like Gecko) Mobile Safari/537.36 (compatible; PetalBot;+https://webmaster.petalsearch.com/site/petalbot)"
198.244.226.103 - - [21/Oct/2025:05:40:19 +1100] "GET /quiz-2017 HTTP/1.1" 200 28008 "-" "Mozilla/5.0 (compatible; AhrefsBot/7.0; +http://ahrefs.com/robot/)"
114.119.157.237 - - [21/Oct/2025:05:41:09 +1100] "GET /p=5241/dscn3606 HTTP/1.1" 200 28670 "http://www.livremonami.nc?attachment_id=5249" "Mozilla/5.0 (Linux; Android 7.0;) AppleWebKit/537.36 (KHTML, like Gecko) Mobile Safari/537.36 (compatible; PetalBot;+https://webmaster.petalsearch.com/site/petalbot)"
114.119.136.184 - - [21/Oct/2025:05:42:32 +1100] "GET /p=4350/dscn2563 HTTP/1.1" 200 28657 "http://www.livremonami.nc/?p=4350" "Mozilla/5.0 (Linux; Android 7.0;) AppleWebKit/537.36 (KHTML, like Gecko) Mobile Safari/537.36 (compatible; PetalBot;+https://webmaster.petalsearch.com/site/petalbot)"
198.244.242.164 - - [21/Oct/2025:05:43:04 +1100] "GET /p=2126 HTTP/1.1" 200 29087 "-" "Mozilla/5.0 (compatible; AhrefsBot/7.0; +http://ahrefs.com/robot/)"
198.244.240.93 - - [21/Oct/2025:05:43:18 +1100] "GET /wp-content/uploads/2016/11/DSCN1656_1.jpg HTTP/1.1" 200 178730 "-" "Mozilla/5.0 (compatible; AhrefsBot/7.0; +http://ahrefs.com/robot/)"
114.119.146.185 - - [21/Oct/2025:05:43:56 +1100] "GET /p=4598/img_2255 HTTP/1.1" 200 28665 "http://www.livremonami.nc/p=4598" "Mozilla/5.0 (Linux; Android 7.0;) AppleWebKit/537.36 (KHTML, like Gecko) Mobile Safari/537.36 (compatible; PetalBot;+https://webmaster.petalsearch.com/site/petalbot)"
43.157.188.74 - - [21/Oct/2025:05:45:19 +1100] "GET /avh HTTP/1.1" 200 30736 "-" "Mozilla/5.0 (iPhone; CPU iPhone OS 13_2_3 like Mac OS X) AppleWebKit/605.1.15 (KHTML, like Gecko) Version/13.0.3 Mobile/15E148 Safari/604.1"
202.22.159.247 - - [21/Oct/2025:05:45:21 +1100] "POST /wp-cron.php?doing_wp_cron=1760985921.1567740440368652343750 HTTP/1.1" 200 243 "-" "WordPress/6.7.4; http://www.livremonami.nc"
114.119.155.54 - - [21/Oct/2025:05:45:21 +1100] "GET /?paged=46 HTTP/1.1" 301 266 "http://www.livremonami.nc/?paged=45" "Mozilla/5.0 (Linux; Android 7.0;) AppleWebKit/537.36 (KHTML, like Gecko) Mobile Safari/537.36 (compatible; PetalBot;+https://webmaster.petalsearch.com/site/petalbot)"
114.119.155.54 - - [21/Oct/2025:05:45:21 +1100] "GET /page/46 HTTP/1.1" 200 32232 "http://www.livremonami.nc/?paged=45" "Mozilla/5.0 (Linux; Android 7.0;) AppleWebKit/537.36 (KHTML, like Gecko) Mobile Safari/537.36 (compatible; PetalBot;+https://webmaster.petalsearch.com/site/petalbot)"
51.89.129.187 - - [21/Oct/2025:05:45:33 +1100] "GET /p=6055 HTTP/1.1" 200 30174 "-" "Mozilla/5.0 (compatible; AhrefsBot/7.0; +http://ahrefs.com/robot/)"
199.47.82.18 - - [21/Oct/2025:05:46:14 +1100] "GET /robots.txt HTTP/1.1" 200 343 "-" "Turnitin (https://bit.ly/2UvnfoQ)"
199.47.82.18 - - [21/Oct/2025:05:46:14 +1100] "GET /robots.txt HTTP/1.1" 200 343 "-" "Turnitin (https://bit.ly/2UvnfoQ)"
199.47.82.18 - - [21/Oct/2025:05:46:15 +1100] "GET /002-2 HTTP/1.1" 200 28525 "-" "Turnitin (https://bit.ly/2UvnfoQ)"
199.47.82.18 - - [21/Oct/2025:05:46:15 +1100] "GET /007gal_013 HTTP/1.1" 200 28542 "-" "Turnitin (https://bit.ly/2UvnfoQ)"
199.47.82.18 - - [21/Oct/2025:05:46:16 +1100] "GET /2010_138-princesse HTTP/1.1" 200 28506 "-" "Turnitin (https://bit.ly/2UvnfoQ)"
199.47.82.18 - - [21/Oct/2025:05:46:16 +1100] "GET /affiche_2023_petit HTTP/1.1" 200 28541 "-" "Turnitin (https://bit.ly/2UvnfoQ)"
199.47.82.18 - - [21/Oct/2025:05:46:17 +1100] "GET /img_20220316_141211 HTTP/1.1" 200 28578 "-" "Turnitin (https://bit.ly/2UvnfoQ)"
199.47.82.18 - - [21/Oct/2025:05:46:17 +1100] "GET /img_20220316_144330 HTTP/1.1" 200 28577 "-" "Turnitin (https://bit.ly/2UvnfoQ)"
199.47.82.18 - - [21/Oct/2025:05:46:18 +1100] "GET /img_20230301_142703 HTTP/1.1" 200 28557 "-" "Turnitin (https://bit.ly/2UvnfoQ)"
199.47.82.18 - - [21/Oct/2025:05:46:18 +1100] "GET /page/65 HTTP/1.1" 200 31313 "-" "Turnitin (https://bit.ly/2UvnfoQ)"
199.47.82.18 - - [21/Oct/2025:05:46:19 +1100] "GET /page/8?matprin=archives HTTP/1.1" 200 32498 "-" "Turnitin (https://bit.ly/2UvnfoQ)"
199.47.82.18 - - [21/Oct/2025:05:46:19 +1100] "GET /page/9?matprin=archives HTTP/1.1" 200 32339 "-" "Turnitin (https://bit.ly/2UvnfoQ)"
199.47.82.18 - - [21/Oct/2025:05:46:20 +1100] "GET /part_prive_sln HTTP/1.1" 200 28484 "-" "Turnitin (https://bit.ly/2UvnfoQ)"
199.47.82.18 - - [21/Oct/2025:05:46:20 +1100] "GET /wp-login.php?action=lostpassword HTTP/1.1" 200 16921 "-" "Turnitin (https://bit.ly/2UvnfoQ)"
114.119.133.12 - - [21/Oct/2025:05:46:44 +1100] "GET /p=5125/img_2504 HTTP/1.1" 200 28642 "http://www.livremonami.nc/p=5125/img_2497" "Mozilla/5.0 (Linux; Android 7.0;) AppleWebKit/537.36 (KHTML, like Gecko) Mobile Safari/537.36 (compatible; PetalBot;+https://webmaster.petalsearch.com/site/petalbot)"
54.38.147.133 - - [21/Oct/2025:05:48:04 +1100] "GET /p=2686/img_3757/feed HTTP/1.1" 200 963 "-" "Mozilla/5.0 (compatible; AhrefsBot/7.0; +http://ahrefs.com/robot/)"
114.119.167.51 - - [21/Oct/2025:05:48:07 +1100] "GET /?p=7143 HTTP/1.1" 301 265 "http://www.livremonami.nc/?cat=19&paged=4" "Mozilla/5.0 (Linux; Android 7.0;) AppleWebKit/537.36 (KHTML, like Gecko) Mobile Safari/537.36 (compatible; PetalBot;+https://webmaster.petalsearch.com/site/petalbot)"
114.119.167.51 - - [21/Oct/2025:05:48:07 +1100] "GET /p=7143 HTTP/1.1" 200 31592 "http://www.livremonami.nc/?cat=19&paged=4" "Mozilla/5.0 (Linux; Android 7.0;) AppleWebKit/537.36 (KHTML, like Gecko) Mobile Safari/537.36 (compatible; PetalBot;+https://webmaster.petalsearch.com/site/petalbot)"
202.22.159.247 - - [21/Oct/2025:05:49:32 +1100] "POST /wp-cron.php?doing_wp_cron=1760986172.0826408863067626953125 HTTP/1.1" 200 243 "-" "WordPress/6.7.4; http://www.livremonami.nc"
114.119.155.235 - - [21/Oct/2025:05:49:31 +1100] "GET /?p=4697 HTTP/1.1" 301 265 "http://www.livremonami.nc/?p=4569" "Mozilla/5.0 (Linux; Android 7.0;) AppleWebKit/537.36 (KHTML, like Gecko) Mobile Safari/537.36 (compatible; PetalBot;+https://webmaster.petalsearch.com/site/petalbot)"
114.119.155.235 - - [21/Oct/2025:05:49:32 +1100] "GET /p=4697 HTTP/1.1" 200 28266 "http://www.livremonami.nc/?p=4569" "Mozilla/5.0 (Linux; Android 7.0;) AppleWebKit/537.36 (KHTML, like Gecko) Mobile Safari/537.36 (compatible; PetalBot;+https://webmaster.petalsearch.com/site/petalbot)"
51.195.215.42 - - [21/Oct/2025:05:50:52 +1100] "GET /p=4569/img_2145-2 HTTP/1.1" 200 28650 "-" "Mozilla/5.0 (compatible; AhrefsBot/7.0; +http://ahrefs.com/robot/)"
114.119.157.237 - - [21/Oct/2025:05:50:54 +1100] "GET /page/2?matprin=calendrier_2015 HTTP/1.1" 200 32515 "http://www.livremonami.nc?matprin=calendrier_2015&paged=4" "Mozilla/5.0 (Linux; Android 7.0;) AppleWebKit/537.36 (KHTML, like Gecko) Mobile Safari/537.36 (compatible; PetalBot;+https://webmaster.petalsearch.com/site/petalbot)"
114.119.133.108 - - [21/Oct/2025:05:52:18 +1100] "GET /?cat=21&paged=8 HTTP/1.1" 301 295 "http://www.livremonami.nc?cat=21&paged=6" "Mozilla/5.0 (Linux; Android 7.0;) AppleWebKit/537.36 (KHTML, like Gecko) Mobile Safari/537.36 (compatible; PetalBot;+https://webmaster.petalsearch.com/site/petalbot)"
114.119.133.108 - - [21/Oct/2025:05:52:19 +1100] "GET /p=category/productions-eleves/page/8 HTTP/1.1" 200 29697 "http://www.livremonami.nc?cat=21&paged=6" "Mozilla/5.0 (Linux; Android 7.0;) AppleWebKit/537.36 (KHTML, like Gecko) Mobile Safari/537.36 (compatible; PetalBot;+https://webmaster.petalsearch.com/site/petalbot)"
198.244.168.45 - - [21/Oct/2025:05:53:27 +1100] "GET /feed?attachment_id=4763 HTTP/1.1" 200 989 "-" "Mozilla/5.0 (compatible; AhrefsBot/7.0; +http://ahrefs.com/robot/)"
114.119.136.184 - - [21/Oct/2025:05:53:42 +1100] "GET /?matprin=archives&laureat=oui&paged=4 HTTP/1.1" 301 294 "http://www.livremonami.nc/?matprin=archives&laureat=oui&paged=6" "Mozilla/5.0 (Linux; Android 7.0;) AppleWebKit/537.36 (KHTML, like Gecko) Mobile Safari/537.36 (compatible; PetalBot;+https://webmaster.petalsearch.com/site/petalbot)"
114.119.136.184 - - [21/Oct/2025:05:53:42 +1100] "GET /page/4?matprin=archives&laureat=oui HTTP/1.1" 200 32516 "http://www.livremonami.nc/?matprin=archives&laureat=oui&paged=6" "Mozilla/5.0 (Linux; Android 7.0;) AppleWebKit/537.36 (KHTML, like Gecko) Mobile Safari/537.36 (compatible; PetalBot;+https://webmaster.petalsearch.com/site/petalbot)"
216.73.216.49 - - [21/Oct/2025:05:55:00 +1100] "GET /p=6978 HTTP/1.1" 200 30842 "-" "Mozilla/5.0 AppleWebKit/537.36 (KHTML, like Gecko; compatible; ClaudeBot/1.0; +claudebot@anthropic.com)"
198.244.226.176 - - [21/Oct/2025:05:55:57 +1100] "GET /p=3710/dscn1651_1b/feed HTTP/1.1" 200 961 "-" "Mozilla/5.0 (compatible; AhrefsBot/7.0; +http://ahrefs.com/robot/)"
51.89.129.156 - - [21/Oct/2025:05:58:29 +1100] "GET /img_3499 HTTP/1.1" 200 28556 "-" "Mozilla/5.0 (compatible; AhrefsBot/7.0; +http://ahrefs.com/robot/)"
202.22.159.247 - - [21/Oct/2025:06:00:46 +1100] "POST /wp-cron.php?doing_wp_cron=1760986846.0169100761413574218750 HTTP/1.1" 200 243 "-" "WordPress/6.7.4; http://www.livremonami.nc"
170.106.140.110 - - [21/Oct/2025:06:00:45 +1100] "GET /rallye-lecture-2021-2022 HTTP/1.1" 200 54163 "-" "Mozilla/5.0 (iPhone; CPU iPhone OS 13_2_3 like Mac OS X) AppleWebKit/605.1.15 (KHTML, like Gecko) Version/13.0.3 Mobile/15E148 Safari/604.1"
198.244.242.14 - - [21/Oct/2025:06:00:55 +1100] "GET /p=11227 HTTP/1.1" 200 31487 "-" "Mozilla/5.0 (compatible; AhrefsBot/7.0; +http://ahrefs.com/robot/)"
202.8.43.232 - - [21/Oct/2025:06:00:57 +1100] "GET /robots.txt HTTP/1.1" 200 343 "-" "Mozilla/5.0 (compatible; AhrefsBot/7.0; +http://ahrefs.com/robot/)"
202.8.43.200 - - [21/Oct/2025:06:00:58 +1100] "GET /wp-content/plugins/tablepress/css/build/default.css?ver=3.1.3 HTTP/1.1" 200 1905 "http://www.livremonami.nc/p=11227" "Mozilla/5.0 (compatible; AhrefsBot/7.0; +http://ahrefs.com/robot/)"
202.8.43.200 - - [21/Oct/2025:06:00:58 +1100] "GET /wp-content/themes/tempera/fonts/fontfaces.css?ver=1.8.3 HTTP/1.1" 200 1900 "http://www.livremonami.nc/p=11227" "Mozilla/5.0 (compatible; AhrefsBot/7.0; +http://ahrefs.com/robot/)"
202.8.43.200 - - [21/Oct/2025:06:00:58 +1100] "GET /wp-content/plugins/advanced-quiz/css/wpAdvQuiz_front.min.css?ver=1.0.4 HTTP/1.1" 200 2755 "http://www.livremonami.nc/p=11227" "Mozilla/5.0 (compatible; AhrefsBot/7.0; +http://ahrefs.com/robot/)"
202.8.43.200 - - [21/Oct/2025:06:00:58 +1100] "GET /wp-content/plugins/real-cookie-banner/public/lib/animate.css/animate.min.css?ver=4.1.1 HTTP/1.1" 200 5593 "http://www.livremonami.nc/p=11227" "Mozilla/5.0 (compatible; AhrefsBot/7.0; +http://ahrefs.com/robot/)"
202.8.43.200 - - [21/Oct/2025:06:00:58 +1100] "GET /wp-content/themes/tempera/style.css?ver=1.8.3 HTTP/1.1" 200 13132 "http://www.livremonami.nc/p=11227" "Mozilla/5.0 (compatible; AhrefsBot/7.0; +http://ahrefs.com/robot/)"
202.8.43.200 - - [21/Oct/2025:06:00:58 +1100] "GET /wp-includes/css/dist/block-library/style.min.css?ver=6.7.4 HTTP/1.1" 200 15501 "http://www.livremonami.nc/p=11227" "Mozilla/5.0 (compatible; AhrefsBot/7.0; +http://ahrefs.com/robot/)"
202.8.43.200 - - [21/Oct/2025:06:00:58 +1100] "GET /wp-content/themes/tempera/styles/style-mobile.css?ver=1.8.3 HTTP/1.1" 200 2295 "http://www.livremonami.nc/p=11227" "Mozilla/5.0 (compatible; AhrefsBot/7.0; +http://ahrefs.com/robot/)"
202.8.43.200 - - [21/Oct/2025:06:00:58 +1100] "GET /wp-includes/js/jquery/jquery-migrate.min.js?ver=3.4.1 HTTP/1.1" 200 5207 "http://www.livremonami.nc/p=11227" "Mozilla/5.0 (compatible; AhrefsBot/7.0; +http://ahrefs.com/robot/)"
202.8.43.200 - - [21/Oct/2025:06:00:58 +1100] "GET /wp-includes/js/dist/script-modules/block-library/image/view.min.js?ver=acfec7b3c0be4a859b31 HTTP/1.1" 200 2090 "http://www.livremonami.nc/p=11227" "Mozilla/5.0 (compatible; AhrefsBot/7.0; +http://ahrefs.com/robot/)"
202.8.43.200 - - [21/Oct/2025:06:00:58 +1100] "GET /wp-includes/js/jquery/jquery.min.js?ver=3.7.1 HTTP/1.1" 200 30705 "http://www.livremonami.nc/p=11227" "Mozilla/5.0 (compatible; AhrefsBot/7.0; +http://ahrefs.com/robot/)"
202.8.43.200 - - [21/Oct/2025:06:00:58 +1100] "GET /wp-includes/js/dist/script-modules/interactivity/index.min.js?ver=907ea3b2f317a78b7b9b HTTP/1.1" 200 14005 "http://www.livremonami.nc/p=11227" "Mozilla/5.0 (compatible; AhrefsBot/7.0; +http://ahrefs.com/robot/)"
202.8.43.200 - - [21/Oct/2025:06:00:58 +1100] "GET /wp-content/plugins/shortcodes-ultimate/includes/css/shortcodes.css?ver=7.4.5 HTTP/1.1" 200 8094 "http://www.livremonami.nc/p=11227" "Mozilla/5.0 (compatible; AhrefsBot/7.0; +http://ahrefs.com/robot/)"
202.8.43.200 - - [21/Oct/2025:06:00:58 +1100] "GET /wp-content/aafd9425158f8f03937d0df38997f6f2/dist/1369589066.js?ver=975c5defe73b4b2fde03afbaa384a541 HTTP/1.1" 200 11253 "http://www.livremonami.nc/p=11227" "Mozilla/5.0 (compatible; AhrefsBot/7.0; +http://ahrefs.com/robot/)"
