92.222.104.212 - - [21/Oct/2025:07:54:09 +1100] "GET /wp-content/uploads/2023/03/IMG_20230301_144544-1024x576.jpeg HTTP/1.1" 200 106868 "-" "Mozilla/5.0 (compatible; AhrefsBot/7.0; +http://ahrefs.com/robot/)"
92.222.108.127 - - [21/Oct/2025:07:55:24 +1100] "GET /p=4416/bb27/feed HTTP/1.1" 200 956 "-" "Mozilla/5.0 (compatible; AhrefsBot/7.0; +http://ahrefs.com/robot/)"
216.73.216.49 - - [21/Oct/2025:07:55:50 +1100] "GET /?cat=17&paged=21 HTTP/1.1" 301 321 "-" "Mozilla/5.0 AppleWebKit/537.36 (KHTML, like Gecko; compatible; ClaudeBot/1.0; +claudebot@anthropic.com)"
216.73.216.49 - - [21/Oct/2025:07:55:51 +1100] "GET /p=category/photos/page/21 HTTP/1.1" 200 29276 "http://www.livremonami.nc/?cat=17&paged=21" "Mozilla/5.0 AppleWebKit/537.36 (KHTML, like Gecko; compatible; ClaudeBot/1.0; +claudebot@anthropic.com)"
44.217.255.167 - - [21/Oct/2025:07:56:06 +1100] "GET /part_prive_lelagon HTTP/1.1" 200 28510 "-" "Mozilla/5.0 AppleWebKit/537.36 (KHTML, like Gecko; compatible; Amazonbot/0.1; +https://developer.amazon.com/support/amazonbot) Chrome/119.0.6045.214 Safari/537.36"
128.24.96.74 - - [21/Oct/2025:07:56:53 +1100] "GET /wp-content/plugins/hellopress/wp_filemanager.php HTTP/1.1" 301 381 "-" "-"
128.24.96.74 - - [21/Oct/2025:07:56:59 +1100] "GET /wp-content/plugins/hellopress/wp_filemanager.php HTTP/1.1" 404 96684 "-" "-"
202.22.159.247 - - [21/Oct/2025:07:57:05 +1100] "POST /wp-cron.php?doing_wp_cron=1760993825.3659169673919677734375 HTTP/1.1" 200 243 "-" "WordPress/6.7.4; http://www.livremonami.nc"
128.24.96.74 - - [21/Oct/2025:07:57:05 +1100] "GET /shoha.php HTTP/1.1" 301 342 "-" "-"
128.24.96.74 - - [21/Oct/2025:07:57:06 +1100] "GET /shoha.php HTTP/1.1" 404 96602 "-" "-"
128.24.96.74 - - [21/Oct/2025:07:57:07 +1100] "GET /444.php HTTP/1.1" 301 340 "-" "-"
128.24.96.74 - - [21/Oct/2025:07:57:07 +1100] "GET /444.php HTTP/1.1" 404 96607 "-" "-"
128.24.96.74 - - [21/Oct/2025:07:57:07 +1100] "GET /hk.php HTTP/1.1" 301 339 "-" "-"
128.24.96.74 - - [21/Oct/2025:07:57:09 +1100] "GET /hk.php HTTP/1.1" 404 96602 "-" "-"
128.24.96.74 - - [21/Oct/2025:07:57:10 +1100] "GET /hook.php HTTP/1.1" 301 341 "-" "-"
128.24.96.74 - - [21/Oct/2025:07:57:10 +1100] "GET /hook.php HTTP/1.1" 404 96605 "-" "-"
128.24.96.74 - - [21/Oct/2025:07:57:11 +1100] "GET /atomlib.php HTTP/1.1" 301 344 "-" "-"
128.24.96.74 - - [21/Oct/2025:07:57:11 +1100] "GET /atomlib.php HTTP/1.1" 404 96613 "-" "-"
128.24.96.74 - - [21/Oct/2025:07:57:11 +1100] "GET /geck.php HTTP/1.1" 301 341 "-" "-"
128.24.96.74 - - [21/Oct/2025:07:57:12 +1100] "GET /geck.php HTTP/1.1" 404 96614 "-" "-"
128.24.96.74 - - [21/Oct/2025:07:57:12 +1100] "GET /file88.php HTTP/1.1" 301 343 "-" "-"
128.24.96.74 - - [21/Oct/2025:07:57:13 +1100] "GET /file88.php HTTP/1.1" 404 96624 "-" "-"
128.24.96.74 - - [21/Oct/2025:07:57:13 +1100] "GET /gold.php HTTP/1.1" 301 341 "-" "-"
128.24.96.74 - - [21/Oct/2025:07:57:14 +1100] "GET /gold.php HTTP/1.1" 404 96601 "-" "-"
128.24.96.74 - - [21/Oct/2025:07:57:14 +1100] "GET /moo.php HTTP/1.1" 301 340 "-" "-"
216.244.66.242 - - [21/Oct/2025:07:57:14 +1100] "GET /page/25?matprin=calendrier_2014 HTTP/1.1" 200 128957 "-" "Mozilla/5.0 (compatible; DotBot/1.2; +https://opensiteexplorer.org/dotbot; help@moz.com)"
128.24.96.74 - - [21/Oct/2025:07:57:15 +1100] "GET /moo.php HTTP/1.1" 404 96599 "-" "-"
128.24.96.74 - - [21/Oct/2025:07:57:15 +1100] "GET /file2.php HTTP/1.1" 301 342 "-" "-"
128.24.96.74 - - [21/Oct/2025:07:57:15 +1100] "GET /file2.php HTTP/1.1" 404 96616 "-" "-"
128.24.96.74 - - [21/Oct/2025:07:57:16 +1100] "GET /afile.php HTTP/1.1" 301 342 "-" "-"
128.24.96.74 - - [21/Oct/2025:07:57:16 +1100] "GET /afile.php HTTP/1.1" 404 96603 "-" "-"
128.24.96.74 - - [21/Oct/2025:07:57:19 +1100] "GET /1.php HTTP/1.1" 301 338 "-" "-"
128.24.96.74 - - [21/Oct/2025:07:57:19 +1100] "GET /1.php HTTP/1.1" 404 96595 "-" "-"
128.24.96.74 - - [21/Oct/2025:07:57:20 +1100] "GET /info.php HTTP/1.1" 301 341 "-" "-"
128.24.96.74 - - [21/Oct/2025:07:57:21 +1100] "GET /info.php HTTP/1.1" 404 96620 "-" "-"
128.24.96.74 - - [21/Oct/2025:07:57:21 +1100] "GET /gmo.php HTTP/1.1" 301 340 "-" "-"
128.24.96.74 - - [21/Oct/2025:07:57:22 +1100] "GET /gmo.php HTTP/1.1" 404 96603 "-" "-"
128.24.96.74 - - [21/Oct/2025:07:57:23 +1100] "GET /bless5.php HTTP/1.1" 301 343 "-" "-"
128.24.96.74 - - [21/Oct/2025:07:57:24 +1100] "GET /bless5.php HTTP/1.1" 404 96608 "-" "-"
128.24.96.74 - - [21/Oct/2025:07:57:25 +1100] "GET /te.php HTTP/1.1" 301 339 "-" "-"
128.24.96.74 - - [21/Oct/2025:07:57:25 +1100] "GET /te.php HTTP/1.1" 404 96602 "-" "-"
128.24.96.74 - - [21/Oct/2025:07:57:26 +1100] "GET /cccc.php HTTP/1.1" 301 341 "-" "-"
128.24.96.74 - - [21/Oct/2025:07:57:27 +1100] "GET /cccc.php HTTP/1.1" 404 96601 "-" "-"
128.24.96.74 - - [21/Oct/2025:07:57:27 +1100] "GET /usep.php HTTP/1.1" 301 341 "-" "-"
128.24.96.74 - - [21/Oct/2025:07:57:27 +1100] "GET /usep.php HTTP/1.1" 404 96607 "-" "-"
128.24.96.74 - - [21/Oct/2025:07:57:28 +1100] "GET /fileas.php HTTP/1.1" 301 343 "-" "-"
128.24.96.74 - - [21/Oct/2025:07:57:28 +1100] "GET /fileas.php HTTP/1.1" 404 96605 "-" "-"
128.24.96.74 - - [21/Oct/2025:07:57:29 +1100] "GET /haa.php HTTP/1.1" 301 340 "-" "-"
128.24.96.74 - - [21/Oct/2025:07:57:30 +1100] "GET /haa.php HTTP/1.1" 404 96510 "-" "-"
128.24.96.74 - - [21/Oct/2025:07:57:33 +1100] "GET /gfile.php HTTP/1.1" 301 342 "-" "-"
128.24.96.74 - - [21/Oct/2025:07:57:33 +1100] "GET /gfile.php HTTP/1.1" 404 96611 "-" "-"
128.24.96.74 - - [21/Oct/2025:07:57:34 +1100] "GET /gelap.php HTTP/1.1" 301 342 "-" "-"
128.24.96.74 - - [21/Oct/2025:07:57:34 +1100] "GET /gelap.php HTTP/1.1" 404 96643 "-" "-"
128.24.96.74 - - [21/Oct/2025:07:57:35 +1100] "GET /a.php HTTP/1.1" 301 338 "-" "-"
128.24.96.74 - - [21/Oct/2025:07:57:35 +1100] "GET /a.php HTTP/1.1" 404 96603 "-" "-"
128.24.96.74 - - [21/Oct/2025:07:57:36 +1100] "GET /wpls.php HTTP/1.1" 301 341 "-" "-"
128.24.96.74 - - [21/Oct/2025:07:57:36 +1100] "GET /wpls.php HTTP/1.1" 404 96601 "-" "-"
128.24.96.74 - - [21/Oct/2025:07:57:37 +1100] "GET /wp-aaa.php HTTP/1.1" 301 343 "-" "-"
128.24.96.74 - - [21/Oct/2025:07:57:37 +1100] "GET /wp-aaa.php HTTP/1.1" 404 96624 "-" "-"
128.24.96.74 - - [21/Oct/2025:07:57:39 +1100] "GET /wp.php HTTP/1.1" 301 339 "-" "-"
128.24.96.74 - - [21/Oct/2025:07:57:39 +1100] "GET /wp.php HTTP/1.1" 404 96602 "-" "-"
128.24.96.74 - - [21/Oct/2025:07:57:40 +1100] "GET /333.php HTTP/1.1" 301 340 "-" "-"
128.24.96.74 - - [21/Oct/2025:07:57:41 +1100] "GET /333.php HTTP/1.1" 404 96595 "-" "-"
128.24.96.74 - - [21/Oct/2025:07:57:41 +1100] "GET /class-wp.php HTTP/1.1" 301 345 "-" "-"
128.24.96.74 - - [21/Oct/2025:07:57:42 +1100] "GET /class-wp.php HTTP/1.1" 404 96617 "-" "-"
128.24.96.74 - - [21/Oct/2025:07:57:45 +1100] "GET /pp.php HTTP/1.1" 301 339 "-" "-"
128.24.96.74 - - [21/Oct/2025:07:57:45 +1100] "GET /pp.php HTTP/1.1" 404 96597 "-" "-"
128.24.96.74 - - [21/Oct/2025:07:57:46 +1100] "GET /031.php HTTP/1.1" 301 340 "-" "-"
128.24.96.74 - - [21/Oct/2025:07:57:46 +1100] "GET /031.php HTTP/1.1" 404 96700 "-" "-"
128.24.96.74 - - [21/Oct/2025:07:57:47 +1100] "GET /tor.php HTTP/1.1" 301 340 "-" "-"
128.24.96.74 - - [21/Oct/2025:07:57:47 +1100] "GET /tor.php HTTP/1.1" 404 96599 "-" "-"
128.24.96.74 - - [21/Oct/2025:07:57:48 +1100] "GET /thh.php HTTP/1.1" 301 340 "-" "-"
128.24.96.74 - - [21/Oct/2025:07:57:48 +1100] "GET /thh.php HTTP/1.1" 404 96510 "-" "-"
128.24.96.74 - - [21/Oct/2025:07:57:49 +1100] "GET /klex.php HTTP/1.1" 301 341 "-" "-"
128.24.96.74 - - [21/Oct/2025:07:57:49 +1100] "GET /klex.php HTTP/1.1" 404 96618 "-" "-"
128.24.96.74 - - [21/Oct/2025:07:57:50 +1100] "GET /a2.php HTTP/1.1" 301 339 "-" "-"
128.24.96.74 - - [21/Oct/2025:07:57:50 +1100] "GET /a2.php HTTP/1.1" 404 96598 "-" "-"
128.24.96.74 - - [21/Oct/2025:07:57:51 +1100] "GET /errorfile.php HTTP/1.1" 301 346 "-" "-"
128.24.96.74 - - [21/Oct/2025:07:57:51 +1100] "GET /errorfile.php HTTP/1.1" 404 96611 "-" "-"
128.24.96.74 - - [21/Oct/2025:07:57:52 +1100] "GET /error.php HTTP/1.1" 301 342 "-" "-"
128.24.96.74 - - [21/Oct/2025:07:57:52 +1100] "GET /error.php HTTP/1.1" 404 96609 "-" "-"
128.24.96.74 - - [21/Oct/2025:07:57:53 +1100] "GET /file15.php HTTP/1.1" 301 343 "-" "-"
128.24.96.74 - - [21/Oct/2025:07:57:53 +1100] "GET /file15.php HTTP/1.1" 404 96645 "-" "-"
128.24.96.74 - - [21/Oct/2025:07:57:54 +1100] "GET /asas.php HTTP/1.1" 301 341 "-" "-"
128.24.96.74 - - [21/Oct/2025:07:57:54 +1100] "GET /asas.php HTTP/1.1" 404 96702 "-" "-"
92.222.108.124 - - [21/Oct/2025:07:57:57 +1100] "GET /p=4394/conception-8/feed HTTP/1.1" 200 960 "-" "Mozilla/5.0 (compatible; AhrefsBot/7.0; +http://ahrefs.com/robot/)"
128.24.96.74 - - [21/Oct/2025:07:57:59 +1100] "GET /520.php HTTP/1.1" 301 340 "-" "-"
128.24.96.74 - - [21/Oct/2025:07:57:59 +1100] "GET /520.php HTTP/1.1" 404 96604 "-" "-"
128.24.96.74 - - [21/Oct/2025:07:58:00 +1100] "GET /ilex.php HTTP/1.1" 301 341 "-" "-"
128.24.96.74 - - [21/Oct/2025:07:58:00 +1100] "GET /ilex.php HTTP/1.1" 404 96606 "-" "-"
128.24.96.74 - - [21/Oct/2025:07:58:01 +1100] "GET /class20.php HTTP/1.1" 301 344 "-" "-"
128.24.96.74 - - [21/Oct/2025:07:58:01 +1100] "GET /class20.php HTTP/1.1" 404 96615 "-" "-"
128.24.96.74 - - [21/Oct/2025:07:58:02 +1100] "GET /an.php HTTP/1.1" 301 339 "-" "-"
128.24.96.74 - - [21/Oct/2025:07:58:02 +1100] "GET /an.php HTTP/1.1" 404 96596 "-" "-"
128.24.96.74 - - [21/Oct/2025:07:58:03 +1100] "GET /ton.php HTTP/1.1" 301 340 "-" "-"
128.24.96.74 - - [21/Oct/2025:07:58:04 +1100] "GET /ton.php HTTP/1.1" 404 96596 "-" "-"
128.24.96.74 - - [21/Oct/2025:07:58:04 +1100] "GET /file21.php HTTP/1.1" 301 343 "-" "-"
128.24.96.74 - - [21/Oct/2025:07:58:05 +1100] "GET /file21.php HTTP/1.1" 404 96682 "-" "-"
128.24.96.74 - - [21/Oct/2025:07:58:05 +1100] "GET /cool.php HTTP/1.1" 301 341 "-" "-"
128.24.96.74 - - [21/Oct/2025:07:58:06 +1100] "GET /cool.php HTTP/1.1" 404 96678 "-" "-"
128.24.96.74 - - [21/Oct/2025:07:58:06 +1100] "GET /file7.php HTTP/1.1" 301 342 "-" "-"
128.24.96.74 - - [21/Oct/2025:07:58:07 +1100] "GET /file7.php HTTP/1.1" 404 96616 "-" "-"
128.24.96.74 - - [21/Oct/2025:07:58:07 +1100] "GET /classgoto24.php HTTP/1.1" 301 348 "-" "-"
128.24.96.74 - - [21/Oct/2025:07:58:08 +1100] "GET /classgoto24.php HTTP/1.1" 404 96634 "-" "-"
128.24.96.74 - - [21/Oct/2025:07:58:08 +1100] "GET /wlex.php HTTP/1.1" 301 341 "-" "-"
128.24.96.74 - - [21/Oct/2025:07:58:09 +1100] "GET /wlex.php HTTP/1.1" 404 96614 "-" "-"
128.24.96.74 - - [21/Oct/2025:07:58:09 +1100] "GET /ahax.php HTTP/1.1" 301 341 "-" "-"
128.24.96.74 - - [21/Oct/2025:07:58:09 +1100] "GET /ahax.php HTTP/1.1" 404 96607 "-" "-"
128.24.96.74 - - [21/Oct/2025:07:58:10 +1100] "GET /gel4y.php HTTP/1.1" 301 342 "-" "-"
128.24.96.74 - - [21/Oct/2025:07:58:10 +1100] "GET /gel4y.php HTTP/1.1" 404 96599 "-" "-"
128.24.96.74 - - [21/Oct/2025:07:58:12 +1100] "GET /file1.php HTTP/1.1" 301 342 "-" "-"
128.24.96.74 - - [21/Oct/2025:07:58:12 +1100] "GET /file1.php HTTP/1.1" 404 96609 "-" "-"
128.24.96.74 - - [21/Oct/2025:07:58:13 +1100] "GET /fffff.php HTTP/1.1" 301 342 "-" "-"
128.24.96.74 - - [21/Oct/2025:07:58:25 +1100] "GET /fffff.php HTTP/1.1" 404 96607 "-" "-"
128.24.96.74 - - [21/Oct/2025:07:58:39 +1100] "GET /2.php HTTP/1.1" 301 338 "-" "-"
128.24.96.74 - - [21/Oct/2025:07:58:41 +1100] "GET /file4.php HTTP/1.1" 301 342 "-" "-"
128.24.96.74 - - [21/Oct/2025:07:58:56 +1100] "GET /file4.php HTTP/1.1" 404 96607 "-" "-"
128.24.96.74 - - [21/Oct/2025:07:59:03 +1100] "GET /makeasmtp.php HTTP/1.1" 301 346 "-" "-"
128.24.96.74 - - [21/Oct/2025:07:59:06 +1100] "GET /makeasmtp.php HTTP/1.1" 404 96712 "-" "-"
128.24.96.74 - - [21/Oct/2025:07:59:07 +1100] "GET /des.php HTTP/1.1" 301 340 "-" "-"
128.24.96.74 - - [21/Oct/2025:07:59:08 +1100] "GET /des.php HTTP/1.1" 404 96604 "-" "-"
128.24.96.74 - - [21/Oct/2025:07:59:08 +1100] "GET /alfa.php HTTP/1.1" 301 341 "-" "-"
128.24.96.74 - - [21/Oct/2025:07:59:08 +1100] "GET /alfa.php HTTP/1.1" 404 96618 "-" "-"
128.24.96.74 - - [21/Oct/2025:07:59:09 +1100] "GET /222.php HTTP/1.1" 301 340 "-" "-"
128.24.96.74 - - [21/Oct/2025:07:59:09 +1100] "GET /222.php HTTP/1.1" 404 96607 "-" "-"
128.24.96.74 - - [21/Oct/2025:07:59:10 +1100] "GET /555.php HTTP/1.1" 301 340 "-" "-"
128.24.96.74 - - [21/Oct/2025:07:59:10 +1100] "GET /555.php HTTP/1.1" 404 96603 "-" "-"
128.24.96.74 - - [21/Oct/2025:07:59:12 +1100] "GET /gifclass4.php HTTP/1.1" 301 346 "-" "-"
128.24.96.74 - - [21/Oct/2025:07:59:12 +1100] "GET /gifclass4.php HTTP/1.1" 404 96614 "-" "-"
128.24.96.74 - - [21/Oct/2025:07:59:13 +1100] "GET /lv.php HTTP/1.1" 301 339 "-" "-"
128.24.96.74 - - [21/Oct/2025:07:59:13 +1100] "GET /lv.php HTTP/1.1" 404 96595 "-" "-"
128.24.96.74 - - [21/Oct/2025:07:59:14 +1100] "GET /abcd.php HTTP/1.1" 301 341 "-" "-"
128.24.96.74 - - [21/Oct/2025:07:59:14 +1100] "GET /abcd.php HTTP/1.1" 404 96607 "-" "-"
128.24.96.74 - - [21/Oct/2025:07:59:15 +1100] "GET /wa.php HTTP/1.1" 301 339 "-" "-"
128.24.96.74 - - [21/Oct/2025:07:59:17 +1100] "GET /wa.php HTTP/1.1" 404 96595 "-" "-"
128.24.96.74 - - [21/Oct/2025:07:59:18 +1100] "GET /wp-update.php HTTP/1.1" 301 346 "-" "-"
128.24.96.74 - - [21/Oct/2025:07:59:18 +1100] "GET /wp-update.php HTTP/1.1" 404 96617 "-" "-"
128.24.96.74 - - [21/Oct/2025:07:59:19 +1100] "GET /2clas.php HTTP/1.1" 301 342 "-" "-"
128.24.96.74 - - [21/Oct/2025:07:59:19 +1100] "GET /2clas.php HTTP/1.1" 404 96704 "-" "-"
128.24.96.74 - - [21/Oct/2025:07:59:20 +1100] "GET /030.php HTTP/1.1" 301 340 "-" "-"
128.24.96.74 - - [21/Oct/2025:07:59:20 +1100] "GET /030.php HTTP/1.1" 404 96510 "-" "-"
128.24.96.74 - - [21/Oct/2025:07:59:20 +1100] "GET /mlex.php HTTP/1.1" 301 341 "-" "-"
128.24.96.74 - - [21/Oct/2025:07:59:21 +1100] "GET /mlex.php HTTP/1.1" 404 96598 "-" "-"
128.24.96.74 - - [21/Oct/2025:07:59:23 +1100] "GET /33.php HTTP/1.1" 301 339 "-" "-"
128.24.96.74 - - [21/Oct/2025:07:59:24 +1100] "GET /33.php HTTP/1.1" 404 96614 "-" "-"
128.24.96.74 - - [21/Oct/2025:07:59:24 +1100] "GET /vee.php HTTP/1.1" 301 340 "-" "-"
128.24.96.74 - - [21/Oct/2025:07:59:25 +1100] "GET /vee.php HTTP/1.1" 404 96605 "-" "-"
128.24.96.74 - - [21/Oct/2025:07:59:25 +1100] "GET /he.php HTTP/1.1" 301 339 "-" "-"
128.24.96.74 - - [21/Oct/2025:07:59:26 +1100] "GET /he.php HTTP/1.1" 404 96603 "-" "-"
128.24.96.74 - - [21/Oct/2025:07:59:26 +1100] "GET /H.php HTTP/1.1" 301 338 "-" "-"
128.24.96.74 - - [21/Oct/2025:07:59:27 +1100] "GET /H.php HTTP/1.1" 404 96599 "-" "-"
128.24.96.74 - - [21/Oct/2025:07:59:27 +1100] "GET /filesss.php HTTP/1.1" 301 344 "-" "-"
128.24.96.74 - - [21/Oct/2025:07:59:28 +1100] "GET /filesss.php HTTP/1.1" 404 96626 "-" "-"
128.24.96.74 - - [21/Oct/2025:07:59:28 +1100] "GET /ioxi-o2.php HTTP/1.1" 301 344 "-" "-"
128.24.96.74 - - [21/Oct/2025:07:59:28 +1100] "GET /ioxi-o2.php HTTP/1.1" 404 96611 "-" "-"
128.24.96.74 - - [21/Oct/2025:07:59:29 +1100] "GET /aaa.php HTTP/1.1" 301 340 "-" "-"
128.24.96.74 - - [21/Oct/2025:07:59:30 +1100] "GET /aaa.php HTTP/1.1" 404 96602 "-" "-"
128.24.96.74 - - [21/Oct/2025:07:59:30 +1100] "GET /indo.php HTTP/1.1" 301 341 "-" "-"
128.24.96.74 - - [21/Oct/2025:07:59:31 +1100] "GET /indo.php HTTP/1.1" 404 96678 "-" "-"
128.24.96.74 - - [21/Oct/2025:07:59:31 +1100] "GET /vast.php HTTP/1.1" 301 341 "-" "-"
128.24.96.74 - - [21/Oct/2025:07:59:31 +1100] "GET /vast.php HTTP/1.1" 404 96606 "-" "-"
128.24.96.74 - - [21/Oct/2025:07:59:32 +1100] "GET /yellow.php HTTP/1.1" 301 343 "-" "-"
128.24.96.74 - - [21/Oct/2025:07:59:32 +1100] "GET /yellow.php HTTP/1.1" 404 96706 "-" "-"
128.24.96.74 - - [21/Oct/2025:07:59:33 +1100] "GET /file18.php HTTP/1.1" 301 343 "-" "-"
128.24.96.74 - - [21/Oct/2025:07:59:33 +1100] "GET /file18.php HTTP/1.1" 404 96609 "-" "-"
128.24.96.74 - - [21/Oct/2025:07:59:34 +1100] "GET /wb.php HTTP/1.1" 301 339 "-" "-"
128.24.96.74 - - [21/Oct/2025:07:59:35 +1100] "GET /wb.php HTTP/1.1" 404 96597 "-" "-"
216.73.216.49 - - [21/Oct/2025:07:59:35 +1100] "GET /p=1302 HTTP/1.1" 200 28475 "-" "Mozilla/5.0 AppleWebKit/537.36 (KHTML, like Gecko; compatible; ClaudeBot/1.0; +claudebot@anthropic.com)"
216.73.216.49 - - [21/Oct/2025:07:59:35 +1100] "GET /blog/page/58 HTTP/1.1" 200 29505 "-" "Mozilla/5.0 AppleWebKit/537.36 (KHTML, like Gecko; compatible; ClaudeBot/1.0; +claudebot@anthropic.com)"
128.24.96.74 - - [21/Oct/2025:07:59:36 +1100] "GET /aa21.php HTTP/1.1" 301 341 "-" "-"
128.24.96.74 - - [21/Oct/2025:07:59:36 +1100] "GET /aa21.php HTTP/1.1" 404 96614 "-" "-"
128.24.96.74 - - [21/Oct/2025:07:59:37 +1100] "GET /ckk.php HTTP/1.1" 301 340 "-" "-"
128.24.96.74 - - [21/Oct/2025:07:59:37 +1100] "GET /ckk.php HTTP/1.1" 404 96676 "-" "-"
128.24.96.74 - - [21/Oct/2025:07:59:39 +1100] "GET /111.php HTTP/1.1" 301 340 "-" "-"
128.24.96.74 - - [21/Oct/2025:07:59:39 +1100] "GET /111.php HTTP/1.1" 404 96618 "-" "-"
128.24.96.74 - - [21/Oct/2025:07:59:40 +1100] "GET /system_log.php HTTP/1.1" 301 347 "-" "-"
128.24.96.74 - - [21/Oct/2025:07:59:40 +1100] "GET /system_log.php HTTP/1.1" 404 96610 "-" "-"
128.24.96.74 - - [21/Oct/2025:07:59:41 +1100] "GET /.well-known/acme-challenge/about.php HTTP/1.1" 404 174 "-" "-"
128.24.96.74 - - [21/Oct/2025:07:59:42 +1100] "GET /racs3.php HTTP/1.1" 301 342 "-" "-"
128.24.96.74 - - [21/Oct/2025:07:59:42 +1100] "GET /racs3.php HTTP/1.1" 404 96704 "-" "-"
128.24.96.74 - - [21/Oct/2025:07:59:43 +1100] "GET /plss3.php HTTP/1.1" 301 342 "-" "-"
128.24.96.74 - - [21/Oct/2025:07:59:43 +1100] "GET /plss3.php HTTP/1.1" 404 96611 "-" "-"
128.24.96.74 - - [21/Oct/2025:07:59:44 +1100] "GET /akpc.php HTTP/1.1" 301 341 "-" "-"
128.24.96.74 - - [21/Oct/2025:07:59:44 +1100] "GET /akpc.php HTTP/1.1" 404 96606 "-" "-"
128.24.96.74 - - [21/Oct/2025:07:59:45 +1100] "GET /ffile.php HTTP/1.1" 301 342 "-" "-"
128.24.96.74 - - [21/Oct/2025:07:59:45 +1100] "GET /ffile.php HTTP/1.1" 404 96611 "-" "-"
128.24.96.74 - - [21/Oct/2025:07:59:46 +1100] "GET /class19.php HTTP/1.1" 301 344 "-" "-"
128.24.96.74 - - [21/Oct/2025:07:59:46 +1100] "GET /class19.php HTTP/1.1" 404 96613 "-" "-"
128.24.96.74 - - [21/Oct/2025:07:59:47 +1100] "GET /goat.php HTTP/1.1" 301 341 "-" "-"
128.24.96.74 - - [21/Oct/2025:07:59:47 +1100] "GET /goat.php HTTP/1.1" 404 96512 "-" "-"
128.24.96.74 - - [21/Oct/2025:07:59:48 +1100] "GET /inde.php HTTP/1.1" 301 341 "-" "-"
128.24.96.74 - - [21/Oct/2025:07:59:48 +1100] "GET /inde.php HTTP/1.1" 404 96606 "-" "-"
128.24.96.74 - - [21/Oct/2025:07:59:49 +1100] "GET /pm.php HTTP/1.1" 301 339 "-" "-"
128.24.96.74 - - [21/Oct/2025:07:59:49 +1100] "GET /pm.php HTTP/1.1" 404 96597 "-" "-"
128.24.96.74 - - [21/Oct/2025:07:59:49 +1100] "GET /gm.php HTTP/1.1" 301 339 "-" "-"
128.24.96.74 - - [21/Oct/2025:07:59:50 +1100] "GET /gm.php HTTP/1.1" 404 96596 "-" "-"
128.24.96.74 - - [21/Oct/2025:07:59:50 +1100] "GET /sec.php HTTP/1.1" 301 340 "-" "-"
128.24.96.74 - - [21/Oct/2025:07:59:51 +1100] "GET /sec.php HTTP/1.1" 404 96595 "-" "-"
128.24.96.74 - - [21/Oct/2025:07:59:51 +1100] "GET /we.php HTTP/1.1" 301 339 "-" "-"
128.24.96.74 - - [21/Oct/2025:07:59:52 +1100] "GET /we.php HTTP/1.1" 404 96601 "-" "-"
128.24.96.74 - - [21/Oct/2025:07:59:52 +1100] "GET /file.php HTTP/1.1" 301 341 "-" "-"
128.24.96.74 - - [21/Oct/2025:07:59:53 +1100] "GET /file.php HTTP/1.1" 404 96614 "-" "-"
128.24.96.74 - - [21/Oct/2025:07:59:53 +1100] "GET /about3.php HTTP/1.1" 301 343 "-" "-"
128.24.96.74 - - [21/Oct/2025:07:59:53 +1100] "GET /about3.php HTTP/1.1" 404 96613 "-" "-"
128.24.96.74 - - [21/Oct/2025:07:59:54 +1100] "GET /thxt.php HTTP/1.1" 301 341 "-" "-"
128.24.96.74 - - [21/Oct/2025:07:59:55 +1100] "GET /thxt.php HTTP/1.1" 404 96605 "-" "-"
128.24.96.74 - - [21/Oct/2025:07:59:55 +1100] "GET /file9.php HTTP/1.1" 301 342 "-" "-"
128.24.96.74 - - [21/Oct/2025:07:59:56 +1100] "GET /file9.php HTTP/1.1" 404 96609 "-" "-"
128.24.96.74 - - [21/Oct/2025:07:59:56 +1100] "GET /blex.php HTTP/1.1" 301 341 "-" "-"
128.24.96.74 - - [21/Oct/2025:07:59:59 +1100] "GET /blex.php HTTP/1.1" 404 96641 "-" "-"
128.24.96.74 - - [21/Oct/2025:08:00:00 +1100] "GET /ssss.php HTTP/1.1" 301 341 "-" "-"
128.24.96.74 - - [21/Oct/2025:08:00:01 +1100] "GET /ssss.php HTTP/1.1" 404 96607 "-" "-"
128.24.96.74 - - [21/Oct/2025:08:00:02 +1100] "GET /ut.php HTTP/1.1" 301 339 "-" "-"
128.24.96.74 - - [21/Oct/2025:08:00:03 +1100] "GET /ut.php HTTP/1.1" 404 96601 "-" "-"
128.24.96.74 - - [21/Oct/2025:08:00:04 +1100] "GET /NewFile.php HTTP/1.1" 301 344 "-" "-"
128.24.96.74 - - [21/Oct/2025:08:00:04 +1100] "GET /NewFile.php HTTP/1.1" 404 96613 "-" "-"
128.24.96.74 - - [21/Oct/2025:08:00:05 +1100] "GET /efile.php HTTP/1.1" 301 342 "-" "-"
128.24.96.74 - - [21/Oct/2025:08:00:05 +1100] "GET /efile.php HTTP/1.1" 404 96607 "-" "-"
128.24.96.74 - - [21/Oct/2025:08:00:06 +1100] "GET /gifclass.php HTTP/1.1" 301 345 "-" "-"
128.24.96.74 - - [21/Oct/2025:08:00:06 +1100] "GET /gifclass.php HTTP/1.1" 404 96606 "-" "-"
128.24.96.74 - - [21/Oct/2025:08:00:07 +1100] "GET /dove.php HTTP/1.1" 301 341 "-" "-"
128.24.96.74 - - [21/Oct/2025:08:00:07 +1100] "GET /dove.php HTTP/1.1" 404 96641 "-" "-"
128.24.96.74 - - [21/Oct/2025:08:00:08 +1100] "GET /flex.php HTTP/1.1" 301 341 "-" "-"
128.24.96.74 - - [21/Oct/2025:08:00:08 +1100] "GET /flex.php HTTP/1.1" 404 96609 "-" "-"
128.24.96.74 - - [21/Oct/2025:08:00:09 +1100] "GET /lock360.php HTTP/1.1" 301 344 "-" "-"
128.24.96.74 - - [21/Oct/2025:08:00:09 +1100] "GET /lock360.php HTTP/1.1" 404 96518 "-" "-"
128.24.96.74 - - [21/Oct/2025:08:00:10 +1100] "GET /CLA.php HTTP/1.1" 301 340 "-" "-"
128.24.96.74 - - [21/Oct/2025:08:00:10 +1100] "GET /CLA.php HTTP/1.1" 404 96510 "-" "-"
128.24.96.74 - - [21/Oct/2025:08:00:11 +1100] "GET /jlex3.php HTTP/1.1" 301 342 "-" "-"
128.24.96.74 - - [21/Oct/2025:08:00:11 +1100] "GET /jlex3.php HTTP/1.1" 404 96643 "-" "-"
128.24.96.74 - - [21/Oct/2025:08:00:12 +1100] "GET /alpa.php HTTP/1.1" 301 341 "-" "-"
128.24.96.74 - - [21/Oct/2025:08:00:12 +1100] "GET /alpa.php HTTP/1.1" 404 96601 "-" "-"
128.24.96.74 - - [21/Oct/2025:08:00:13 +1100] "GET /about.php HTTP/1.1" 301 342 "-" "-"
128.24.96.74 - - [21/Oct/2025:08:00:13 +1100] "GET /about.php HTTP/1.1" 404 96616 "-" "-"
128.24.96.74 - - [21/Oct/2025:08:00:14 +1100] "GET /wfile.php HTTP/1.1" 301 342 "-" "-"
128.24.96.74 - - [21/Oct/2025:08:00:15 +1100] "GET /wfile.php HTTP/1.1" 404 96603 "-" "-"
128.24.96.74 - - [21/Oct/2025:08:00:16 +1100] "GET /build.php HTTP/1.1" 301 342 "-" "-"
128.24.96.74 - - [21/Oct/2025:08:00:16 +1100] "GET /build.php HTTP/1.1" 404 96601 "-" "-"
128.24.96.74 - - [21/Oct/2025:08:00:17 +1100] "GET /ws.php HTTP/1.1" 301 339 "-" "-"
128.24.96.74 - - [21/Oct/2025:08:00:18 +1100] "GET /ws.php HTTP/1.1" 404 96605 "-" "-"
92.222.104.202 - - [21/Oct/2025:08:00:22 +1100] "GET /p=4394/conception-7/feed HTTP/1.1" 200 959 "-" "Mozilla/5.0 (compatible; AhrefsBot/7.0; +http://ahrefs.com/robot/)"
216.73.216.49 - - [21/Oct/2025:08:01:23 +1100] "GET /blog/page/10 HTTP/1.1" 200 29765 "-" "Mozilla/5.0 AppleWebKit/537.36 (KHTML, like Gecko; compatible; ClaudeBot/1.0; +claudebot@anthropic.com)"
216.225.203.35 - - [21/Oct/2025:08:02:30 +1100] "GET /wp-login.php HTTP/1.1" 200 18373 "https://www.google.com" "Mozilla/5.0 (X11; Linux x86_64) AppleWebKit/537.36 (KHTML, like Gecko) Chrome/140.0.0.0 Safari/537.36"
92.222.108.114 - - [21/Oct/2025:08:02:54 +1100] "GET /p=5198/img_1463/feed HTTP/1.1" 200 964 "-" "Mozilla/5.0 (compatible; AhrefsBot/7.0; +http://ahrefs.com/robot/)"
52.220.113.184 - - [21/Oct/2025:08:03:27 +1100] "GET /blog/wp-content/uploads/2011/10/DSCF2988_1-150x90.jpg HTTP/1.1" 404 96752 "-" "Mozilla/5.0 (compatible; crawler)"
54.37.118.83 - - [21/Oct/2025:08:05:05 +1100] "GET /p=4606/img_2273/feed HTTP/1.1" 200 964 "-" "Mozilla/5.0 (compatible; AhrefsBot/7.0; +http://ahrefs.com/robot/)"
216.244.66.242 - - [21/Oct/2025:08:06:21 +1100] "GET /page/23?matprin=calendrier HTTP/1.1" 200 127875 "-" "Mozilla/5.0 (compatible; DotBot/1.2; +https://opensiteexplorer.org/dotbot; help@moz.com)"
51.68.247.198 - - [21/Oct/2025:08:07:21 +1100] "GET /feed?attachment_id=4710 HTTP/1.1" 200 972 "-" "Mozilla/5.0 (compatible; AhrefsBot/7.0; +http://ahrefs.com/robot/)"
202.22.159.247 - - [21/Oct/2025:08:07:21 +1100] "POST /wp-cron.php?doing_wp_cron=1760994441.4703240394592285156250 HTTP/1.1" 200 243 "-" "WordPress/6.7.4; http://www.livremonami.nc"
114.119.146.185 - - [21/Oct/2025:08:09:31 +1100] "GET /?attachment_id=4295 HTTP/1.1" 301 290 "http://www.livremonami.nc?attachment_id=4451" "Mozilla/5.0 (Linux; Android 7.0;) AppleWebKit/537.36 (KHTML, like Gecko) Mobile Safari/537.36 (compatible; PetalBot;+https://webmaster.petalsearch.com/site/petalbot)"
114.119.146.185 - - [21/Oct/2025:08:09:32 +1100] "GET /evelyne-andre-guidici_1500x1000 HTTP/1.1" 200 28636 "http://www.livremonami.nc?attachment_id=4451" "Mozilla/5.0 (Linux; Android 7.0;) AppleWebKit/537.36 (KHTML, like Gecko) Mobile Safari/537.36 (compatible; PetalBot;+https://webmaster.petalsearch.com/site/petalbot)"
5.39.1.242 - - [21/Oct/2025:08:09:48 +1100] "GET /p=4606/img_2308/feed HTTP/1.1" 200 964 "-" "Mozilla/5.0 (compatible; AhrefsBot/7.0; +http://ahrefs.com/robot/)"
216.225.203.35 - - [21/Oct/2025:08:11:07 +1100] "GET /wp/wp-login.php HTTP/1.1" 301 404 "https://www.google.com" "Mozilla/5.0 (X11; Linux x86_64) AppleWebKit/537.36 (KHTML, like Gecko) Chrome/140.0.0.0 Safari/537.36"
216.225.203.35 - - [21/Oct/2025:08:11:08 +1100] "GET /wp/wp-login.php HTTP/1.1" 404 96676 "https://www.google.com" "Mozilla/5.0 (X11; Linux x86_64) AppleWebKit/537.36 (KHTML, like Gecko) Chrome/140.0.0.0 Safari/537.36"
196.251.114.48 - - [21/Oct/2025:08:11:32 +1100] "POST /wp-login.php HTTP/1.1" 503 20076 "-" "Mozilla/5.0"
176.31.139.9 - - [21/Oct/2025:08:11:56 +1100] "GET /p=3454/img_2163/feed HTTP/1.1" 200 958 "-" "Mozilla/5.0 (compatible; AhrefsBot/7.0; +http://ahrefs.com/robot/)"
202.22.159.247 - - [21/Oct/2025:08:12:59 +1100] "POST /wp-cron.php?doing_wp_cron=1760994779.3214430809020996093750 HTTP/1.1" 200 243 "-" "WordPress/6.7.4; http://www.livremonami.nc"
114.119.136.184 - - [21/Oct/2025:08:12:59 +1100] "GET /p=6539 HTTP/1.1" 200 30472 "http://www.livremonami.nc/p=category/auteurs/page/12" "Mozilla/5.0 (Linux; Android 7.0;) AppleWebKit/537.36 (KHTML, like Gecko) Mobile Safari/537.36 (compatible; PetalBot;+https://webmaster.petalsearch.com/site/petalbot)"
176.31.139.15 - - [21/Oct/2025:08:14:07 +1100] "GET /feed?attachment_id=4708 HTTP/1.1" 200 980 "-" "Mozilla/5.0 (compatible; AhrefsBot/7.0; +http://ahrefs.com/robot/)"
114.119.133.12 - - [21/Oct/2025:08:14:19 +1100] "GET /?p=5745 HTTP/1.1" 301 265 "http://www.livremonami.nc?matprin=jeux&id_jeu=jeux/2009/quizz_002&paged=26" "Mozilla/5.0 (Linux; Android 7.0;) AppleWebKit/537.36 (KHTML, like Gecko) Mobile Safari/537.36 (compatible; PetalBot;+https://webmaster.petalsearch.com/site/petalbot)"
114.119.133.12 - - [21/Oct/2025:08:14:20 +1100] "GET /p=5745 HTTP/1.1" 200 28938 "http://www.livremonami.nc?matprin=jeux&id_jeu=jeux/2009/quizz_002&paged=26" "Mozilla/5.0 (Linux; Android 7.0;) AppleWebKit/537.36 (KHTML, like Gecko) Mobile Safari/537.36 (compatible; PetalBot;+https://webmaster.petalsearch.com/site/petalbot)"
216.225.203.35 - - [21/Oct/2025:08:15:07 +1100] "GET /wp-json/wp/v2/users HTTP/1.1" 401 678 "-" "Mozilla/5.0 (X11; Linux x86_64) AppleWebKit/537.36 (KHTML, like Gecko) Chrome/140.0.0.0 Safari/537.36"
216.225.203.35 - - [21/Oct/2025:08:15:35 +1100] "POST /xmlrpc.php HTTP/1.1" 503 19984 "-" "Mozilla/5.0 (X11; Linux x86_64) AppleWebKit/537.36 (KHTML, like Gecko) Chrome/140.0.0.0 Safari/537.36"
114.119.155.235 - - [21/Oct/2025:08:15:43 +1100] "GET /?p=3309 HTTP/1.1" 301 265 "http://www.livremonami.nc/?matprin=liste_jeu&paged=48" "Mozilla/5.0 (Linux; Android 7.0;) AppleWebKit/537.36 (KHTML, like Gecko) Mobile Safari/537.36 (compatible; PetalBot;+https://webmaster.petalsearch.com/site/petalbot)"
114.119.155.235 - - [21/Oct/2025:08:15:44 +1100] "GET /p=3309 HTTP/1.1" 200 29256 "http://www.livremonami.nc/?matprin=liste_jeu&paged=48" "Mozilla/5.0 (Linux; Android 7.0;) AppleWebKit/537.36 (KHTML, like Gecko) Mobile Safari/537.36 (compatible; PetalBot;+https://webmaster.petalsearch.com/site/petalbot)"
202.22.159.247 - - [21/Oct/2025:08:16:19 +1100] "POST /wp-cron.php?doing_wp_cron=1760994979.1101660728454589843750 HTTP/1.1" 200 243 "-" "WordPress/6.7.4; http://www.livremonami.nc"
216.225.203.35 - - [21/Oct/2025:08:16:19 +1100] "GET /wp-login.php HTTP/1.1" 200 18373 "-" "Mozilla/5.0 (X11; Linux x86_64) AppleWebKit/537.36 (KHTML, like Gecko) Chrome/140.0.0.0 Safari/537.36"
216.225.203.35 - - [21/Oct/2025:08:16:19 +1100] "POST /wp-login.php HTTP/1.1" 503 20076 "http://livremonami.nc/wp-admin/" "Mozilla/5.0 (X11; Linux x86_64) AppleWebKit/537.36 (KHTML, like Gecko) Chrome/140.0.0.0 Safari/537.36"
37.59.204.147 - - [21/Oct/2025:08:16:32 +1100] "GET /p=5162/img_2791/feed HTTP/1.1" 200 964 "-" "Mozilla/5.0 (compatible; AhrefsBot/7.0; +http://ahrefs.com/robot/)"
202.22.159.247 - - [21/Oct/2025:08:17:10 +1100] "POST /wp-cron.php?doing_wp_cron=1760995030.5644109249114990234375 HTTP/1.1" 200 243 "-" "WordPress/6.7.4; http://www.livremonami.nc"
114.119.167.51 - - [21/Oct/2025:08:17:10 +1100] "GET /?attachment_id=6570 HTTP/1.1" 301 284 "http://www.livremonami.nc?p=6563" "Mozilla/5.0 (Linux; Android 7.0;) AppleWebKit/537.36 (KHTML, like Gecko) Mobile Safari/537.36 (compatible; PetalBot;+https://webmaster.petalsearch.com/site/petalbot)"
114.119.167.51 - - [21/Oct/2025:08:17:11 +1100] "GET /p=6563/incipit_guerriers1 HTTP/1.1" 200 28606 "http://www.livremonami.nc?p=6563" "Mozilla/5.0 (Linux; Android 7.0;) AppleWebKit/537.36 (KHTML, like Gecko) Mobile Safari/537.36 (compatible; PetalBot;+https://webmaster.petalsearch.com/site/petalbot)"
216.225.203.35 - - [21/Oct/2025:08:17:18 +1100] "GET /wp-login.php HTTP/1.1" 200 18373 "-" "Mozilla/5.0 (X11; Linux x86_64) AppleWebKit/537.36 (KHTML, like Gecko) Chrome/140.0.0.0 Safari/537.36"
216.225.203.35 - - [21/Oct/2025:08:17:18 +1100] "POST /wp-login.php HTTP/1.1" 503 20076 "http://livremonami.nc/wp-admin/" "Mozilla/5.0 (X11; Linux x86_64) AppleWebKit/537.36 (KHTML, like Gecko) Chrome/140.0.0.0 Safari/537.36"
202.22.159.247 - - [21/Oct/2025:08:18:27 +1100] "POST /wp-cron.php?doing_wp_cron=1760995107.1970229148864746093750 HTTP/1.1" 200 243 "-" "WordPress/6.7.4; http://www.livremonami.nc"
216.225.203.35 - - [21/Oct/2025:08:18:27 +1100] "GET /wp-login.php HTTP/1.1" 200 18371 "-" "Mozilla/5.0 (X11; Linux x86_64) AppleWebKit/537.36 (KHTML, like Gecko) Chrome/140.0.0.0 Safari/537.36"
216.225.203.35 - - [21/Oct/2025:08:18:27 +1100] "POST /wp-login.php HTTP/1.1" 503 20076 "http://livremonami.nc/wp-admin/" "Mozilla/5.0 (X11; Linux x86_64) AppleWebKit/537.36 (KHTML, like Gecko) Chrome/140.0.0.0 Safari/537.36"
216.244.66.242 - - [21/Oct/2025:08:18:28 +1100] "GET /page/7?matprin=calendrier_2012 HTTP/1.1" 200 127560 "-" "Mozilla/5.0 (compatible; DotBot/1.2; +https://opensiteexplorer.org/dotbot; help@moz.com)"
114.119.146.185 - - [21/Oct/2025:08:18:30 +1100] "GET /page/52?matprin=calendrier_2015 HTTP/1.1" 200 31926 "http://www.livremonami.nc/page/53?matprin=calendrier_2015" "Mozilla/5.0 (Linux; Android 7.0;) AppleWebKit/537.36 (KHTML, like Gecko) Mobile Safari/537.36 (compatible; PetalBot;+https://webmaster.petalsearch.com/site/petalbot)"
114.119.157.237 - - [21/Oct/2025:08:18:39 +1100] "GET /?attachment_id=4424 HTTP/1.1" 301 270 "http://www.livremonami.nc/?attachment_id=4423" "Mozilla/5.0 (Linux; Android 7.0;) AppleWebKit/537.36 (KHTML, like Gecko) Mobile Safari/537.36 (compatible; PetalBot;+https://webmaster.petalsearch.com/site/petalbot)"
114.119.157.237 - - [21/Oct/2025:08:18:40 +1100] "GET /p=4416/715b HTTP/1.1" 200 28648 "http://www.livremonami.nc/?attachment_id=4423" "Mozilla/5.0 (Linux; Android 7.0;) AppleWebKit/537.36 (KHTML, like Gecko) Mobile Safari/537.36 (compatible; PetalBot;+https://webmaster.petalsearch.com/site/petalbot)"
51.75.236.132 - - [21/Oct/2025:08:18:46 +1100] "GET /page/6?matprin=calendrier_2012 HTTP/1.1" 200 32090 "-" "Mozilla/5.0 (compatible; AhrefsBot/7.0; +http://ahrefs.com/robot/)"
202.22.159.247 - - [21/Oct/2025:08:19:41 +1100] "POST /wp-cron.php?doing_wp_cron=1760995181.3252279758453369140625 HTTP/1.1" 200 243 "-" "WordPress/6.7.4; http://www.livremonami.nc"
216.225.203.35 - - [21/Oct/2025:08:19:41 +1100] "GET /wp-login.php HTTP/1.1" 200 18375 "-" "Mozilla/5.0 (X11; Linux x86_64) AppleWebKit/537.36 (KHTML, like Gecko) Chrome/140.0.0.0 Safari/537.36"
216.225.203.35 - - [21/Oct/2025:08:19:41 +1100] "POST /wp-login.php HTTP/1.1" 503 20076 "http://livremonami.nc/wp-admin/" "Mozilla/5.0 (X11; Linux x86_64) AppleWebKit/537.36 (KHTML, like Gecko) Chrome/140.0.0.0 Safari/537.36"
114.119.155.54 - - [21/Oct/2025:08:19:54 +1100] "GET /?attachment_id=6001 HTTP/1.1" 301 267 "http://www.livremonami.nc?attachment_id=6002" "Mozilla/5.0 (Linux; Android 7.0;) AppleWebKit/537.36 (KHTML, like Gecko) Mobile Safari/537.36 (compatible; PetalBot;+https://webmaster.petalsearch.com/site/petalbot)"
114.119.155.54 - - [21/Oct/2025:08:19:55 +1100] "GET /img_3508 HTTP/1.1" 200 28577 "http://www.livremonami.nc?attachment_id=6002" "Mozilla/5.0 (Linux; Android 7.0;) AppleWebKit/537.36 (KHTML, like Gecko) Mobile Safari/537.36 (compatible; PetalBot;+https://webmaster.petalsearch.com/site/petalbot)"
202.22.159.247 - - [21/Oct/2025:08:20:48 +1100] "POST /wp-cron.php?doing_wp_cron=1760995248.1507880687713623046875 HTTP/1.1" 200 243 "-" "WordPress/6.7.4; http://www.livremonami.nc"
94.23.188.212 - - [21/Oct/2025:08:20:48 +1100] "GET /feed?attachment_id=4711 HTTP/1.1" 200 972 "-" "Mozilla/5.0 (compatible; AhrefsBot/7.0; +http://ahrefs.com/robot/)"
216.225.203.35 - - [21/Oct/2025:08:21:01 +1100] "GET /wp-login.php HTTP/1.1" 200 18373 "-" "Mozilla/5.0 (X11; Linux x86_64) AppleWebKit/537.36 (KHTML, like Gecko) Chrome/140.0.0.0 Safari/537.36"
216.225.203.35 - - [21/Oct/2025:08:21:02 +1100] "POST /wp-login.php HTTP/1.1" 503 20076 "http://livremonami.nc/wp-admin/" "Mozilla/5.0 (X11; Linux x86_64) AppleWebKit/537.36 (KHTML, like Gecko) Chrome/140.0.0.0 Safari/537.36"
216.73.216.49 - - [21/Oct/2025:08:21:42 +1100] "GET /robots.txt HTTP/1.1" 200 399 "-" "Mozilla/5.0 AppleWebKit/537.36 (KHTML, like Gecko; compatible; ClaudeBot/1.0; +claudebot@anthropic.com)"
202.22.159.247 - - [21/Oct/2025:08:21:42 +1100] "POST /wp-cron.php?doing_wp_cron=1760995302.9556570053100585937500 HTTP/1.1" 200 243 "-" "WordPress/6.7.4; http://www.livremonami.nc"
216.73.216.49 - - [21/Oct/2025:08:21:42 +1100] "GET /p=1119 HTTP/1.1" 200 29091 "-" "Mozilla/5.0 AppleWebKit/537.36 (KHTML, like Gecko; compatible; ClaudeBot/1.0; +claudebot@anthropic.com)"
216.73.216.49 - - [21/Oct/2025:08:21:43 +1100] "GET /blog/page/57 HTTP/1.1" 200 29307 "-" "Mozilla/5.0 AppleWebKit/537.36 (KHTML, like Gecko; compatible; ClaudeBot/1.0; +claudebot@anthropic.com)"
216.225.203.35 - - [21/Oct/2025:08:22:26 +1100] "GET /wp-login.php HTTP/1.1" 200 18373 "-" "Mozilla/5.0 (X11; Linux x86_64) AppleWebKit/537.36 (KHTML, like Gecko) Chrome/140.0.0.0 Safari/537.36"
216.225.203.35 - - [21/Oct/2025:08:22:26 +1100] "POST /wp-login.php HTTP/1.1" 503 20076 "http://livremonami.nc/wp-admin/" "Mozilla/5.0 (X11; Linux x86_64) AppleWebKit/537.36 (KHTML, like Gecko) Chrome/140.0.0.0 Safari/537.36"
5.39.1.251 - - [21/Oct/2025:08:22:53 +1100] "GET /p=4606/img_2260/feed HTTP/1.1" 200 963 "-" "Mozilla/5.0 (compatible; AhrefsBot/7.0; +http://ahrefs.com/robot/)"
5.102.173.71 - - [21/Oct/2025:08:23:09 +1100] "GET /robots.txt HTTP/1.1" 200 343 "-" "Mozilla/5.0 (compatible; MojeekBot/0.11; +https://www.mojeek.com/bot.html)"
202.22.159.247 - - [21/Oct/2025:08:23:09 +1100] "POST /wp-cron.php?doing_wp_cron=1760995389.8276870250701904296875 HTTP/1.1" 200 243 "-" "WordPress/6.7.4; http://www.livremonami.nc"
5.102.173.71 - - [21/Oct/2025:08:23:09 +1100] "GET /?p=2686 HTTP/1.1" 301 246 "-" "Mozilla/5.0 (compatible; MojeekBot/0.11; +https://www.mojeek.com/bot.html)"
216.225.203.35 - - [21/Oct/2025:08:23:52 +1100] "GET /wp-login.php HTTP/1.1" 200 18373 "-" "Mozilla/5.0 (X11; Linux x86_64) AppleWebKit/537.36 (KHTML, like Gecko) Chrome/140.0.0.0 Safari/537.36"
216.225.203.35 - - [21/Oct/2025:08:23:53 +1100] "POST /wp-login.php HTTP/1.1" 503 20076 "http://livremonami.nc/wp-admin/" "Mozilla/5.0 (X11; Linux x86_64) AppleWebKit/537.36 (KHTML, like Gecko) Chrome/140.0.0.0 Safari/537.36"
202.22.159.247 - - [21/Oct/2025:08:25:13 +1100] "POST /wp-cron.php?doing_wp_cron=1760995513.3127949237823486328125 HTTP/1.1" 200 243 "-" "WordPress/6.7.4; http://www.livremonami.nc"
92.222.108.117 - - [21/Oct/2025:08:25:13 +1100] "GET /p=3530/dscn1605_1/feed HTTP/1.1" 200 959 "-" "Mozilla/5.0 (compatible; AhrefsBot/7.0; +http://ahrefs.com/robot/)"
216.225.203.35 - - [21/Oct/2025:08:25:20 +1100] "GET /wp-login.php HTTP/1.1" 200 18373 "-" "Mozilla/5.0 (X11; Linux x86_64) AppleWebKit/537.36 (KHTML, like Gecko) Chrome/140.0.0.0 Safari/537.36"
216.225.203.35 - - [21/Oct/2025:08:25:21 +1100] "POST /wp-login.php HTTP/1.1" 503 20076 "http://livremonami.nc/wp-admin/" "Mozilla/5.0 (X11; Linux x86_64) AppleWebKit/537.36 (KHTML, like Gecko) Chrome/140.0.0.0 Safari/537.36"
216.73.216.49 - - [21/Oct/2025:08:26:19 +1100] "GET /p=1132 HTTP/1.1" 200 28895 "-" "Mozilla/5.0 AppleWebKit/537.36 (KHTML, like Gecko; compatible; ClaudeBot/1.0; +claudebot@anthropic.com)"
202.22.159.247 - - [21/Oct/2025:08:26:19 +1100] "POST /wp-cron.php?doing_wp_cron=1760995579.7210369110107421875000 HTTP/1.1" 200 243 "-" "WordPress/6.7.4; http://www.livremonami.nc"
216.225.203.35 - - [21/Oct/2025:08:26:51 +1100] "GET /wp-login.php HTTP/1.1" 200 18373 "-" "Mozilla/5.0 (X11; Linux x86_64) AppleWebKit/537.36 (KHTML, like Gecko) Chrome/140.0.0.0 Safari/537.36"
216.225.203.35 - - [21/Oct/2025:08:26:52 +1100] "POST /wp-login.php HTTP/1.1" 503 20076 "http://livremonami.nc/wp-admin/" "Mozilla/5.0 (X11; Linux x86_64) AppleWebKit/537.36 (KHTML, like Gecko) Chrome/140.0.0.0 Safari/537.36"
92.222.104.220 - - [21/Oct/2025:08:27:16 +1100] "GET /p=3530/dscn1588_1/feed HTTP/1.1" 200 959 "-" "Mozilla/5.0 (compatible; AhrefsBot/7.0; +http://ahrefs.com/robot/)"
216.73.216.49 - - [21/Oct/2025:08:28:01 +1100] "GET /p=1187 HTTP/1.1" 200 28400 "-" "Mozilla/5.0 AppleWebKit/537.36 (KHTML, like Gecko; compatible; ClaudeBot/1.0; +claudebot@anthropic.com)"
216.73.216.49 - - [21/Oct/2025:08:28:01 +1100] "GET /p=1032 HTTP/1.1" 200 28685 "-" "Mozilla/5.0 AppleWebKit/537.36 (KHTML, like Gecko; compatible; ClaudeBot/1.0; +claudebot@anthropic.com)"
202.22.159.247 - - [21/Oct/2025:08:28:01 +1100] "POST /wp-cron.php?doing_wp_cron=1760995681.8564689159393310546875 HTTP/1.1" 200 243 "-" "WordPress/6.7.4; http://www.livremonami.nc"
216.225.203.35 - - [21/Oct/2025:08:28:15 +1100] "GET /wp-login.php HTTP/1.1" 200 18373 "-" "Mozilla/5.0 (X11; Linux x86_64) AppleWebKit/537.36 (KHTML, like Gecko) Chrome/140.0.0.0 Safari/537.36"
216.225.203.35 - - [21/Oct/2025:08:28:16 +1100] "POST /wp-login.php HTTP/1.1" 503 20076 "http://livremonami.nc/wp-admin/" "Mozilla/5.0 (X11; Linux x86_64) AppleWebKit/537.36 (KHTML, like Gecko) Chrome/140.0.0.0 Safari/537.36"
202.22.159.247 - - [21/Oct/2025:08:29:36 +1100] "POST /wp-cron.php?doing_wp_cron=1760995776.2789609432220458984375 HTTP/1.1" 200 243 "-" "WordPress/6.7.4; http://www.livremonami.nc"
216.225.203.35 - - [21/Oct/2025:08:29:36 +1100] "GET /wp-login.php HTTP/1.1" 200 18373 "-" "Mozilla/5.0 (X11; Linux x86_64) AppleWebKit/537.36 (KHTML, like Gecko) Chrome/140.0.0.0 Safari/537.36"
216.225.203.35 - - [21/Oct/2025:08:29:36 +1100] "POST /wp-login.php HTTP/1.1" 503 20076 "http://livremonami.nc/wp-admin/" "Mozilla/5.0 (X11; Linux x86_64) AppleWebKit/537.36 (KHTML, like Gecko) Chrome/140.0.0.0 Safari/537.36"
37.59.204.142 - - [21/Oct/2025:08:29:40 +1100] "GET /p=3530/dscn1584_1/feed HTTP/1.1" 200 959 "-" "Mozilla/5.0 (compatible; AhrefsBot/7.0; +http://ahrefs.com/robot/)"
202.22.159.247 - - [21/Oct/2025:08:30:13 +1100] "POST /wp-cron.php?doing_wp_cron=1760995813.8702330589294433593750 HTTP/1.1" 200 243 "-" "WordPress/6.7.4; http://www.livremonami.nc"
114.119.133.108 - - [21/Oct/2025:08:30:13 +1100] "GET /p=4665/a669 HTTP/1.1" 200 28628 "http://www.livremonami.nc/p=4665/img_0625" "Mozilla/5.0 (Linux; Android 7.0;) AppleWebKit/537.36 (KHTML, like Gecko) Mobile Safari/537.36 (compatible; PetalBot;+https://webmaster.petalsearch.com/site/petalbot)"
83.97.23.187 - - [21/Oct/2025:08:30:29 +1100] "GET / HTTP/1.1" 200 32482 "-" "Mozilla/5.0 (Windows; U; Windows NT 6.1; en-US; rv:1.9.1.5) Gecko/20091102 Firefox/3.5.5 (.NET CLR 3.5.30729)"
216.225.203.35 - - [21/Oct/2025:08:30:59 +1100] "GET /wp-login.php HTTP/1.1" 200 18372 "-" "Mozilla/5.0 (X11; Linux x86_64) AppleWebKit/537.36 (KHTML, like Gecko) Chrome/140.0.0.0 Safari/537.36"
216.225.203.35 - - [21/Oct/2025:08:31:00 +1100] "POST /wp-login.php HTTP/1.1" 503 20076 "http://livremonami.nc/wp-admin/" "Mozilla/5.0 (X11; Linux x86_64) AppleWebKit/537.36 (KHTML, like Gecko) Chrome/140.0.0.0 Safari/537.36"
5.197.6.120 - - [21/Oct/2025:08:31:01 +1100] "GET /wp-content/plugins/drag-and-drop-multiple-file-upload-contact-form-7/assets/js/codedropz-uploader-min.js HTTP/1.1" 301 437 "-" "Mozilla/5.0 (Macintosh; Intel Mac OS X 10_15_7) AppleWebKit/605.1.15 (KHTML, like Gecko) Version/18.4 Safari/605.1.15"
112.86.225.226 - - [21/Oct/2025:08:31:02 +1100] "GET /wp-content/uploads/2021/11/MM-LES-LOUPS-DU-CLAIR-DE-LUNE-Jeu.pdf HTTP/1.1" 200 63788 "-" "Sogou web spider/4.0(+http://www.sogou.com/docs/help/webmasters.htm#07)"
5.197.6.120 - - [21/Oct/2025:08:31:02 +1100] "GET /wp-content/plugins/drag-and-drop-multiple-file-upload-contact-form-7/assets/js/codedropz-uploader-min.js HTTP/1.1" 404 96793 "-" "Mozilla/5.0 (Macintosh; Intel Mac OS X 10_15_7) AppleWebKit/605.1.15 (KHTML, like Gecko) Version/18.4 Safari/605.1.15"
43.153.19.83 - - [21/Oct/2025:08:31:22 +1100] "GET /?page_id=2643 HTTP/1.1" 301 273 "-" "Mozilla/5.0 (iPhone; CPU iPhone OS 13_2_3 like Mac OS X) AppleWebKit/605.1.15 (KHTML, like Gecko) Version/13.0.3 Mobile/15E148 Safari/604.1"
43.153.19.83 - - [21/Oct/2025:08:31:24 +1100] "GET /selection-2016 HTTP/1.1" 200 30893 "http://www.livremonami.nc/?page_id=2643" "Mozilla/5.0 (iPhone; CPU iPhone OS 13_2_3 like Mac OS X) AppleWebKit/605.1.15 (KHTML, like Gecko) Version/13.0.3 Mobile/15E148 Safari/604.1"
202.22.159.247 - - [21/Oct/2025:08:31:32 +1100] "POST /wp-cron.php?doing_wp_cron=1760995892.2698299884796142578125 HTTP/1.1" 200 243 "-" "WordPress/6.7.4; http://www.livremonami.nc"
51.75.236.129 - - [21/Oct/2025:08:31:32 +1100] "GET /p=3530/dscn1585_1/feed HTTP/1.1" 200 959 "-" "Mozilla/5.0 (compatible; AhrefsBot/7.0; +http://ahrefs.com/robot/)"
114.119.146.185 - - [21/Oct/2025:08:31:36 +1100] "GET /p=2717/attachment/14e8 HTTP/1.1" 200 28662 "http://www.livremonami.nc?attachment_id=2721" "Mozilla/5.0 (Linux; Android 7.0;) AppleWebKit/537.36 (KHTML, like Gecko) Mobile Safari/537.36 (compatible; PetalBot;+https://webmaster.petalsearch.com/site/petalbot)"
114.119.136.184 - - [21/Oct/2025:08:31:46 +1100] "GET /?matprin=liste_livre_2&paged=31 HTTP/1.1" 301 288 "http://www.livremonami.nc?matprin=liste_livre_2&paged=32" "Mozilla/5.0 (Linux; Android 7.0;) AppleWebKit/537.36 (KHTML, like Gecko) Mobile Safari/537.36 (compatible; PetalBot;+https://webmaster.petalsearch.com/site/petalbot)"
114.119.136.184 - - [21/Oct/2025:08:31:48 +1100] "GET /page/31?matprin=liste_livre_2 HTTP/1.1" 200 32591 "http://www.livremonami.nc?matprin=liste_livre_2&paged=32" "Mozilla/5.0 (Linux; Android 7.0;) AppleWebKit/537.36 (KHTML, like Gecko) Mobile Safari/537.36 (compatible; PetalBot;+https://webmaster.petalsearch.com/site/petalbot)"
114.119.133.108 - - [21/Oct/2025:08:31:53 +1100] "GET /?matprin=calendrier_2015&paged=4 HTTP/1.1" 301 289 "http://www.livremonami.nc?matprin=calendrier_2015&paged=3" "Mozilla/5.0 (Linux; Android 7.0;) AppleWebKit/537.36 (KHTML, like Gecko) Mobile Safari/537.36 (compatible; PetalBot;+https://webmaster.petalsearch.com/site/petalbot)"
114.119.133.108 - - [21/Oct/2025:08:31:53 +1100] "GET /page/4?matprin=calendrier_2015 HTTP/1.1" 200 32502 "http://www.livremonami.nc?matprin=calendrier_2015&paged=3" "Mozilla/5.0 (Linux; Android 7.0;) AppleWebKit/537.36 (KHTML, like Gecko) Mobile Safari/537.36 (compatible; PetalBot;+https://webmaster.petalsearch.com/site/petalbot)"
216.225.203.35 - - [21/Oct/2025:08:32:25 +1100] "GET /wp-login.php HTTP/1.1" 200 18373 "-" "Mozilla/5.0 (X11; Linux x86_64) AppleWebKit/537.36 (KHTML, like Gecko) Chrome/140.0.0.0 Safari/537.36"
216.225.203.35 - - [21/Oct/2025:08:32:26 +1100] "POST /wp-login.php HTTP/1.1" 503 20076 "http://livremonami.nc/wp-admin/" "Mozilla/5.0 (X11; Linux x86_64) AppleWebKit/537.36 (KHTML, like Gecko) Chrome/140.0.0.0 Safari/537.36"
92.222.104.220 - - [21/Oct/2025:08:32:28 +1100] "GET /wp-content/uploads/2019/10/IMG_3493.jpg HTTP/1.1" 200 668916 "-" "Mozilla/5.0 (compatible; AhrefsBot/7.0; +http://ahrefs.com/robot/)"
216.73.216.49 - - [21/Oct/2025:08:32:31 +1100] "GET /blog/page/11 HTTP/1.1" 200 29485 "-" "Mozilla/5.0 AppleWebKit/537.36 (KHTML, like Gecko; compatible; ClaudeBot/1.0; +claudebot@anthropic.com)"
202.22.159.247 - - [21/Oct/2025:08:33:08 +1100] "POST /wp-cron.php?doing_wp_cron=1760995988.8232419490814208984375 HTTP/1.1" 200 243 "-" "WordPress/6.7.4; http://www.livremonami.nc"
114.119.157.237 - - [21/Oct/2025:08:33:08 +1100] "GET /?matprin=liste_livre_2&paged=31 HTTP/1.1" 301 288 "http://www.livremonami.nc?matprin=liste_livre_2&paged=32" "Mozilla/5.0 (Linux; Android 7.0;) AppleWebKit/537.36 (KHTML, like Gecko) Mobile Safari/537.36 (compatible; PetalBot;+https://webmaster.petalsearch.com/site/petalbot)"
114.119.157.237 - - [21/Oct/2025:08:33:09 +1100] "GET /page/31?matprin=liste_livre_2 HTTP/1.1" 200 32591 "http://www.livremonami.nc?matprin=liste_livre_2&paged=32" "Mozilla/5.0 (Linux; Android 7.0;) AppleWebKit/537.36 (KHTML, like Gecko) Mobile Safari/537.36 (compatible; PetalBot;+https://webmaster.petalsearch.com/site/petalbot)"
176.31.139.17 - - [21/Oct/2025:08:33:24 +1100] "GET /p=4649/img_2370/feed HTTP/1.1" 200 963 "-" "Mozilla/5.0 (compatible; AhrefsBot/7.0; +http://ahrefs.com/robot/)"
216.225.203.35 - - [21/Oct/2025:08:33:50 +1100] "GET /wp-login.php HTTP/1.1" 200 18373 "-" "Mozilla/5.0 (X11; Linux x86_64) AppleWebKit/537.36 (KHTML, like Gecko) Chrome/140.0.0.0 Safari/537.36"
216.225.203.35 - - [21/Oct/2025:08:33:51 +1100] "POST /wp-login.php HTTP/1.1" 503 20076 "http://livremonami.nc/wp-admin/" "Mozilla/5.0 (X11; Linux x86_64) AppleWebKit/537.36 (KHTML, like Gecko) Chrome/140.0.0.0 Safari/537.36"
202.22.159.247 - - [21/Oct/2025:08:35:14 +1100] "POST /wp-cron.php?doing_wp_cron=1760996114.6152150630950927734375 HTTP/1.1" 200 243 "-" "WordPress/6.7.4; http://www.livremonami.nc"
216.225.203.35 - - [21/Oct/2025:08:35:14 +1100] "GET /wp-login.php HTTP/1.1" 200 18373 "-" "Mozilla/5.0 (X11; Linux x86_64) AppleWebKit/537.36 (KHTML, like Gecko) Chrome/140.0.0.0 Safari/537.36"
216.225.203.35 - - [21/Oct/2025:08:35:15 +1100] "POST /wp-login.php HTTP/1.1" 503 20076 "http://livremonami.nc/wp-admin/" "Mozilla/5.0 (X11; Linux x86_64) AppleWebKit/537.36 (KHTML, like Gecko) Chrome/140.0.0.0 Safari/537.36"
94.23.188.211 - - [21/Oct/2025:08:35:25 +1100] "GET /p=3768 HTTP/1.1" 200 29535 "-" "Mozilla/5.0 (compatible; AhrefsBot/7.0; +http://ahrefs.com/robot/)"
5.102.173.71 - - [21/Oct/2025:08:36:10 +1100] "GET /robots.txt HTTP/1.1" 200 343 "-" "Mozilla/5.0 (compatible; MojeekBot/0.11; +https://www.mojeek.com/bot.html)"
202.22.159.247 - - [21/Oct/2025:08:36:11 +1100] "POST /wp-cron.php?doing_wp_cron=1760996170.9960141181945800781250 HTTP/1.1" 200 243 "-" "WordPress/6.7.4; http://www.livremonami.nc"
5.102.173.71 - - [21/Oct/2025:08:36:10 +1100] "GET /?p=1936 HTTP/1.1" 301 246 "-" "Mozilla/5.0 (compatible; MojeekBot/0.11; +https://www.mojeek.com/bot.html)"
216.225.203.35 - - [21/Oct/2025:08:36:59 +1100] "GET /wp-login.php HTTP/1.1" 200 18372 "-" "Mozilla/5.0 (X11; Linux x86_64) AppleWebKit/537.36 (KHTML, like Gecko) Chrome/140.0.0.0 Safari/537.36"
216.225.203.35 - - [21/Oct/2025:08:37:00 +1100] "POST /wp-login.php HTTP/1.1" 503 20076 "http://livremonami.nc/wp-admin/" "Mozilla/5.0 (X11; Linux x86_64) AppleWebKit/537.36 (KHTML, like Gecko) Chrome/140.0.0.0 Safari/537.36"
176.31.139.7 - - [21/Oct/2025:08:37:21 +1100] "GET /p=3454/img_2182/feed HTTP/1.1" 200 959 "-" "Mozilla/5.0 (compatible; AhrefsBot/7.0; +http://ahrefs.com/robot/)"
202.22.159.247 - - [21/Oct/2025:08:38:48 +1100] "POST /wp-cron.php?doing_wp_cron=1760996328.8596589565277099609375 HTTP/1.1" 200 243 "-" "WordPress/6.7.4; http://www.livremonami.nc"
216.225.203.35 - - [21/Oct/2025:08:38:48 +1100] "GET /wp-login.php HTTP/1.1" 200 18373 "-" "Mozilla/5.0 (X11; Linux x86_64) AppleWebKit/537.36 (KHTML, like Gecko) Chrome/140.0.0.0 Safari/537.36"
216.225.203.35 - - [21/Oct/2025:08:38:49 +1100] "POST /wp-login.php HTTP/1.1" 503 20076 "http://livremonami.nc/wp-admin/" "Mozilla/5.0 (X11; Linux x86_64) AppleWebKit/537.36 (KHTML, like Gecko) Chrome/140.0.0.0 Safari/537.36"
94.23.188.202 - - [21/Oct/2025:08:39:11 +1100] "GET /p=3454/unnamed1/feed HTTP/1.1" 200 955 "-" "Mozilla/5.0 (compatible; AhrefsBot/7.0; +http://ahrefs.com/robot/)"
202.22.159.247 - - [21/Oct/2025:08:40:36 +1100] "POST /wp-cron.php?doing_wp_cron=1760996436.0138449668884277343750 HTTP/1.1" 200 243 "-" "WordPress/6.7.4; http://www.livremonami.nc"
216.225.203.35 - - [21/Oct/2025:08:40:35 +1100] "GET /wp-login.php HTTP/1.1" 200 18373 "-" "Mozilla/5.0 (X11; Linux x86_64) AppleWebKit/537.36 (KHTML, like Gecko) Chrome/140.0.0.0 Safari/537.36"
216.225.203.35 - - [21/Oct/2025:08:40:36 +1100] "POST /wp-login.php HTTP/1.1" 503 20072 "http://livremonami.nc/wp-admin/" "Mozilla/5.0 (X11; Linux x86_64) AppleWebKit/537.36 (KHTML, like Gecko) Chrome/140.0.0.0 Safari/537.36"
216.244.66.242 - - [21/Oct/2025:08:40:55 +1100] "GET /robots.txt HTTP/1.1" 200 338 "-" "Mozilla/5.0 (compatible; DotBot/1.2; +https://opensiteexplorer.org/dotbot; help@moz.com)"
202.22.159.247 - - [21/Oct/2025:08:41:14 +1100] "POST /wp-cron.php?doing_wp_cron=1760996474.2097430229187011718750 HTTP/1.1" 200 243 "-" "WordPress/6.7.4; http://www.livremonami.nc"
51.68.247.208 - - [21/Oct/2025:08:41:14 +1100] "GET /p=3454/img_2168/feed HTTP/1.1" 200 959 "-" "Mozilla/5.0 (compatible; AhrefsBot/7.0; +http://ahrefs.com/robot/)"
